66.249.65.68 - - [18/Dec/2025:00:03:21 +0800] "GET /?_g=2230998 HTTP/1.1" 200 490 "-" "Mozilla/5.0 (Linux; Android 6.0.1; Nexus 5X Build/MMB29P) AppleWebKit/537.36 (KHTML, like Gecko) Chrome/141.0.7390.122 Mobile Safari/537.36 (compatible; Googlebot/2.1; +http://www.google.com/bot.html)"
66.249.65.68 - - [18/Dec/2025:00:03:26 +0800] "GET /?_g=1556532 HTTP/1.1" 200 490 "-" "Mozilla/5.0 (Linux; Android 6.0.1; Nexus 5X Build/MMB29P) AppleWebKit/537.36 (KHTML, like Gecko) Chrome/141.0.7390.122 Mobile Safari/537.36 (compatible; Googlebot/2.1; +http://www.google.com/bot.html)"
66.249.65.68 - - [18/Dec/2025:00:03:28 +0800] "GET /?_g=2481178 HTTP/1.1" 200 490 "-" "Mozilla/5.0 (Linux; Android 6.0.1; Nexus 5X Build/MMB29P) AppleWebKit/537.36 (KHTML, like Gecko) Chrome/141.0.7390.122 Mobile Safari/537.36 (compatible; Googlebot/2.1; +http://www.google.com/bot.html)"
66.249.65.68 - - [18/Dec/2025:00:03:32 +0800] "GET /?_g=1571431 HTTP/1.1" 200 490 "-" "Mozilla/5.0 (Linux; Android 6.0.1; Nexus 5X Build/MMB29P) AppleWebKit/537.36 (KHTML, like Gecko) Chrome/141.0.7390.122 Mobile Safari/537.36 (compatible; Googlebot/2.1; +http://www.google.com/bot.html)"
66.249.65.68 - - [18/Dec/2025:00:03:33 +0800] "GET /?_g=175212 HTTP/1.1" 200 490 "-" "Mozilla/5.0 (Linux; Android 6.0.1; Nexus 5X Build/MMB29P) AppleWebKit/537.36 (KHTML, like Gecko) Chrome/141.0.7390.122 Mobile Safari/537.36 (compatible; Googlebot/2.1; +http://www.google.com/bot.html)"
66.249.65.68 - - [18/Dec/2025:00:03:35 +0800] "GET /?_g=2507527 HTTP/1.1" 200 490 "-" "Mozilla/5.0 (Linux; Android 6.0.1; Nexus 5X Build/MMB29P) AppleWebKit/537.36 (KHTML, like Gecko) Chrome/141.0.7390.122 Mobile Safari/537.36 (compatible; Googlebot/2.1; +http://www.google.com/bot.html)"
52.167.144.139 - - [18/Dec/2025:00:03:38 +0800] "GET /?_g=1836000 HTTP/1.1" 200 490 "-" "Mozilla/5.0 AppleWebKit/537.36 (KHTML, like Gecko; compatible; bingbot/2.0; +http://www.bing.com/bingbot.htm) Chrome/116.0.1938.76 Safari/537.36"
66.249.65.68 - - [18/Dec/2025:00:03:39 +0800] "GET /?_g=2478624 HTTP/1.1" 200 490 "-" "Mozilla/5.0 (Linux; Android 6.0.1; Nexus 5X Build/MMB29P) AppleWebKit/537.36 (KHTML, like Gecko) Chrome/141.0.7390.122 Mobile Safari/537.36 (compatible; Googlebot/2.1; +http://www.google.com/bot.html)"
66.249.65.68 - - [18/Dec/2025:00:03:44 +0800] "GET /?_g=1667793 HTTP/1.1" 200 490 "-" "Mozilla/5.0 (Linux; Android 6.0.1; Nexus 5X Build/MMB29P) AppleWebKit/537.36 (KHTML, like Gecko) Chrome/141.0.7390.122 Mobile Safari/537.36 (compatible; Googlebot/2.1; +http://www.google.com/bot.html)"
66.249.65.68 - - [18/Dec/2025:00:03:48 +0800] "GET /?_g=79899 HTTP/1.1" 200 490 "-" "Mozilla/5.0 (Linux; Android 6.0.1; Nexus 5X Build/MMB29P) AppleWebKit/537.36 (KHTML, like Gecko) Chrome/141.0.7390.122 Mobile Safari/537.36 (compatible; Googlebot/2.1; +http://www.google.com/bot.html)"
66.249.65.68 - - [18/Dec/2025:00:03:57 +0800] "GET /?_g=1681320 HTTP/1.1" 200 490 "-" "Mozilla/5.0 (Linux; Android 6.0.1; Nexus 5X Build/MMB29P) AppleWebKit/537.36 (KHTML, like Gecko) Chrome/141.0.7390.122 Mobile Safari/537.36 (compatible; Googlebot/2.1; +http://www.google.com/bot.html)"
66.249.65.69 - - [18/Dec/2025:00:04:07 +0800] "GET /?_g=929255 HTTP/1.1" 200 490 "-" "Mozilla/5.0 (Linux; Android 6.0.1; Nexus 5X Build/MMB29P) AppleWebKit/537.36 (KHTML, like Gecko) Chrome/141.0.7390.122 Mobile Safari/537.36 (compatible; Googlebot/2.1; +http://www.google.com/bot.html)"
66.249.65.68 - - [18/Dec/2025:00:04:11 +0800] "GET /?_g=1457396 HTTP/1.1" 200 490 "-" "Mozilla/5.0 (Linux; Android 6.0.1; Nexus 5X Build/MMB29P) AppleWebKit/537.36 (KHTML, like Gecko) Chrome/141.0.7390.122 Mobile Safari/537.36 (compatible; Googlebot/2.1; +http://www.google.com/bot.html)"
66.249.65.68 - - [18/Dec/2025:00:04:16 +0800] "GET /?_g=943942 HTTP/1.1" 200 490 "-" "Mozilla/5.0 (Linux; Android 6.0.1; Nexus 5X Build/MMB29P) AppleWebKit/537.36 (KHTML, like Gecko) Chrome/141.0.7390.122 Mobile Safari/537.36 (compatible; Googlebot/2.1; +http://www.google.com/bot.html)"
66.249.65.68 - - [18/Dec/2025:00:04:22 +0800] "GET /?_g=2289305 HTTP/1.1" 200 490 "-" "Mozilla/5.0 (compatible; Googlebot/2.1; +http://www.google.com/bot.html)"
66.249.65.68 - - [18/Dec/2025:00:04:30 +0800] "GET /?_g=1022079 HTTP/1.1" 200 490 "-" "Mozilla/5.0 (Linux; Android 6.0.1; Nexus 5X Build/MMB29P) AppleWebKit/537.36 (KHTML, like Gecko) Chrome/141.0.7390.122 Mobile Safari/537.36 (compatible; Googlebot/2.1; +http://www.google.com/bot.html)"
66.249.65.68 - - [18/Dec/2025:00:04:39 +0800] "GET /?_g=2239171 HTTP/1.1" 200 490 "-" "Mozilla/5.0 (Linux; Android 6.0.1; Nexus 5X Build/MMB29P) AppleWebKit/537.36 (KHTML, like Gecko) Chrome/141.0.7390.122 Mobile Safari/537.36 (compatible; Googlebot/2.1; +http://www.google.com/bot.html)"
66.249.65.68 - - [18/Dec/2025:00:04:57 +0800] "GET /?_g=1233244 HTTP/1.1" 200 490 "-" "Mozilla/5.0 (Linux; Android 6.0.1; Nexus 5X Build/MMB29P) AppleWebKit/537.36 (KHTML, like Gecko) Chrome/141.0.7390.122 Mobile Safari/537.36 (compatible; Googlebot/2.1; +http://www.google.com/bot.html)"
66.249.65.68 - - [18/Dec/2025:00:05:06 +0800] "GET /?_g=2409644 HTTP/1.1" 200 490 "-" "Mozilla/5.0 (Linux; Android 6.0.1; Nexus 5X Build/MMB29P) AppleWebKit/537.36 (KHTML, like Gecko) Chrome/141.0.7390.122 Mobile Safari/537.36 (compatible; Googlebot/2.1; +http://www.google.com/bot.html)"
66.249.65.70 - - [18/Dec/2025:00:05:08 +0800] "GET /?_g=2216417 HTTP/1.1" 200 490 "-" "Mozilla/5.0 (Linux; Android 6.0.1; Nexus 5X Build/MMB29P) AppleWebKit/537.36 (KHTML, like Gecko) Chrome/141.0.7390.122 Mobile Safari/537.36 (compatible; Googlebot/2.1; +http://www.google.com/bot.html)"
66.249.65.69 - - [18/Dec/2025:00:05:14 +0800] "GET /?_g=2080445 HTTP/1.1" 200 490 "-" "Mozilla/5.0 (Linux; Android 6.0.1; Nexus 5X Build/MMB29P) AppleWebKit/537.36 (KHTML, like Gecko) Chrome/141.0.7390.122 Mobile Safari/537.36 (compatible; Googlebot/2.1; +http://www.google.com/bot.html)"
66.249.65.68 - - [18/Dec/2025:00:05:17 +0800] "GET /?_g=2296846 HTTP/1.1" 200 490 "-" "Mozilla/5.0 (compatible; Googlebot/2.1; +http://www.google.com/bot.html)"
66.249.65.68 - - [18/Dec/2025:00:05:29 +0800] "GET /?_g=1350866 HTTP/1.1" 200 490 "-" "Mozilla/5.0 (Linux; Android 6.0.1; Nexus 5X Build/MMB29P) AppleWebKit/537.36 (KHTML, like Gecko) Chrome/141.0.7390.122 Mobile Safari/537.36 (compatible; Googlebot/2.1; +http://www.google.com/bot.html)"
66.249.65.68 - - [18/Dec/2025:00:05:30 +0800] "GET /?_g=721841 HTTP/1.1" 200 490 "-" "Mozilla/5.0 (Linux; Android 6.0.1; Nexus 5X Build/MMB29P) AppleWebKit/537.36 (KHTML, like Gecko) Chrome/141.0.7390.122 Mobile Safari/537.36 (compatible; Googlebot/2.1; +http://www.google.com/bot.html)"
66.249.65.68 - - [18/Dec/2025:00:05:42 +0800] "GET /?_g=1944157 HTTP/1.1" 200 490 "-" "Mozilla/5.0 (Linux; Android 6.0.1; Nexus 5X Build/MMB29P) AppleWebKit/537.36 (KHTML, like Gecko) Chrome/141.0.7390.122 Mobile Safari/537.36 (compatible; Googlebot/2.1; +http://www.google.com/bot.html)"
66.249.65.68 - - [18/Dec/2025:00:05:48 +0800] "GET /?_g=1943146 HTTP/1.1" 200 490 "-" "Mozilla/5.0 (Linux; Android 6.0.1; Nexus 5X Build/MMB29P) AppleWebKit/537.36 (KHTML, like Gecko) Chrome/141.0.7390.122 Mobile Safari/537.36 (compatible; Googlebot/2.1; +http://www.google.com/bot.html)"
66.249.65.69 - - [18/Dec/2025:00:06:06 +0800] "GET /?_g=2528747 HTTP/1.1" 200 490 "-" "Mozilla/5.0 (Linux; Android 6.0.1; Nexus 5X Build/MMB29P) AppleWebKit/537.36 (KHTML, like Gecko) Chrome/141.0.7390.122 Mobile Safari/537.36 (compatible; Googlebot/2.1; +http://www.google.com/bot.html)"
66.249.65.69 - - [18/Dec/2025:00:06:11 +0800] "GET /?_g=1265300 HTTP/1.1" 200 490 "-" "Mozilla/5.0 (Linux; Android 6.0.1; Nexus 5X Build/MMB29P) AppleWebKit/537.36 (KHTML, like Gecko) Chrome/141.0.7390.122 Mobile Safari/537.36 (compatible; Googlebot/2.1; +http://www.google.com/bot.html)"
66.249.65.68 - - [18/Dec/2025:00:06:23 +0800] "GET /?_g=1952625 HTTP/1.1" 200 490 "-" "Mozilla/5.0 (Linux; Android 6.0.1; Nexus 5X Build/MMB29P) AppleWebKit/537.36 (KHTML, like Gecko) Chrome/141.0.7390.122 Mobile Safari/537.36 (compatible; Googlebot/2.1; +http://www.google.com/bot.html)"
66.249.65.68 - - [18/Dec/2025:00:06:26 +0800] "GET /?_g=2166395 HTTP/1.1" 200 490 "-" "Mozilla/5.0 (Linux; Android 6.0.1; Nexus 5X Build/MMB29P) AppleWebKit/537.36 (KHTML, like Gecko) Chrome/141.0.7390.122 Mobile Safari/537.36 (compatible; Googlebot/2.1; +http://www.google.com/bot.html)"
66.249.65.68 - - [18/Dec/2025:00:06:30 +0800] "GET /?_g=1641292 HTTP/1.1" 200 490 "-" "Mozilla/5.0 (Linux; Android 6.0.1; Nexus 5X Build/MMB29P) AppleWebKit/537.36 (KHTML, like Gecko) Chrome/141.0.7390.122 Mobile Safari/537.36 (compatible; Googlebot/2.1; +http://www.google.com/bot.html)"
66.249.65.68 - - [18/Dec/2025:00:06:38 +0800] "GET /?_g=1747300 HTTP/1.1" 200 490 "-" "Mozilla/5.0 (Linux; Android 6.0.1; Nexus 5X Build/MMB29P) AppleWebKit/537.36 (KHTML, like Gecko) Chrome/141.0.7390.122 Mobile Safari/537.36 (compatible; Googlebot/2.1; +http://www.google.com/bot.html)"
66.249.65.68 - - [18/Dec/2025:00:06:40 +0800] "GET /?_g=1536254 HTTP/1.1" 200 490 "-" "Mozilla/5.0 (Linux; Android 6.0.1; Nexus 5X Build/MMB29P) AppleWebKit/537.36 (KHTML, like Gecko) Chrome/141.0.7390.122 Mobile Safari/537.36 (compatible; Googlebot/2.1; +http://www.google.com/bot.html)"
66.249.65.68 - - [18/Dec/2025:00:06:43 +0800] "GET /?_g=626144 HTTP/1.1" 200 490 "-" "Mozilla/5.0 (Linux; Android 6.0.1; Nexus 5X Build/MMB29P) AppleWebKit/537.36 (KHTML, like Gecko) Chrome/141.0.7390.122 Mobile Safari/537.36 (compatible; Googlebot/2.1; +http://www.google.com/bot.html)"
66.249.65.68 - - [18/Dec/2025:00:06:48 +0800] "GET /?_g=2470225 HTTP/1.1" 200 490 "-" "Mozilla/5.0 (Linux; Android 6.0.1; Nexus 5X Build/MMB29P) AppleWebKit/537.36 (KHTML, like Gecko) Chrome/141.0.7390.122 Mobile Safari/537.36 (compatible; Googlebot/2.1; +http://www.google.com/bot.html)"
66.249.65.68 - - [18/Dec/2025:00:06:48 +0800] "GET /?_g=594598 HTTP/1.1" 200 490 "-" "Mozilla/5.0 (compatible; Googlebot/2.1; +http://www.google.com/bot.html)"
66.249.65.68 - - [18/Dec/2025:00:06:57 +0800] "GET /?_g=411562 HTTP/1.1" 200 490 "-" "Mozilla/5.0 (Linux; Android 6.0.1; Nexus 5X Build/MMB29P) AppleWebKit/537.36 (KHTML, like Gecko) Chrome/141.0.7390.122 Mobile Safari/537.36 (compatible; Googlebot/2.1; +http://www.google.com/bot.html)"
66.249.65.68 - - [18/Dec/2025:00:07:17 +0800] "GET /?_g=831610 HTTP/1.1" 200 490 "-" "Mozilla/5.0 (Linux; Android 6.0.1; Nexus 5X Build/MMB29P) AppleWebKit/537.36 (KHTML, like Gecko) Chrome/141.0.7390.122 Mobile Safari/537.36 (compatible; Googlebot/2.1; +http://www.google.com/bot.html)"
66.249.65.68 - - [18/Dec/2025:00:07:21 +0800] "GET /?_g=1608517 HTTP/1.1" 200 490 "-" "Mozilla/5.0 (Linux; Android 6.0.1; Nexus 5X Build/MMB29P) AppleWebKit/537.36 (KHTML, like Gecko) Chrome/141.0.7390.122 Mobile Safari/537.36 (compatible; Googlebot/2.1; +http://www.google.com/bot.html)"
66.249.65.68 - - [18/Dec/2025:00:07:32 +0800] "GET /?_g=1707719 HTTP/1.1" 200 490 "-" "Mozilla/5.0 (Linux; Android 6.0.1; Nexus 5X Build/MMB29P) AppleWebKit/537.36 (KHTML, like Gecko) Chrome/141.0.7390.122 Mobile Safari/537.36 (compatible; Googlebot/2.1; +http://www.google.com/bot.html)"
66.249.65.68 - - [18/Dec/2025:00:07:35 +0800] "GET /?_g=2461923 HTTP/1.1" 200 490 "-" "Mozilla/5.0 (Linux; Android 6.0.1; Nexus 5X Build/MMB29P) AppleWebKit/537.36 (KHTML, like Gecko) Chrome/141.0.7390.122 Mobile Safari/537.36 (compatible; Googlebot/2.1; +http://www.google.com/bot.html)"
66.249.65.68 - - [18/Dec/2025:00:07:36 +0800] "GET /?_g=778047 HTTP/1.1" 200 490 "-" "Mozilla/5.0 (Linux; Android 6.0.1; Nexus 5X Build/MMB29P) AppleWebKit/537.36 (KHTML, like Gecko) Chrome/141.0.7390.122 Mobile Safari/537.36 (compatible; Googlebot/2.1; +http://www.google.com/bot.html)"
66.249.65.68 - - [18/Dec/2025:00:07:39 +0800] "GET /?_g=2119713 HTTP/1.1" 200 490 "-" "Mozilla/5.0 (Linux; Android 6.0.1; Nexus 5X Build/MMB29P) AppleWebKit/537.36 (KHTML, like Gecko) Chrome/141.0.7390.122 Mobile Safari/537.36 (compatible; Googlebot/2.1; +http://www.google.com/bot.html)"
66.249.65.68 - - [18/Dec/2025:00:07:46 +0800] "GET /?_g=2596386 HTTP/1.1" 200 490 "-" "Mozilla/5.0 (Linux; Android 6.0.1; Nexus 5X Build/MMB29P) AppleWebKit/537.36 (KHTML, like Gecko) Chrome/141.0.7390.122 Mobile Safari/537.36 (compatible; Googlebot/2.1; +http://www.google.com/bot.html)"
66.249.65.68 - - [18/Dec/2025:00:07:52 +0800] "GET /?_g=77305 HTTP/1.1" 200 490 "-" "Mozilla/5.0 (Linux; Android 6.0.1; Nexus 5X Build/MMB29P) AppleWebKit/537.36 (KHTML, like Gecko) Chrome/141.0.7390.122 Mobile Safari/537.36 (compatible; Googlebot/2.1; +http://www.google.com/bot.html)"
66.249.65.68 - - [18/Dec/2025:00:07:54 +0800] "GET /?_g=2116243 HTTP/1.1" 200 490 "-" "Mozilla/5.0 (Linux; Android 6.0.1; Nexus 5X Build/MMB29P) AppleWebKit/537.36 (KHTML, like Gecko) Chrome/141.0.7390.122 Mobile Safari/537.36 (compatible; Googlebot/2.1; +http://www.google.com/bot.html)"
66.249.65.68 - - [18/Dec/2025:00:08:00 +0800] "GET /?_g=2349885 HTTP/1.1" 200 490 "-" "Mozilla/5.0 (Linux; Android 6.0.1; Nexus 5X Build/MMB29P) AppleWebKit/537.36 (KHTML, like Gecko) Chrome/141.0.7390.122 Mobile Safari/537.36 (compatible; Googlebot/2.1; +http://www.google.com/bot.html)"
66.249.65.68 - - [18/Dec/2025:00:08:02 +0800] "GET /?_g=1043718 HTTP/1.1" 200 490 "-" "Mozilla/5.0 (Linux; Android 6.0.1; Nexus 5X Build/MMB29P) AppleWebKit/537.36 (KHTML, like Gecko) Chrome/141.0.7390.122 Mobile Safari/537.36 (compatible; Googlebot/2.1; +http://www.google.com/bot.html)"
66.249.65.69 - - [18/Dec/2025:00:08:11 +0800] "GET /?_g=529461 HTTP/1.1" 200 490 "-" "Mozilla/5.0 (Linux; Android 6.0.1; Nexus 5X Build/MMB29P) AppleWebKit/537.36 (KHTML, like Gecko) Chrome/141.0.7390.122 Mobile Safari/537.36 (compatible; Googlebot/2.1; +http://www.google.com/bot.html)"
66.249.65.68 - - [18/Dec/2025:00:08:11 +0800] "GET /?_g=842117 HTTP/1.1" 200 490 "-" "Mozilla/5.0 (Linux; Android 6.0.1; Nexus 5X Build/MMB29P) AppleWebKit/537.36 (KHTML, like Gecko) Chrome/141.0.7390.122 Mobile Safari/537.36 (compatible; Googlebot/2.1; +http://www.google.com/bot.html)"
66.249.65.69 - - [18/Dec/2025:00:08:34 +0800] "GET /?_g=2335811 HTTP/1.1" 200 490 "-" "Mozilla/5.0 (Linux; Android 6.0.1; Nexus 5X Build/MMB29P) AppleWebKit/537.36 (KHTML, like Gecko) Chrome/141.0.7390.122 Mobile Safari/537.36 (compatible; Googlebot/2.1; +http://www.google.com/bot.html)"
66.249.65.68 - - [18/Dec/2025:00:08:39 +0800] "GET /?_g=2632314 HTTP/1.1" 200 490 "-" "Mozilla/5.0 (Linux; Android 6.0.1; Nexus 5X Build/MMB29P) AppleWebKit/537.36 (KHTML, like Gecko) Chrome/141.0.7390.122 Mobile Safari/537.36 (compatible; Googlebot/2.1; +http://www.google.com/bot.html)"
66.249.65.68 - - [18/Dec/2025:00:08:44 +0800] "GET /?_g=393546 HTTP/1.1" 200 490 "-" "Mozilla/5.0 (compatible; Googlebot/2.1; +http://www.google.com/bot.html)"
66.249.65.68 - - [18/Dec/2025:00:08:47 +0800] "GET /?_g=45221 HTTP/1.1" 200 490 "-" "Mozilla/5.0 (Linux; Android 6.0.1; Nexus 5X Build/MMB29P) AppleWebKit/537.36 (KHTML, like Gecko) Chrome/141.0.7390.122 Mobile Safari/537.36 (compatible; Googlebot/2.1; +http://www.google.com/bot.html)"
66.249.65.68 - - [18/Dec/2025:00:08:57 +0800] "GET /?_g=477518 HTTP/1.1" 200 490 "-" "Mozilla/5.0 (Linux; Android 6.0.1; Nexus 5X Build/MMB29P) AppleWebKit/537.36 (KHTML, like Gecko) Chrome/141.0.7390.122 Mobile Safari/537.36 (compatible; Googlebot/2.1; +http://www.google.com/bot.html)"
40.77.167.235 - - [18/Dec/2025:00:08:59 +0800] "GET /?_g=461040 HTTP/1.1" 200 490 "-" "Mozilla/5.0 AppleWebKit/537.36 (KHTML, like Gecko; compatible; bingbot/2.0; +http://www.bing.com/bingbot.htm) Chrome/116.0.1938.76 Safari/537.36"
66.249.65.70 - - [18/Dec/2025:00:09:09 +0800] "GET /?_g=2596754 HTTP/1.1" 200 490 "-" "Mozilla/5.0 (Linux; Android 6.0.1; Nexus 5X Build/MMB29P) AppleWebKit/537.36 (KHTML, like Gecko) Chrome/141.0.7390.122 Mobile Safari/537.36 (compatible; Googlebot/2.1; +http://www.google.com/bot.html)"
66.249.65.69 - - [18/Dec/2025:00:09:09 +0800] "GET /?_g=1918438 HTTP/1.1" 200 490 "-" "Mozilla/5.0 (Linux; Android 6.0.1; Nexus 5X Build/MMB29P) AppleWebKit/537.36 (KHTML, like Gecko) Chrome/141.0.7390.122 Mobile Safari/537.36 (compatible; Googlebot/2.1; +http://www.google.com/bot.html)"
66.249.65.68 - - [18/Dec/2025:00:09:24 +0800] "GET /?_g=850593 HTTP/1.1" 200 490 "-" "Mozilla/5.0 (compatible; Googlebot/2.1; +http://www.google.com/bot.html)"
66.249.65.68 - - [18/Dec/2025:00:09:32 +0800] "GET /?_g=1470244 HTTP/1.1" 200 490 "-" "Mozilla/5.0 (Linux; Android 6.0.1; Nexus 5X Build/MMB29P) AppleWebKit/537.36 (KHTML, like Gecko) Chrome/141.0.7390.122 Mobile Safari/537.36 (compatible; Googlebot/2.1; +http://www.google.com/bot.html)"
66.249.65.68 - - [18/Dec/2025:00:10:00 +0800] "GET /?_g=1277960 HTTP/1.1" 200 490 "-" "Mozilla/5.0 (Linux; Android 6.0.1; Nexus 5X Build/MMB29P) AppleWebKit/537.36 (KHTML, like Gecko) Chrome/141.0.7390.122 Mobile Safari/537.36 (compatible; Googlebot/2.1; +http://www.google.com/bot.html)"
66.249.65.69 - - [18/Dec/2025:00:10:34 +0800] "GET /?_g=202734 HTTP/1.1" 200 490 "-" "Mozilla/5.0 (Linux; Android 6.0.1; Nexus 5X Build/MMB29P) AppleWebKit/537.36 (KHTML, like Gecko) Chrome/141.0.7390.122 Mobile Safari/537.36 (compatible; Googlebot/2.1; +http://www.google.com/bot.html)"
66.249.65.69 - - [18/Dec/2025:00:10:45 +0800] "GET /?_g=2176418 HTTP/1.1" 200 490 "-" "Mozilla/5.0 (compatible; Googlebot/2.1; +http://www.google.com/bot.html)"
66.249.65.69 - - [18/Dec/2025:00:11:37 +0800] "GET /?_g=375976 HTTP/1.1" 200 490 "-" "Mozilla/5.0 (Linux; Android 6.0.1; Nexus 5X Build/MMB29P) AppleWebKit/537.36 (KHTML, like Gecko) Chrome/141.0.7390.122 Mobile Safari/537.36 (compatible; Googlebot/2.1; +http://www.google.com/bot.html)"
40.77.167.3 - - [18/Dec/2025:00:11:39 +0800] "GET /?_g=859015 HTTP/1.1" 200 490 "-" "Mozilla/5.0 AppleWebKit/537.36 (KHTML, like Gecko; compatible; bingbot/2.0; +http://www.bing.com/bingbot.htm) Chrome/116.0.1938.76 Safari/537.36"
66.249.65.69 - - [18/Dec/2025:00:11:40 +0800] "GET /?_g=1218876 HTTP/1.1" 200 490 "-" "Mozilla/5.0 (compatible; Googlebot/2.1; +http://www.google.com/bot.html)"
66.249.65.69 - - [18/Dec/2025:00:11:41 +0800] "GET /?_g=664312 HTTP/1.1" 200 490 "-" "Mozilla/5.0 (Linux; Android 6.0.1; Nexus 5X Build/MMB29P) AppleWebKit/537.36 (KHTML, like Gecko) Chrome/141.0.7390.122 Mobile Safari/537.36 (compatible; Googlebot/2.1; +http://www.google.com/bot.html)"
52.167.144.197 - - [18/Dec/2025:00:11:48 +0800] "GET /?_g=2457451 HTTP/1.1" 200 490 "-" "Mozilla/5.0 AppleWebKit/537.36 (KHTML, like Gecko; compatible; bingbot/2.0; +http://www.bing.com/bingbot.htm) Chrome/116.0.1938.76 Safari/537.36"
66.249.65.68 - - [18/Dec/2025:00:12:01 +0800] "GET /?_g=1180522 HTTP/1.1" 200 490 "-" "Mozilla/5.0 (compatible; Googlebot/2.1; +http://www.google.com/bot.html)"
66.249.65.69 - - [18/Dec/2025:00:12:13 +0800] "GET /?_g=1149941 HTTP/1.1" 200 490 "-" "Mozilla/5.0 (compatible; Googlebot/2.1; +http://www.google.com/bot.html)"
66.249.65.68 - - [18/Dec/2025:00:12:25 +0800] "GET /?_g=1266518 HTTP/1.1" 200 490 "-" "Mozilla/5.0 (Linux; Android 6.0.1; Nexus 5X Build/MMB29P) AppleWebKit/537.36 (KHTML, like Gecko) Chrome/141.0.7390.122 Mobile Safari/537.36 (compatible; Googlebot/2.1; +http://www.google.com/bot.html)"
66.249.65.68 - - [18/Dec/2025:00:12:29 +0800] "GET /?_g=1687566 HTTP/1.1" 200 490 "-" "Mozilla/5.0 (Linux; Android 6.0.1; Nexus 5X Build/MMB29P) AppleWebKit/537.36 (KHTML, like Gecko) Chrome/141.0.7390.122 Mobile Safari/537.36 (compatible; Googlebot/2.1; +http://www.google.com/bot.html)"
66.249.65.68 - - [18/Dec/2025:00:12:36 +0800] "GET /?_g=2612121 HTTP/1.1" 200 490 "-" "Mozilla/5.0 (Linux; Android 6.0.1; Nexus 5X Build/MMB29P) AppleWebKit/537.36 (KHTML, like Gecko) Chrome/141.0.7390.122 Mobile Safari/537.36 (compatible; Googlebot/2.1; +http://www.google.com/bot.html)"
195.178.110.201 - - [18/Dec/2025:00:12:39 +0800] "GET / HTTP/1.1" 200 490 "-" "Python/3.12 aiohttp/3.13.2"
66.249.65.68 - - [18/Dec/2025:00:12:39 +0800] "GET /?_g=1579939 HTTP/1.1" 200 490 "-" "Mozilla/5.0 (Linux; Android 6.0.1; Nexus 5X Build/MMB29P) AppleWebKit/537.36 (KHTML, like Gecko) Chrome/141.0.7390.122 Mobile Safari/537.36 (compatible; Googlebot/2.1; +http://www.google.com/bot.html)"
195.178.110.201 - - [18/Dec/2025:00:12:39 +0800] "GET /.env HTTP/1.1" 200 490 "-" "Python/3.12 aiohttp/3.13.2"
195.178.110.201 - - [18/Dec/2025:00:12:40 +0800] "GET /.git/config HTTP/1.1" 200 490 "-" "Python/3.12 aiohttp/3.13.2"
195.178.110.201 - - [18/Dec/2025:00:12:40 +0800] "GET /backend/.env HTTP/1.1" 200 490 "-" "Python/3.12 aiohttp/3.13.2"
195.178.110.201 - - [18/Dec/2025:00:12:41 +0800] "GET /admin/.env HTTP/1.1" 200 490 "-" "Python/3.12 aiohttp/3.13.2"
195.178.110.201 - - [18/Dec/2025:00:12:41 +0800] "GET /.env.save HTTP/1.1" 200 490 "-" "Python/3.12 aiohttp/3.13.2"
195.178.110.201 - - [18/Dec/2025:00:12:42 +0800] "GET /.env.bak HTTP/1.1" 200 490 "-" "Python/3.12 aiohttp/3.13.2"
66.249.65.68 - - [18/Dec/2025:00:12:42 +0800] "GET /?_g=1878475 HTTP/1.1" 200 490 "-" "Mozilla/5.0 (compatible; Googlebot/2.1; +http://www.google.com/bot.html)"
195.178.110.201 - - [18/Dec/2025:00:12:42 +0800] "GET /.git/logs/HEAD HTTP/1.1" 200 490 "-" "Python/3.12 aiohttp/3.13.2"
195.178.110.201 - - [18/Dec/2025:00:12:43 +0800] "GET /wp-config.php HTTP/1.1" 200 490 "-" "Python/3.12 aiohttp/3.13.2"
195.178.110.201 - - [18/Dec/2025:00:12:43 +0800] "GET /config.json HTTP/1.1" 200 490 "-" "Python/3.12 aiohttp/3.13.2"
66.249.65.68 - - [18/Dec/2025:00:12:43 +0800] "GET /?_g=1136582 HTTP/1.1" 200 490 "-" "Mozilla/5.0 (Linux; Android 6.0.1; Nexus 5X Build/MMB29P) AppleWebKit/537.36 (KHTML, like Gecko) Chrome/141.0.7390.122 Mobile Safari/537.36 (compatible; Googlebot/2.1; +http://www.google.com/bot.html)"
195.178.110.201 - - [18/Dec/2025:00:12:43 +0800] "GET /config.js HTTP/1.1" 200 490 "-" "Python/3.12 aiohttp/3.13.2"
195.178.110.201 - - [18/Dec/2025:00:12:44 +0800] "GET /aws-config.js HTTP/1.1" 200 490 "-" "Python/3.12 aiohttp/3.13.2"
195.178.110.201 - - [18/Dec/2025:00:12:44 +0800] "GET /aws.config.js HTTP/1.1" 200 490 "-" "Python/3.12 aiohttp/3.13.2"
195.178.110.201 - - [18/Dec/2025:00:12:44 +0800] "GET /.npmrc HTTP/1.1" 200 490 "-" "Python/3.12 aiohttp/3.13.2"
52.167.144.197 - - [18/Dec/2025:00:12:47 +0800] "GET /?_g=1945856 HTTP/1.1" 200 490 "-" "Mozilla/5.0 AppleWebKit/537.36 (KHTML, like Gecko; compatible; bingbot/2.0; +http://www.bing.com/bingbot.htm) Chrome/116.0.1938.76 Safari/537.36"
66.249.65.68 - - [18/Dec/2025:00:12:50 +0800] "GET /?_g=2262805 HTTP/1.1" 200 490 "-" "Mozilla/5.0 (Linux; Android 6.0.1; Nexus 5X Build/MMB29P) AppleWebKit/537.36 (KHTML, like Gecko) Chrome/141.0.7390.122 Mobile Safari/537.36 (compatible; Googlebot/2.1; +http://www.google.com/bot.html)"
66.249.65.68 - - [18/Dec/2025:00:12:54 +0800] "GET /?_g=1603849 HTTP/1.1" 200 490 "-" "Mozilla/5.0 (Linux; Android 6.0.1; Nexus 5X Build/MMB29P) AppleWebKit/537.36 (KHTML, like Gecko) Chrome/141.0.7390.122 Mobile Safari/537.36 (compatible; Googlebot/2.1; +http://www.google.com/bot.html)"
66.249.65.68 - - [18/Dec/2025:00:12:58 +0800] "GET /?_g=2227629 HTTP/1.1" 200 490 "-" "Mozilla/5.0 (Linux; Android 6.0.1; Nexus 5X Build/MMB29P) AppleWebKit/537.36 (KHTML, like Gecko) Chrome/141.0.7390.122 Mobile Safari/537.36 (compatible; Googlebot/2.1; +http://www.google.com/bot.html)"
66.249.65.68 - - [18/Dec/2025:00:12:58 +0800] "GET /?_g=1214898 HTTP/1.1" 200 490 "-" "Mozilla/5.0 (compatible; Googlebot/2.1; +http://www.google.com/bot.html)"
66.249.65.68 - - [18/Dec/2025:00:13:05 +0800] "GET /?_g=2636356 HTTP/1.1" 200 490 "-" "Mozilla/5.0 (Linux; Android 6.0.1; Nexus 5X Build/MMB29P) AppleWebKit/537.36 (KHTML, like Gecko) Chrome/141.0.7390.122 Mobile Safari/537.36 (compatible; Googlebot/2.1; +http://www.google.com/bot.html)"
40.77.167.235 - - [18/Dec/2025:00:13:09 +0800] "GET /?_g=887713 HTTP/1.1" 200 490 "-" "Mozilla/5.0 AppleWebKit/537.36 (KHTML, like Gecko; compatible; bingbot/2.0; +http://www.bing.com/bingbot.htm) Chrome/116.0.1938.76 Safari/537.36"
66.249.65.68 - - [18/Dec/2025:00:13:13 +0800] "GET /?_g=2155717 HTTP/1.1" 200 490 "-" "Mozilla/5.0 (Linux; Android 6.0.1; Nexus 5X Build/MMB29P) AppleWebKit/537.36 (KHTML, like Gecko) Chrome/141.0.7390.122 Mobile Safari/537.36 (compatible; Googlebot/2.1; +http://www.google.com/bot.html)"
66.249.65.68 - - [18/Dec/2025:00:13:20 +0800] "GET /?_g=2196301 HTTP/1.1" 200 490 "-" "Mozilla/5.0 (Linux; Android 6.0.1; Nexus 5X Build/MMB29P) AppleWebKit/537.36 (KHTML, like Gecko) Chrome/141.0.7390.122 Mobile Safari/537.36 (compatible; Googlebot/2.1; +http://www.google.com/bot.html)"
52.167.144.197 - - [18/Dec/2025:00:13:28 +0800] "GET /?_g=745222 HTTP/1.1" 200 490 "-" "Mozilla/5.0 AppleWebKit/537.36 (KHTML, like Gecko; compatible; bingbot/2.0; +http://www.bing.com/bingbot.htm) Chrome/116.0.1938.76 Safari/537.36"
66.249.65.68 - - [18/Dec/2025:00:13:31 +0800] "GET /?_g=524852 HTTP/1.1" 200 490 "-" "Mozilla/5.0 (Linux; Android 6.0.1; Nexus 5X Build/MMB29P) AppleWebKit/537.36 (KHTML, like Gecko) Chrome/141.0.7390.122 Mobile Safari/537.36 (compatible; Googlebot/2.1; +http://www.google.com/bot.html)"
66.249.65.68 - - [18/Dec/2025:00:13:34 +0800] "GET /?_g=1309419 HTTP/1.1" 200 490 "-" "Mozilla/5.0 (Linux; Android 6.0.1; Nexus 5X Build/MMB29P) AppleWebKit/537.36 (KHTML, like Gecko) Chrome/141.0.7390.122 Mobile Safari/537.36 (compatible; Googlebot/2.1; +http://www.google.com/bot.html)"
66.249.65.68 - - [18/Dec/2025:00:13:35 +0800] "GET /?_g=2161887 HTTP/1.1" 200 490 "-" "Mozilla/5.0 (Linux; Android 6.0.1; Nexus 5X Build/MMB29P) AppleWebKit/537.36 (KHTML, like Gecko) Chrome/141.0.7390.122 Mobile Safari/537.36 (compatible; Googlebot/2.1; +http://www.google.com/bot.html)"
66.249.65.68 - - [18/Dec/2025:00:13:41 +0800] "GET /?_g=304701 HTTP/1.1" 200 490 "-" "Mozilla/5.0 (Linux; Android 6.0.1; Nexus 5X Build/MMB29P) AppleWebKit/537.36 (KHTML, like Gecko) Chrome/141.0.7390.122 Mobile Safari/537.36 (compatible; Googlebot/2.1; +http://www.google.com/bot.html)"
40.77.167.235 - - [18/Dec/2025:00:14:27 +0800] "GET /?_g=1865225 HTTP/1.1" 200 490 "-" "Mozilla/5.0 AppleWebKit/537.36 (KHTML, like Gecko; compatible; bingbot/2.0; +http://www.bing.com/bingbot.htm) Chrome/116.0.1938.76 Safari/537.36"
66.249.65.70 - - [18/Dec/2025:00:14:39 +0800] "GET /?_g=2304591 HTTP/1.1" 200 490 "-" "Mozilla/5.0 (Linux; Android 6.0.1; Nexus 5X Build/MMB29P) AppleWebKit/537.36 (KHTML, like Gecko) Chrome/141.0.7390.122 Mobile Safari/537.36 (compatible; Googlebot/2.1; +http://www.google.com/bot.html)"
66.249.65.69 - - [18/Dec/2025:00:14:40 +0800] "GET /?_g=1348747 HTTP/1.1" 200 490 "-" "Mozilla/5.0 (compatible; Googlebot/2.1; +http://www.google.com/bot.html)"
66.249.65.69 - - [18/Dec/2025:00:14:44 +0800] "GET /?_g=1359586 HTTP/1.1" 200 490 "-" "Mozilla/5.0 (compatible; Googlebot/2.1; +http://www.google.com/bot.html)"
66.249.65.69 - - [18/Dec/2025:00:15:20 +0800] "GET /?_g=164128 HTTP/1.1" 200 490 "-" "Mozilla/5.0 (compatible; Googlebot/2.1; +http://www.google.com/bot.html)"
66.249.65.68 - - [18/Dec/2025:00:15:41 +0800] "GET /?_g=316114 HTTP/1.1" 200 490 "-" "Mozilla/5.0 (Linux; Android 6.0.1; Nexus 5X Build/MMB29P) AppleWebKit/537.36 (KHTML, like Gecko) Chrome/141.0.7390.122 Mobile Safari/537.36 (compatible; Googlebot/2.1; +http://www.google.com/bot.html)"
66.249.65.68 - - [18/Dec/2025:00:15:43 +0800] "GET /?_g=55083 HTTP/1.1" 200 490 "-" "Mozilla/5.0 (compatible; Googlebot/2.1; +http://www.google.com/bot.html)"
66.249.65.68 - - [18/Dec/2025:00:16:13 +0800] "GET /?_g=1924562 HTTP/1.1" 200 490 "-" "Mozilla/5.0 (Linux; Android 6.0.1; Nexus 5X Build/MMB29P) AppleWebKit/537.36 (KHTML, like Gecko) Chrome/141.0.7390.122 Mobile Safari/537.36 (compatible; Googlebot/2.1; +http://www.google.com/bot.html)"
66.249.65.68 - - [18/Dec/2025:00:16:20 +0800] "GET /?_g=2008908 HTTP/1.1" 200 490 "-" "Mozilla/5.0 (Linux; Android 6.0.1; Nexus 5X Build/MMB29P) AppleWebKit/537.36 (KHTML, like Gecko) Chrome/141.0.7390.122 Mobile Safari/537.36 (compatible; Googlebot/2.1; +http://www.google.com/bot.html)"
66.249.65.68 - - [18/Dec/2025:00:16:30 +0800] "GET /?_g=1862767 HTTP/1.1" 200 490 "-" "Mozilla/5.0 (Linux; Android 6.0.1; Nexus 5X Build/MMB29P) AppleWebKit/537.36 (KHTML, like Gecko) Chrome/141.0.7390.122 Mobile Safari/537.36 (compatible; Googlebot/2.1; +http://www.google.com/bot.html)"
66.249.65.68 - - [18/Dec/2025:00:16:34 +0800] "GET /?_g=989138 HTTP/1.1" 200 490 "-" "Mozilla/5.0 (Linux; Android 6.0.1; Nexus 5X Build/MMB29P) AppleWebKit/537.36 (KHTML, like Gecko) Chrome/141.0.7390.122 Mobile Safari/537.36 (compatible; Googlebot/2.1; +http://www.google.com/bot.html)"
66.249.65.68 - - [18/Dec/2025:00:16:43 +0800] "GET /?_g=2450057 HTTP/1.1" 200 490 "-" "Mozilla/5.0 (compatible; Googlebot/2.1; +http://www.google.com/bot.html)"
66.249.65.68 - - [18/Dec/2025:00:16:44 +0800] "GET /?_g=927002 HTTP/1.1" 200 490 "-" "Mozilla/5.0 (compatible; Googlebot/2.1; +http://www.google.com/bot.html)"
66.249.65.68 - - [18/Dec/2025:00:16:44 +0800] "GET /?_g=2189141 HTTP/1.1" 200 490 "-" "Mozilla/5.0 (Linux; Android 6.0.1; Nexus 5X Build/MMB29P) AppleWebKit/537.36 (KHTML, like Gecko) Chrome/141.0.7390.122 Mobile Safari/537.36 (compatible; Googlebot/2.1; +http://www.google.com/bot.html)"
66.249.65.68 - - [18/Dec/2025:00:16:47 +0800] "GET /?_g=18826 HTTP/1.1" 200 490 "-" "Mozilla/5.0 (Linux; Android 6.0.1; Nexus 5X Build/MMB29P) AppleWebKit/537.36 (KHTML, like Gecko) Chrome/141.0.7390.122 Mobile Safari/537.36 (compatible; Googlebot/2.1; +http://www.google.com/bot.html)"
66.249.65.68 - - [18/Dec/2025:00:16:52 +0800] "GET /?_g=1083369 HTTP/1.1" 200 490 "-" "Mozilla/5.0 (Linux; Android 6.0.1; Nexus 5X Build/MMB29P) AppleWebKit/537.36 (KHTML, like Gecko) Chrome/141.0.7390.122 Mobile Safari/537.36 (compatible; Googlebot/2.1; +http://www.google.com/bot.html)"
66.249.65.68 - - [18/Dec/2025:00:16:56 +0800] "GET /?_g=797757 HTTP/1.1" 200 490 "-" "Mozilla/5.0 (Linux; Android 6.0.1; Nexus 5X Build/MMB29P) AppleWebKit/537.36 (KHTML, like Gecko) Chrome/141.0.7390.122 Mobile Safari/537.36 (compatible; Googlebot/2.1; +http://www.google.com/bot.html)"
66.249.65.68 - - [18/Dec/2025:00:17:06 +0800] "GET /?_g=360033 HTTP/1.1" 200 490 "-" "Mozilla/5.0 (Linux; Android 6.0.1; Nexus 5X Build/MMB29P) AppleWebKit/537.36 (KHTML, like Gecko) Chrome/141.0.7390.122 Mobile Safari/537.36 (compatible; Googlebot/2.1; +http://www.google.com/bot.html)"
66.249.65.68 - - [18/Dec/2025:00:17:10 +0800] "GET /?_g=176577 HTTP/1.1" 200 490 "-" "Mozilla/5.0 (Linux; Android 6.0.1; Nexus 5X Build/MMB29P) AppleWebKit/537.36 (KHTML, like Gecko) Chrome/141.0.7390.122 Mobile Safari/537.36 (compatible; Googlebot/2.1; +http://www.google.com/bot.html)"
66.249.65.68 - - [18/Dec/2025:00:17:13 +0800] "GET /?_g=677231 HTTP/1.1" 200 490 "-" "Mozilla/5.0 (compatible; Googlebot/2.1; +http://www.google.com/bot.html)"
66.249.65.68 - - [18/Dec/2025:00:17:14 +0800] "GET /?_g=1819518 HTTP/1.1" 200 490 "-" "Mozilla/5.0 (Linux; Android 6.0.1; Nexus 5X Build/MMB29P) AppleWebKit/537.36 (KHTML, like Gecko) Chrome/141.0.7390.122 Mobile Safari/537.36 (compatible; Googlebot/2.1; +http://www.google.com/bot.html)"
66.249.65.68 - - [18/Dec/2025:00:17:15 +0800] "GET /?_g=391133 HTTP/1.1" 200 490 "-" "Mozilla/5.0 (Linux; Android 6.0.1; Nexus 5X Build/MMB29P) AppleWebKit/537.36 (KHTML, like Gecko) Chrome/141.0.7390.122 Mobile Safari/537.36 (compatible; Googlebot/2.1; +http://www.google.com/bot.html)"
66.249.65.68 - - [18/Dec/2025:00:17:19 +0800] "GET /?_g=642288 HTTP/1.1" 200 490 "-" "Mozilla/5.0 (Linux; Android 6.0.1; Nexus 5X Build/MMB29P) AppleWebKit/537.36 (KHTML, like Gecko) Chrome/141.0.7390.122 Mobile Safari/537.36 (compatible; Googlebot/2.1; +http://www.google.com/bot.html)"
66.249.65.68 - - [18/Dec/2025:00:17:24 +0800] "GET /?_g=333161 HTTP/1.1" 200 490 "-" "Mozilla/5.0 (Linux; Android 6.0.1; Nexus 5X Build/MMB29P) AppleWebKit/537.36 (KHTML, like Gecko) Chrome/141.0.7390.122 Mobile Safari/537.36 (compatible; Googlebot/2.1; +http://www.google.com/bot.html)"
66.249.65.68 - - [18/Dec/2025:00:17:32 +0800] "GET /?_g=1951791 HTTP/1.1" 200 490 "-" "Mozilla/5.0 (Linux; Android 6.0.1; Nexus 5X Build/MMB29P) AppleWebKit/537.36 (KHTML, like Gecko) Chrome/141.0.7390.122 Mobile Safari/537.36 (compatible; Googlebot/2.1; +http://www.google.com/bot.html)"
66.249.65.68 - - [18/Dec/2025:00:17:34 +0800] "GET /?_g=271109 HTTP/1.1" 200 490 "-" "Mozilla/5.0 (Linux; Android 6.0.1; Nexus 5X Build/MMB29P) AppleWebKit/537.36 (KHTML, like Gecko) Chrome/141.0.7390.122 Mobile Safari/537.36 (compatible; Googlebot/2.1; +http://www.google.com/bot.html)"
66.249.65.68 - - [18/Dec/2025:00:17:34 +0800] "GET /?_g=1612661 HTTP/1.1" 200 490 "-" "Mozilla/5.0 (compatible; Googlebot/2.1; +http://www.google.com/bot.html)"
66.249.65.68 - - [18/Dec/2025:00:17:38 +0800] "GET /?_g=2060754 HTTP/1.1" 200 490 "-" "Mozilla/5.0 (Linux; Android 6.0.1; Nexus 5X Build/MMB29P) AppleWebKit/537.36 (KHTML, like Gecko) Chrome/141.0.7390.122 Mobile Safari/537.36 (compatible; Googlebot/2.1; +http://www.google.com/bot.html)"
66.249.65.68 - - [18/Dec/2025:00:17:40 +0800] "GET /?_g=2346835 HTTP/1.1" 200 490 "-" "Mozilla/5.0 (Linux; Android 6.0.1; Nexus 5X Build/MMB29P) AppleWebKit/537.36 (KHTML, like Gecko) Chrome/141.0.7390.122 Mobile Safari/537.36 (compatible; Googlebot/2.1; +http://www.google.com/bot.html)"
66.249.65.68 - - [18/Dec/2025:00:17:48 +0800] "GET /?_g=379924 HTTP/1.1" 200 490 "-" "Mozilla/5.0 (Linux; Android 6.0.1; Nexus 5X Build/MMB29P) AppleWebKit/537.36 (KHTML, like Gecko) Chrome/141.0.7390.122 Mobile Safari/537.36 (compatible; Googlebot/2.1; +http://www.google.com/bot.html)"
66.249.65.68 - - [18/Dec/2025:00:17:49 +0800] "GET /?_g=1374109 HTTP/1.1" 200 490 "-" "Mozilla/5.0 (Linux; Android 6.0.1; Nexus 5X Build/MMB29P) AppleWebKit/537.36 (KHTML, like Gecko) Chrome/141.0.7390.122 Mobile Safari/537.36 (compatible; Googlebot/2.1; +http://www.google.com/bot.html)"
66.249.65.68 - - [18/Dec/2025:00:17:51 +0800] "GET /?_g=1545540 HTTP/1.1" 200 490 "-" "Mozilla/5.0 (Linux; Android 6.0.1; Nexus 5X Build/MMB29P) AppleWebKit/537.36 (KHTML, like Gecko) Chrome/141.0.7390.122 Mobile Safari/537.36 (compatible; Googlebot/2.1; +http://www.google.com/bot.html)"
40.77.167.3 - - [18/Dec/2025:00:17:51 +0800] "GET /?_g=1890046 HTTP/1.1" 200 490 "-" "Mozilla/5.0 AppleWebKit/537.36 (KHTML, like Gecko; compatible; bingbot/2.0; +http://www.bing.com/bingbot.htm) Chrome/116.0.1938.76 Safari/537.36"
66.249.65.68 - - [18/Dec/2025:00:17:56 +0800] "GET /?_g=408338 HTTP/1.1" 200 490 "-" "Mozilla/5.0 (Linux; Android 6.0.1; Nexus 5X Build/MMB29P) AppleWebKit/537.36 (KHTML, like Gecko) Chrome/141.0.7390.122 Mobile Safari/537.36 (compatible; Googlebot/2.1; +http://www.google.com/bot.html)"
66.249.65.68 - - [18/Dec/2025:00:17:57 +0800] "GET /?_g=2595257 HTTP/1.1" 200 490 "-" "Mozilla/5.0 (compatible; Googlebot/2.1; +http://www.google.com/bot.html)"
52.167.144.197 - - [18/Dec/2025:00:17:58 +0800] "GET /?_g=2361824 HTTP/1.1" 200 490 "-" "Mozilla/5.0 AppleWebKit/537.36 (KHTML, like Gecko; compatible; bingbot/2.0; +http://www.bing.com/bingbot.htm) Chrome/116.0.1938.76 Safari/537.36"
66.249.65.69 - - [18/Dec/2025:00:18:05 +0800] "GET /?_g=729282 HTTP/1.1" 200 490 "-" "Mozilla/5.0 (compatible; Googlebot/2.1; +http://www.google.com/bot.html)"
66.249.65.70 - - [18/Dec/2025:00:18:06 +0800] "GET /?_g=2430744 HTTP/1.1" 200 490 "-" "Mozilla/5.0 (Linux; Android 6.0.1; Nexus 5X Build/MMB29P) AppleWebKit/537.36 (KHTML, like Gecko) Chrome/141.0.7390.122 Mobile Safari/537.36 (compatible; Googlebot/2.1; +http://www.google.com/bot.html)"
66.249.65.69 - - [18/Dec/2025:00:18:10 +0800] "GET /?_g=1095638 HTTP/1.1" 200 490 "-" "Mozilla/5.0 (Linux; Android 6.0.1; Nexus 5X Build/MMB29P) AppleWebKit/537.36 (KHTML, like Gecko) Chrome/141.0.7390.122 Mobile Safari/537.36 (compatible; Googlebot/2.1; +http://www.google.com/bot.html)"
66.249.65.68 - - [18/Dec/2025:00:18:11 +0800] "GET /?_g=2070992 HTTP/1.1" 200 490 "-" "Mozilla/5.0 (compatible; Googlebot/2.1; +http://www.google.com/bot.html)"
40.77.167.3 - - [18/Dec/2025:00:18:12 +0800] "GET /?_g=743354 HTTP/1.1" 200 490 "-" "Mozilla/5.0 AppleWebKit/537.36 (KHTML, like Gecko; compatible; bingbot/2.0; +http://www.bing.com/bingbot.htm) Chrome/116.0.1938.76 Safari/537.36"
66.249.65.68 - - [18/Dec/2025:00:18:15 +0800] "GET /?_g=523115 HTTP/1.1" 200 490 "-" "Mozilla/5.0 (Linux; Android 6.0.1; Nexus 5X Build/MMB29P) AppleWebKit/537.36 (KHTML, like Gecko) Chrome/141.0.7390.122 Mobile Safari/537.36 (compatible; Googlebot/2.1; +http://www.google.com/bot.html)"
40.77.167.15 - - [18/Dec/2025:00:18:19 +0800] "GET /?_g=649724 HTTP/1.1" 200 490 "-" "Mozilla/5.0 AppleWebKit/537.36 (KHTML, like Gecko; compatible; bingbot/2.0; +http://www.bing.com/bingbot.htm) Chrome/116.0.1938.76 Safari/537.36"
66.249.65.68 - - [18/Dec/2025:00:18:21 +0800] "GET /?_g=2369457 HTTP/1.1" 200 490 "-" "Mozilla/5.0 (Linux; Android 6.0.1; Nexus 5X Build/MMB29P) AppleWebKit/537.36 (KHTML, like Gecko) Chrome/141.0.7390.122 Mobile Safari/537.36 (compatible; Googlebot/2.1; +http://www.google.com/bot.html)"
52.167.144.197 - - [18/Dec/2025:00:18:27 +0800] "GET /?_g=1599541 HTTP/1.1" 200 490 "-" "Mozilla/5.0 AppleWebKit/537.36 (KHTML, like Gecko; compatible; bingbot/2.0; +http://www.bing.com/bingbot.htm) Chrome/116.0.1938.76 Safari/537.36"
66.249.65.68 - - [18/Dec/2025:00:18:28 +0800] "GET /?_g=453568 HTTP/1.1" 200 490 "-" "Mozilla/5.0 (compatible; Googlebot/2.1; +http://www.google.com/bot.html)"
66.249.65.68 - - [18/Dec/2025:00:18:31 +0800] "GET /?_g=896470 HTTP/1.1" 200 490 "-" "Mozilla/5.0 (Linux; Android 6.0.1; Nexus 5X Build/MMB29P) AppleWebKit/537.36 (KHTML, like Gecko) Chrome/141.0.7390.122 Mobile Safari/537.36 (compatible; Googlebot/2.1; +http://www.google.com/bot.html)"
66.249.65.68 - - [18/Dec/2025:00:18:32 +0800] "GET /?_g=856908 HTTP/1.1" 200 490 "-" "Mozilla/5.0 (compatible; Googlebot/2.1; +http://www.google.com/bot.html)"
66.249.65.68 - - [18/Dec/2025:00:18:32 +0800] "GET /?_g=611841 HTTP/1.1" 200 490 "-" "Mozilla/5.0 (Linux; Android 6.0.1; Nexus 5X Build/MMB29P) AppleWebKit/537.36 (KHTML, like Gecko) Chrome/141.0.7390.122 Mobile Safari/537.36 (compatible; Googlebot/2.1; +http://www.google.com/bot.html)"
66.249.65.68 - - [18/Dec/2025:00:18:33 +0800] "GET /?_g=905595 HTTP/1.1" 200 490 "-" "Mozilla/5.0 (Linux; Android 6.0.1; Nexus 5X Build/MMB29P) AppleWebKit/537.36 (KHTML, like Gecko) Chrome/141.0.7390.122 Mobile Safari/537.36 (compatible; Googlebot/2.1; +http://www.google.com/bot.html)"
66.249.65.68 - - [18/Dec/2025:00:18:35 +0800] "GET /?_g=2396680 HTTP/1.1" 200 490 "-" "Mozilla/5.0 (Linux; Android 6.0.1; Nexus 5X Build/MMB29P) AppleWebKit/537.36 (KHTML, like Gecko) Chrome/141.0.7390.122 Mobile Safari/537.36 (compatible; Googlebot/2.1; +http://www.google.com/bot.html)"
66.249.65.68 - - [18/Dec/2025:00:18:38 +0800] "GET /?_g=414188 HTTP/1.1" 200 490 "-" "Mozilla/5.0 (Linux; Android 6.0.1; Nexus 5X Build/MMB29P) AppleWebKit/537.36 (KHTML, like Gecko) Chrome/141.0.7390.122 Mobile Safari/537.36 (compatible; Googlebot/2.1; +http://www.google.com/bot.html)"
66.249.65.68 - - [18/Dec/2025:00:18:39 +0800] "GET /?_g=1638329 HTTP/1.1" 200 490 "-" "Mozilla/5.0 (Linux; Android 6.0.1; Nexus 5X Build/MMB29P) AppleWebKit/537.36 (KHTML, like Gecko) Chrome/141.0.7390.122 Mobile Safari/537.36 (compatible; Googlebot/2.1; +http://www.google.com/bot.html)"
66.249.65.68 - - [18/Dec/2025:00:18:42 +0800] "GET /?_g=695288 HTTP/1.1" 200 490 "-" "Mozilla/5.0 (Linux; Android 6.0.1; Nexus 5X Build/MMB29P) AppleWebKit/537.36 (KHTML, like Gecko) Chrome/141.0.7390.122 Mobile Safari/537.36 (compatible; Googlebot/2.1; +http://www.google.com/bot.html)"
66.249.65.68 - - [18/Dec/2025:00:18:43 +0800] "GET /?_g=1692942 HTTP/1.1" 200 490 "-" "Mozilla/5.0 (Linux; Android 6.0.1; Nexus 5X Build/MMB29P) AppleWebKit/537.36 (KHTML, like Gecko) Chrome/141.0.7390.122 Mobile Safari/537.36 (compatible; Googlebot/2.1; +http://www.google.com/bot.html)"
66.249.65.68 - - [18/Dec/2025:00:18:43 +0800] "GET /?_g=1692942 HTTP/1.1" 200 490 "-" "Mozilla/5.0 (compatible; Googlebot/2.1; +http://www.google.com/bot.html)"
66.249.65.68 - - [18/Dec/2025:00:18:50 +0800] "GET /?_g=865880 HTTP/1.1" 200 490 "-" "Mozilla/5.0 (Linux; Android 6.0.1; Nexus 5X Build/MMB29P) AppleWebKit/537.36 (KHTML, like Gecko) Chrome/141.0.7390.122 Mobile Safari/537.36 (compatible; Googlebot/2.1; +http://www.google.com/bot.html)"
66.249.65.68 - - [18/Dec/2025:00:18:53 +0800] "GET /?_g=563380 HTTP/1.1" 200 490 "-" "Mozilla/5.0 (Linux; Android 6.0.1; Nexus 5X Build/MMB29P) AppleWebKit/537.36 (KHTML, like Gecko) Chrome/141.0.7390.122 Mobile Safari/537.36 (compatible; Googlebot/2.1; +http://www.google.com/bot.html)"
66.249.65.68 - - [18/Dec/2025:00:18:57 +0800] "GET /?_g=328400 HTTP/1.1" 200 490 "-" "Mozilla/5.0 (Linux; Android 6.0.1; Nexus 5X Build/MMB29P) AppleWebKit/537.36 (KHTML, like Gecko) Chrome/141.0.7390.122 Mobile Safari/537.36 (compatible; Googlebot/2.1; +http://www.google.com/bot.html)"
66.249.65.68 - - [18/Dec/2025:00:19:01 +0800] "GET /?_g=1849458 HTTP/1.1" 200 490 "-" "Mozilla/5.0 (compatible; Googlebot/2.1; +http://www.google.com/bot.html)"
66.249.65.69 - - [18/Dec/2025:00:19:04 +0800] "GET /?_g=1590793 HTTP/1.1" 200 490 "-" "Mozilla/5.0 (Linux; Android 6.0.1; Nexus 5X Build/MMB29P) AppleWebKit/537.36 (KHTML, like Gecko) Chrome/141.0.7390.122 Mobile Safari/537.36 (compatible; Googlebot/2.1; +http://www.google.com/bot.html)"
66.249.65.68 - - [18/Dec/2025:00:19:08 +0800] "GET /?_g=939433 HTTP/1.1" 200 490 "-" "Mozilla/5.0 (Linux; Android 6.0.1; Nexus 5X Build/MMB29P) AppleWebKit/537.36 (KHTML, like Gecko) Chrome/141.0.7390.122 Mobile Safari/537.36 (compatible; Googlebot/2.1; +http://www.google.com/bot.html)"
66.249.65.68 - - [18/Dec/2025:00:19:12 +0800] "GET /?_g=278524 HTTP/1.1" 200 490 "-" "Mozilla/5.0 (Linux; Android 6.0.1; Nexus 5X Build/MMB29P) AppleWebKit/537.36 (KHTML, like Gecko) Chrome/141.0.7390.122 Mobile Safari/537.36 (compatible; Googlebot/2.1; +http://www.google.com/bot.html)"
66.249.65.68 - - [18/Dec/2025:00:19:16 +0800] "GET /?_g=452152 HTTP/1.1" 200 490 "-" "Mozilla/5.0 (Linux; Android 6.0.1; Nexus 5X Build/MMB29P) AppleWebKit/537.36 (KHTML, like Gecko) Chrome/141.0.7390.122 Mobile Safari/537.36 (compatible; Googlebot/2.1; +http://www.google.com/bot.html)"
66.249.65.68 - - [18/Dec/2025:00:19:23 +0800] "GET /?_g=2306876 HTTP/1.1" 200 490 "-" "Mozilla/5.0 (Linux; Android 6.0.1; Nexus 5X Build/MMB29P) AppleWebKit/537.36 (KHTML, like Gecko) Chrome/141.0.7390.122 Mobile Safari/537.36 (compatible; Googlebot/2.1; +http://www.google.com/bot.html)"
66.249.65.68 - - [18/Dec/2025:00:19:26 +0800] "GET /?_g=1739604 HTTP/1.1" 200 490 "-" "Mozilla/5.0 (Linux; Android 6.0.1; Nexus 5X Build/MMB29P) AppleWebKit/537.36 (KHTML, like Gecko) Chrome/141.0.7390.122 Mobile Safari/537.36 (compatible; Googlebot/2.1; +http://www.google.com/bot.html)"
66.249.65.68 - - [18/Dec/2025:00:19:30 +0800] "GET /?_g=1699293 HTTP/1.1" 200 490 "-" "Mozilla/5.0 (Linux; Android 6.0.1; Nexus 5X Build/MMB29P) AppleWebKit/537.36 (KHTML, like Gecko) Chrome/141.0.7390.122 Mobile Safari/537.36 (compatible; Googlebot/2.1; +http://www.google.com/bot.html)"
66.249.65.68 - - [18/Dec/2025:00:19:34 +0800] "GET /?_g=1176413 HTTP/1.1" 200 490 "-" "Mozilla/5.0 (Linux; Android 6.0.1; Nexus 5X Build/MMB29P) AppleWebKit/537.36 (KHTML, like Gecko) Chrome/141.0.7390.122 Mobile Safari/537.36 (compatible; Googlebot/2.1; +http://www.google.com/bot.html)"
66.249.65.68 - - [18/Dec/2025:00:19:41 +0800] "GET /?_g=1262113 HTTP/1.1" 200 490 "-" "Mozilla/5.0 (Linux; Android 6.0.1; Nexus 5X Build/MMB29P) AppleWebKit/537.36 (KHTML, like Gecko) Chrome/141.0.7390.122 Mobile Safari/537.36 (compatible; Googlebot/2.1; +http://www.google.com/bot.html)"
66.249.65.68 - - [18/Dec/2025:00:19:57 +0800] "GET /?_g=2350140 HTTP/1.1" 200 490 "-" "Mozilla/5.0 (Linux; Android 6.0.1; Nexus 5X Build/MMB29P) AppleWebKit/537.36 (KHTML, like Gecko) Chrome/141.0.7390.122 Mobile Safari/537.36 (compatible; Googlebot/2.1; +http://www.google.com/bot.html)"
52.167.144.197 - - [18/Dec/2025:00:19:59 +0800] "GET /?_g=960927 HTTP/1.1" 200 490 "-" "Mozilla/5.0 AppleWebKit/537.36 (KHTML, like Gecko; compatible; bingbot/2.0; +http://www.bing.com/bingbot.htm) Chrome/116.0.1938.76 Safari/537.36"
66.249.65.68 - - [18/Dec/2025:00:20:04 +0800] "GET /?_g=1409714 HTTP/1.1" 200 490 "-" "Mozilla/5.0 (Linux; Android 6.0.1; Nexus 5X Build/MMB29P) AppleWebKit/537.36 (KHTML, like Gecko) Chrome/141.0.7390.122 Mobile Safari/537.36 (compatible; Googlebot/2.1; +http://www.google.com/bot.html)"
66.249.65.68 - - [18/Dec/2025:00:20:19 +0800] "GET /?_g=1904284 HTTP/1.1" 200 490 "-" "Mozilla/5.0 (Linux; Android 6.0.1; Nexus 5X Build/MMB29P) AppleWebKit/537.36 (KHTML, like Gecko) Chrome/141.0.7390.122 Mobile Safari/537.36 (compatible; Googlebot/2.1; +http://www.google.com/bot.html)"
146.70.185.32 - - [18/Dec/2025:00:20:24 +0800] "HEAD / HTTP/1.1" 200 - "-" "Mozilla/5.0 (Windows NT 10.0; Win64; x64) AppleWebKit/537.36 (KHTML, like Gecko) Chrome/58.0.3029.110 Safari/537.3"
40.77.167.56 - - [18/Dec/2025:00:20:27 +0800] "GET /?_g=2643607 HTTP/1.1" 200 490 "-" "Mozilla/5.0 AppleWebKit/537.36 (KHTML, like Gecko; compatible; bingbot/2.0; +http://www.bing.com/bingbot.htm) Chrome/116.0.1938.76 Safari/537.36"
40.77.167.56 - - [18/Dec/2025:00:20:28 +0800] "GET /?_g=1225309 HTTP/1.1" 200 490 "-" "Mozilla/5.0 AppleWebKit/537.36 (KHTML, like Gecko; compatible; bingbot/2.0; +http://www.bing.com/bingbot.htm) Chrome/116.0.1938.76 Safari/537.36"
66.249.65.68 - - [18/Dec/2025:00:20:28 +0800] "GET /?_g=9865 HTTP/1.1" 200 490 "-" "Mozilla/5.0 (Linux; Android 6.0.1; Nexus 5X Build/MMB29P) AppleWebKit/537.36 (KHTML, like Gecko) Chrome/141.0.7390.122 Mobile Safari/537.36 (compatible; Googlebot/2.1; +http://www.google.com/bot.html)"
66.249.65.68 - - [18/Dec/2025:00:20:36 +0800] "GET /?_g=2378193 HTTP/1.1" 200 490 "-" "Mozilla/5.0 (Linux; Android 6.0.1; Nexus 5X Build/MMB29P) AppleWebKit/537.36 (KHTML, like Gecko) Chrome/141.0.7390.122 Mobile Safari/537.36 (compatible; Googlebot/2.1; +http://www.google.com/bot.html)"
66.249.65.68 - - [18/Dec/2025:00:20:40 +0800] "GET /?_g=1413485 HTTP/1.1" 200 490 "-" "Mozilla/5.0 (Linux; Android 6.0.1; Nexus 5X Build/MMB29P) AppleWebKit/537.36 (KHTML, like Gecko) Chrome/141.0.7390.122 Mobile Safari/537.36 (compatible; Googlebot/2.1; +http://www.google.com/bot.html)"
66.249.65.68 - - [18/Dec/2025:00:20:44 +0800] "GET /?_g=407636 HTTP/1.1" 200 490 "-" "Mozilla/5.0 (Linux; Android 6.0.1; Nexus 5X Build/MMB29P) AppleWebKit/537.36 (KHTML, like Gecko) Chrome/141.0.7390.122 Mobile Safari/537.36 (compatible; Googlebot/2.1; +http://www.google.com/bot.html)"
66.249.65.68 - - [18/Dec/2025:00:20:47 +0800] "GET /?_g=278746 HTTP/1.1" 200 490 "-" "Mozilla/5.0 (Linux; Android 6.0.1; Nexus 5X Build/MMB29P) AppleWebKit/537.36 (KHTML, like Gecko) Chrome/141.0.7390.122 Mobile Safari/537.36 (compatible; Googlebot/2.1; +http://www.google.com/bot.html)"
66.249.65.68 - - [18/Dec/2025:00:20:51 +0800] "GET /?_g=1054222 HTTP/1.1" 200 490 "-" "Mozilla/5.0 (Linux; Android 6.0.1; Nexus 5X Build/MMB29P) AppleWebKit/537.36 (KHTML, like Gecko) Chrome/141.0.7390.122 Mobile Safari/537.36 (compatible; Googlebot/2.1; +http://www.google.com/bot.html)"
66.249.65.68 - - [18/Dec/2025:00:20:56 +0800] "GET /?_g=866801 HTTP/1.1" 200 490 "-" "Mozilla/5.0 (Linux; Android 6.0.1; Nexus 5X Build/MMB29P) AppleWebKit/537.36 (KHTML, like Gecko) Chrome/141.0.7390.122 Mobile Safari/537.36 (compatible; Googlebot/2.1; +http://www.google.com/bot.html)"
66.249.65.68 - - [18/Dec/2025:00:20:57 +0800] "GET /?_g=2316707 HTTP/1.1" 200 490 "-" "Mozilla/5.0 (Linux; Android 6.0.1; Nexus 5X Build/MMB29P) AppleWebKit/537.36 (KHTML, like Gecko) Chrome/141.0.7390.122 Mobile Safari/537.36 (compatible; Googlebot/2.1; +http://www.google.com/bot.html)"
66.249.65.68 - - [18/Dec/2025:00:21:01 +0800] "GET /?_g=1691005 HTTP/1.1" 200 490 "-" "Mozilla/5.0 (Linux; Android 6.0.1; Nexus 5X Build/MMB29P) AppleWebKit/537.36 (KHTML, like Gecko) Chrome/141.0.7390.122 Mobile Safari/537.36 (compatible; Googlebot/2.1; +http://www.google.com/bot.html)"
66.249.65.68 - - [18/Dec/2025:00:21:05 +0800] "GET /?_g=1623753 HTTP/1.1" 200 490 "-" "Mozilla/5.0 (Linux; Android 6.0.1; Nexus 5X Build/MMB29P) AppleWebKit/537.36 (KHTML, like Gecko) Chrome/141.0.7390.122 Mobile Safari/537.36 (compatible; Googlebot/2.1; +http://www.google.com/bot.html)"
66.249.65.68 - - [18/Dec/2025:00:21:15 +0800] "GET /?_g=2536790 HTTP/1.1" 200 490 "-" "Mozilla/5.0 (Linux; Android 6.0.1; Nexus 5X Build/MMB29P) AppleWebKit/537.36 (KHTML, like Gecko) Chrome/141.0.7390.122 Mobile Safari/537.36 (compatible; Googlebot/2.1; +http://www.google.com/bot.html)"
66.249.65.68 - - [18/Dec/2025:00:21:24 +0800] "GET /?_g=1821601 HTTP/1.1" 200 490 "-" "Mozilla/5.0 (Linux; Android 6.0.1; Nexus 5X Build/MMB29P) AppleWebKit/537.36 (KHTML, like Gecko) Chrome/141.0.7390.122 Mobile Safari/537.36 (compatible; Googlebot/2.1; +http://www.google.com/bot.html)"
66.249.65.68 - - [18/Dec/2025:00:21:28 +0800] "GET /?_g=2546257 HTTP/1.1" 200 490 "-" "Mozilla/5.0 (Linux; Android 6.0.1; Nexus 5X Build/MMB29P) AppleWebKit/537.36 (KHTML, like Gecko) Chrome/141.0.7390.122 Mobile Safari/537.36 (compatible; Googlebot/2.1; +http://www.google.com/bot.html)"
40.77.167.56 - - [18/Dec/2025:00:21:29 +0800] "GET /?_g=650470 HTTP/1.1" 200 490 "-" "Mozilla/5.0 AppleWebKit/537.36 (KHTML, like Gecko; compatible; bingbot/2.0; +http://www.bing.com/bingbot.htm) Chrome/116.0.1938.76 Safari/537.36"
66.249.65.68 - - [18/Dec/2025:00:21:33 +0800] "GET /?_g=1231571 HTTP/1.1" 200 490 "-" "Mozilla/5.0 (Linux; Android 6.0.1; Nexus 5X Build/MMB29P) AppleWebKit/537.36 (KHTML, like Gecko) Chrome/141.0.7390.122 Mobile Safari/537.36 (compatible; Googlebot/2.1; +http://www.google.com/bot.html)"
66.249.65.68 - - [18/Dec/2025:00:21:38 +0800] "GET /?_g=1780414 HTTP/1.1" 200 490 "-" "Mozilla/5.0 (Linux; Android 6.0.1; Nexus 5X Build/MMB29P) AppleWebKit/537.36 (KHTML, like Gecko) Chrome/141.0.7390.122 Mobile Safari/537.36 (compatible; Googlebot/2.1; +http://www.google.com/bot.html)"
