74.7.242.32 - - [16/Dec/2025:21:07:28 +0800] "GET /search.php?268geyh1484.html HTTP/1.1" 200 144545 "-" "Mozilla/5.0 AppleWebKit/537.36 (KHTML, like Gecko; compatible; GPTBot/1.3; +https://openai.com/gptbot)"
74.7.242.32 - - [16/Dec/2025:21:07:29 +0800] "GET /search.php?89pui18357.html HTTP/1.1" 200 143888 "-" "Mozilla/5.0 AppleWebKit/537.36 (KHTML, like Gecko; compatible; GPTBot/1.3; +https://openai.com/gptbot)"
74.7.242.32 - - [16/Dec/2025:21:07:30 +0800] "GET /search.php?_bd_prev_page=https://class.bf1.my/detail.do?190cjnw44538.html&_bdsid=e8edj2.n~BUODK.171657308.176571313&_gz=2.198110775.194159345.177128665-869673475.163667671 HTTP/1.1" 200 140584 "-" "Mozilla/5.0 AppleWebKit/537.36 (KHTML, like Gecko; compatible; GPTBot/1.3; +https://openai.com/gptbot)"
74.7.242.32 - - [16/Dec/2025:21:07:30 +0800] "GET /search.php?42wmq43820.html HTTP/1.1" 200 148444 "-" "Mozilla/5.0 AppleWebKit/537.36 (KHTML, like Gecko; compatible; GPTBot/1.3; +https://openai.com/gptbot)"
74.7.242.32 - - [16/Dec/2025:21:07:31 +0800] "GET /search.php?m49494997127 HTTP/1.1" 200 152450 "-" "Mozilla/5.0 AppleWebKit/537.36 (KHTML, like Gecko; compatible; GPTBot/1.3; +https://openai.com/gptbot)"
74.7.242.32 - - [16/Dec/2025:21:07:32 +0800] "GET /search.php?6yxxf30500.html HTTP/1.1" 200 152878 "-" "Mozilla/5.0 AppleWebKit/537.36 (KHTML, like Gecko; compatible; GPTBot/1.3; +https://openai.com/gptbot)"
74.7.242.32 - - [16/Dec/2025:21:07:33 +0800] "GET /search.php?_bd_prev_page=https://class.bf1.my/detail.do?11dtaz9291.html&_bdsid=e8edj2.n~BUODK.171657308.176571313&_gz=2.198110775.194159345.177128665-869673475.163667671 HTTP/1.1" 200 144658 "-" "Mozilla/5.0 AppleWebKit/537.36 (KHTML, like Gecko; compatible; GPTBot/1.3; +https://openai.com/gptbot)"
20.15.133.184 - - [16/Dec/2025:21:07:33 +0800] "GET /products/22600892/ HTTP/1.1" 200 149099 "-" "Mozilla/5.0 AppleWebKit/537.36 (KHTML, like Gecko; compatible; bingbot/2.0; +http://www.bing.com/bingbot.htm) Chrome/116.0.1938.76 Safari/537.36"
74.7.242.32 - - [16/Dec/2025:21:07:33 +0800] "GET /search.php?164jmy7406.html HTTP/1.1" 200 143278 "-" "Mozilla/5.0 AppleWebKit/537.36 (KHTML, like Gecko; compatible; GPTBot/1.3; +https://openai.com/gptbot)"
74.7.242.32 - - [16/Dec/2025:21:07:34 +0800] "GET /search.php?_bd_prev_page=https://class.bf1.my/detail.do?142owza1678.html&_bdsid=e8edj2.n~BUODK.171657308.176571313&_gz=2.198110775.194159345.177128665-869673475.163667671 HTTP/1.1" 200 173028 "-" "Mozilla/5.0 AppleWebKit/537.36 (KHTML, like Gecko; compatible; GPTBot/1.3; +https://openai.com/gptbot)"
74.7.242.32 - - [16/Dec/2025:21:07:34 +0800] "GET /search.php?q-~261Zz2Dh2SDBuATh5nAFrHwj5m38891MU20344/ HTTP/1.1" 200 153964 "-" "Mozilla/5.0 AppleWebKit/537.36 (KHTML, like Gecko; compatible; GPTBot/1.3; +https://openai.com/gptbot)"
74.7.242.32 - - [16/Dec/2025:21:07:35 +0800] "GET /search.php?80apf13928.html HTTP/1.1" 200 156058 "-" "Mozilla/5.0 AppleWebKit/537.36 (KHTML, like Gecko; compatible; GPTBot/1.3; +https://openai.com/gptbot)"
74.7.242.32 - - [16/Dec/2025:21:07:35 +0800] "GET /search.php?75ycv20567.html HTTP/1.1" 200 140801 "-" "Mozilla/5.0 AppleWebKit/537.36 (KHTML, like Gecko; compatible; GPTBot/1.3; +https://openai.com/gptbot)"
74.7.242.32 - - [16/Dec/2025:21:07:36 +0800] "GET /search.php?38bkv25522.html HTTP/1.1" 200 147790 "-" "Mozilla/5.0 AppleWebKit/537.36 (KHTML, like Gecko; compatible; GPTBot/1.3; +https://openai.com/gptbot)"
74.7.242.32 - - [16/Dec/2025:21:07:36 +0800] "GET /search.php?m77724914718 HTTP/1.1" 200 144730 "-" "Mozilla/5.0 AppleWebKit/537.36 (KHTML, like Gecko; compatible; GPTBot/1.3; +https://openai.com/gptbot)"
74.7.242.32 - - [16/Dec/2025:21:07:37 +0800] "GET /search.php?274wbkui47602.html HTTP/1.1" 200 144410 "-" "Mozilla/5.0 AppleWebKit/537.36 (KHTML, like Gecko; compatible; GPTBot/1.3; +https://openai.com/gptbot)"
74.7.242.32 - - [16/Dec/2025:21:07:38 +0800] "GET /search.php?190cjnw44538.html HTTP/1.1" 200 140386 "-" "Mozilla/5.0 AppleWebKit/537.36 (KHTML, like Gecko; compatible; GPTBot/1.3; +https://openai.com/gptbot)"
74.7.242.32 - - [16/Dec/2025:21:07:39 +0800] "GET /search.php?279uzqhb1.html HTTP/1.1" 200 147941 "-" "Mozilla/5.0 AppleWebKit/537.36 (KHTML, like Gecko; compatible; GPTBot/1.3; +https://openai.com/gptbot)"
74.7.242.32 - - [16/Dec/2025:21:07:40 +0800] "GET /search.php?_bd_prev_page=https://class.bf1.my/detail.do?42wmq43820.html&_bdsid=e8edj2.n~BUODK.171657308.176571313&_gz=2.198110775.194159345.177128665-869673475.163667671 HTTP/1.1" 200 148342 "-" "Mozilla/5.0 AppleWebKit/537.36 (KHTML, like Gecko; compatible; GPTBot/1.3; +https://openai.com/gptbot)"
74.7.242.32 - - [16/Dec/2025:21:07:40 +0800] "GET /search.php?_bd_prev_page=https://class.bf1.my/detail.do?65czx40837.html&_bdsid=e8edj2.n~BUODK.171657308.176571313&_gz=2.198110775.194159345.177128665-869673475.163667671 HTTP/1.1" 200 142924 "-" "Mozilla/5.0 AppleWebKit/537.36 (KHTML, like Gecko; compatible; GPTBot/1.3; +https://openai.com/gptbot)"
74.7.242.32 - - [16/Dec/2025:21:07:41 +0800] "GET /search.php?_bd_prev_page=https://class.bf1.my/detail.do?212yhyyu11038.html&_bdsid=e8edj2.n~BUODK.171657308.176571313&_gz=2.198110775.194159345.177128665-869673475.163667671 HTTP/1.1" 200 149258 "-" "Mozilla/5.0 AppleWebKit/537.36 (KHTML, like Gecko; compatible; GPTBot/1.3; +https://openai.com/gptbot)"
74.7.242.32 - - [16/Dec/2025:21:07:42 +0800] "GET /search.php?q-~97ZXC4vx1yOeqPMwFZzQmZqdpyq0ygQx20392/ HTTP/1.1" 200 143224 "-" "Mozilla/5.0 AppleWebKit/537.36 (KHTML, like Gecko; compatible; GPTBot/1.3; +https://openai.com/gptbot)"
74.7.242.32 - - [16/Dec/2025:21:07:42 +0800] "GET /search.php?autostyle-kroz000254-011-00 HTTP/1.1" 200 142494 "-" "Mozilla/5.0 AppleWebKit/537.36 (KHTML, like Gecko; compatible; GPTBot/1.3; +https://openai.com/gptbot)"
74.7.242.32 - - [16/Dec/2025:21:07:43 +0800] "GET /search.php?85bhh16901.html HTTP/1.1" 200 146264 "-" "Mozilla/5.0 AppleWebKit/537.36 (KHTML, like Gecko; compatible; GPTBot/1.3; +https://openai.com/gptbot)"
74.7.242.32 - - [16/Dec/2025:21:07:44 +0800] "GET /search.php?m55504566744 HTTP/1.1" 200 142365 "-" "Mozilla/5.0 AppleWebKit/537.36 (KHTML, like Gecko; compatible; GPTBot/1.3; +https://openai.com/gptbot)"
40.77.167.22 - - [16/Dec/2025:21:07:44 +0800] "GET /?shopdetail/MjczMjY2Nw HTTP/1.1" 200 153187 "-" "Mozilla/5.0 AppleWebKit/537.36 (KHTML, like Gecko; compatible; bingbot/2.0; +http://www.bing.com/bingbot.htm) Chrome/116.0.1938.76 Safari/537.36"
74.7.242.32 - - [16/Dec/2025:21:07:44 +0800] "GET /search.php?111ztn7221.html HTTP/1.1" 200 155472 "-" "Mozilla/5.0 AppleWebKit/537.36 (KHTML, like Gecko; compatible; GPTBot/1.3; +https://openai.com/gptbot)"
74.7.242.32 - - [16/Dec/2025:21:07:45 +0800] "GET /search.php?q-~176e9nsUQQO8RbdkXTYjkysyVKiAOFN0n1419/ HTTP/1.1" 200 144504 "-" "Mozilla/5.0 AppleWebKit/537.36 (KHTML, like Gecko; compatible; GPTBot/1.3; +https://openai.com/gptbot)"
74.7.242.32 - - [16/Dec/2025:21:07:46 +0800] "GET /search.php?45xphj11265.html HTTP/1.1" 200 145772 "-" "Mozilla/5.0 AppleWebKit/537.36 (KHTML, like Gecko; compatible; GPTBot/1.3; +https://openai.com/gptbot)"
74.7.242.32 - - [16/Dec/2025:21:07:47 +0800] "GET /search.php?_bd_prev_page=https://class.bf1.my/detail.do?161nykwd17167.html&_bdsid=e8edj2.n~BUODK.171657308.176571313&_gz=2.198110775.194159345.177128665-869673475.163667671 HTTP/1.1" 200 140193 "-" "Mozilla/5.0 AppleWebKit/537.36 (KHTML, like Gecko; compatible; GPTBot/1.3; +https://openai.com/gptbot)"
74.7.242.32 - - [16/Dec/2025:21:07:47 +0800] "GET /search.php?65czx40837.html HTTP/1.1" 200 143422 "-" "Mozilla/5.0 AppleWebKit/537.36 (KHTML, like Gecko; compatible; GPTBot/1.3; +https://openai.com/gptbot)"
74.7.242.32 - - [16/Dec/2025:21:07:48 +0800] "GET /search.php?_bd_prev_page=https://class.bf1.my/detail.do?298rmbl27282.html&_bdsid=e8edj2.n~BUODK.171657308.176571313&_gz=2.198110775.194159345.177128665-869673475.163667671 HTTP/1.1" 200 143152 "-" "Mozilla/5.0 AppleWebKit/537.36 (KHTML, like Gecko; compatible; GPTBot/1.3; +https://openai.com/gptbot)"
52.167.144.202 - - [16/Dec/2025:21:07:49 +0800] "GET /?shopdetail/NTA2OTA2MA HTTP/1.1" 200 141050 "-" "Mozilla/5.0 AppleWebKit/537.36 (KHTML, like Gecko; compatible; bingbot/2.0; +http://www.bing.com/bingbot.htm) Chrome/116.0.1938.76 Safari/537.36"
74.7.242.32 - - [16/Dec/2025:21:07:49 +0800] "GET /search.php?85amu43815.html HTTP/1.1" 200 141965 "-" "Mozilla/5.0 AppleWebKit/537.36 (KHTML, like Gecko; compatible; GPTBot/1.3; +https://openai.com/gptbot)"
52.167.144.202 - - [16/Dec/2025:21:07:49 +0800] "GET /?shopdetail/NTAwNDU4NQ HTTP/1.1" 200 137412 "-" "Mozilla/5.0 AppleWebKit/537.36 (KHTML, like Gecko; compatible; bingbot/2.0; +http://www.bing.com/bingbot.htm) Chrome/116.0.1938.76 Safari/537.36"
74.7.242.32 - - [16/Dec/2025:21:07:49 +0800] "GET /search.php?80mzo31510.html HTTP/1.1" 200 153803 "-" "Mozilla/5.0 AppleWebKit/537.36 (KHTML, like Gecko; compatible; GPTBot/1.3; +https://openai.com/gptbot)"
74.7.242.32 - - [16/Dec/2025:21:07:50 +0800] "GET /search.php?category/3694_22541/1/listing HTTP/1.1" 200 149644 "-" "Mozilla/5.0 AppleWebKit/537.36 (KHTML, like Gecko; compatible; GPTBot/1.3; +https://openai.com/gptbot)"
74.7.242.32 - - [16/Dec/2025:21:07:50 +0800] "GET /search.php?285gmn7609.html HTTP/1.1" 200 153981 "-" "Mozilla/5.0 AppleWebKit/537.36 (KHTML, like Gecko; compatible; GPTBot/1.3; +https://openai.com/gptbot)"
74.7.242.32 - - [16/Dec/2025:21:07:51 +0800] "GET /search.php?_bd_prev_page=https://class.bf1.my/detail.do?75ycv20567.html&_bdsid=e8edj2.n~BUODK.171657308.176571313&_gz=2.198110775.194159345.177128665-869673475.163667671 HTTP/1.1" 200 142240 "-" "Mozilla/5.0 AppleWebKit/537.36 (KHTML, like Gecko; compatible; GPTBot/1.3; +https://openai.com/gptbot)"
74.7.242.32 - - [16/Dec/2025:21:07:52 +0800] "GET /search.php?_bd_prev_page=https://class.bf1.my/detail.do?239foti6321.html&_bdsid=e8edj2.n~BUODK.171657308.176571313&_gz=2.198110775.194159345.177128665-869673475.163667671 HTTP/1.1" 200 141387 "-" "Mozilla/5.0 AppleWebKit/537.36 (KHTML, like Gecko; compatible; GPTBot/1.3; +https://openai.com/gptbot)"
74.7.242.32 - - [16/Dec/2025:21:07:53 +0800] "GET /search.php?_bd_prev_page=https://class.bf1.my/detail.do?268geyh1484.html&_bdsid=e8edj2.n~BUODK.171657308.176571313&_gz=2.198110775.194159345.177128665-869673475.163667671 HTTP/1.1" 200 142640 "-" "Mozilla/5.0 AppleWebKit/537.36 (KHTML, like Gecko; compatible; GPTBot/1.3; +https://openai.com/gptbot)"
74.7.242.32 - - [16/Dec/2025:21:07:53 +0800] "GET /search.php?_bd_prev_page=https://class.bf1.my/detail.do?235ypv14673.html&_bdsid=e8edj2.n~BUODK.171657308.176571313&_gz=2.198110775.194159345.177128665-869673475.163667671 HTTP/1.1" 200 143449 "-" "Mozilla/5.0 AppleWebKit/537.36 (KHTML, like Gecko; compatible; GPTBot/1.3; +https://openai.com/gptbot)"
74.7.242.32 - - [16/Dec/2025:21:07:54 +0800] "GET /search.php?_bd_prev_page=https://class.bf1.my/detail.do?80apf13928.html&_bdsid=e8edj2.n~BUODK.171657308.176571313&_gz=2.198110775.194159345.177128665-869673475.163667671 HTTP/1.1" 200 155971 "-" "Mozilla/5.0 AppleWebKit/537.36 (KHTML, like Gecko; compatible; GPTBot/1.3; +https://openai.com/gptbot)"
74.7.242.32 - - [16/Dec/2025:21:07:55 +0800] "GET /search.php?_bd_prev_page=https://class.bf1.my/detail.do?137jqu38573.html&_bdsid=e8edj2.n~BUODK.171657308.176571313&_gz=2.198110775.194159345.177128665-869673475.163667671 HTTP/1.1" 200 141146 "-" "Mozilla/5.0 AppleWebKit/537.36 (KHTML, like Gecko; compatible; GPTBot/1.3; +https://openai.com/gptbot)"
74.7.242.32 - - [16/Dec/2025:21:07:56 +0800] "GET /search.php?_bd_prev_page=https://class.bf1.my/detail.do?169ynjdb16285.html&_bdsid=e8edj2.n~BUODK.171657308.176571313&_gz=2.198110775.194159345.177128665-869673475.163667671 HTTP/1.1" 200 141098 "-" "Mozilla/5.0 AppleWebKit/537.36 (KHTML, like Gecko; compatible; GPTBot/1.3; +https://openai.com/gptbot)"
74.7.242.32 - - [16/Dec/2025:21:07:57 +0800] "GET /search.php?82hzn30806.html HTTP/1.1" 200 139532 "-" "Mozilla/5.0 AppleWebKit/537.36 (KHTML, like Gecko; compatible; GPTBot/1.3; +https://openai.com/gptbot)"
74.7.242.32 - - [16/Dec/2025:21:07:58 +0800] "GET /search.php?62rplt32046.html HTTP/1.1" 200 151227 "-" "Mozilla/5.0 AppleWebKit/537.36 (KHTML, like Gecko; compatible; GPTBot/1.3; +https://openai.com/gptbot)"
74.7.242.32 - - [16/Dec/2025:21:07:59 +0800] "GET /search.php?59rtc41375.html HTTP/1.1" 200 148007 "-" "Mozilla/5.0 AppleWebKit/537.36 (KHTML, like Gecko; compatible; GPTBot/1.3; +https://openai.com/gptbot)"
74.7.242.32 - - [16/Dec/2025:21:07:59 +0800] "GET /search.php?_bd_prev_page=https://class.bf1.my/detail.do?274gghg6146.html&_bdsid=e8edj2.n~BUODK.171657308.176571313&_gz=2.198110775.194159345.177128665-869673475.163667671 HTTP/1.1" 200 155146 "-" "Mozilla/5.0 AppleWebKit/537.36 (KHTML, like Gecko; compatible; GPTBot/1.3; +https://openai.com/gptbot)"
74.7.242.32 - - [16/Dec/2025:21:08:00 +0800] "GET /search.php?80gnq16740.html HTTP/1.1" 200 144332 "-" "Mozilla/5.0 AppleWebKit/537.36 (KHTML, like Gecko; compatible; GPTBot/1.3; +https://openai.com/gptbot)"
74.7.242.32 - - [16/Dec/2025:21:08:01 +0800] "GET /search.php?37nhi15897.html HTTP/1.1" 200 144725 "-" "Mozilla/5.0 AppleWebKit/537.36 (KHTML, like Gecko; compatible; GPTBot/1.3; +https://openai.com/gptbot)"
74.7.242.32 - - [16/Dec/2025:21:08:02 +0800] "GET /search.php?14fqs42364.html HTTP/1.1" 200 139871 "-" "Mozilla/5.0 AppleWebKit/537.36 (KHTML, like Gecko; compatible; GPTBot/1.3; +https://openai.com/gptbot)"
74.7.242.32 - - [16/Dec/2025:21:08:03 +0800] "GET /search.php?q-~98ZW1kVhS7sLKFwzrvqsyeW2MCAEgnor30127/ HTTP/1.1" 200 143046 "-" "Mozilla/5.0 AppleWebKit/537.36 (KHTML, like Gecko; compatible; GPTBot/1.3; +https://openai.com/gptbot)"
74.7.242.32 - - [16/Dec/2025:21:08:03 +0800] "GET /search.php?_bd_prev_page=https://class.bf1.my/detail.do?219uuivk42051.html&_bdsid=e8edj2.n~BUODK.171657308.176571313&_gz=2.198110775.194159345.177128665-869673475.163667671 HTTP/1.1" 200 142335 "-" "Mozilla/5.0 AppleWebKit/537.36 (KHTML, like Gecko; compatible; GPTBot/1.3; +https://openai.com/gptbot)"
74.7.242.32 - - [16/Dec/2025:21:08:04 +0800] "GET /search.php?148pyo6242.html HTTP/1.1" 200 154974 "-" "Mozilla/5.0 AppleWebKit/537.36 (KHTML, like Gecko; compatible; GPTBot/1.3; +https://openai.com/gptbot)"
74.7.242.32 - - [16/Dec/2025:21:08:05 +0800] "GET /search.php?q-~34vd471SSSOenbmI7QuU837GbahDwZcN5311/ HTTP/1.1" 200 143627 "-" "Mozilla/5.0 AppleWebKit/537.36 (KHTML, like Gecko; compatible; GPTBot/1.3; +https://openai.com/gptbot)"
74.7.242.32 - - [16/Dec/2025:21:08:06 +0800] "GET /search.php?6yqyvw3154.html HTTP/1.1" 200 152098 "-" "Mozilla/5.0 AppleWebKit/537.36 (KHTML, like Gecko; compatible; GPTBot/1.3; +https://openai.com/gptbot)"
74.7.242.32 - - [16/Dec/2025:21:08:06 +0800] "GET /search.php?116lpde5036.html HTTP/1.1" 200 150734 "-" "Mozilla/5.0 AppleWebKit/537.36 (KHTML, like Gecko; compatible; GPTBot/1.3; +https://openai.com/gptbot)"
74.7.242.32 - - [16/Dec/2025:21:08:07 +0800] "GET /search.php?274gghg6146.html HTTP/1.1" 200 153637 "-" "Mozilla/5.0 AppleWebKit/537.36 (KHTML, like Gecko; compatible; GPTBot/1.3; +https://openai.com/gptbot)"
74.7.242.32 - - [16/Dec/2025:21:08:08 +0800] "GET /search.php?m85048504398 HTTP/1.1" 200 149042 "-" "Mozilla/5.0 AppleWebKit/537.36 (KHTML, like Gecko; compatible; GPTBot/1.3; +https://openai.com/gptbot)"
74.7.242.32 - - [16/Dec/2025:21:08:09 +0800] "GET /search.php?m11186358189 HTTP/1.1" 200 144175 "-" "Mozilla/5.0 AppleWebKit/537.36 (KHTML, like Gecko; compatible; GPTBot/1.3; +https://openai.com/gptbot)"
74.7.242.32 - - [16/Dec/2025:21:08:09 +0800] "GET /search.php?_bd_prev_page=https://class.bf1.my/detail.do?45xfqqj12241.html&_bdsid=e8edj2.n~BUODK.171657308.176571313&_gz=2.198110775.194159345.177128665-869673475.163667671 HTTP/1.1" 200 150974 "-" "Mozilla/5.0 AppleWebKit/537.36 (KHTML, like Gecko; compatible; GPTBot/1.3; +https://openai.com/gptbot)"
74.7.242.32 - - [16/Dec/2025:21:08:10 +0800] "GET /search.php?82wyh27016.html HTTP/1.1" 200 142993 "-" "Mozilla/5.0 AppleWebKit/537.36 (KHTML, like Gecko; compatible; GPTBot/1.3; +https://openai.com/gptbot)"
74.7.242.32 - - [16/Dec/2025:21:08:11 +0800] "GET /search.php?40pzr12130.html HTTP/1.1" 200 149052 "-" "Mozilla/5.0 AppleWebKit/537.36 (KHTML, like Gecko; compatible; GPTBot/1.3; +https://openai.com/gptbot)"
74.7.242.32 - - [16/Dec/2025:21:08:11 +0800] "GET /search.php?219uuivk42051.html HTTP/1.1" 200 143819 "-" "Mozilla/5.0 AppleWebKit/537.36 (KHTML, like Gecko; compatible; GPTBot/1.3; +https://openai.com/gptbot)"
74.7.242.32 - - [16/Dec/2025:21:08:12 +0800] "GET /search.php?m75145777674 HTTP/1.1" 200 143432 "-" "Mozilla/5.0 AppleWebKit/537.36 (KHTML, like Gecko; compatible; GPTBot/1.3; +https://openai.com/gptbot)"
74.7.242.32 - - [16/Dec/2025:21:08:13 +0800] "GET /search.php?88rerv39876.html HTTP/1.1" 200 150825 "-" "Mozilla/5.0 AppleWebKit/537.36 (KHTML, like Gecko; compatible; GPTBot/1.3; +https://openai.com/gptbot)"
74.7.242.32 - - [16/Dec/2025:21:08:14 +0800] "GET /search.php?m99454966615 HTTP/1.1" 200 142041 "-" "Mozilla/5.0 AppleWebKit/537.36 (KHTML, like Gecko; compatible; GPTBot/1.3; +https://openai.com/gptbot)"
74.7.242.32 - - [16/Dec/2025:21:08:14 +0800] "GET /search.php?197gqemb20325.html HTTP/1.1" 200 151431 "-" "Mozilla/5.0 AppleWebKit/537.36 (KHTML, like Gecko; compatible; GPTBot/1.3; +https://openai.com/gptbot)"
74.7.242.32 - - [16/Dec/2025:21:08:15 +0800] "GET /search.php?_bd_prev_page=https://class.bf1.my/detail.do?113mivqn7593.html&_bdsid=e8edj2.n~BUODK.171657308.176571313&_gz=2.198110775.194159345.177128665-869673475.163667671 HTTP/1.1" 200 144255 "-" "Mozilla/5.0 AppleWebKit/537.36 (KHTML, like Gecko; compatible; GPTBot/1.3; +https://openai.com/gptbot)"
74.7.242.32 - - [16/Dec/2025:21:08:16 +0800] "GET /search.php?_bd_prev_page=https://class.bf1.my/detail.do?251kfdjy46007.html&_bdsid=e8edj2.n~BUODK.171657308.176571313&_gz=2.198110775.194159345.177128665-869673475.163667671 HTTP/1.1" 200 141538 "-" "Mozilla/5.0 AppleWebKit/537.36 (KHTML, like Gecko; compatible; GPTBot/1.3; +https://openai.com/gptbot)"
74.7.242.32 - - [16/Dec/2025:21:08:17 +0800] "GET /search.php?70zjipu458.html HTTP/1.1" 200 146598 "-" "Mozilla/5.0 AppleWebKit/537.36 (KHTML, like Gecko; compatible; GPTBot/1.3; +https://openai.com/gptbot)"
74.7.242.32 - - [16/Dec/2025:21:08:18 +0800] "GET /search.php?haikanshop-1317133 HTTP/1.1" 200 154809 "-" "Mozilla/5.0 AppleWebKit/537.36 (KHTML, like Gecko; compatible; GPTBot/1.3; +https://openai.com/gptbot)"
74.7.242.32 - - [16/Dec/2025:21:08:18 +0800] "GET /search.php?q-~152pBZDWHdvV0e0iUDO1JENlGgwKlZdDU8667/ HTTP/1.1" 200 143043 "-" "Mozilla/5.0 AppleWebKit/537.36 (KHTML, like Gecko; compatible; GPTBot/1.3; +https://openai.com/gptbot)"
52.167.144.202 - - [16/Dec/2025:21:08:19 +0800] "GET /?shopdetail/NDk0ODI3OQ HTTP/1.1" 200 147057 "-" "Mozilla/5.0 AppleWebKit/537.36 (KHTML, like Gecko; compatible; bingbot/2.0; +http://www.bing.com/bingbot.htm) Chrome/116.0.1938.76 Safari/537.36"
74.7.242.32 - - [16/Dec/2025:21:08:19 +0800] "GET /search.php?_bd_prev_page=https://class.bf1.my/detail.do?87jkgrq46065.html&_bdsid=e8edj2.n~BUODK.171657308.176571313&_gz=2.198110775.194159345.177128665-869673475.163667671 HTTP/1.1" 200 149526 "-" "Mozilla/5.0 AppleWebKit/537.36 (KHTML, like Gecko; compatible; GPTBot/1.3; +https://openai.com/gptbot)"
74.7.242.32 - - [16/Dec/2025:21:08:20 +0800] "GET /search.php?193ixzg19479.html HTTP/1.1" 200 151446 "-" "Mozilla/5.0 AppleWebKit/537.36 (KHTML, like Gecko; compatible; GPTBot/1.3; +https://openai.com/gptbot)"
74.7.242.32 - - [16/Dec/2025:21:08:20 +0800] "GET /search.php?22lig34726.html HTTP/1.1" 200 150650 "-" "Mozilla/5.0 AppleWebKit/537.36 (KHTML, like Gecko; compatible; GPTBot/1.3; +https://openai.com/gptbot)"
43.173.180.252 - - [16/Dec/2025:21:08:16 +0800] "GET /search.php?q-~168DL1Lhbo7Ff5kZhcN2Zgo7hh0yDoDIT35813 HTTP/1.1" 200 146918 "-" "Mozilla/5.0 (Windows NT 6.1; Win64; x64) AppleWebKit/537.36 (KHTML, like Gecko) Chrome/126.0.6478.114 Safari/537.36"
74.7.242.32 - - [16/Dec/2025:21:08:21 +0800] "GET /search.php?_bd_prev_page=https://class.bf1.my/detail.do?36lfs48806.html&_bdsid=e8edj2.n~BUODK.171657308.176571313&_gz=2.198110775.194159345.177128665-869673475.163667671 HTTP/1.1" 200 144831 "-" "Mozilla/5.0 AppleWebKit/537.36 (KHTML, like Gecko; compatible; GPTBot/1.3; +https://openai.com/gptbot)"
74.7.242.32 - - [16/Dec/2025:21:08:22 +0800] "GET /search.php?q-~65c4WV9F8UUPhpLXdC89i8xTuS7JQQzk8000/ HTTP/1.1" 200 140865 "-" "Mozilla/5.0 AppleWebKit/537.36 (KHTML, like Gecko; compatible; GPTBot/1.3; +https://openai.com/gptbot)"
74.7.242.32 - - [16/Dec/2025:21:08:23 +0800] "GET /search.php?q-~22BsIHrpzq3Th79UgA2AD0AS3bCkiQ6l4999/ HTTP/1.1" 200 151538 "-" "Mozilla/5.0 AppleWebKit/537.36 (KHTML, like Gecko; compatible; GPTBot/1.3; +https://openai.com/gptbot)"
74.7.242.32 - - [16/Dec/2025:21:08:23 +0800] "GET /search.php?q-~94E8MbJXixpfql3MFvJzcqrrXaopJo9C11597/ HTTP/1.1" 200 151385 "-" "Mozilla/5.0 AppleWebKit/537.36 (KHTML, like Gecko; compatible; GPTBot/1.3; +https://openai.com/gptbot)"
74.7.242.32 - - [16/Dec/2025:21:08:24 +0800] "GET /search.php?251kfdjy46007.html HTTP/1.1" 200 139444 "-" "Mozilla/5.0 AppleWebKit/537.36 (KHTML, like Gecko; compatible; GPTBot/1.3; +https://openai.com/gptbot)"
74.7.242.32 - - [16/Dec/2025:21:08:25 +0800] "GET /search.php?_bd_prev_page=https://class.bf1.my/detail.do?109kbb6225.html&_bdsid=e8edj2.n~BUODK.171657308.176571313&_gz=2.198110775.194159345.177128665-869673475.163667671 HTTP/1.1" 200 143853 "-" "Mozilla/5.0 AppleWebKit/537.36 (KHTML, like Gecko; compatible; GPTBot/1.3; +https://openai.com/gptbot)"
43.173.173.127 - - [16/Dec/2025:21:08:16 +0800] "GET /search.php?q-~227P9LwisNQRGHHV2BIzdDWFWyPTGM8Qy2212 HTTP/1.1" 200 142865 "-" "Mozilla/5.0 (Windows NT 6.1; Win64; x64) AppleWebKit/537.36 (KHTML, like Gecko) Chrome/126.0.6478.114 Safari/537.36"
74.7.242.32 - - [16/Dec/2025:21:08:26 +0800] "GET /search.php?_bd_prev_page=https://class.bf1.my/detail.do?181izurt14525.html&_bdsid=e8edj2.n~BUODK.171657308.176571313&_gz=2.198110775.194159345.177128665-869673475.163667671 HTTP/1.1" 200 145197 "-" "Mozilla/5.0 AppleWebKit/537.36 (KHTML, like Gecko; compatible; GPTBot/1.3; +https://openai.com/gptbot)"
74.7.242.32 - - [16/Dec/2025:21:08:27 +0800] "GET /search.php?_bd_prev_page=https://class.bf1.my/detail.do?77tqhja16973.html&_bdsid=e8edj2.n~BUODK.171657308.176571313&_gz=2.198110775.194159345.177128665-869673475.163667671 HTTP/1.1" 200 144272 "-" "Mozilla/5.0 AppleWebKit/537.36 (KHTML, like Gecko; compatible; GPTBot/1.3; +https://openai.com/gptbot)"
74.7.242.32 - - [16/Dec/2025:21:08:28 +0800] "GET /search.php?270nofm25198.html HTTP/1.1" 200 152008 "-" "Mozilla/5.0 AppleWebKit/537.36 (KHTML, like Gecko; compatible; GPTBot/1.3; +https://openai.com/gptbot)"
43.173.181.20 - - [16/Dec/2025:21:08:27 +0800] "GET /search.php?q-~227P9LwisNQRGHHV2BIzdDWFWyPTGM8Qy2212 HTTP/1.1" 200 143755 "-" "Mozilla/5.0 (Windows NT 10.0; Win64; x64) AppleWebKit/537.36 (KHTML, like Gecko) Chrome/107.0.0.0 Safari/537.36"
74.7.242.32 - - [16/Dec/2025:21:08:28 +0800] "GET /search.php?47ssxc40201.html HTTP/1.1" 200 140577 "-" "Mozilla/5.0 AppleWebKit/537.36 (KHTML, like Gecko; compatible; GPTBot/1.3; +https://openai.com/gptbot)"
207.46.13.150 - - [16/Dec/2025:21:08:29 +0800] "GET /?shopdetail/MzY3NTg4NA HTTP/1.1" 200 138704 "-" "Mozilla/5.0 AppleWebKit/537.36 (KHTML, like Gecko; compatible; bingbot/2.0; +http://www.bing.com/bingbot.htm) Chrome/116.0.1938.76 Safari/537.36"
74.7.242.32 - - [16/Dec/2025:21:08:29 +0800] "GET /search.php?48egr19744.html HTTP/1.1" 200 150588 "-" "Mozilla/5.0 AppleWebKit/537.36 (KHTML, like Gecko; compatible; GPTBot/1.3; +https://openai.com/gptbot)"
74.7.242.32 - - [16/Dec/2025:21:08:30 +0800] "GET /search.php?36lfs48806.html HTTP/1.1" 200 143772 "-" "Mozilla/5.0 AppleWebKit/537.36 (KHTML, like Gecko; compatible; GPTBot/1.3; +https://openai.com/gptbot)"
207.46.13.150 - - [16/Dec/2025:21:08:30 +0800] "GET /?shopdetail/NDI1MTM3Nw HTTP/1.1" 200 150614 "-" "Mozilla/5.0 AppleWebKit/537.36 (KHTML, like Gecko; compatible; bingbot/2.0; +http://www.bing.com/bingbot.htm) Chrome/116.0.1938.76 Safari/537.36"
74.7.242.32 - - [16/Dec/2025:21:08:30 +0800] "GET /search.php?161jqdc32047.html HTTP/1.1" 200 145067 "-" "Mozilla/5.0 AppleWebKit/537.36 (KHTML, like Gecko; compatible; GPTBot/1.3; +https://openai.com/gptbot)"
74.7.242.32 - - [16/Dec/2025:21:08:31 +0800] "GET /search.php?_bd_prev_page=https://class.bf1.my/detail.do?148wnun6616.html&_bdsid=e8edj2.n~BUODK.171657308.176571313&_gz=2.198110775.194159345.177128665-869673475.163667671 HTTP/1.1" 200 146275 "-" "Mozilla/5.0 AppleWebKit/537.36 (KHTML, like Gecko; compatible; GPTBot/1.3; +https://openai.com/gptbot)"
74.7.242.32 - - [16/Dec/2025:21:08:32 +0800] "GET /search.php?_bd_prev_page=https://class.bf1.my/detail.do?22lig34726.html&_bdsid=e8edj2.n~BUODK.171657308.176571313&_gz=2.198110775.194159345.177128665-869673475.163667671 HTTP/1.1" 200 150559 "-" "Mozilla/5.0 AppleWebKit/537.36 (KHTML, like Gecko; compatible; GPTBot/1.3; +https://openai.com/gptbot)"
74.7.242.32 - - [16/Dec/2025:21:08:32 +0800] "GET /search.php?_bd_prev_page=https://class.bf1.my/detail.do?167eij23241.html&_bdsid=e8edj2.n~BUODK.171657308.176571313&_gz=2.198110775.194159345.177128665-869673475.163667671 HTTP/1.1" 200 151052 "-" "Mozilla/5.0 AppleWebKit/537.36 (KHTML, like Gecko; compatible; GPTBot/1.3; +https://openai.com/gptbot)"
74.7.242.32 - - [16/Dec/2025:21:08:33 +0800] "GET /search.php?_bd_prev_page=https://class.bf1.my/detail.do?283efvt26015.html&_bdsid=e8edj2.n~BUODK.171657308.176571313&_gz=2.198110775.194159345.177128665-869673475.163667671 HTTP/1.1" 200 148499 "-" "Mozilla/5.0 AppleWebKit/537.36 (KHTML, like Gecko; compatible; GPTBot/1.3; +https://openai.com/gptbot)"
74.7.242.32 - - [16/Dec/2025:21:08:33 +0800] "GET /search.php?_bd_prev_page=https://class.bf1.my/detail.do?47yarip35127.html&_bdsid=e8edj2.n~BUODK.171657308.176571313&_gz=2.198110775.194159345.177128665-869673475.163667671 HTTP/1.1" 200 145041 "-" "Mozilla/5.0 AppleWebKit/537.36 (KHTML, like Gecko; compatible; GPTBot/1.3; +https://openai.com/gptbot)"
74.7.242.32 - - [16/Dec/2025:21:08:34 +0800] "GET /search.php?_bd_prev_page=https://class.bf1.my/detail.do?70zjipu458.html&_bdsid=e8edj2.n~BUODK.171657308.176571313&_gz=2.198110775.194159345.177128665-869673475.163667671 HTTP/1.1" 200 144674 "-" "Mozilla/5.0 AppleWebKit/537.36 (KHTML, like Gecko; compatible; GPTBot/1.3; +https://openai.com/gptbot)"
74.7.242.32 - - [16/Dec/2025:21:08:34 +0800] "GET /search.php?q-~83CvT2KDt0bvPf6lMePKzZRUNmLNgLBf24626/ HTTP/1.1" 200 153314 "-" "Mozilla/5.0 AppleWebKit/537.36 (KHTML, like Gecko; compatible; GPTBot/1.3; +https://openai.com/gptbot)"
74.7.242.32 - - [16/Dec/2025:21:08:35 +0800] "GET /search.php?52sdq41512.html HTTP/1.1" 200 144812 "-" "Mozilla/5.0 AppleWebKit/537.36 (KHTML, like Gecko; compatible; GPTBot/1.3; +https://openai.com/gptbot)"
74.7.242.32 - - [16/Dec/2025:21:08:36 +0800] "GET /search.php?_bd_prev_page=https://class.bf1.my/detail.do?56huahp29130.html&_bdsid=e8edj2.n~BUODK.171657308.176571313&_gz=2.198110775.194159345.177128665-869673475.163667671 HTTP/1.1" 200 150419 "-" "Mozilla/5.0 AppleWebKit/537.36 (KHTML, like Gecko; compatible; GPTBot/1.3; +https://openai.com/gptbot)"
74.7.242.32 - - [16/Dec/2025:21:08:36 +0800] "GET /search.php?_bd_prev_page=https://class.bf1.my/detail.do?102fedie44374.html&_bdsid=e8edj2.n~BUODK.171657308.176571313&_gz=2.198110775.194159345.177128665-869673475.163667671 HTTP/1.1" 200 145228 "-" "Mozilla/5.0 AppleWebKit/537.36 (KHTML, like Gecko; compatible; GPTBot/1.3; +https://openai.com/gptbot)"
74.7.242.32 - - [16/Dec/2025:21:08:37 +0800] "GET /search.php?_bd_prev_page=https://class.bf1.my/detail.do?225nqt1055.html&_bdsid=e8edj2.n~BUODK.171657308.176571313&_gz=2.198110775.194159345.177128665-869673475.163667671 HTTP/1.1" 200 149039 "-" "Mozilla/5.0 AppleWebKit/537.36 (KHTML, like Gecko; compatible; GPTBot/1.3; +https://openai.com/gptbot)"
74.7.242.32 - - [16/Dec/2025:21:08:37 +0800] "GET /search.php?q-~77nWjsIwqfGaKMXRNjU19WpjLVoVylbU9888/ HTTP/1.1" 200 160013 "-" "Mozilla/5.0 AppleWebKit/537.36 (KHTML, like Gecko; compatible; GPTBot/1.3; +https://openai.com/gptbot)"
74.7.242.32 - - [16/Dec/2025:21:08:38 +0800] "GET /search.php?q-~14MTfJ8aOMdOZNYpWV6bOdhSMg0Nil8o33375/ HTTP/1.1" 200 142862 "-" "Mozilla/5.0 AppleWebKit/537.36 (KHTML, like Gecko; compatible; GPTBot/1.3; +https://openai.com/gptbot)"
74.7.242.32 - - [16/Dec/2025:21:08:39 +0800] "GET /search.php?q-~189KBMAsmKvJdeXTcoZ69GkqSB6IwiDYk8448/ HTTP/1.1" 200 148527 "-" "Mozilla/5.0 AppleWebKit/537.36 (KHTML, like Gecko; compatible; GPTBot/1.3; +https://openai.com/gptbot)"
74.7.242.32 - - [16/Dec/2025:21:08:40 +0800] "GET /search.php?103zyxl37295.html HTTP/1.1" 200 157919 "-" "Mozilla/5.0 AppleWebKit/537.36 (KHTML, like Gecko; compatible; GPTBot/1.3; +https://openai.com/gptbot)"
74.7.242.32 - - [16/Dec/2025:21:08:41 +0800] "GET /search.php?q-~10GDyVnqW4448mwi3Bqxtjs1qgidH7Rv5333/ HTTP/1.1" 200 143219 "-" "Mozilla/5.0 AppleWebKit/537.36 (KHTML, like Gecko; compatible; GPTBot/1.3; +https://openai.com/gptbot)"
74.7.242.32 - - [16/Dec/2025:21:08:42 +0800] "GET /search.php?q-~69GDyVnqW4448mwi3Bqxtjs1qgidH7Rv5274/ HTTP/1.1" 200 139457 "-" "Mozilla/5.0 AppleWebKit/537.36 (KHTML, like Gecko; compatible; GPTBot/1.3; +https://openai.com/gptbot)"
74.7.242.32 - - [16/Dec/2025:21:08:43 +0800] "GET /search.php?_bd_prev_page=https://class.bf1.my/detail.do?195qloi4951.html&_bdsid=e8edj2.n~BUODK.171657308.176571313&_gz=2.198110775.194159345.177128665-869673475.163667671 HTTP/1.1" 200 146041 "-" "Mozilla/5.0 AppleWebKit/537.36 (KHTML, like Gecko; compatible; GPTBot/1.3; +https://openai.com/gptbot)"
74.7.242.32 - - [16/Dec/2025:21:08:43 +0800] "GET /search.php?_bd_prev_page=https://class.bf1.my/detail.do?135ikkw48801.html&_bdsid=e8edj2.n~BUODK.171657308.176571313&_gz=2.198110775.194159345.177128665-869673475.163667671 HTTP/1.1" 200 140896 "-" "Mozilla/5.0 AppleWebKit/537.36 (KHTML, like Gecko; compatible; GPTBot/1.3; +https://openai.com/gptbot)"
74.7.242.32 - - [16/Dec/2025:21:08:44 +0800] "GET /search.php?_bd_prev_page=https://class.bf1.my/detail.do?53euain11653.html&_bdsid=e8edj2.n~BUODK.171657308.176571313&_gz=2.198110775.194159345.177128665-869673475.163667671 HTTP/1.1" 200 142093 "-" "Mozilla/5.0 AppleWebKit/537.36 (KHTML, like Gecko; compatible; GPTBot/1.3; +https://openai.com/gptbot)"
74.7.242.32 - - [16/Dec/2025:21:08:45 +0800] "GET /search.php?_bd_prev_page=https://class.bf1.my/detail.do?46spzv18692.html&_bdsid=e8edj2.n~BUODK.171657308.176571313&_gz=2.198110775.194159345.177128665-869673475.163667671 HTTP/1.1" 200 142294 "-" "Mozilla/5.0 AppleWebKit/537.36 (KHTML, like Gecko; compatible; GPTBot/1.3; +https://openai.com/gptbot)"
74.7.242.32 - - [16/Dec/2025:21:08:46 +0800] "GET /search.php?_bd_prev_page=https://class.bf1.my/detail.do?76oxjw26264.html&_bdsid=e8edj2.n~BUODK.171657308.176571313&_gz=2.198110775.194159345.177128665-869673475.163667671 HTTP/1.1" 200 142980 "-" "Mozilla/5.0 AppleWebKit/537.36 (KHTML, like Gecko; compatible; GPTBot/1.3; +https://openai.com/gptbot)"
40.77.167.22 - - [16/Dec/2025:21:08:46 +0800] "GET /?shopdetail/MzAwMzM1OA HTTP/1.1" 200 150584 "-" "Mozilla/5.0 AppleWebKit/537.36 (KHTML, like Gecko; compatible; bingbot/2.0; +http://www.bing.com/bingbot.htm) Chrome/116.0.1938.76 Safari/537.36"
74.7.242.32 - - [16/Dec/2025:21:08:46 +0800] "GET /search.php?71cff19321.html HTTP/1.1" 200 139016 "-" "Mozilla/5.0 AppleWebKit/537.36 (KHTML, like Gecko; compatible; GPTBot/1.3; +https://openai.com/gptbot)"
74.7.242.32 - - [16/Dec/2025:21:08:47 +0800] "GET /search.php?q-~55BydnfH2UpPsEpqHWptw5NpfGZzP6rj46266/ HTTP/1.1" 200 151752 "-" "Mozilla/5.0 AppleWebKit/537.36 (KHTML, like Gecko; compatible; GPTBot/1.3; +https://openai.com/gptbot)"
74.7.242.32 - - [16/Dec/2025:21:08:47 +0800] "GET /search.php?q-~2M7RXN6z76VRhjilZYr7bM2h4ITimcc47771/ HTTP/1.1" 200 141977 "-" "Mozilla/5.0 AppleWebKit/537.36 (KHTML, like Gecko; compatible; GPTBot/1.3; +https://openai.com/gptbot)"
74.7.242.32 - - [16/Dec/2025:21:08:48 +0800] "GET /search.php?q-~37eqjxQ3ZuYdgL2z9rkEb96e0kZIkl6X1116/ HTTP/1.1" 200 141479 "-" "Mozilla/5.0 AppleWebKit/537.36 (KHTML, like Gecko; compatible; GPTBot/1.3; +https://openai.com/gptbot)"
74.7.242.32 - - [16/Dec/2025:21:08:49 +0800] "GET /search.php?q-~84vd471SSSOenbmI7QuU837GbahDwZcN5261/ HTTP/1.1" 200 147125 "-" "Mozilla/5.0 AppleWebKit/537.36 (KHTML, like Gecko; compatible; GPTBot/1.3; +https://openai.com/gptbot)"
74.7.242.32 - - [16/Dec/2025:21:08:49 +0800] "GET /search.php?128fkivl33086.html HTTP/1.1" 200 146652 "-" "Mozilla/5.0 AppleWebKit/537.36 (KHTML, like Gecko; compatible; GPTBot/1.3; +https://openai.com/gptbot)"
74.7.242.32 - - [16/Dec/2025:21:08:50 +0800] "GET /search.php?q-~111CjgxDIsVKk4TlGkH0FSczNxkJ7eaOD33744/ HTTP/1.1" 200 143586 "-" "Mozilla/5.0 AppleWebKit/537.36 (KHTML, like Gecko; compatible; GPTBot/1.3; +https://openai.com/gptbot)"
74.7.242.32 - - [16/Dec/2025:21:08:50 +0800] "GET /search.php?orange-benri-orb2671252 HTTP/1.1" 200 142176 "-" "Mozilla/5.0 AppleWebKit/537.36 (KHTML, like Gecko; compatible; GPTBot/1.3; +https://openai.com/gptbot)"
74.7.242.32 - - [16/Dec/2025:21:08:51 +0800] "GET /search.php?_bd_prev_page=https://class.bf1.my/detail.do?95qwwq2447.html&_bdsid=e8edj2.n~BUODK.171657308.176571313&_gz=2.198110775.194159345.177128665-869673475.163667671 HTTP/1.1" 200 149827 "-" "Mozilla/5.0 AppleWebKit/537.36 (KHTML, like Gecko; compatible; GPTBot/1.3; +https://openai.com/gptbot)"
74.7.242.32 - - [16/Dec/2025:21:08:52 +0800] "GET /search.php?_bd_prev_page=https://class.bf1.my/detail.do?18plf25180.html&_bdsid=e8edj2.n~BUODK.171657308.176571313&_gz=2.198110775.194159345.177128665-869673475.163667671 HTTP/1.1" 200 147316 "-" "Mozilla/5.0 AppleWebKit/537.36 (KHTML, like Gecko; compatible; GPTBot/1.3; +https://openai.com/gptbot)"
74.7.242.32 - - [16/Dec/2025:21:08:52 +0800] "GET /search.php?46sou43954.html HTTP/1.1" 200 146697 "-" "Mozilla/5.0 AppleWebKit/537.36 (KHTML, like Gecko; compatible; GPTBot/1.3; +https://openai.com/gptbot)"
74.7.242.32 - - [16/Dec/2025:21:08:53 +0800] "GET /search.php?12ozpf4684.html HTTP/1.1" 200 145924 "-" "Mozilla/5.0 AppleWebKit/537.36 (KHTML, like Gecko; compatible; GPTBot/1.3; +https://openai.com/gptbot)"
40.77.167.22 - - [16/Dec/2025:21:08:54 +0800] "GET /?shopdetail/NDAwMzU0NA HTTP/1.1" 200 137162 "-" "Mozilla/5.0 AppleWebKit/537.36 (KHTML, like Gecko; compatible; bingbot/2.0; +http://www.bing.com/bingbot.htm) Chrome/116.0.1938.76 Safari/537.36"
74.7.242.32 - - [16/Dec/2025:21:08:54 +0800] "GET /search.php?204yrvu17438.html HTTP/1.1" 200 147765 "-" "Mozilla/5.0 AppleWebKit/537.36 (KHTML, like Gecko; compatible; GPTBot/1.3; +https://openai.com/gptbot)"
74.7.242.32 - - [16/Dec/2025:21:08:56 +0800] "GET /search.php?_bd_prev_page=https://class.bf1.my/detail.do?237vhzki3659.html&_bdsid=e8edj2.n~BUODK.171657308.176571313&_gz=2.198110775.194159345.177128665-869673475.163667671 HTTP/1.1" 200 146209 "-" "Mozilla/5.0 AppleWebKit/537.36 (KHTML, like Gecko; compatible; GPTBot/1.3; +https://openai.com/gptbot)"
74.7.242.32 - - [16/Dec/2025:21:08:56 +0800] "GET /search.php?191mlfqa39363.html HTTP/1.1" 200 145541 "-" "Mozilla/5.0 AppleWebKit/537.36 (KHTML, like Gecko; compatible; GPTBot/1.3; +https://openai.com/gptbot)"
74.7.242.32 - - [16/Dec/2025:21:08:57 +0800] "GET /search.php?1117958699 HTTP/1.1" 200 145114 "-" "Mozilla/5.0 AppleWebKit/537.36 (KHTML, like Gecko; compatible; GPTBot/1.3; +https://openai.com/gptbot)"
74.7.242.32 - - [16/Dec/2025:21:08:58 +0800] "GET /search.php?53dot19759.html HTTP/1.1" 200 145126 "-" "Mozilla/5.0 AppleWebKit/537.36 (KHTML, like Gecko; compatible; GPTBot/1.3; +https://openai.com/gptbot)"
74.7.242.32 - - [16/Dec/2025:21:08:58 +0800] "GET /search.php?q-~50OgWBJBprLnAM5osKEG2mteXRoM7Gyo40109/ HTTP/1.1" 200 149276 "-" "Mozilla/5.0 AppleWebKit/537.36 (KHTML, like Gecko; compatible; GPTBot/1.3; +https://openai.com/gptbot)"
74.7.242.32 - - [16/Dec/2025:21:08:59 +0800] "GET /search.php?q-~96OQ3vvsIfbuGo4AHqdAWyqvpOZ5VvaT44325/ HTTP/1.1" 200 145429 "-" "Mozilla/5.0 AppleWebKit/537.36 (KHTML, like Gecko; compatible; GPTBot/1.3; +https://openai.com/gptbot)"
74.7.242.32 - - [16/Dec/2025:21:09:00 +0800] "GET /search.php?95qwwq2447.html HTTP/1.1" 200 150368 "-" "Mozilla/5.0 AppleWebKit/537.36 (KHTML, like Gecko; compatible; GPTBot/1.3; +https://openai.com/gptbot)"
74.7.242.32 - - [16/Dec/2025:21:09:01 +0800] "GET /search.php?52hobd29952.html HTTP/1.1" 200 144240 "-" "Mozilla/5.0 AppleWebKit/537.36 (KHTML, like Gecko; compatible; GPTBot/1.3; +https://openai.com/gptbot)"
74.7.242.32 - - [16/Dec/2025:21:09:02 +0800] "GET /search.php?182chtd3480.html HTTP/1.1" 200 151808 "-" "Mozilla/5.0 AppleWebKit/537.36 (KHTML, like Gecko; compatible; GPTBot/1.3; +https://openai.com/gptbot)"
74.7.242.32 - - [16/Dec/2025:21:09:02 +0800] "GET /search.php?q-~168YFmw5e1YVUynb3zd9c46KP2OBf56QL24081/ HTTP/1.1" 200 148475 "-" "Mozilla/5.0 AppleWebKit/537.36 (KHTML, like Gecko; compatible; GPTBot/1.3; +https://openai.com/gptbot)"
74.7.242.32 - - [16/Dec/2025:21:09:03 +0800] "GET /search.php?_bd_prev_page=https://class.bf1.my/detail.do?204yrvu17438.html&_bdsid=e8edj2.n~BUODK.171657308.176571313&_gz=2.198110775.194159345.177128665-869673475.163667671 HTTP/1.1" 200 147834 "-" "Mozilla/5.0 AppleWebKit/537.36 (KHTML, like Gecko; compatible; GPTBot/1.3; +https://openai.com/gptbot)"
74.7.242.32 - - [16/Dec/2025:21:09:04 +0800] "GET /search.php?q-~7X85iUzkv07OeFKC4BUlT9HlS7CBaLO31116/ HTTP/1.1" 200 140689 "-" "Mozilla/5.0 AppleWebKit/537.36 (KHTML, like Gecko; compatible; GPTBot/1.3; +https://openai.com/gptbot)"
74.7.242.32 - - [16/Dec/2025:21:09:05 +0800] "GET /search.php?_bd_prev_page=https://class.bf1.my/detail.do?95lauqy48141.html&_bdsid=e8edj2.n~BUODK.171657308.176571313&_gz=2.198110775.194159345.177128665-869673475.163667671 HTTP/1.1" 200 142850 "-" "Mozilla/5.0 AppleWebKit/537.36 (KHTML, like Gecko; compatible; GPTBot/1.3; +https://openai.com/gptbot)"
74.7.242.32 - - [16/Dec/2025:21:09:05 +0800] "GET /search.php?_bd_prev_page=https://class.bf1.my/detail.do?69mud20331.html&_bdsid=e8edj2.n~BUODK.171657308.176571313&_gz=2.198110775.194159345.177128665-869673475.163667671 HTTP/1.1" 200 151642 "-" "Mozilla/5.0 AppleWebKit/537.36 (KHTML, like Gecko; compatible; GPTBot/1.3; +https://openai.com/gptbot)"
74.7.242.32 - - [16/Dec/2025:21:09:05 +0800] "GET /search.php?133xmrm2989.html HTTP/1.1" 200 148936 "-" "Mozilla/5.0 AppleWebKit/537.36 (KHTML, like Gecko; compatible; GPTBot/1.3; +https://openai.com/gptbot)"
74.7.242.32 - - [16/Dec/2025:21:09:06 +0800] "GET /search.php?235dojm34967.html HTTP/1.1" 200 140822 "-" "Mozilla/5.0 AppleWebKit/537.36 (KHTML, like Gecko; compatible; GPTBot/1.3; +https://openai.com/gptbot)"
74.7.242.32 - - [16/Dec/2025:21:09:07 +0800] "GET /search.php?_bd_prev_page=https://class.bf1.my/detail.do?174jsur11586.html&_bdsid=e8edj2.n~BUODK.171657308.176571313&_gz=2.198110775.194159345.177128665-869673475.163667671 HTTP/1.1" 200 148322 "-" "Mozilla/5.0 AppleWebKit/537.36 (KHTML, like Gecko; compatible; GPTBot/1.3; +https://openai.com/gptbot)"
74.7.242.32 - - [16/Dec/2025:21:09:07 +0800] "GET /search.php?227omz23227.html HTTP/1.1" 200 171184 "-" "Mozilla/5.0 AppleWebKit/537.36 (KHTML, like Gecko; compatible; GPTBot/1.3; +https://openai.com/gptbot)"
74.7.242.32 - - [16/Dec/2025:21:09:08 +0800] "GET /search.php?_bd_prev_page=https://class.bf1.my/detail.do?132ymne19598.html&_bdsid=e8edj2.n~BUODK.171657308.176571313&_gz=2.198110775.194159345.177128665-869673475.163667671 HTTP/1.1" 200 143888 "-" "Mozilla/5.0 AppleWebKit/537.36 (KHTML, like Gecko; compatible; GPTBot/1.3; +https://openai.com/gptbot)"
74.7.242.32 - - [16/Dec/2025:21:09:08 +0800] "GET /search.php?50hxo10370.html HTTP/1.1" 200 146681 "-" "Mozilla/5.0 AppleWebKit/537.36 (KHTML, like Gecko; compatible; GPTBot/1.3; +https://openai.com/gptbot)"
74.7.242.32 - - [16/Dec/2025:21:09:09 +0800] "GET /search.php?73bct19035.html HTTP/1.1" 200 141101 "-" "Mozilla/5.0 AppleWebKit/537.36 (KHTML, like Gecko; compatible; GPTBot/1.3; +https://openai.com/gptbot)"
74.7.242.32 - - [16/Dec/2025:21:09:10 +0800] "GET /search.php?_bd_prev_page=https://class.bf1.my/detail.do?204kius20574.html&_bdsid=e8edj2.n~BUODK.171657308.176571313&_gz=2.198110775.194159345.177128665-869673475.163667671 HTTP/1.1" 200 142018 "-" "Mozilla/5.0 AppleWebKit/537.36 (KHTML, like Gecko; compatible; GPTBot/1.3; +https://openai.com/gptbot)"
74.7.242.32 - - [16/Dec/2025:21:09:11 +0800] "GET /search.php?_bd_prev_page=https://class.bf1.my/detail.do?160zpvls14488.html&_bdsid=e8edj2.n~BUODK.171657308.176571313&_gz=2.198110775.194159345.177128665-869673475.163667671 HTTP/1.1" 200 149352 "-" "Mozilla/5.0 AppleWebKit/537.36 (KHTML, like Gecko; compatible; GPTBot/1.3; +https://openai.com/gptbot)"
74.7.242.32 - - [16/Dec/2025:21:09:11 +0800] "GET /search.php?141mbva34413.html HTTP/1.1" 200 145488 "-" "Mozilla/5.0 AppleWebKit/537.36 (KHTML, like Gecko; compatible; GPTBot/1.3; +https://openai.com/gptbot)"
74.7.242.32 - - [16/Dec/2025:21:09:12 +0800] "GET /search.php?_bd_prev_page=https://class.bf1.my/detail.do?169nhhye39465.html&_bdsid=e8edj2.n~BUODK.171657308.176571313&_gz=2.198110775.194159345.177128665-869673475.163667671 HTTP/1.1" 200 143413 "-" "Mozilla/5.0 AppleWebKit/537.36 (KHTML, like Gecko; compatible; GPTBot/1.3; +https://openai.com/gptbot)"
74.7.242.32 - - [16/Dec/2025:21:09:13 +0800] "GET /search.php?_bd_prev_page=https://class.bf1.my/detail.do?236ymg19112.html&_bdsid=e8edj2.n~BUODK.171657308.176571313&_gz=2.198110775.194159345.177128665-869673475.163667671 HTTP/1.1" 200 142244 "-" "Mozilla/5.0 AppleWebKit/537.36 (KHTML, like Gecko; compatible; GPTBot/1.3; +https://openai.com/gptbot)"
74.7.242.32 - - [16/Dec/2025:21:09:15 +0800] "GET /search.php?q-~78VsKDdvWDk23R67VxDv15kiIXSt9xsw5559/ HTTP/1.1" 200 145701 "-" "Mozilla/5.0 AppleWebKit/537.36 (KHTML, like Gecko; compatible; GPTBot/1.3; +https://openai.com/gptbot)"
74.7.242.32 - - [16/Dec/2025:21:09:16 +0800] "GET /search.php?80006094 HTTP/1.1" 200 141825 "-" "Mozilla/5.0 AppleWebKit/537.36 (KHTML, like Gecko; compatible; GPTBot/1.3; +https://openai.com/gptbot)"
74.7.242.32 - - [16/Dec/2025:21:09:17 +0800] "GET /search.php?q-~57tmun30S0pWXE41kKWxpveeeXK3o2xN9696/ HTTP/1.1" 200 142121 "-" "Mozilla/5.0 AppleWebKit/537.36 (KHTML, like Gecko; compatible; GPTBot/1.3; +https://openai.com/gptbot)"
74.7.242.32 - - [16/Dec/2025:21:09:17 +0800] "GET /search.php?m79373335015 HTTP/1.1" 200 146012 "-" "Mozilla/5.0 AppleWebKit/537.36 (KHTML, like Gecko; compatible; GPTBot/1.3; +https://openai.com/gptbot)"
74.7.242.32 - - [16/Dec/2025:21:09:18 +0800] "GET /search.php?17cov43147.html HTTP/1.1" 200 145615 "-" "Mozilla/5.0 AppleWebKit/537.36 (KHTML, like Gecko; compatible; GPTBot/1.3; +https://openai.com/gptbot)"
74.7.242.32 - - [16/Dec/2025:21:09:19 +0800] "GET /search.php?q-~48DtD7gmQnlEI25mgglIM91BtCQBF88R9993/ HTTP/1.1" 200 154014 "-" "Mozilla/5.0 AppleWebKit/537.36 (KHTML, like Gecko; compatible; GPTBot/1.3; +https://openai.com/gptbot)"
74.7.242.32 - - [16/Dec/2025:21:09:19 +0800] "GET /search.php?q-~273l54B63GG61gst4tejA0n73ZwAv0axu12512/ HTTP/1.1" 200 150502 "-" "Mozilla/5.0 AppleWebKit/537.36 (KHTML, like Gecko; compatible; GPTBot/1.3; +https://openai.com/gptbot)"
74.7.242.32 - - [16/Dec/2025:21:09:20 +0800] "GET /search.php?q-~53zsy7yh6663lArqXoKpm1xiMWj0PBtK5654/ HTTP/1.1" 200 160807 "-" "Mozilla/5.0 AppleWebKit/537.36 (KHTML, like Gecko; compatible; GPTBot/1.3; +https://openai.com/gptbot)"
74.7.242.32 - - [16/Dec/2025:21:09:21 +0800] "GET /search.php?_bd_prev_page=https://class.bf1.my/detail.do?244rnbwl2140.html&_bdsid=e8edj2.n~BUODK.171657308.176571313&_gz=2.198110775.194159345.177128665-869673475.163667671 HTTP/1.1" 200 142974 "-" "Mozilla/5.0 AppleWebKit/537.36 (KHTML, like Gecko; compatible; GPTBot/1.3; +https://openai.com/gptbot)"
40.77.167.22 - - [16/Dec/2025:21:09:22 +0800] "GET /?sitemap700.xml HTTP/1.1" 200 137931 "-" "Mozilla/5.0 AppleWebKit/537.36 (KHTML, like Gecko; compatible; bingbot/2.0; +http://www.bing.com/bingbot.htm) Chrome/116.0.1938.76 Safari/537.36"
74.7.242.32 - - [16/Dec/2025:21:09:22 +0800] "GET /search.php?q-~17tmun30S0pWXE41kKWxpveeeXK3o2xN9736/ HTTP/1.1" 200 141686 "-" "Mozilla/5.0 AppleWebKit/537.36 (KHTML, like Gecko; compatible; GPTBot/1.3; +https://openai.com/gptbot)"
74.7.242.32 - - [16/Dec/2025:21:09:22 +0800] "GET /search.php?q-~5nX2D1yX3cfnkN3wOyX48Rbk3tPBzWE44430/ HTTP/1.1" 200 147980 "-" "Mozilla/5.0 AppleWebKit/537.36 (KHTML, like Gecko; compatible; GPTBot/1.3; +https://openai.com/gptbot)"
74.7.242.32 - - [16/Dec/2025:21:09:23 +0800] "GET /search.php?75gvl17335.html HTTP/1.1" 200 145539 "-" "Mozilla/5.0 AppleWebKit/537.36 (KHTML, like Gecko; compatible; GPTBot/1.3; +https://openai.com/gptbot)"
74.7.242.32 - - [16/Dec/2025:21:09:24 +0800] "GET /search.php?q-~195qGKhfEG9FcQtsZBzjsNgOGuIg6wX4R6252/ HTTP/1.1" 200 145030 "-" "Mozilla/5.0 AppleWebKit/537.36 (KHTML, like Gecko; compatible; GPTBot/1.3; +https://openai.com/gptbot)"
74.7.242.32 - - [16/Dec/2025:21:09:25 +0800] "GET /search.php?62fph3114.html HTTP/1.1" 200 145950 "-" "Mozilla/5.0 AppleWebKit/537.36 (KHTML, like Gecko; compatible; GPTBot/1.3; +https://openai.com/gptbot)"
74.7.242.32 - - [16/Dec/2025:21:09:26 +0800] "GET /search.php?_bd_prev_page=https://class.bf1.my/detail.do?37jjifj17075.html&_bdsid=e8edj2.n~BUODK.171657308.176571313&_gz=2.198110775.194159345.177128665-869673475.163667671 HTTP/1.1" 200 150328 "-" "Mozilla/5.0 AppleWebKit/537.36 (KHTML, like Gecko; compatible; GPTBot/1.3; +https://openai.com/gptbot)"
74.7.242.32 - - [16/Dec/2025:21:09:27 +0800] "GET /search.php?105lmjrj19905.html HTTP/1.1" 200 152790 "-" "Mozilla/5.0 AppleWebKit/537.36 (KHTML, like Gecko; compatible; GPTBot/1.3; +https://openai.com/gptbot)"
74.7.242.32 - - [16/Dec/2025:21:09:28 +0800] "GET /search.php?q-~45GTClwNZTIcIFsyZjxRQ9nEVajT7a7o48184/ HTTP/1.1" 200 139991 "-" "Mozilla/5.0 AppleWebKit/537.36 (KHTML, like Gecko; compatible; GPTBot/1.3; +https://openai.com/gptbot)"
74.7.242.32 - - [16/Dec/2025:21:09:29 +0800] "GET /search.php?m66048880176 HTTP/1.1" 200 147302 "-" "Mozilla/5.0 AppleWebKit/537.36 (KHTML, like Gecko; compatible; GPTBot/1.3; +https://openai.com/gptbot)"
74.7.242.32 - - [16/Dec/2025:21:09:30 +0800] "GET /search.php?ajewelry-vpxx-72926 HTTP/1.1" 200 160775 "-" "Mozilla/5.0 AppleWebKit/537.36 (KHTML, like Gecko; compatible; GPTBot/1.3; +https://openai.com/gptbot)"
52.167.144.202 - - [16/Dec/2025:21:09:30 +0800] "GET /?shopdetail/NTI4MzExNQ HTTP/1.1" 200 161916 "-" "Mozilla/5.0 AppleWebKit/537.36 (KHTML, like Gecko; compatible; bingbot/2.0; +http://www.bing.com/bingbot.htm) Chrome/116.0.1938.76 Safari/537.36"
74.7.242.32 - - [16/Dec/2025:21:09:30 +0800] "GET /search.php?64gwd47944.html HTTP/1.1" 200 141218 "-" "Mozilla/5.0 AppleWebKit/537.36 (KHTML, like Gecko; compatible; GPTBot/1.3; +https://openai.com/gptbot)"
74.7.242.32 - - [16/Dec/2025:21:09:31 +0800] "GET /search.php?_bd_prev_page=https://class.bf1.my/detail.do?188vpfl27472.html&_bdsid=e8edj2.n~BUODK.171657308.176571313&_gz=2.198110775.194159345.177128665-869673475.163667671 HTTP/1.1" 200 151350 "-" "Mozilla/5.0 AppleWebKit/537.36 (KHTML, like Gecko; compatible; GPTBot/1.3; +https://openai.com/gptbot)"
74.7.242.32 - - [16/Dec/2025:21:09:31 +0800] "GET /search.php?q-~52RnLn3oeFzenk55FUxjBimMvsUTHGkF18933/ HTTP/1.1" 200 148418 "-" "Mozilla/5.0 AppleWebKit/537.36 (KHTML, like Gecko; compatible; GPTBot/1.3; +https://openai.com/gptbot)"
74.7.242.32 - - [16/Dec/2025:21:09:32 +0800] "GET /search.php?q-~248X4HlRFkf5zpRsSoecrnr4VJahXttfU5055/ HTTP/1.1" 200 142655 "-" "Mozilla/5.0 AppleWebKit/537.36 (KHTML, like Gecko; compatible; GPTBot/1.3; +https://openai.com/gptbot)"
74.7.242.32 - - [16/Dec/2025:21:09:33 +0800] "GET /search.php?48jzv38170.html HTTP/1.1" 200 149878 "-" "Mozilla/5.0 AppleWebKit/537.36 (KHTML, like Gecko; compatible; GPTBot/1.3; +https://openai.com/gptbot)"
74.7.242.32 - - [16/Dec/2025:21:09:33 +0800] "GET /search.php?32fdj30156.html HTTP/1.1" 200 143124 "-" "Mozilla/5.0 AppleWebKit/537.36 (KHTML, like Gecko; compatible; GPTBot/1.3; +https://openai.com/gptbot)"
74.7.242.32 - - [16/Dec/2025:21:09:34 +0800] "GET /search.php?37tcys36139.html HTTP/1.1" 200 150389 "-" "Mozilla/5.0 AppleWebKit/537.36 (KHTML, like Gecko; compatible; GPTBot/1.3; +https://openai.com/gptbot)"
74.7.242.32 - - [16/Dec/2025:21:09:34 +0800] "GET /search.php?q-~96MuoHw9d7XRplXZDOeQicejDMBBtv7E13991/ HTTP/1.1" 200 143285 "-" "Mozilla/5.0 AppleWebKit/537.36 (KHTML, like Gecko; compatible; GPTBot/1.3; +https://openai.com/gptbot)"
74.7.242.32 - - [16/Dec/2025:21:09:35 +0800] "GET /search.php?278bqnjq36076.html HTTP/1.1" 200 155193 "-" "Mozilla/5.0 AppleWebKit/537.36 (KHTML, like Gecko; compatible; GPTBot/1.3; +https://openai.com/gptbot)"
74.7.242.32 - - [16/Dec/2025:21:09:35 +0800] "GET /search.php?m88645860555 HTTP/1.1" 200 160861 "-" "Mozilla/5.0 AppleWebKit/537.36 (KHTML, like Gecko; compatible; GPTBot/1.3; +https://openai.com/gptbot)"
74.7.242.32 - - [16/Dec/2025:21:09:36 +0800] "GET /search.php?_bd_prev_page=https://class.bf1.my/detail.do?84jbx43696.html&_bdsid=e8edj2.n~BUODK.171657308.176571313&_gz=2.198110775.194159345.177128665-869673475.163667671 HTTP/1.1" 200 143118 "-" "Mozilla/5.0 AppleWebKit/537.36 (KHTML, like Gecko; compatible; GPTBot/1.3; +https://openai.com/gptbot)"
74.7.242.32 - - [16/Dec/2025:21:09:37 +0800] "GET /search.php?_bd_prev_page=https://class.bf1.my/detail.do?37wzkcc15889.html&_bdsid=e8edj2.n~BUODK.171657308.176571313&_gz=2.198110775.194159345.177128665-869673475.163667671 HTTP/1.1" 200 140575 "-" "Mozilla/5.0 AppleWebKit/537.36 (KHTML, like Gecko; compatible; GPTBot/1.3; +https://openai.com/gptbot)"
74.7.242.32 - - [16/Dec/2025:21:09:37 +0800] "GET /search.php?91rmkjg20691.html HTTP/1.1" 200 142741 "-" "Mozilla/5.0 AppleWebKit/537.36 (KHTML, like Gecko; compatible; GPTBot/1.3; +https://openai.com/gptbot)"
74.7.242.32 - - [16/Dec/2025:21:09:38 +0800] "GET /search.php?asty-shop-w0-1ud8ytynq1-019a HTTP/1.1" 200 144469 "-" "Mozilla/5.0 AppleWebKit/537.36 (KHTML, like Gecko; compatible; GPTBot/1.3; +https://openai.com/gptbot)"
