74.7.242.32 - - [16/Dec/2025:20:36:52 +0800] "GET /search.php?_bd_prev_page=https://class.bf1.my/detail.do?31gexi16773.html&_bdsid=e8edj2.n~BUODK.171657308.176571313&_gz=2.198110775.194159345.177128665-869673475.163667671 HTTP/1.1" 200 149677 "-" "Mozilla/5.0 AppleWebKit/537.36 (KHTML, like Gecko; compatible; GPTBot/1.3; +https://openai.com/gptbot)"
74.7.242.32 - - [16/Dec/2025:20:36:53 +0800] "GET /search.php?_bd_prev_page=https://class.bf1.my/detail.do?263gjr18757.html&_bdsid=e8edj2.n~BUODK.171657308.176571313&_gz=2.198110775.194159345.177128665-869673475.163667671 HTTP/1.1" 200 140877 "-" "Mozilla/5.0 AppleWebKit/537.36 (KHTML, like Gecko; compatible; GPTBot/1.3; +https://openai.com/gptbot)"
74.7.242.32 - - [16/Dec/2025:20:36:54 +0800] "GET /search.php?q-~249k0ABecYW4ODa1CD3sbDOg1w09N12oT41970/ HTTP/1.1" 200 142532 "-" "Mozilla/5.0 AppleWebKit/537.36 (KHTML, like Gecko; compatible; GPTBot/1.3; +https://openai.com/gptbot)"
74.7.242.32 - - [16/Dec/2025:20:36:55 +0800] "GET /search.php?_bd_prev_page=https://class.bf1.my/detail.do?90kakb36546.html&_bdsid=e8edj2.n~BUODK.171657308.176571313&_gz=2.198110775.194159345.177128665-869673475.163667671 HTTP/1.1" 200 142130 "-" "Mozilla/5.0 AppleWebKit/537.36 (KHTML, like Gecko; compatible; GPTBot/1.3; +https://openai.com/gptbot)"
74.7.242.32 - - [16/Dec/2025:20:36:56 +0800] "GET /search.php?112tqte9150.html HTTP/1.1" 200 158314 "-" "Mozilla/5.0 AppleWebKit/537.36 (KHTML, like Gecko; compatible; GPTBot/1.3; +https://openai.com/gptbot)"
74.7.242.32 - - [16/Dec/2025:20:36:56 +0800] "GET /search.php?q-~26ekS9XM8oaaD1AeGdZITowVlIRhitaV36799/ HTTP/1.1" 200 141884 "-" "Mozilla/5.0 AppleWebKit/537.36 (KHTML, like Gecko; compatible; GPTBot/1.3; +https://openai.com/gptbot)"
74.7.242.32 - - [16/Dec/2025:20:36:57 +0800] "GET /search.php?_bd_prev_page=https://class.bf1.my/detail.do?260efyi13834.html&_bdsid=e8edj2.n~BUODK.171657308.176571313&_gz=2.198110775.194159345.177128665-869673475.163667671 HTTP/1.1" 200 151157 "-" "Mozilla/5.0 AppleWebKit/537.36 (KHTML, like Gecko; compatible; GPTBot/1.3; +https://openai.com/gptbot)"
74.7.242.32 - - [16/Dec/2025:20:36:59 +0800] "GET /search.php?q-~194azKvkdER5I5xrb1uRbsbMSljzEUFlj7363/ HTTP/1.1" 200 143374 "-" "Mozilla/5.0 AppleWebKit/537.36 (KHTML, like Gecko; compatible; GPTBot/1.3; +https://openai.com/gptbot)"
74.7.242.32 - - [16/Dec/2025:20:36:59 +0800] "GET /search.php?261cuwn20457.html HTTP/1.1" 200 142003 "-" "Mozilla/5.0 AppleWebKit/537.36 (KHTML, like Gecko; compatible; GPTBot/1.3; +https://openai.com/gptbot)"
74.7.242.32 - - [16/Dec/2025:20:37:00 +0800] "GET /search.php?157riju26329.html HTTP/1.1" 200 143754 "-" "Mozilla/5.0 AppleWebKit/537.36 (KHTML, like Gecko; compatible; GPTBot/1.3; +https://openai.com/gptbot)"
74.7.242.32 - - [16/Dec/2025:20:37:00 +0800] "GET /search.php?_bd_prev_page=https://class.bf1.my/detail.do?290ydlf18198.html&_bdsid=e8edj2.n~BUODK.171657308.176571313&_gz=2.198110775.194159345.177128665-869673475.163667671 HTTP/1.1" 200 149114 "-" "Mozilla/5.0 AppleWebKit/537.36 (KHTML, like Gecko; compatible; GPTBot/1.3; +https://openai.com/gptbot)"
74.7.242.32 - - [16/Dec/2025:20:37:01 +0800] "GET /search.php?_bd_prev_page=https://class.bf1.my/detail.do?175roulj2547.html&_bdsid=e8edj2.n~BUODK.171657308.176571313&_gz=2.198110775.194159345.177128665-869673475.163667671 HTTP/1.1" 200 162969 "-" "Mozilla/5.0 AppleWebKit/537.36 (KHTML, like Gecko; compatible; GPTBot/1.3; +https://openai.com/gptbot)"
74.7.242.32 - - [16/Dec/2025:20:37:02 +0800] "GET /search.php?_bd_prev_page=https://class.bf1.my/detail.do?11gkmo15175.html&_bdsid=e8edj2.n~BUODK.171657308.176571313&_gz=2.198110775.194159345.177128665-869673475.163667671 HTTP/1.1" 200 142090 "-" "Mozilla/5.0 AppleWebKit/537.36 (KHTML, like Gecko; compatible; GPTBot/1.3; +https://openai.com/gptbot)"
74.7.242.32 - - [16/Dec/2025:20:37:03 +0800] "GET /search.php?q-~232rKP7HZKyIMj3JyGbrzl4sJXqkALNiH7409/ HTTP/1.1" 200 151756 "-" "Mozilla/5.0 AppleWebKit/537.36 (KHTML, like Gecko; compatible; GPTBot/1.3; +https://openai.com/gptbot)"
74.7.242.32 - - [16/Dec/2025:20:37:04 +0800] "GET /search.php?148miy8708.html HTTP/1.1" 200 145342 "-" "Mozilla/5.0 AppleWebKit/537.36 (KHTML, like Gecko; compatible; GPTBot/1.3; +https://openai.com/gptbot)"
40.77.167.5 - - [16/Dec/2025:20:37:04 +0800] "GET /?sitemap298.xml HTTP/1.1" 200 137332 "-" "Mozilla/5.0 AppleWebKit/537.36 (KHTML, like Gecko; compatible; bingbot/2.0; +http://www.bing.com/bingbot.htm) Chrome/116.0.1938.76 Safari/537.36"
74.7.242.32 - - [16/Dec/2025:20:37:04 +0800] "GET /search.php?81pky32217.html HTTP/1.1" 200 142025 "-" "Mozilla/5.0 AppleWebKit/537.36 (KHTML, like Gecko; compatible; GPTBot/1.3; +https://openai.com/gptbot)"
74.7.242.32 - - [16/Dec/2025:20:37:05 +0800] "GET /search.php?260efyi13834.html HTTP/1.1" 200 149247 "-" "Mozilla/5.0 AppleWebKit/537.36 (KHTML, like Gecko; compatible; GPTBot/1.3; +https://openai.com/gptbot)"
74.7.242.32 - - [16/Dec/2025:20:37:06 +0800] "GET /search.php?q-~75oduYccV6KgZPm7RQq5AQlSvbMneiOm31496/ HTTP/1.1" 200 141572 "-" "Mozilla/5.0 AppleWebKit/537.36 (KHTML, like Gecko; compatible; GPTBot/1.3; +https://openai.com/gptbot)"
74.7.242.32 - - [16/Dec/2025:20:37:06 +0800] "GET /search.php?266fgu6924.html HTTP/1.1" 200 140985 "-" "Mozilla/5.0 AppleWebKit/537.36 (KHTML, like Gecko; compatible; GPTBot/1.3; +https://openai.com/gptbot)"
74.7.242.32 - - [16/Dec/2025:20:37:07 +0800] "GET /search.php?q-~105v2Xo9t032Mp6Mml237l7MqWhK13RgY39774/ HTTP/1.1" 200 152108 "-" "Mozilla/5.0 AppleWebKit/537.36 (KHTML, like Gecko; compatible; GPTBot/1.3; +https://openai.com/gptbot)"
74.7.242.32 - - [16/Dec/2025:20:37:07 +0800] "GET /search.php?q-~70IiNexjGXC75si4ysLbwCfucPywsLpM13123/ HTTP/1.1" 200 142672 "-" "Mozilla/5.0 AppleWebKit/537.36 (KHTML, like Gecko; compatible; GPTBot/1.3; +https://openai.com/gptbot)"
74.7.242.32 - - [16/Dec/2025:20:37:08 +0800] "GET /search.php?25aku47997.html HTTP/1.1" 200 148911 "-" "Mozilla/5.0 AppleWebKit/537.36 (KHTML, like Gecko; compatible; GPTBot/1.3; +https://openai.com/gptbot)"
74.7.242.32 - - [16/Dec/2025:20:37:08 +0800] "GET /search.php?_bd_prev_page=https://class.bf1.my/detail.do?110seas35038.html&_bdsid=e8edj2.n~BUODK.171657308.176571313&_gz=2.198110775.194159345.177128665-869673475.163667671 HTTP/1.1" 200 151952 "-" "Mozilla/5.0 AppleWebKit/537.36 (KHTML, like Gecko; compatible; GPTBot/1.3; +https://openai.com/gptbot)"
74.7.242.32 - - [16/Dec/2025:20:37:09 +0800] "GET /search.php?_bd_prev_page=https://class.bf1.my/detail.do?56gvq3944.html&_bdsid=e8edj2.n~BUODK.171657308.176571313&_gz=2.198110775.194159345.177128665-869673475.163667671 HTTP/1.1" 200 155103 "-" "Mozilla/5.0 AppleWebKit/537.36 (KHTML, like Gecko; compatible; GPTBot/1.3; +https://openai.com/gptbot)"
74.7.242.32 - - [16/Dec/2025:20:37:10 +0800] "GET /search.php?272eum4734.html HTTP/1.1" 200 145172 "-" "Mozilla/5.0 AppleWebKit/537.36 (KHTML, like Gecko; compatible; GPTBot/1.3; +https://openai.com/gptbot)"
74.7.242.32 - - [16/Dec/2025:20:37:10 +0800] "GET /search.php?_bd_prev_page=https://class.bf1.my/detail.do?28btrgn15330.html&_bdsid=e8edj2.n~BUODK.171657308.176571313&_gz=2.198110775.194159345.177128665-869673475.163667671 HTTP/1.1" 200 143994 "-" "Mozilla/5.0 AppleWebKit/537.36 (KHTML, like Gecko; compatible; GPTBot/1.3; +https://openai.com/gptbot)"
74.7.242.32 - - [16/Dec/2025:20:37:11 +0800] "GET /search.php?_bd_prev_page=https://class.bf1.my/detail.do?51jtj39727.html&_bdsid=e8edj2.n~BUODK.171657308.176571313&_gz=2.198110775.194159345.177128665-869673475.163667671 HTTP/1.1" 200 142436 "-" "Mozilla/5.0 AppleWebKit/537.36 (KHTML, like Gecko; compatible; GPTBot/1.3; +https://openai.com/gptbot)"
74.7.242.32 - - [16/Dec/2025:20:37:11 +0800] "GET /search.php?q-~103dgvkcdILyz222ldqTFLG2NDAprZGSs9660/ HTTP/1.1" 200 166555 "-" "Mozilla/5.0 AppleWebKit/537.36 (KHTML, like Gecko; compatible; GPTBot/1.3; +https://openai.com/gptbot)"
74.7.242.32 - - [16/Dec/2025:20:37:12 +0800] "GET /search.php?286zqku25574.html HTTP/1.1" 200 145121 "-" "Mozilla/5.0 AppleWebKit/537.36 (KHTML, like Gecko; compatible; GPTBot/1.3; +https://openai.com/gptbot)"
74.7.242.32 - - [16/Dec/2025:20:37:13 +0800] "GET /search.php?_bd_prev_page=https://class.bf1.my/detail.do?168zxc32390.html&_bdsid=e8edj2.n~BUODK.171657308.176571313&_gz=2.198110775.194159345.177128665-869673475.163667671 HTTP/1.1" 200 154051 "-" "Mozilla/5.0 AppleWebKit/537.36 (KHTML, like Gecko; compatible; GPTBot/1.3; +https://openai.com/gptbot)"
74.7.242.32 - - [16/Dec/2025:20:37:13 +0800] "GET /search.php?98jec18346.html HTTP/1.1" 200 148351 "-" "Mozilla/5.0 AppleWebKit/537.36 (KHTML, like Gecko; compatible; GPTBot/1.3; +https://openai.com/gptbot)"
74.7.242.32 - - [16/Dec/2025:20:37:14 +0800] "GET /search.php?SEGB0819D-N06002EW89827 HTTP/1.1" 200 150461 "-" "Mozilla/5.0 AppleWebKit/537.36 (KHTML, like Gecko; compatible; GPTBot/1.3; +https://openai.com/gptbot)"
74.7.242.32 - - [16/Dec/2025:20:37:14 +0800] "GET /search.php?_bd_prev_page=https://class.bf1.my/detail.do?10zswq32730.html&_bdsid=e8edj2.n~BUODK.171657308.176571313&_gz=2.198110775.194159345.177128665-869673475.163667671 HTTP/1.1" 200 148082 "-" "Mozilla/5.0 AppleWebKit/537.36 (KHTML, like Gecko; compatible; GPTBot/1.3; +https://openai.com/gptbot)"
74.7.242.32 - - [16/Dec/2025:20:37:15 +0800] "GET /search.php?q-~42osOdFmSQ2lS2dWHlDk7shLJqKBuXyY16209/ HTTP/1.1" 200 148345 "-" "Mozilla/5.0 AppleWebKit/537.36 (KHTML, like Gecko; compatible; GPTBot/1.3; +https://openai.com/gptbot)"
157.55.39.57 - - [16/Dec/2025:20:37:15 +0800] "GET /?shopdetail/MzkwODcyNA HTTP/1.1" 200 136987 "-" "Mozilla/5.0 AppleWebKit/537.36 (KHTML, like Gecko; compatible; bingbot/2.0; +http://www.bing.com/bingbot.htm) Chrome/116.0.1938.76 Safari/537.36"
74.7.242.32 - - [16/Dec/2025:20:37:15 +0800] "GET /search.php?209ovfxo19541.html HTTP/1.1" 200 149480 "-" "Mozilla/5.0 AppleWebKit/537.36 (KHTML, like Gecko; compatible; GPTBot/1.3; +https://openai.com/gptbot)"
74.7.242.32 - - [16/Dec/2025:20:37:16 +0800] "GET /search.php?238iqku39718.html HTTP/1.1" 200 140793 "-" "Mozilla/5.0 AppleWebKit/537.36 (KHTML, like Gecko; compatible; GPTBot/1.3; +https://openai.com/gptbot)"
74.7.242.32 - - [16/Dec/2025:20:37:17 +0800] "GET /search.php?51jtj39727.html HTTP/1.1" 200 141912 "-" "Mozilla/5.0 AppleWebKit/537.36 (KHTML, like Gecko; compatible; GPTBot/1.3; +https://openai.com/gptbot)"
74.7.242.32 - - [16/Dec/2025:20:37:17 +0800] "GET /search.php?q-~82vdajRoOMGJgyNJ98IGn2KSLmFVoWHD43069/ HTTP/1.1" 200 143508 "-" "Mozilla/5.0 AppleWebKit/537.36 (KHTML, like Gecko; compatible; GPTBot/1.3; +https://openai.com/gptbot)"
74.7.242.32 - - [16/Dec/2025:20:37:18 +0800] "GET /search.php?q-~71LcAUNT7XexKSWsny7ckTKwmFi7Qyld39212/ HTTP/1.1" 200 167110 "-" "Mozilla/5.0 AppleWebKit/537.36 (KHTML, like Gecko; compatible; GPTBot/1.3; +https://openai.com/gptbot)"
74.7.242.32 - - [16/Dec/2025:20:37:19 +0800] "GET /search.php?257tet1987.html HTTP/1.1" 200 142636 "-" "Mozilla/5.0 AppleWebKit/537.36 (KHTML, like Gecko; compatible; GPTBot/1.3; +https://openai.com/gptbot)"
74.7.242.32 - - [16/Dec/2025:20:37:19 +0800] "GET /search.php?106upw3474.html HTTP/1.1" 200 147618 "-" "Mozilla/5.0 AppleWebKit/537.36 (KHTML, like Gecko; compatible; GPTBot/1.3; +https://openai.com/gptbot)"
40.77.167.5 - - [16/Dec/2025:20:37:20 +0800] "GET /?shopdetail/NTU4Nzg1NA HTTP/1.1" 200 145939 "-" "Mozilla/5.0 AppleWebKit/537.36 (KHTML, like Gecko; compatible; bingbot/2.0; +http://www.bing.com/bingbot.htm) Chrome/116.0.1938.76 Safari/537.36"
74.7.242.32 - - [16/Dec/2025:20:37:20 +0800] "GET /search.php?q-~156IWuL3LxWUb6Fu0uVqXKdghgdwI3BNb7779/ HTTP/1.1" 200 144040 "-" "Mozilla/5.0 AppleWebKit/537.36 (KHTML, like Gecko; compatible; GPTBot/1.3; +https://openai.com/gptbot)"
74.7.242.32 - - [16/Dec/2025:20:37:21 +0800] "GET /search.php?m53483332889 HTTP/1.1" 200 143361 "-" "Mozilla/5.0 AppleWebKit/537.36 (KHTML, like Gecko; compatible; GPTBot/1.3; +https://openai.com/gptbot)"
74.7.242.32 - - [16/Dec/2025:20:37:22 +0800] "GET /search.php?288lyn40.html HTTP/1.1" 200 142628 "-" "Mozilla/5.0 AppleWebKit/537.36 (KHTML, like Gecko; compatible; GPTBot/1.3; +https://openai.com/gptbot)"
74.7.242.32 - - [16/Dec/2025:20:37:23 +0800] "GET /search.php?q-~274PQYsEACPuOGzj5B9cgViAGrIYi2tAE75/ HTTP/1.1" 200 143817 "-" "Mozilla/5.0 AppleWebKit/537.36 (KHTML, like Gecko; compatible; GPTBot/1.3; +https://openai.com/gptbot)"
74.7.242.32 - - [16/Dec/2025:20:37:23 +0800] "GET /search.php?_bd_prev_page=https://class.bf1.my/detail.do?74enfx13026.html&_bdsid=e8edj2.n~BUODK.171657308.176571313&_gz=2.198110775.194159345.177128665-869673475.163667671 HTTP/1.1" 200 139609 "-" "Mozilla/5.0 AppleWebKit/537.36 (KHTML, like Gecko; compatible; GPTBot/1.3; +https://openai.com/gptbot)"
74.7.242.32 - - [16/Dec/2025:20:37:24 +0800] "GET /search.php?_bd_prev_page=https://class.bf1.my/detail.do?72iap45290.html&_bdsid=e8edj2.n~BUODK.171657308.176571313&_gz=2.198110775.194159345.177128665-869673475.163667671 HTTP/1.1" 200 152140 "-" "Mozilla/5.0 AppleWebKit/537.36 (KHTML, like Gecko; compatible; GPTBot/1.3; +https://openai.com/gptbot)"
66.249.73.231 - - [16/Dec/2025:20:37:25 +0800] "GET /products/3713747/ HTTP/1.1" 200 150566 "-" "Mozilla/5.0 (Linux; Android 6.0.1; Nexus 5X Build/MMB29P) AppleWebKit/537.36 (KHTML, like Gecko) Chrome/141.0.7390.122 Mobile Safari/537.36 (compatible; Googlebot/2.1; +http://www.google.com/bot.html)"
74.7.242.32 - - [16/Dec/2025:20:37:25 +0800] "GET /search.php?_bd_prev_page=https://class.bf1.my/detail.do?257hlu13089.html&_bdsid=e8edj2.n~BUODK.171657308.176571313&_gz=2.198110775.194159345.177128665-869673475.163667671 HTTP/1.1" 200 141614 "-" "Mozilla/5.0 AppleWebKit/537.36 (KHTML, like Gecko; compatible; GPTBot/1.3; +https://openai.com/gptbot)"
74.7.242.32 - - [16/Dec/2025:20:37:25 +0800] "GET /search.php?152peeg6442.html HTTP/1.1" 200 144621 "-" "Mozilla/5.0 AppleWebKit/537.36 (KHTML, like Gecko; compatible; GPTBot/1.3; +https://openai.com/gptbot)"
207.46.13.130 - - [16/Dec/2025:20:37:26 +0800] "GET /?shopdetail/MjU2MTc2NQ HTTP/1.1" 200 144033 "-" "Mozilla/5.0 AppleWebKit/537.36 (KHTML, like Gecko; compatible; bingbot/2.0; +http://www.bing.com/bingbot.htm) Chrome/116.0.1938.76 Safari/537.36"
207.46.13.130 - - [16/Dec/2025:20:37:26 +0800] "GET /?shopdetail/Mjk5Mzc4Mg HTTP/1.1" 200 162592 "-" "Mozilla/5.0 AppleWebKit/537.36 (KHTML, like Gecko; compatible; bingbot/2.0; +http://www.bing.com/bingbot.htm) Chrome/116.0.1938.76 Safari/537.36"
74.7.242.32 - - [16/Dec/2025:20:37:26 +0800] "GET /search.php?q-~52H7IZeeEeZbIbp9nuqlsh0jJDkpwLCG26117/ HTTP/1.1" 200 148335 "-" "Mozilla/5.0 AppleWebKit/537.36 (KHTML, like Gecko; compatible; GPTBot/1.3; +https://openai.com/gptbot)"
74.7.242.32 - - [16/Dec/2025:20:37:27 +0800] "GET /search.php?258mfrhf13586.html HTTP/1.1" 200 153008 "-" "Mozilla/5.0 AppleWebKit/537.36 (KHTML, like Gecko; compatible; GPTBot/1.3; +https://openai.com/gptbot)"
207.46.13.130 - - [16/Dec/2025:20:37:28 +0800] "GET /?shopdetail/MzA2NTIxMw HTTP/1.1" 200 160423 "-" "Mozilla/5.0 AppleWebKit/537.36 (KHTML, like Gecko; compatible; bingbot/2.0; +http://www.bing.com/bingbot.htm) Chrome/116.0.1938.76 Safari/537.36"
74.7.242.32 - - [16/Dec/2025:20:37:28 +0800] "GET /search.php?205uphx7203.html HTTP/1.1" 200 146474 "-" "Mozilla/5.0 AppleWebKit/537.36 (KHTML, like Gecko; compatible; GPTBot/1.3; +https://openai.com/gptbot)"
74.7.242.32 - - [16/Dec/2025:20:37:29 +0800] "GET /search.php?_bd_prev_page=https://class.bf1.my/detail.do?59davis5753.html&_bdsid=e8edj2.n~BUODK.171657308.176571313&_gz=2.198110775.194159345.177128665-869673475.163667671 HTTP/1.1" 200 165263 "-" "Mozilla/5.0 AppleWebKit/537.36 (KHTML, like Gecko; compatible; GPTBot/1.3; +https://openai.com/gptbot)"
74.7.242.32 - - [16/Dec/2025:20:37:30 +0800] "GET /search.php?25fzodh41375.html HTTP/1.1" 200 167114 "-" "Mozilla/5.0 AppleWebKit/537.36 (KHTML, like Gecko; compatible; GPTBot/1.3; +https://openai.com/gptbot)"
74.7.242.32 - - [16/Dec/2025:20:37:30 +0800] "GET /search.php?46wadvi32324.html HTTP/1.1" 200 145086 "-" "Mozilla/5.0 AppleWebKit/537.36 (KHTML, like Gecko; compatible; GPTBot/1.3; +https://openai.com/gptbot)"
52.167.144.171 - - [16/Dec/2025:20:37:31 +0800] "GET /?shopdetail/NDY0Njk3OA HTTP/1.1" 200 139511 "-" "Mozilla/5.0 AppleWebKit/537.36 (KHTML, like Gecko; compatible; bingbot/2.0; +http://www.bing.com/bingbot.htm) Chrome/116.0.1938.76 Safari/537.36"
74.7.242.32 - - [16/Dec/2025:20:37:31 +0800] "GET /search.php?192bjkvk21756.html HTTP/1.1" 200 172477 "-" "Mozilla/5.0 AppleWebKit/537.36 (KHTML, like Gecko; compatible; GPTBot/1.3; +https://openai.com/gptbot)"
52.167.144.171 - - [16/Dec/2025:20:37:31 +0800] "GET /?shopdetail/NDI3ODE0MA HTTP/1.1" 200 148307 "-" "Mozilla/5.0 AppleWebKit/537.36 (KHTML, like Gecko; compatible; bingbot/2.0; +http://www.bing.com/bingbot.htm) Chrome/116.0.1938.76 Safari/537.36"
74.7.242.32 - - [16/Dec/2025:20:37:31 +0800] "GET /search.php?72iap45290.html HTTP/1.1" 200 153584 "-" "Mozilla/5.0 AppleWebKit/537.36 (KHTML, like Gecko; compatible; GPTBot/1.3; +https://openai.com/gptbot)"
52.167.144.171 - - [16/Dec/2025:20:37:33 +0800] "GET /?shopdetail/MjcwNDE4Ng HTTP/1.1" 200 138257 "-" "Mozilla/5.0 AppleWebKit/537.36 (KHTML, like Gecko; compatible; bingbot/2.0; +http://www.bing.com/bingbot.htm) Chrome/116.0.1938.76 Safari/537.36"
74.7.242.32 - - [16/Dec/2025:20:37:32 +0800] "GET /search.php?_bd_prev_page=https://class.bf1.my/detail.do?155dwr22691.html&_bdsid=e8edj2.n~BUODK.171657308.176571313&_gz=2.198110775.194159345.177128665-869673475.163667671 HTTP/1.1" 200 158347 "-" "Mozilla/5.0 AppleWebKit/537.36 (KHTML, like Gecko; compatible; GPTBot/1.3; +https://openai.com/gptbot)"
74.7.242.32 - - [16/Dec/2025:20:37:34 +0800] "GET /search.php?_bd_prev_page=https://class.bf1.my/detail.do?239azy49311.html&_bdsid=e8edj2.n~BUODK.171657308.176571313&_gz=2.198110775.194159345.177128665-869673475.163667671 HTTP/1.1" 200 144086 "-" "Mozilla/5.0 AppleWebKit/537.36 (KHTML, like Gecko; compatible; GPTBot/1.3; +https://openai.com/gptbot)"
74.7.242.32 - - [16/Dec/2025:20:37:34 +0800] "GET /search.php?258vgynx21470.html HTTP/1.1" 200 156024 "-" "Mozilla/5.0 AppleWebKit/537.36 (KHTML, like Gecko; compatible; GPTBot/1.3; +https://openai.com/gptbot)"
74.7.242.32 - - [16/Dec/2025:20:37:35 +0800] "GET /search.php?_bd_prev_page=https://class.bf1.my/detail.do?97skftr9259.html&_bdsid=e8edj2.n~BUODK.171657308.176571313&_gz=2.198110775.194159345.177128665-869673475.163667671 HTTP/1.1" 200 148195 "-" "Mozilla/5.0 AppleWebKit/537.36 (KHTML, like Gecko; compatible; GPTBot/1.3; +https://openai.com/gptbot)"
74.7.242.32 - - [16/Dec/2025:20:37:36 +0800] "GET /search.php?_bd_prev_page=https://class.bf1.my/detail.do?253clja49441.html&_bdsid=e8edj2.n~BUODK.171657308.176571313&_gz=2.198110775.194159345.177128665-869673475.163667671 HTTP/1.1" 200 140451 "-" "Mozilla/5.0 AppleWebKit/537.36 (KHTML, like Gecko; compatible; GPTBot/1.3; +https://openai.com/gptbot)"
74.7.242.32 - - [16/Dec/2025:20:37:36 +0800] "GET /search.php?1110843232 HTTP/1.1" 200 154945 "-" "Mozilla/5.0 AppleWebKit/537.36 (KHTML, like Gecko; compatible; GPTBot/1.3; +https://openai.com/gptbot)"
74.7.242.32 - - [16/Dec/2025:20:37:37 +0800] "GET /search.php?_bd_prev_page=https://class.bf1.my/detail.do?272eum4734.html&_bdsid=e8edj2.n~BUODK.171657308.176571313&_gz=2.198110775.194159345.177128665-869673475.163667671 HTTP/1.1" 200 146015 "-" "Mozilla/5.0 AppleWebKit/537.36 (KHTML, like Gecko; compatible; GPTBot/1.3; +https://openai.com/gptbot)"
66.249.73.230 - - [16/Dec/2025:20:37:38 +0800] "GET /search.php?rcmdva-ho-52615-013 HTTP/1.1" 200 141862 "-" "Mozilla/5.0 (Linux; Android 6.0.1; Nexus 5X Build/MMB29P) AppleWebKit/537.36 (KHTML, like Gecko) Chrome/141.0.7390.122 Mobile Safari/537.36 (compatible; Googlebot/2.1; +http://www.google.com/bot.html)"
74.7.242.32 - - [16/Dec/2025:20:37:38 +0800] "GET /search.php?_bd_prev_page=https://class.bf1.my/detail.do?162mgy15296.html&_bdsid=e8edj2.n~BUODK.171657308.176571313&_gz=2.198110775.194159345.177128665-869673475.163667671 HTTP/1.1" 200 152341 "-" "Mozilla/5.0 AppleWebKit/537.36 (KHTML, like Gecko; compatible; GPTBot/1.3; +https://openai.com/gptbot)"
74.7.242.32 - - [16/Dec/2025:20:37:38 +0800] "GET /search.php?_bd_prev_page=https://class.bf1.my/detail.do?39arcqj3783.html&_bdsid=e8edj2.n~BUODK.171657308.176571313&_gz=2.198110775.194159345.177128665-869673475.163667671 HTTP/1.1" 200 141243 "-" "Mozilla/5.0 AppleWebKit/537.36 (KHTML, like Gecko; compatible; GPTBot/1.3; +https://openai.com/gptbot)"
74.7.242.32 - - [16/Dec/2025:20:37:39 +0800] "GET /search.php?_bd_prev_page=https://class.bf1.my/detail.do?89imm11921.html&_bdsid=e8edj2.n~BUODK.171657308.176571313&_gz=2.198110775.194159345.177128665-869673475.163667671 HTTP/1.1" 200 147513 "-" "Mozilla/5.0 AppleWebKit/537.36 (KHTML, like Gecko; compatible; GPTBot/1.3; +https://openai.com/gptbot)"
74.7.242.32 - - [16/Dec/2025:20:37:40 +0800] "GET /search.php?q-~35lbQfTqie5IgWV95sfOmloNaVVwwnFB17336/ HTTP/1.1" 200 142540 "-" "Mozilla/5.0 AppleWebKit/537.36 (KHTML, like Gecko; compatible; GPTBot/1.3; +https://openai.com/gptbot)"
74.7.242.32 - - [16/Dec/2025:20:37:41 +0800] "GET /search.php?27xyi45817.html HTTP/1.1" 200 142502 "-" "Mozilla/5.0 AppleWebKit/537.36 (KHTML, like Gecko; compatible; GPTBot/1.3; +https://openai.com/gptbot)"
74.7.242.32 - - [16/Dec/2025:20:37:41 +0800] "GET /search.php?_bd_prev_page=https://class.bf1.my/detail.do?134yhhn20216.html&_bdsid=e8edj2.n~BUODK.171657308.176571313&_gz=2.198110775.194159345.177128665-869673475.163667671 HTTP/1.1" 200 149605 "-" "Mozilla/5.0 AppleWebKit/537.36 (KHTML, like Gecko; compatible; GPTBot/1.3; +https://openai.com/gptbot)"
74.7.242.32 - - [16/Dec/2025:20:37:42 +0800] "GET /search.php?_bd_prev_page=https://class.bf1.my/detail.do?126pwxx40546.html&_bdsid=e8edj2.n~BUODK.171657308.176571313&_gz=2.198110775.194159345.177128665-869673475.163667671 HTTP/1.1" 200 146002 "-" "Mozilla/5.0 AppleWebKit/537.36 (KHTML, like Gecko; compatible; GPTBot/1.3; +https://openai.com/gptbot)"
74.7.242.32 - - [16/Dec/2025:20:37:42 +0800] "GET /search.php?q-~299Ek3wvJXdJwcHlV5efnbTCFQPNTt2Uq5268/ HTTP/1.1" 200 141207 "-" "Mozilla/5.0 AppleWebKit/537.36 (KHTML, like Gecko; compatible; GPTBot/1.3; +https://openai.com/gptbot)"
74.7.242.32 - - [16/Dec/2025:20:37:43 +0800] "GET /search.php?51ezw23663.html HTTP/1.1" 200 145278 "-" "Mozilla/5.0 AppleWebKit/537.36 (KHTML, like Gecko; compatible; GPTBot/1.3; +https://openai.com/gptbot)"
74.7.242.32 - - [16/Dec/2025:20:37:43 +0800] "GET /search.php?100sxg2216.html HTTP/1.1" 200 142080 "-" "Mozilla/5.0 AppleWebKit/537.36 (KHTML, like Gecko; compatible; GPTBot/1.3; +https://openai.com/gptbot)"
74.7.242.32 - - [16/Dec/2025:20:37:44 +0800] "GET /search.php?m22647770284 HTTP/1.1" 200 145961 "-" "Mozilla/5.0 AppleWebKit/537.36 (KHTML, like Gecko; compatible; GPTBot/1.3; +https://openai.com/gptbot)"
74.7.242.32 - - [16/Dec/2025:20:37:44 +0800] "GET /search.php?196uqft28390.html HTTP/1.1" 200 142123 "-" "Mozilla/5.0 AppleWebKit/537.36 (KHTML, like Gecko; compatible; GPTBot/1.3; +https://openai.com/gptbot)"
74.7.242.32 - - [16/Dec/2025:20:37:45 +0800] "GET /search.php?_bd_prev_page=https://class.bf1.my/detail.do?250mha46812.html&_bdsid=e8edj2.n~BUODK.171657308.176571313&_gz=2.198110775.194159345.177128665-869673475.163667671 HTTP/1.1" 200 148498 "-" "Mozilla/5.0 AppleWebKit/537.36 (KHTML, like Gecko; compatible; GPTBot/1.3; +https://openai.com/gptbot)"
74.7.242.32 - - [16/Dec/2025:20:37:46 +0800] "GET /search.php?q-~78UCv7xQpzqUceVy2mqYwJxYbDaz3qEA19167/ HTTP/1.1" 200 140262 "-" "Mozilla/5.0 AppleWebKit/537.36 (KHTML, like Gecko; compatible; GPTBot/1.3; +https://openai.com/gptbot)"
40.77.167.5 - - [16/Dec/2025:20:37:46 +0800] "GET /?shopdetail/NTIwNzc1MA HTTP/1.1" 200 149729 "-" "Mozilla/5.0 AppleWebKit/537.36 (KHTML, like Gecko; compatible; bingbot/2.0; +http://www.bing.com/bingbot.htm) Chrome/116.0.1938.76 Safari/537.36"
74.7.242.32 - - [16/Dec/2025:20:37:46 +0800] "GET /search.php?q-~84O2XqvSIuiA4Y5EyISvSpDRLyNOanoZ45621/ HTTP/1.1" 200 155750 "-" "Mozilla/5.0 AppleWebKit/537.36 (KHTML, like Gecko; compatible; GPTBot/1.3; +https://openai.com/gptbot)"
74.7.242.32 - - [16/Dec/2025:20:37:47 +0800] "GET /search.php?9uicvo4201.html HTTP/1.1" 200 161196 "-" "Mozilla/5.0 AppleWebKit/537.36 (KHTML, like Gecko; compatible; GPTBot/1.3; +https://openai.com/gptbot)"
74.7.242.32 - - [16/Dec/2025:20:37:47 +0800] "GET /search.php?_bd_prev_page=https://class.bf1.my/detail.do?291ovtga33717.html&_bdsid=e8edj2.n~BUODK.171657308.176571313&_gz=2.198110775.194159345.177128665-869673475.163667671 HTTP/1.1" 200 142507 "-" "Mozilla/5.0 AppleWebKit/537.36 (KHTML, like Gecko; compatible; GPTBot/1.3; +https://openai.com/gptbot)"
74.7.242.32 - - [16/Dec/2025:20:37:48 +0800] "GET /search.php?_bd_prev_page=https://class.bf1.my/detail.do?186aly4780.html&_bdsid=e8edj2.n~BUODK.171657308.176571313&_gz=2.198110775.194159345.177128665-869673475.163667671 HTTP/1.1" 200 143853 "-" "Mozilla/5.0 AppleWebKit/537.36 (KHTML, like Gecko; compatible; GPTBot/1.3; +https://openai.com/gptbot)"
74.7.242.32 - - [16/Dec/2025:20:37:48 +0800] "GET /search.php?q-~292iT8CPxTlzPyR2isPlvxErspYXl2reH5887/ HTTP/1.1" 200 141936 "-" "Mozilla/5.0 AppleWebKit/537.36 (KHTML, like Gecko; compatible; GPTBot/1.3; +https://openai.com/gptbot)"
74.7.242.32 - - [16/Dec/2025:20:37:49 +0800] "GET /search.php?288eavhq16526.html HTTP/1.1" 200 143239 "-" "Mozilla/5.0 AppleWebKit/537.36 (KHTML, like Gecko; compatible; GPTBot/1.3; +https://openai.com/gptbot)"
74.7.242.32 - - [16/Dec/2025:20:37:50 +0800] "GET /search.php?23gdvqf31367.html HTTP/1.1" 200 144595 "-" "Mozilla/5.0 AppleWebKit/537.36 (KHTML, like Gecko; compatible; GPTBot/1.3; +https://openai.com/gptbot)"
74.7.242.32 - - [16/Dec/2025:20:37:50 +0800] "GET /search.php?q-~75R7HIL4ErACplCdIINmBbrQD7yEVQej33540/ HTTP/1.1" 200 143929 "-" "Mozilla/5.0 AppleWebKit/537.36 (KHTML, like Gecko; compatible; GPTBot/1.3; +https://openai.com/gptbot)"
74.7.242.32 - - [16/Dec/2025:20:37:51 +0800] "GET /search.php?q-~186Eygdpjwa67sJezy6oWPQOkvPRLvCME8703/ HTTP/1.1" 200 142114 "-" "Mozilla/5.0 AppleWebKit/537.36 (KHTML, like Gecko; compatible; GPTBot/1.3; +https://openai.com/gptbot)"
74.7.242.32 - - [16/Dec/2025:20:37:52 +0800] "GET /search.php?_bd_prev_page=https://class.bf1.my/detail.do?174rbl24576.html&_bdsid=e8edj2.n~BUODK.171657308.176571313&_gz=2.198110775.194159345.177128665-869673475.163667671 HTTP/1.1" 200 152457 "-" "Mozilla/5.0 AppleWebKit/537.36 (KHTML, like Gecko; compatible; GPTBot/1.3; +https://openai.com/gptbot)"
74.7.242.32 - - [16/Dec/2025:20:37:53 +0800] "GET /search.php?q-~49TDDy9dBpbrjRGstbbLVYmu8ldnQ6NU27348/ HTTP/1.1" 200 141512 "-" "Mozilla/5.0 AppleWebKit/537.36 (KHTML, like Gecko; compatible; GPTBot/1.3; +https://openai.com/gptbot)"
74.7.242.32 - - [16/Dec/2025:20:37:54 +0800] "GET /search.php?_bd_prev_page=https://class.bf1.my/detail.do?298pys34532.html&_bdsid=e8edj2.n~BUODK.171657308.176571313&_gz=2.198110775.194159345.177128665-869673475.163667671 HTTP/1.1" 200 149694 "-" "Mozilla/5.0 AppleWebKit/537.36 (KHTML, like Gecko; compatible; GPTBot/1.3; +https://openai.com/gptbot)"
74.7.242.32 - - [16/Dec/2025:20:37:55 +0800] "GET /search.php?_bd_prev_page=https://class.bf1.my/detail.do?292ebatj26642.html&_bdsid=e8edj2.n~BUODK.171657308.176571313&_gz=2.198110775.194159345.177128665-869673475.163667671 HTTP/1.1" 200 149898 "-" "Mozilla/5.0 AppleWebKit/537.36 (KHTML, like Gecko; compatible; GPTBot/1.3; +https://openai.com/gptbot)"
74.7.242.32 - - [16/Dec/2025:20:37:55 +0800] "GET /search.php?_bd_prev_page=https://class.bf1.my/detail.do?1bdloz36021.html&_bdsid=e8edj2.n~BUODK.171657308.176571313&_gz=2.198110775.194159345.177128665-869673475.163667671 HTTP/1.1" 200 149605 "-" "Mozilla/5.0 AppleWebKit/537.36 (KHTML, like Gecko; compatible; GPTBot/1.3; +https://openai.com/gptbot)"
74.7.242.32 - - [16/Dec/2025:20:37:56 +0800] "GET /search.php?_bd_prev_page=https://class.bf1.my/detail.do?148kfyaw15264.html&_bdsid=e8edj2.n~BUODK.171657308.176571313&_gz=2.198110775.194159345.177128665-869673475.163667671 HTTP/1.1" 200 143069 "-" "Mozilla/5.0 AppleWebKit/537.36 (KHTML, like Gecko; compatible; GPTBot/1.3; +https://openai.com/gptbot)"
74.7.242.32 - - [16/Dec/2025:20:37:57 +0800] "GET /search.php?_bd_prev_page=https://class.bf1.my/detail.do?113lgvrh10089.html&_bdsid=e8edj2.n~BUODK.171657308.176571313&_gz=2.198110775.194159345.177128665-869673475.163667671 HTTP/1.1" 200 143522 "-" "Mozilla/5.0 AppleWebKit/537.36 (KHTML, like Gecko; compatible; GPTBot/1.3; +https://openai.com/gptbot)"
74.7.242.32 - - [16/Dec/2025:20:37:57 +0800] "GET /search.php?_bd_prev_page=https://class.bf1.my/detail.do?234jlh27296.html&_bdsid=e8edj2.n~BUODK.171657308.176571313&_gz=2.198110775.194159345.177128665-869673475.163667671 HTTP/1.1" 200 147566 "-" "Mozilla/5.0 AppleWebKit/537.36 (KHTML, like Gecko; compatible; GPTBot/1.3; +https://openai.com/gptbot)"
74.7.242.32 - - [16/Dec/2025:20:37:58 +0800] "GET /search.php?252tom9486.html HTTP/1.1" 200 142437 "-" "Mozilla/5.0 AppleWebKit/537.36 (KHTML, like Gecko; compatible; GPTBot/1.3; +https://openai.com/gptbot)"
34.204.150.196 - - [16/Dec/2025:20:37:59 +0800] "GET /shop/Natural-Aroma-Oil-AO-Fugue-State-Aroma-Oil-500ml-p196117042 HTTP/1.1" 403 - "-" "Mozilla/5.0 AppleWebKit/537.36 (KHTML, like Gecko; compatible; Amazonbot/0.1; +https://developer.amazon.com/support/amazonbot) Chrome/119.0.6045.214 Safari/537.36"
74.7.242.32 - - [16/Dec/2025:20:37:59 +0800] "GET /search.php?_bd_prev_page=https://class.bf1.my/detail.do?76lpxl47670.html&_bdsid=e8edj2.n~BUODK.171657308.176571313&_gz=2.198110775.194159345.177128665-869673475.163667671 HTTP/1.1" 200 156316 "-" "Mozilla/5.0 AppleWebKit/537.36 (KHTML, like Gecko; compatible; GPTBot/1.3; +https://openai.com/gptbot)"
74.7.242.32 - - [16/Dec/2025:20:37:59 +0800] "GET /search.php?_bd_prev_page=https://class.bf1.my/detail.do?30uqfz352.html&_bdsid=e8edj2.n~BUODK.171657308.176571313&_gz=2.198110775.194159345.177128665-869673475.163667671 HTTP/1.1" 200 152325 "-" "Mozilla/5.0 AppleWebKit/537.36 (KHTML, like Gecko; compatible; GPTBot/1.3; +https://openai.com/gptbot)"
74.7.242.32 - - [16/Dec/2025:20:38:00 +0800] "GET /search.php?q-~96RsVjaWKPgtcsnikNskTknzxt4i4u5C47005/ HTTP/1.1" 200 147879 "-" "Mozilla/5.0 AppleWebKit/537.36 (KHTML, like Gecko; compatible; GPTBot/1.3; +https://openai.com/gptbot)"
74.7.242.32 - - [16/Dec/2025:20:38:01 +0800] "GET /search.php?setomono-kbu-0165128002-5set HTTP/1.1" 200 146022 "-" "Mozilla/5.0 AppleWebKit/537.36 (KHTML, like Gecko; compatible; GPTBot/1.3; +https://openai.com/gptbot)"
74.7.242.32 - - [16/Dec/2025:20:38:01 +0800] "GET /search.php?53vyr33843.html HTTP/1.1" 200 143415 "-" "Mozilla/5.0 AppleWebKit/537.36 (KHTML, like Gecko; compatible; GPTBot/1.3; +https://openai.com/gptbot)"
74.7.242.32 - - [16/Dec/2025:20:38:02 +0800] "GET /search.php?96nrn45134.html HTTP/1.1" 200 145500 "-" "Mozilla/5.0 AppleWebKit/537.36 (KHTML, like Gecko; compatible; GPTBot/1.3; +https://openai.com/gptbot)"
74.7.242.32 - - [16/Dec/2025:20:38:02 +0800] "GET /search.php?_bd_prev_page=https://class.bf1.my/detail.do?200rbgof32728.html&_bdsid=e8edj2.n~BUODK.171657308.176571313&_gz=2.198110775.194159345.177128665-869673475.163667671 HTTP/1.1" 200 145480 "-" "Mozilla/5.0 AppleWebKit/537.36 (KHTML, like Gecko; compatible; GPTBot/1.3; +https://openai.com/gptbot)"
74.7.242.32 - - [16/Dec/2025:20:38:03 +0800] "GET /search.php?q-~66LdZui2vBn9GlXyaXKcCABjrk8vCsST42471/ HTTP/1.1" 200 142740 "-" "Mozilla/5.0 AppleWebKit/537.36 (KHTML, like Gecko; compatible; GPTBot/1.3; +https://openai.com/gptbot)"
74.7.242.32 - - [16/Dec/2025:20:38:04 +0800] "GET /search.php?_bd_prev_page=https://class.bf1.my/detail.do?143zgn43749.html&_bdsid=e8edj2.n~BUODK.171657308.176571313&_gz=2.198110775.194159345.177128665-869673475.163667671 HTTP/1.1" 200 142069 "-" "Mozilla/5.0 AppleWebKit/537.36 (KHTML, like Gecko; compatible; GPTBot/1.3; +https://openai.com/gptbot)"
74.7.242.32 - - [16/Dec/2025:20:38:04 +0800] "GET /search.php?286itmmd24230.html HTTP/1.1" 200 144267 "-" "Mozilla/5.0 AppleWebKit/537.36 (KHTML, like Gecko; compatible; GPTBot/1.3; +https://openai.com/gptbot)"
74.7.242.32 - - [16/Dec/2025:20:38:05 +0800] "GET /search.php?_bd_prev_page=https://class.bf1.my/detail.do?93ivglt3079.html&_bdsid=e8edj2.n~BUODK.171657308.176571313&_gz=2.198110775.194159345.177128665-869673475.163667671 HTTP/1.1" 200 145806 "-" "Mozilla/5.0 AppleWebKit/537.36 (KHTML, like Gecko; compatible; GPTBot/1.3; +https://openai.com/gptbot)"
74.7.242.32 - - [16/Dec/2025:20:38:05 +0800] "GET /search.php?_bd_prev_page=https://class.bf1.my/detail.do?113frlm24475.html&_bdsid=e8edj2.n~BUODK.171657308.176571313&_gz=2.198110775.194159345.177128665-869673475.163667671 HTTP/1.1" 200 140091 "-" "Mozilla/5.0 AppleWebKit/537.36 (KHTML, like Gecko; compatible; GPTBot/1.3; +https://openai.com/gptbot)"
74.7.242.32 - - [16/Dec/2025:20:38:06 +0800] "GET /search.php?_bd_prev_page=https://class.bf1.my/detail.do?175habl12237.html&_bdsid=e8edj2.n~BUODK.171657308.176571313&_gz=2.198110775.194159345.177128665-869673475.163667671 HTTP/1.1" 200 153231 "-" "Mozilla/5.0 AppleWebKit/537.36 (KHTML, like Gecko; compatible; GPTBot/1.3; +https://openai.com/gptbot)"
74.7.242.32 - - [16/Dec/2025:20:38:07 +0800] "GET /search.php?_bd_prev_page=https://class.bf1.my/detail.do?286jhkt29380.html&_bdsid=e8edj2.n~BUODK.171657308.176571313&_gz=2.198110775.194159345.177128665-869673475.163667671 HTTP/1.1" 200 143859 "-" "Mozilla/5.0 AppleWebKit/537.36 (KHTML, like Gecko; compatible; GPTBot/1.3; +https://openai.com/gptbot)"
74.7.242.32 - - [16/Dec/2025:20:38:08 +0800] "GET /search.php?_bd_prev_page=https://class.bf1.my/detail.do?16pcttx46682.html&_bdsid=e8edj2.n~BUODK.171657308.176571313&_gz=2.198110775.194159345.177128665-869673475.163667671 HTTP/1.1" 200 140925 "-" "Mozilla/5.0 AppleWebKit/537.36 (KHTML, like Gecko; compatible; GPTBot/1.3; +https://openai.com/gptbot)"
74.7.242.32 - - [16/Dec/2025:20:38:08 +0800] "GET /search.php?_bd_prev_page=https://class.bf1.my/detail.do?93ckysa22587.html&_bdsid=e8edj2.n~BUODK.171657308.176571313&_gz=2.198110775.194159345.177128665-869673475.163667671 HTTP/1.1" 200 149556 "-" "Mozilla/5.0 AppleWebKit/537.36 (KHTML, like Gecko; compatible; GPTBot/1.3; +https://openai.com/gptbot)"
74.7.242.32 - - [16/Dec/2025:20:38:09 +0800] "GET /search.php?_bd_prev_page=https://class.bf1.my/detail.do?182jbgir35488.html&_bdsid=e8edj2.n~BUODK.171657308.176571313&_gz=2.198110775.194159345.177128665-869673475.163667671 HTTP/1.1" 200 142305 "-" "Mozilla/5.0 AppleWebKit/537.36 (KHTML, like Gecko; compatible; GPTBot/1.3; +https://openai.com/gptbot)"
74.7.242.32 - - [16/Dec/2025:20:38:09 +0800] "GET /search.php?_bd_prev_page=https://class.bf1.my/detail.do?221jquqf12353.html&_bdsid=e8edj2.n~BUODK.171657308.176571313&_gz=2.198110775.194159345.177128665-869673475.163667671 HTTP/1.1" 200 140084 "-" "Mozilla/5.0 AppleWebKit/537.36 (KHTML, like Gecko; compatible; GPTBot/1.3; +https://openai.com/gptbot)"
74.7.242.32 - - [16/Dec/2025:20:38:10 +0800] "GET /search.php?140arfc4458.html HTTP/1.1" 200 146379 "-" "Mozilla/5.0 AppleWebKit/537.36 (KHTML, like Gecko; compatible; GPTBot/1.3; +https://openai.com/gptbot)"
74.7.242.32 - - [16/Dec/2025:20:38:10 +0800] "GET /search.php?167prczl33883.html HTTP/1.1" 200 144031 "-" "Mozilla/5.0 AppleWebKit/537.36 (KHTML, like Gecko; compatible; GPTBot/1.3; +https://openai.com/gptbot)"
74.7.242.32 - - [16/Dec/2025:20:38:11 +0800] "GET /search.php?_bd_prev_page=https://class.bf1.my/detail.do?178mhd13238.html&_bdsid=e8edj2.n~BUODK.171657308.176571313&_gz=2.198110775.194159345.177128665-869673475.163667671 HTTP/1.1" 200 151559 "-" "Mozilla/5.0 AppleWebKit/537.36 (KHTML, like Gecko; compatible; GPTBot/1.3; +https://openai.com/gptbot)"
74.7.242.32 - - [16/Dec/2025:20:38:12 +0800] "GET /search.php?49xqd16263.html HTTP/1.1" 200 143515 "-" "Mozilla/5.0 AppleWebKit/537.36 (KHTML, like Gecko; compatible; GPTBot/1.3; +https://openai.com/gptbot)"
74.7.242.32 - - [16/Dec/2025:20:38:12 +0800] "GET /search.php?q-~77abGbBCupxAsnO8QZny2ynvh6jsNead38850/ HTTP/1.1" 200 143670 "-" "Mozilla/5.0 AppleWebKit/537.36 (KHTML, like Gecko; compatible; GPTBot/1.3; +https://openai.com/gptbot)"
74.7.242.32 - - [16/Dec/2025:20:38:13 +0800] "GET /search.php?_bd_prev_page=https://class.bf1.my/detail.do?138fispc17974.html&_bdsid=e8edj2.n~BUODK.171657308.176571313&_gz=2.198110775.194159345.177128665-869673475.163667671 HTTP/1.1" 200 164670 "-" "Mozilla/5.0 AppleWebKit/537.36 (KHTML, like Gecko; compatible; GPTBot/1.3; +https://openai.com/gptbot)"
74.7.242.32 - - [16/Dec/2025:20:38:13 +0800] "GET /search.php?37zhi30989.html HTTP/1.1" 200 142258 "-" "Mozilla/5.0 AppleWebKit/537.36 (KHTML, like Gecko; compatible; GPTBot/1.3; +https://openai.com/gptbot)"
74.7.242.32 - - [16/Dec/2025:20:38:14 +0800] "GET /search.php?278rcrg6632.html HTTP/1.1" 200 154225 "-" "Mozilla/5.0 AppleWebKit/537.36 (KHTML, like Gecko; compatible; GPTBot/1.3; +https://openai.com/gptbot)"
74.7.242.32 - - [16/Dec/2025:20:38:14 +0800] "GET /search.php?_bd_prev_page=https://class.bf1.my/detail.do?246iuo28564.html&_bdsid=e8edj2.n~BUODK.171657308.176571313&_gz=2.198110775.194159345.177128665-869673475.163667671 HTTP/1.1" 200 140499 "-" "Mozilla/5.0 AppleWebKit/537.36 (KHTML, like Gecko; compatible; GPTBot/1.3; +https://openai.com/gptbot)"
74.7.242.32 - - [16/Dec/2025:20:38:15 +0800] "GET /search.php?_bd_prev_page=https://class.bf1.my/detail.do?107aviwt36625.html&_bdsid=e8edj2.n~BUODK.171657308.176571313&_gz=2.198110775.194159345.177128665-869673475.163667671 HTTP/1.1" 200 142047 "-" "Mozilla/5.0 AppleWebKit/537.36 (KHTML, like Gecko; compatible; GPTBot/1.3; +https://openai.com/gptbot)"
74.7.242.32 - - [16/Dec/2025:20:38:16 +0800] "GET /search.php?_bd_prev_page=https://class.bf1.my/detail.do?166ionn37208.html&_bdsid=e8edj2.n~BUODK.171657308.176571313&_gz=2.198110775.194159345.177128665-869673475.163667671 HTTP/1.1" 200 140034 "-" "Mozilla/5.0 AppleWebKit/537.36 (KHTML, like Gecko; compatible; GPTBot/1.3; +https://openai.com/gptbot)"
74.7.242.32 - - [16/Dec/2025:20:38:16 +0800] "GET /search.php?_bd_prev_page=https://class.bf1.my/detail.do?100mqyxi16878.html&_bdsid=e8edj2.n~BUODK.171657308.176571313&_gz=2.198110775.194159345.177128665-869673475.163667671 HTTP/1.1" 200 142757 "-" "Mozilla/5.0 AppleWebKit/537.36 (KHTML, like Gecko; compatible; GPTBot/1.3; +https://openai.com/gptbot)"
74.7.242.32 - - [16/Dec/2025:20:38:17 +0800] "GET /search.php?_bd_prev_page=https://class.bf1.my/detail.do?195qgk11441.html&_bdsid=e8edj2.n~BUODK.171657308.176571313&_gz=2.198110775.194159345.177128665-869673475.163667671 HTTP/1.1" 200 146278 "-" "Mozilla/5.0 AppleWebKit/537.36 (KHTML, like Gecko; compatible; GPTBot/1.3; +https://openai.com/gptbot)"
74.7.242.32 - - [16/Dec/2025:20:38:17 +0800] "GET /search.php?253uiema33531.html HTTP/1.1" 200 146586 "-" "Mozilla/5.0 AppleWebKit/537.36 (KHTML, like Gecko; compatible; GPTBot/1.3; +https://openai.com/gptbot)"
74.7.242.32 - - [16/Dec/2025:20:38:18 +0800] "GET /search.php?_bd_prev_page=https://class.bf1.my/detail.do?240won19372.html&_bdsid=e8edj2.n~BUODK.171657308.176571313&_gz=2.198110775.194159345.177128665-869673475.163667671 HTTP/1.1" 200 150112 "-" "Mozilla/5.0 AppleWebKit/537.36 (KHTML, like Gecko; compatible; GPTBot/1.3; +https://openai.com/gptbot)"
74.7.242.32 - - [16/Dec/2025:20:38:19 +0800] "GET /search.php?_bd_prev_page=https://class.bf1.my/detail.do?52whn19612.html&_bdsid=e8edj2.n~BUODK.171657308.176571313&_gz=2.198110775.194159345.177128665-869673475.163667671 HTTP/1.1" 200 144228 "-" "Mozilla/5.0 AppleWebKit/537.36 (KHTML, like Gecko; compatible; GPTBot/1.3; +https://openai.com/gptbot)"
74.7.242.32 - - [16/Dec/2025:20:38:19 +0800] "GET /search.php?_bd_prev_page=https://class.bf1.my/detail.do?291thtue6695.html&_bdsid=e8edj2.n~BUODK.171657308.176571313&_gz=2.198110775.194159345.177128665-869673475.163667671 HTTP/1.1" 200 143935 "-" "Mozilla/5.0 AppleWebKit/537.36 (KHTML, like Gecko; compatible; GPTBot/1.3; +https://openai.com/gptbot)"
74.7.242.32 - - [16/Dec/2025:20:38:19 +0800] "GET /search.php?_bd_prev_page=https://class.bf1.my/detail.do?102fxalc49546.html&_bdsid=e8edj2.n~BUODK.171657308.176571313&_gz=2.198110775.194159345.177128665-869673475.163667671 HTTP/1.1" 200 156135 "-" "Mozilla/5.0 AppleWebKit/537.36 (KHTML, like Gecko; compatible; GPTBot/1.3; +https://openai.com/gptbot)"
74.7.242.32 - - [16/Dec/2025:20:38:20 +0800] "GET /search.php?237byixh40809.html HTTP/1.1" 200 142272 "-" "Mozilla/5.0 AppleWebKit/537.36 (KHTML, like Gecko; compatible; GPTBot/1.3; +https://openai.com/gptbot)"
74.7.242.32 - - [16/Dec/2025:20:38:21 +0800] "GET /search.php?26hbb24206.html HTTP/1.1" 200 143087 "-" "Mozilla/5.0 AppleWebKit/537.36 (KHTML, like Gecko; compatible; GPTBot/1.3; +https://openai.com/gptbot)"
74.7.242.32 - - [16/Dec/2025:20:38:22 +0800] "GET /search.php?q-~254iONVaptXk2erWhP5nfeGpqM6zVVEVq2463/ HTTP/1.1" 200 163955 "-" "Mozilla/5.0 AppleWebKit/537.36 (KHTML, like Gecko; compatible; GPTBot/1.3; +https://openai.com/gptbot)"
74.7.242.32 - - [16/Dec/2025:20:38:22 +0800] "GET /search.php?81htxu10187.html HTTP/1.1" 200 143388 "-" "Mozilla/5.0 AppleWebKit/537.36 (KHTML, like Gecko; compatible; GPTBot/1.3; +https://openai.com/gptbot)"
74.7.242.32 - - [16/Dec/2025:20:38:23 +0800] "GET /search.php?167fyn2311.html HTTP/1.1" 200 148668 "-" "Mozilla/5.0 AppleWebKit/537.36 (KHTML, like Gecko; compatible; GPTBot/1.3; +https://openai.com/gptbot)"
74.7.242.32 - - [16/Dec/2025:20:38:24 +0800] "GET /search.php?q-~44OuiAyYyTDCx4S1YpYTWDPMyl6xWqsy14793/ HTTP/1.1" 200 153640 "-" "Mozilla/5.0 AppleWebKit/537.36 (KHTML, like Gecko; compatible; GPTBot/1.3; +https://openai.com/gptbot)"
74.7.242.32 - - [16/Dec/2025:20:38:25 +0800] "GET /search.php?172nyrub24168.html HTTP/1.1" 200 181990 "-" "Mozilla/5.0 AppleWebKit/537.36 (KHTML, like Gecko; compatible; GPTBot/1.3; +https://openai.com/gptbot)"
74.7.242.32 - - [16/Dec/2025:20:38:26 +0800] "GET /search.php?q-~32V1pgKcStxaqGnkNEj8Wut7TggsBaej17405/ HTTP/1.1" 200 143678 "-" "Mozilla/5.0 AppleWebKit/537.36 (KHTML, like Gecko; compatible; GPTBot/1.3; +https://openai.com/gptbot)"
74.7.242.32 - - [16/Dec/2025:20:38:27 +0800] "GET /search.php?30dmma44910.html HTTP/1.1" 200 148343 "-" "Mozilla/5.0 AppleWebKit/537.36 (KHTML, like Gecko; compatible; GPTBot/1.3; +https://openai.com/gptbot)"
74.7.242.32 - - [16/Dec/2025:20:38:27 +0800] "GET /search.php?33iqra37475.html HTTP/1.1" 200 142869 "-" "Mozilla/5.0 AppleWebKit/537.36 (KHTML, like Gecko; compatible; GPTBot/1.3; +https://openai.com/gptbot)"
74.7.242.32 - - [16/Dec/2025:20:38:28 +0800] "GET /search.php?q-~252MQ30HHc7MU61n388t8SYc1KzPTos0x7355/ HTTP/1.1" 200 139864 "-" "Mozilla/5.0 AppleWebKit/537.36 (KHTML, like Gecko; compatible; GPTBot/1.3; +https://openai.com/gptbot)"
74.7.242.32 - - [16/Dec/2025:20:38:29 +0800] "GET /search.php?52whn19612.html HTTP/1.1" 200 144691 "-" "Mozilla/5.0 AppleWebKit/537.36 (KHTML, like Gecko; compatible; GPTBot/1.3; +https://openai.com/gptbot)"
74.7.242.32 - - [16/Dec/2025:20:38:30 +0800] "GET /search.php?_bd_prev_page=https://class.bf1.my/detail.do?183piyn38377.html&_bdsid=e8edj2.n~BUODK.171657308.176571313&_gz=2.198110775.194159345.177128665-869673475.163667671 HTTP/1.1" 200 141372 "-" "Mozilla/5.0 AppleWebKit/537.36 (KHTML, like Gecko; compatible; GPTBot/1.3; +https://openai.com/gptbot)"
74.7.242.32 - - [16/Dec/2025:20:38:30 +0800] "GET /search.php?q-~261R12d38HzRosc5X4LYah2Cep0S7LRwe42488/ HTTP/1.1" 200 149587 "-" "Mozilla/5.0 AppleWebKit/537.36 (KHTML, like Gecko; compatible; GPTBot/1.3; +https://openai.com/gptbot)"
74.7.242.32 - - [16/Dec/2025:20:38:31 +0800] "GET /search.php?_bd_prev_page=https://class.bf1.my/detail.do?110vid2466.html&_bdsid=e8edj2.n~BUODK.171657308.176571313&_gz=2.198110775.194159345.177128665-869673475.163667671 HTTP/1.1" 200 142348 "-" "Mozilla/5.0 AppleWebKit/537.36 (KHTML, like Gecko; compatible; GPTBot/1.3; +https://openai.com/gptbot)"
74.7.242.32 - - [16/Dec/2025:20:38:32 +0800] "GET /search.php?_bd_prev_page=https://class.bf1.my/detail.do?138vvi2358.html&_bdsid=e8edj2.n~BUODK.171657308.176571313&_gz=2.198110775.194159345.177128665-869673475.163667671 HTTP/1.1" 200 152384 "-" "Mozilla/5.0 AppleWebKit/537.36 (KHTML, like Gecko; compatible; GPTBot/1.3; +https://openai.com/gptbot)"
74.7.242.32 - - [16/Dec/2025:20:38:33 +0800] "GET /search.php?_bd_prev_page=https://class.bf1.my/detail.do?244ito23650.html&_bdsid=e8edj2.n~BUODK.171657308.176571313&_gz=2.198110775.194159345.177128665-869673475.163667671 HTTP/1.1" 200 141206 "-" "Mozilla/5.0 AppleWebKit/537.36 (KHTML, like Gecko; compatible; GPTBot/1.3; +https://openai.com/gptbot)"
74.7.242.32 - - [16/Dec/2025:20:38:33 +0800] "GET /search.php?11aubnz22205.html HTTP/1.1" 200 143497 "-" "Mozilla/5.0 AppleWebKit/537.36 (KHTML, like Gecko; compatible; GPTBot/1.3; +https://openai.com/gptbot)"
74.7.242.32 - - [16/Dec/2025:20:38:34 +0800] "GET /search.php?_bd_prev_page=https://class.bf1.my/detail.do?133ytvs647.html&_bdsid=e8edj2.n~BUODK.171657308.176571313&_gz=2.198110775.194159345.177128665-869673475.163667671 HTTP/1.1" 200 145165 "-" "Mozilla/5.0 AppleWebKit/537.36 (KHTML, like Gecko; compatible; GPTBot/1.3; +https://openai.com/gptbot)"
74.7.242.32 - - [16/Dec/2025:20:38:35 +0800] "GET /search.php?269rafy515.html HTTP/1.1" 200 140624 "-" "Mozilla/5.0 AppleWebKit/537.36 (KHTML, like Gecko; compatible; GPTBot/1.3; +https://openai.com/gptbot)"
74.7.242.32 - - [16/Dec/2025:20:38:36 +0800] "GET /search.php?109uyol331.html HTTP/1.1" 200 162598 "-" "Mozilla/5.0 AppleWebKit/537.36 (KHTML, like Gecko; compatible; GPTBot/1.3; +https://openai.com/gptbot)"
74.7.242.32 - - [16/Dec/2025:20:38:37 +0800] "GET /search.php?_bd_prev_page=https://class.bf1.my/detail.do?81fijk38115.html&_bdsid=e8edj2.n~BUODK.171657308.176571313&_gz=2.198110775.194159345.177128665-869673475.163667671 HTTP/1.1" 200 142245 "-" "Mozilla/5.0 AppleWebKit/537.36 (KHTML, like Gecko; compatible; GPTBot/1.3; +https://openai.com/gptbot)"
74.7.242.32 - - [16/Dec/2025:20:38:37 +0800] "GET /search.php?27ugm35153.html HTTP/1.1" 200 146383 "-" "Mozilla/5.0 AppleWebKit/537.36 (KHTML, like Gecko; compatible; GPTBot/1.3; +https://openai.com/gptbot)"
74.7.242.32 - - [16/Dec/2025:20:38:38 +0800] "GET /search.php?108eyt1348.html HTTP/1.1" 200 152941 "-" "Mozilla/5.0 AppleWebKit/537.36 (KHTML, like Gecko; compatible; GPTBot/1.3; +https://openai.com/gptbot)"
74.7.242.32 - - [16/Dec/2025:20:38:39 +0800] "GET /search.php?194dgjai35512.html HTTP/1.1" 200 145143 "-" "Mozilla/5.0 AppleWebKit/537.36 (KHTML, like Gecko; compatible; GPTBot/1.3; +https://openai.com/gptbot)"
74.7.242.32 - - [16/Dec/2025:20:38:39 +0800] "GET /search.php?q-~59RdvNFGBFtGDNDDyBb2Fp9SoIJxh9GY35670/ HTTP/1.1" 200 146519 "-" "Mozilla/5.0 AppleWebKit/537.36 (KHTML, like Gecko; compatible; GPTBot/1.3; +https://openai.com/gptbot)"
74.7.242.32 - - [16/Dec/2025:20:38:40 +0800] "GET /search.php?q-~14i9CkLQ9oUCpkTtDliAplFvdRPiEd4B35297/ HTTP/1.1" 200 158203 "-" "Mozilla/5.0 AppleWebKit/537.36 (KHTML, like Gecko; compatible; GPTBot/1.3; +https://openai.com/gptbot)"
74.7.242.32 - - [16/Dec/2025:20:38:40 +0800] "GET /search.php?_bd_prev_page=https://class.bf1.my/detail.do?33iqra37475.html&_bdsid=e8edj2.n~BUODK.171657308.176571313&_gz=2.198110775.194159345.177128665-869673475.163667671 HTTP/1.1" 200 141395 "-" "Mozilla/5.0 AppleWebKit/537.36 (KHTML, like Gecko; compatible; GPTBot/1.3; +https://openai.com/gptbot)"
74.7.242.32 - - [16/Dec/2025:20:38:41 +0800] "GET /search.php?133ytvs647.html HTTP/1.1" 200 147366 "-" "Mozilla/5.0 AppleWebKit/537.36 (KHTML, like Gecko; compatible; GPTBot/1.3; +https://openai.com/gptbot)"
74.7.242.32 - - [16/Dec/2025:20:38:42 +0800] "GET /search.php?_bd_prev_page=https://class.bf1.my/detail.do?285jqjn40189.html&_bdsid=e8edj2.n~BUODK.171657308.176571313&_gz=2.198110775.194159345.177128665-869673475.163667671 HTTP/1.1" 200 140715 "-" "Mozilla/5.0 AppleWebKit/537.36 (KHTML, like Gecko; compatible; GPTBot/1.3; +https://openai.com/gptbot)"
74.7.242.32 - - [16/Dec/2025:20:38:42 +0800] "GET /search.php?q-~65KszTsXNoJ5mIYVB7vM1SPcsNzfZqjh31812/ HTTP/1.1" 200 145306 "-" "Mozilla/5.0 AppleWebKit/537.36 (KHTML, like Gecko; compatible; GPTBot/1.3; +https://openai.com/gptbot)"
74.7.242.32 - - [16/Dec/2025:20:38:43 +0800] "GET /search.php?_bd_prev_page=https://class.bf1.my/detail.do?183zldh13597.html&_bdsid=e8edj2.n~BUODK.171657308.176571313&_gz=2.198110775.194159345.177128665-869673475.163667671 HTTP/1.1" 200 142973 "-" "Mozilla/5.0 AppleWebKit/537.36 (KHTML, like Gecko; compatible; GPTBot/1.3; +https://openai.com/gptbot)"
74.7.242.32 - - [16/Dec/2025:20:38:43 +0800] "GET /search.php?13nyh10307.html HTTP/1.1" 200 165156 "-" "Mozilla/5.0 AppleWebKit/537.36 (KHTML, like Gecko; compatible; GPTBot/1.3; +https://openai.com/gptbot)"
74.7.242.32 - - [16/Dec/2025:20:38:44 +0800] "GET /search.php?21aiuh38581.html HTTP/1.1" 200 144276 "-" "Mozilla/5.0 AppleWebKit/537.36 (KHTML, like Gecko; compatible; GPTBot/1.3; +https://openai.com/gptbot)"
74.7.242.32 - - [16/Dec/2025:20:38:44 +0800] "GET /search.php?_bd_prev_page=https://class.bf1.my/detail.do?293mrf28537.html&_bdsid=e8edj2.n~BUODK.171657308.176571313&_gz=2.198110775.194159345.177128665-869673475.163667671 HTTP/1.1" 200 149990 "-" "Mozilla/5.0 AppleWebKit/537.36 (KHTML, like Gecko; compatible; GPTBot/1.3; +https://openai.com/gptbot)"
74.7.242.32 - - [16/Dec/2025:20:38:45 +0800] "GET /search.php?_bd_prev_page=https://class.bf1.my/detail.do?178vye4678.html&_bdsid=e8edj2.n~BUODK.171657308.176571313&_gz=2.198110775.194159345.177128665-869673475.163667671 HTTP/1.1" 200 147060 "-" "Mozilla/5.0 AppleWebKit/537.36 (KHTML, like Gecko; compatible; GPTBot/1.3; +https://openai.com/gptbot)"
207.46.13.130 - - [16/Dec/2025:20:38:45 +0800] "GET /?shopdetail/NTk5ODM4Mg HTTP/1.1" 200 155206 "-" "Mozilla/5.0 AppleWebKit/537.36 (KHTML, like Gecko; compatible; bingbot/2.0; +http://www.bing.com/bingbot.htm) Chrome/116.0.1938.76 Safari/537.36"
74.7.242.32 - - [16/Dec/2025:20:38:45 +0800] "GET /search.php?214tth7078.html HTTP/1.1" 200 143251 "-" "Mozilla/5.0 AppleWebKit/537.36 (KHTML, like Gecko; compatible; GPTBot/1.3; +https://openai.com/gptbot)"
