74.7.242.32 - - [16/Dec/2025:21:20:50 +0800] "GET /search.php?37owg33857.html HTTP/1.1" 200 142833 "-" "Mozilla/5.0 AppleWebKit/537.36 (KHTML, like Gecko; compatible; GPTBot/1.3; +https://openai.com/gptbot)"
207.46.13.52 - - [16/Dec/2025:21:20:51 +0800] "GET /?shopdetail/NTkwNzA3NQ HTTP/1.1" 200 157501 "-" "Mozilla/5.0 AppleWebKit/537.36 (KHTML, like Gecko; compatible; bingbot/2.0; +http://www.bing.com/bingbot.htm) Chrome/116.0.1938.76 Safari/537.36"
74.7.242.32 - - [16/Dec/2025:21:20:51 +0800] "GET /search.php?q-~87hboSzs7eOuToaqvYApOzcY7GLGO7SA41676/ HTTP/1.1" 200 147486 "-" "Mozilla/5.0 AppleWebKit/537.36 (KHTML, like Gecko; compatible; GPTBot/1.3; +https://openai.com/gptbot)"
52.167.144.169 - - [16/Dec/2025:21:20:52 +0800] "GET /?shopdetail/MzkzODQwNQ HTTP/1.1" 200 164039 "-" "Mozilla/5.0 AppleWebKit/537.36 (KHTML, like Gecko; compatible; bingbot/2.0; +http://www.bing.com/bingbot.htm) Chrome/116.0.1938.76 Safari/537.36"
207.46.13.52 - - [16/Dec/2025:21:20:52 +0800] "GET /?shopdetail/NDA3NzkxMw HTTP/1.1" 200 142484 "-" "Mozilla/5.0 AppleWebKit/537.36 (KHTML, like Gecko; compatible; bingbot/2.0; +http://www.bing.com/bingbot.htm) Chrome/116.0.1938.76 Safari/537.36"
74.7.242.32 - - [16/Dec/2025:21:20:52 +0800] "GET /search.php?q-~108ld6SJR5YOcUfKtqvjJQqooodX3LMeD42511/ HTTP/1.1" 200 142887 "-" "Mozilla/5.0 AppleWebKit/537.36 (KHTML, like Gecko; compatible; GPTBot/1.3; +https://openai.com/gptbot)"
74.7.242.32 - - [16/Dec/2025:21:20:53 +0800] "GET /search.php?276mbqc6446.html HTTP/1.1" 200 140947 "-" "Mozilla/5.0 AppleWebKit/537.36 (KHTML, like Gecko; compatible; GPTBot/1.3; +https://openai.com/gptbot)"
74.7.242.32 - - [16/Dec/2025:21:20:54 +0800] "GET /search.php?q-~41Dlci2ObQdmsBFfqmmEHFboG5nGKW9Z31352/ HTTP/1.1" 200 142166 "-" "Mozilla/5.0 AppleWebKit/537.36 (KHTML, like Gecko; compatible; GPTBot/1.3; +https://openai.com/gptbot)"
74.7.242.32 - - [16/Dec/2025:21:20:56 +0800] "GET /search.php?_bd_prev_page=https://class.bf1.my/detail.do?202gpam2752.html&_bdsid=e8edj2.n~BUODK.171657308.176571313&_gz=2.198110775.194159345.177128665-869673475.163667671 HTTP/1.1" 200 142555 "-" "Mozilla/5.0 AppleWebKit/537.36 (KHTML, like Gecko; compatible; GPTBot/1.3; +https://openai.com/gptbot)"
74.7.242.32 - - [16/Dec/2025:21:20:57 +0800] "GET /search.php?192rsbea21196.html HTTP/1.1" 200 150278 "-" "Mozilla/5.0 AppleWebKit/537.36 (KHTML, like Gecko; compatible; GPTBot/1.3; +https://openai.com/gptbot)"
74.7.242.32 - - [16/Dec/2025:21:20:57 +0800] "GET /search.php?_bd_prev_page=https://class.bf1.my/detail.do?7cky27221.html&_bdsid=e8edj2.n~BUODK.171657308.176571313&_gz=2.198110775.194159345.177128665-869673475.163667671 HTTP/1.1" 200 171137 "-" "Mozilla/5.0 AppleWebKit/537.36 (KHTML, like Gecko; compatible; GPTBot/1.3; +https://openai.com/gptbot)"
74.7.242.32 - - [16/Dec/2025:21:20:58 +0800] "GET /search.php?q-~285FDb6NHytVdmtl3IarBHD9d9IyyyGSY5404/ HTTP/1.1" 200 147180 "-" "Mozilla/5.0 AppleWebKit/537.36 (KHTML, like Gecko; compatible; GPTBot/1.3; +https://openai.com/gptbot)"
74.7.242.32 - - [16/Dec/2025:21:20:59 +0800] "GET /search.php?_bd_prev_page=https://class.bf1.my/detail.do?49avejc11393.html&_bdsid=e8edj2.n~BUODK.171657308.176571313&_gz=2.198110775.194159345.177128665-869673475.163667671 HTTP/1.1" 200 140869 "-" "Mozilla/5.0 AppleWebKit/537.36 (KHTML, like Gecko; compatible; GPTBot/1.3; +https://openai.com/gptbot)"
74.7.242.32 - - [16/Dec/2025:21:21:01 +0800] "GET /search.php?261jgbdh48325.html HTTP/1.1" 200 143646 "-" "Mozilla/5.0 AppleWebKit/537.36 (KHTML, like Gecko; compatible; GPTBot/1.3; +https://openai.com/gptbot)"
74.7.242.32 - - [16/Dec/2025:21:21:01 +0800] "GET /search.php?17hnu25935.html HTTP/1.1" 200 142729 "-" "Mozilla/5.0 AppleWebKit/537.36 (KHTML, like Gecko; compatible; GPTBot/1.3; +https://openai.com/gptbot)"
74.7.242.32 - - [16/Dec/2025:21:21:02 +0800] "GET /search.php?q-~174Lmhv0vGhDhNmfYJFe1Yq4NfCxEpvoP3383/ HTTP/1.1" 200 152812 "-" "Mozilla/5.0 AppleWebKit/537.36 (KHTML, like Gecko; compatible; GPTBot/1.3; +https://openai.com/gptbot)"
74.7.242.32 - - [16/Dec/2025:21:21:03 +0800] "GET /search.php?_bd_prev_page=https://class.bf1.my/detail.do?216llq46370.html&_bdsid=e8edj2.n~BUODK.171657308.176571313&_gz=2.198110775.194159345.177128665-869673475.163667671 HTTP/1.1" 200 143073 "-" "Mozilla/5.0 AppleWebKit/537.36 (KHTML, like Gecko; compatible; GPTBot/1.3; +https://openai.com/gptbot)"
74.7.242.32 - - [16/Dec/2025:21:21:03 +0800] "GET /search.php?q-~68fvITmhPYORosljH3K3u2lkxMkOeeuB19595/ HTTP/1.1" 200 143696 "-" "Mozilla/5.0 AppleWebKit/537.36 (KHTML, like Gecko; compatible; GPTBot/1.3; +https://openai.com/gptbot)"
74.7.242.32 - - [16/Dec/2025:21:21:04 +0800] "GET /search.php?299jqhz7339.html HTTP/1.1" 200 140509 "-" "Mozilla/5.0 AppleWebKit/537.36 (KHTML, like Gecko; compatible; GPTBot/1.3; +https://openai.com/gptbot)"
74.7.242.32 - - [16/Dec/2025:21:21:05 +0800] "GET /search.php?87hhuc33529.html HTTP/1.1" 200 151122 "-" "Mozilla/5.0 AppleWebKit/537.36 (KHTML, like Gecko; compatible; GPTBot/1.3; +https://openai.com/gptbot)"
74.7.242.32 - - [16/Dec/2025:21:21:05 +0800] "GET /search.php?8gfuow27946.html HTTP/1.1" 200 144270 "-" "Mozilla/5.0 AppleWebKit/537.36 (KHTML, like Gecko; compatible; GPTBot/1.3; +https://openai.com/gptbot)"
74.7.242.32 - - [16/Dec/2025:21:21:06 +0800] "GET /search.php?95ddf21271.html HTTP/1.1" 200 139524 "-" "Mozilla/5.0 AppleWebKit/537.36 (KHTML, like Gecko; compatible; GPTBot/1.3; +https://openai.com/gptbot)"
74.7.242.32 - - [16/Dec/2025:21:21:07 +0800] "GET /search.php?298irf9420.html HTTP/1.1" 200 143724 "-" "Mozilla/5.0 AppleWebKit/537.36 (KHTML, like Gecko; compatible; GPTBot/1.3; +https://openai.com/gptbot)"
40.77.167.77 - - [16/Dec/2025:21:21:07 +0800] "GET /?shopdetail/NTI4Nzg3MQ HTTP/1.1" 200 135864 "-" "Mozilla/5.0 AppleWebKit/537.36 (KHTML, like Gecko; compatible; bingbot/2.0; +http://www.bing.com/bingbot.htm) Chrome/116.0.1938.76 Safari/537.36"
74.7.242.32 - - [16/Dec/2025:21:21:07 +0800] "GET /search.php?1118665260 HTTP/1.1" 200 170253 "-" "Mozilla/5.0 AppleWebKit/537.36 (KHTML, like Gecko; compatible; GPTBot/1.3; +https://openai.com/gptbot)"
74.7.242.32 - - [16/Dec/2025:21:21:08 +0800] "GET /search.php?_bd_prev_page=https://class.bf1.my/detail.do?161dziv4885.html&_bdsid=e8edj2.n~BUODK.171657308.176571313&_gz=2.198110775.194159345.177128665-869673475.163667671 HTTP/1.1" 200 144268 "-" "Mozilla/5.0 AppleWebKit/537.36 (KHTML, like Gecko; compatible; GPTBot/1.3; +https://openai.com/gptbot)"
74.7.242.32 - - [16/Dec/2025:21:21:09 +0800] "GET /search.php?_bd_prev_page=https://class.bf1.my/detail.do?40kokcv26338.html&_bdsid=e8edj2.n~BUODK.171657308.176571313&_gz=2.198110775.194159345.177128665-869673475.163667671 HTTP/1.1" 200 144125 "-" "Mozilla/5.0 AppleWebKit/537.36 (KHTML, like Gecko; compatible; GPTBot/1.3; +https://openai.com/gptbot)"
74.7.242.32 - - [16/Dec/2025:21:21:10 +0800] "GET /search.php?_bd_prev_page=https://class.bf1.my/detail.do?170juhkw15248.html&_bdsid=e8edj2.n~BUODK.171657308.176571313&_gz=2.198110775.194159345.177128665-869673475.163667671 HTTP/1.1" 200 141574 "-" "Mozilla/5.0 AppleWebKit/537.36 (KHTML, like Gecko; compatible; GPTBot/1.3; +https://openai.com/gptbot)"
74.7.242.32 - - [16/Dec/2025:21:21:10 +0800] "GET /search.php?_bd_prev_page=https://class.bf1.my/detail.do?224nwc2560.html&_bdsid=e8edj2.n~BUODK.171657308.176571313&_gz=2.198110775.194159345.177128665-869673475.163667671 HTTP/1.1" 200 144103 "-" "Mozilla/5.0 AppleWebKit/537.36 (KHTML, like Gecko; compatible; GPTBot/1.3; +https://openai.com/gptbot)"
74.7.242.32 - - [16/Dec/2025:21:21:11 +0800] "GET /search.php?q-~176Aq15Luxgi3E9Q6AYOjA2y5vhoIkH8M33325/ HTTP/1.1" 200 143907 "-" "Mozilla/5.0 AppleWebKit/537.36 (KHTML, like Gecko; compatible; GPTBot/1.3; +https://openai.com/gptbot)"
52.167.144.169 - - [16/Dec/2025:21:21:12 +0800] "GET /?shopdetail/NjA1NjExOA HTTP/1.1" 200 145868 "-" "Mozilla/5.0 AppleWebKit/537.36 (KHTML, like Gecko; compatible; bingbot/2.0; +http://www.bing.com/bingbot.htm) Chrome/116.0.1938.76 Safari/537.36"
74.7.242.32 - - [16/Dec/2025:21:21:12 +0800] "GET /search.php?_bd_prev_page=https://class.bf1.my/detail.do?98zbuth6420.html&_bdsid=e8edj2.n~BUODK.171657308.176571313&_gz=2.198110775.194159345.177128665-869673475.163667671 HTTP/1.1" 200 144635 "-" "Mozilla/5.0 AppleWebKit/537.36 (KHTML, like Gecko; compatible; GPTBot/1.3; +https://openai.com/gptbot)"
74.7.242.32 - - [16/Dec/2025:21:21:13 +0800] "GET /search.php?_bd_prev_page=https://class.bf1.my/detail.do?70xyhd9646.html&_bdsid=e8edj2.n~BUODK.171657308.176571313&_gz=2.198110775.194159345.177128665-869673475.163667671 HTTP/1.1" 200 142266 "-" "Mozilla/5.0 AppleWebKit/537.36 (KHTML, like Gecko; compatible; GPTBot/1.3; +https://openai.com/gptbot)"
74.7.242.32 - - [16/Dec/2025:21:21:13 +0800] "GET /search.php?209cie9453.html HTTP/1.1" 200 143300 "-" "Mozilla/5.0 AppleWebKit/537.36 (KHTML, like Gecko; compatible; GPTBot/1.3; +https://openai.com/gptbot)"
74.7.242.32 - - [16/Dec/2025:21:21:14 +0800] "GET /search.php?q-~226dNSbtFuu69evszl2F9B8k4gsj0KQ1B37775/ HTTP/1.1" 200 140548 "-" "Mozilla/5.0 AppleWebKit/537.36 (KHTML, like Gecko; compatible; GPTBot/1.3; +https://openai.com/gptbot)"
74.7.242.32 - - [16/Dec/2025:21:21:15 +0800] "GET /search.php?q-~12DhIwserJ6IPumXkNQdNMLFkJxI56Du19383/ HTTP/1.1" 200 141597 "-" "Mozilla/5.0 AppleWebKit/537.36 (KHTML, like Gecko; compatible; GPTBot/1.3; +https://openai.com/gptbot)"
74.7.242.32 - - [16/Dec/2025:21:21:15 +0800] "GET /search.php?m68685666149 HTTP/1.1" 200 145526 "-" "Mozilla/5.0 AppleWebKit/537.36 (KHTML, like Gecko; compatible; GPTBot/1.3; +https://openai.com/gptbot)"
74.7.242.32 - - [16/Dec/2025:21:21:16 +0800] "GET /search.php?_bd_prev_page=https://class.bf1.my/detail.do?276pkvop28830.html&_bdsid=e8edj2.n~BUODK.171657308.176571313&_gz=2.198110775.194159345.177128665-869673475.163667671 HTTP/1.1" 200 149326 "-" "Mozilla/5.0 AppleWebKit/537.36 (KHTML, like Gecko; compatible; GPTBot/1.3; +https://openai.com/gptbot)"
66.249.73.231 - - [16/Dec/2025:21:21:16 +0800] "GET /search.php?q-~88AwfcQhfFGypnUJFwO5gW5tGEBExOEK2099/ HTTP/1.1" 200 152050 "-" "Mozilla/5.0 (Linux; Android 6.0.1; Nexus 5X Build/MMB29P) AppleWebKit/537.36 (KHTML, like Gecko) Chrome/141.0.7390.122 Mobile Safari/537.36 (compatible; Googlebot/2.1; +http://www.google.com/bot.html)"
74.7.242.32 - - [16/Dec/2025:21:21:17 +0800] "GET /search.php?170juhkw15248.html HTTP/1.1" 200 142664 "-" "Mozilla/5.0 AppleWebKit/537.36 (KHTML, like Gecko; compatible; GPTBot/1.3; +https://openai.com/gptbot)"
74.7.242.32 - - [16/Dec/2025:21:21:18 +0800] "GET /search.php?_bd_prev_page=https://class.bf1.my/detail.do?281fyfww8757.html&_bdsid=e8edj2.n~BUODK.171657308.176571313&_gz=2.198110775.194159345.177128665-869673475.163667671 HTTP/1.1" 200 143403 "-" "Mozilla/5.0 AppleWebKit/537.36 (KHTML, like Gecko; compatible; GPTBot/1.3; +https://openai.com/gptbot)"
74.7.242.32 - - [16/Dec/2025:21:21:19 +0800] "GET /search.php?86vwpzn42720.html HTTP/1.1" 200 147170 "-" "Mozilla/5.0 AppleWebKit/537.36 (KHTML, like Gecko; compatible; GPTBot/1.3; +https://openai.com/gptbot)"
74.7.242.32 - - [16/Dec/2025:21:21:19 +0800] "GET /search.php?80dpi15930.html HTTP/1.1" 200 147732 "-" "Mozilla/5.0 AppleWebKit/537.36 (KHTML, like Gecko; compatible; GPTBot/1.3; +https://openai.com/gptbot)"
74.7.242.32 - - [16/Dec/2025:21:21:20 +0800] "GET /search.php?70xyhd9646.html HTTP/1.1" 200 144690 "-" "Mozilla/5.0 AppleWebKit/537.36 (KHTML, like Gecko; compatible; GPTBot/1.3; +https://openai.com/gptbot)"
74.7.242.32 - - [16/Dec/2025:21:21:21 +0800] "GET /search.php?q-~61tASFQh3eTNpN0GDTfZMokoPuW5TJHv11054/ HTTP/1.1" 200 153679 "-" "Mozilla/5.0 AppleWebKit/537.36 (KHTML, like Gecko; compatible; GPTBot/1.3; +https://openai.com/gptbot)"
207.46.13.52 - - [16/Dec/2025:21:21:21 +0800] "GET /?shopdetail/MjU2MDE4Nw HTTP/1.1" 200 141224 "-" "Mozilla/5.0 AppleWebKit/537.36 (KHTML, like Gecko; compatible; bingbot/2.0; +http://www.bing.com/bingbot.htm) Chrome/116.0.1938.76 Safari/537.36"
74.7.242.32 - - [16/Dec/2025:21:21:21 +0800] "GET /search.php?94qcw19124.html HTTP/1.1" 200 144529 "-" "Mozilla/5.0 AppleWebKit/537.36 (KHTML, like Gecko; compatible; GPTBot/1.3; +https://openai.com/gptbot)"
74.7.242.32 - - [16/Dec/2025:21:21:22 +0800] "GET /search.php?q-~283Ksl1PZ6eVQU8BunTzFfjxavbEqVmtT9924/ HTTP/1.1" 200 139789 "-" "Mozilla/5.0 AppleWebKit/537.36 (KHTML, like Gecko; compatible; GPTBot/1.3; +https://openai.com/gptbot)"
74.7.242.32 - - [16/Dec/2025:21:21:22 +0800] "GET /search.php?68nbl26558.html HTTP/1.1" 200 139792 "-" "Mozilla/5.0 AppleWebKit/537.36 (KHTML, like Gecko; compatible; GPTBot/1.3; +https://openai.com/gptbot)"
74.7.242.32 - - [16/Dec/2025:21:21:23 +0800] "GET /search.php?m66647651145 HTTP/1.1" 200 144062 "-" "Mozilla/5.0 AppleWebKit/537.36 (KHTML, like Gecko; compatible; GPTBot/1.3; +https://openai.com/gptbot)"
74.7.242.32 - - [16/Dec/2025:21:21:24 +0800] "GET /search.php?96helo19980.html HTTP/1.1" 200 146677 "-" "Mozilla/5.0 AppleWebKit/537.36 (KHTML, like Gecko; compatible; GPTBot/1.3; +https://openai.com/gptbot)"
74.7.242.32 - - [16/Dec/2025:21:21:24 +0800] "GET /search.php?q-~124LEbHEZukLjX7AQvVyxnCFyZq8ra7cr2089/ HTTP/1.1" 200 144077 "-" "Mozilla/5.0 AppleWebKit/537.36 (KHTML, like Gecko; compatible; GPTBot/1.3; +https://openai.com/gptbot)"
74.7.242.32 - - [16/Dec/2025:21:21:25 +0800] "GET /search.php?205yfjzs10759.html HTTP/1.1" 200 145806 "-" "Mozilla/5.0 AppleWebKit/537.36 (KHTML, like Gecko; compatible; GPTBot/1.3; +https://openai.com/gptbot)"
74.7.242.32 - - [16/Dec/2025:21:21:26 +0800] "GET /search.php?_bd_prev_page=https://class.bf1.my/detail.do?231tjd34303.html&_bdsid=e8edj2.n~BUODK.171657308.176571313&_gz=2.198110775.194159345.177128665-869673475.163667671 HTTP/1.1" 200 140904 "-" "Mozilla/5.0 AppleWebKit/537.36 (KHTML, like Gecko; compatible; GPTBot/1.3; +https://openai.com/gptbot)"
74.7.242.32 - - [16/Dec/2025:21:21:27 +0800] "GET /search.php?_bd_prev_page=https://class.bf1.my/detail.do?28pruh22810.html&_bdsid=e8edj2.n~BUODK.171657308.176571313&_gz=2.198110775.194159345.177128665-869673475.163667671 HTTP/1.1" 200 154012 "-" "Mozilla/5.0 AppleWebKit/537.36 (KHTML, like Gecko; compatible; GPTBot/1.3; +https://openai.com/gptbot)"
74.7.242.32 - - [16/Dec/2025:21:21:28 +0800] "GET /search.php?_bd_prev_page=https://class.bf1.my/detail.do?143nvhd15283.html&_bdsid=e8edj2.n~BUODK.171657308.176571313&_gz=2.198110775.194159345.177128665-869673475.163667671 HTTP/1.1" 200 150765 "-" "Mozilla/5.0 AppleWebKit/537.36 (KHTML, like Gecko; compatible; GPTBot/1.3; +https://openai.com/gptbot)"
74.7.242.32 - - [16/Dec/2025:21:21:28 +0800] "GET /search.php?q-~95rKGNBhzIf5dlzyiQdm4MOrb5UhzsHy25216/ HTTP/1.1" 200 143876 "-" "Mozilla/5.0 AppleWebKit/537.36 (KHTML, like Gecko; compatible; GPTBot/1.3; +https://openai.com/gptbot)"
74.7.242.32 - - [16/Dec/2025:21:21:29 +0800] "GET /search.php?39zqh19695.html HTTP/1.1" 200 155007 "-" "Mozilla/5.0 AppleWebKit/537.36 (KHTML, like Gecko; compatible; GPTBot/1.3; +https://openai.com/gptbot)"
40.77.167.77 - - [16/Dec/2025:21:21:30 +0800] "GET /?shopdetail/Mzc2Nzc5MQ HTTP/1.1" 200 143294 "-" "Mozilla/5.0 AppleWebKit/537.36 (KHTML, like Gecko; compatible; bingbot/2.0; +http://www.bing.com/bingbot.htm) Chrome/116.0.1938.76 Safari/537.36"
74.7.242.32 - - [16/Dec/2025:21:21:30 +0800] "GET /search.php?_bd_prev_page=https://class.bf1.my/detail.do?94qcw19124.html&_bdsid=e8edj2.n~BUODK.171657308.176571313&_gz=2.198110775.194159345.177128665-869673475.163667671 HTTP/1.1" 200 144348 "-" "Mozilla/5.0 AppleWebKit/537.36 (KHTML, like Gecko; compatible; GPTBot/1.3; +https://openai.com/gptbot)"
74.7.242.32 - - [16/Dec/2025:21:21:30 +0800] "GET /search.php?_bd_prev_page=https://class.bf1.my/detail.do?208shdyj43600.html&_bdsid=e8edj2.n~BUODK.171657308.176571313&_gz=2.198110775.194159345.177128665-869673475.163667671 HTTP/1.1" 200 146174 "-" "Mozilla/5.0 AppleWebKit/537.36 (KHTML, like Gecko; compatible; GPTBot/1.3; +https://openai.com/gptbot)"
74.7.242.32 - - [16/Dec/2025:21:21:31 +0800] "GET /search.php?m10847641118 HTTP/1.1" 200 148401 "-" "Mozilla/5.0 AppleWebKit/537.36 (KHTML, like Gecko; compatible; GPTBot/1.3; +https://openai.com/gptbot)"
74.7.242.32 - - [16/Dec/2025:21:21:31 +0800] "GET /search.php?_bd_prev_page=https://class.bf1.my/detail.do?96helo19980.html&_bdsid=e8edj2.n~BUODK.171657308.176571313&_gz=2.198110775.194159345.177128665-869673475.163667671 HTTP/1.1" 200 146383 "-" "Mozilla/5.0 AppleWebKit/537.36 (KHTML, like Gecko; compatible; GPTBot/1.3; +https://openai.com/gptbot)"
74.7.242.32 - - [16/Dec/2025:21:21:32 +0800] "GET /search.php?29itv15575.html HTTP/1.1" 200 141817 "-" "Mozilla/5.0 AppleWebKit/537.36 (KHTML, like Gecko; compatible; GPTBot/1.3; +https://openai.com/gptbot)"
74.7.242.32 - - [16/Dec/2025:21:21:33 +0800] "GET /search.php?q-~136S9rbA4gLe90vEehYyJuVLxWNOiATSw3999/ HTTP/1.1" 200 145919 "-" "Mozilla/5.0 AppleWebKit/537.36 (KHTML, like Gecko; compatible; GPTBot/1.3; +https://openai.com/gptbot)"
66.249.73.230 - - [16/Dec/2025:21:21:34 +0800] "GET /search.php?_gl=1*rs1xi33*_ga*TqrkHMKUoUQZxeOdQhAwmUxLgOnN*_ga_DETRRSQUL*lzDPpimUVNqU7ueULMfxNmsiCovui5W1sefPhwWyd10NzuICZf6DYnZ.*_gcl_au=1.1.190909021.176196297*_gcl_aw=XFB.178274988.rF1bx9FNyBO66fYoO4lQL4EuKu96nKEhgHnD03zUR0yahWWLx0oTWweSCTc6tDEN1EVkqOiDkIEH4Z7emvsWYR9Pfn..&_gz=2.198110775.194159345.177128665-869673475.163667671&_bdsid=e8edj2.n~BUODK.171657308.176571313&_bd_prev_page=https://class.bf1.my/detail.do?201wiyxw39107.html HTTP/1.1" 200 159299 "-" "Mozilla/5.0 (Linux; Android 6.0.1; Nexus 5X Build/MMB29P) AppleWebKit/537.36 (KHTML, like Gecko) Chrome/141.0.7390.122 Mobile Safari/537.36 (compatible; Googlebot/2.1; +http://www.google.com/bot.html)"
74.7.242.32 - - [16/Dec/2025:21:21:34 +0800] "GET /search.php?11osx46649.html HTTP/1.1" 200 146150 "-" "Mozilla/5.0 AppleWebKit/537.36 (KHTML, like Gecko; compatible; GPTBot/1.3; +https://openai.com/gptbot)"
74.7.242.32 - - [16/Dec/2025:21:21:35 +0800] "GET /search.php?76mvkt2614.html HTTP/1.1" 200 147883 "-" "Mozilla/5.0 AppleWebKit/537.36 (KHTML, like Gecko; compatible; GPTBot/1.3; +https://openai.com/gptbot)"
74.7.242.32 - - [16/Dec/2025:21:21:35 +0800] "GET /search.php?q-~111D69ZVh78mja0tvAb25WIRMWdJRR8yF7990/ HTTP/1.1" 200 144657 "-" "Mozilla/5.0 AppleWebKit/537.36 (KHTML, like Gecko; compatible; GPTBot/1.3; +https://openai.com/gptbot)"
74.7.242.32 - - [16/Dec/2025:21:21:36 +0800] "GET /search.php?161iqz1825.html HTTP/1.1" 200 151991 "-" "Mozilla/5.0 AppleWebKit/537.36 (KHTML, like Gecko; compatible; GPTBot/1.3; +https://openai.com/gptbot)"
74.7.242.32 - - [16/Dec/2025:21:21:36 +0800] "GET /search.php?260icpfj42026.html HTTP/1.1" 200 142190 "-" "Mozilla/5.0 AppleWebKit/537.36 (KHTML, like Gecko; compatible; GPTBot/1.3; +https://openai.com/gptbot)"
74.7.242.32 - - [16/Dec/2025:21:21:37 +0800] "GET /search.php?q-~180Y8NK9GfRoGq76bADKceRe6999LxBYn5511/ HTTP/1.1" 200 142645 "-" "Mozilla/5.0 AppleWebKit/537.36 (KHTML, like Gecko; compatible; GPTBot/1.3; +https://openai.com/gptbot)"
74.7.242.32 - - [16/Dec/2025:21:21:38 +0800] "GET /search.php?q-~92U7r6R3NwN5Y6zJRgUL1fpj1A8SgoaZ44469/ HTTP/1.1" 200 155075 "-" "Mozilla/5.0 AppleWebKit/537.36 (KHTML, like Gecko; compatible; GPTBot/1.3; +https://openai.com/gptbot)"
74.7.242.32 - - [16/Dec/2025:21:21:38 +0800] "GET /search.php?q-~57SmwPlpwohJKwTnguLMYodGx05Meh7W46274/ HTTP/1.1" 200 143222 "-" "Mozilla/5.0 AppleWebKit/537.36 (KHTML, like Gecko; compatible; GPTBot/1.3; +https://openai.com/gptbot)"
74.7.242.32 - - [16/Dec/2025:21:21:39 +0800] "GET /search.php?q-~25joIkVJWbuyZTkpN0l7LMEteIp0fiCf47372/ HTTP/1.1" 200 143532 "-" "Mozilla/5.0 AppleWebKit/537.36 (KHTML, like Gecko; compatible; GPTBot/1.3; +https://openai.com/gptbot)"
74.7.242.32 - - [16/Dec/2025:21:21:39 +0800] "GET /search.php?_bd_prev_page=https://class.bf1.my/detail.do?212scfe32734.html&_bdsid=e8edj2.n~BUODK.171657308.176571313&_gz=2.198110775.194159345.177128665-869673475.163667671 HTTP/1.1" 200 145443 "-" "Mozilla/5.0 AppleWebKit/537.36 (KHTML, like Gecko; compatible; GPTBot/1.3; +https://openai.com/gptbot)"
74.7.242.32 - - [16/Dec/2025:21:21:40 +0800] "GET /search.php?q-~222EuL8LUmFXkTwJm08omh3w71i7nCj1Z41073/ HTTP/1.1" 200 152558 "-" "Mozilla/5.0 AppleWebKit/537.36 (KHTML, like Gecko; compatible; GPTBot/1.3; +https://openai.com/gptbot)"
74.7.242.32 - - [16/Dec/2025:21:21:41 +0800] "GET /search.php?30hxkp15540.html HTTP/1.1" 200 140636 "-" "Mozilla/5.0 AppleWebKit/537.36 (KHTML, like Gecko; compatible; GPTBot/1.3; +https://openai.com/gptbot)"
157.55.39.11 - - [16/Dec/2025:21:21:41 +0800] "GET /?shopdetail/NjI3NTM1Nw HTTP/1.1" 200 177571 "-" "Mozilla/5.0 AppleWebKit/537.36 (KHTML, like Gecko; compatible; bingbot/2.0; +http://www.bing.com/bingbot.htm) Chrome/116.0.1938.76 Safari/537.36"
74.7.242.32 - - [16/Dec/2025:21:21:41 +0800] "GET /search.php?q-~111HOR8fShndT0uFd77EbR24w8Eyl6FHo23868/ HTTP/1.1" 200 145293 "-" "Mozilla/5.0 AppleWebKit/537.36 (KHTML, like Gecko; compatible; GPTBot/1.3; +https://openai.com/gptbot)"
157.55.39.11 - - [16/Dec/2025:21:21:42 +0800] "GET /?shopdetail/MzYzOTQ1Nw HTTP/1.1" 200 136413 "-" "Mozilla/5.0 AppleWebKit/537.36 (KHTML, like Gecko; compatible; bingbot/2.0; +http://www.bing.com/bingbot.htm) Chrome/116.0.1938.76 Safari/537.36"
74.7.242.32 - - [16/Dec/2025:21:21:42 +0800] "GET /search.php?_bd_prev_page=https://class.bf1.my/detail.do?161iqz1825.html&_bdsid=e8edj2.n~BUODK.171657308.176571313&_gz=2.198110775.194159345.177128665-869673475.163667671 HTTP/1.1" 200 151827 "-" "Mozilla/5.0 AppleWebKit/537.36 (KHTML, like Gecko; compatible; GPTBot/1.3; +https://openai.com/gptbot)"
74.7.242.32 - - [16/Dec/2025:21:21:42 +0800] "GET /search.php?q-~196xbP5h21hbMRITcSTkvFWAnnfnhHrOU2173/ HTTP/1.1" 200 143761 "-" "Mozilla/5.0 AppleWebKit/537.36 (KHTML, like Gecko; compatible; GPTBot/1.3; +https://openai.com/gptbot)"
74.7.242.32 - - [16/Dec/2025:21:21:43 +0800] "GET /search.php?12uot42946.html HTTP/1.1" 200 146417 "-" "Mozilla/5.0 AppleWebKit/537.36 (KHTML, like Gecko; compatible; GPTBot/1.3; +https://openai.com/gptbot)"
74.7.242.32 - - [16/Dec/2025:21:21:44 +0800] "GET /search.php?266dcw1856.html HTTP/1.1" 200 146569 "-" "Mozilla/5.0 AppleWebKit/537.36 (KHTML, like Gecko; compatible; GPTBot/1.3; +https://openai.com/gptbot)"
74.7.242.32 - - [16/Dec/2025:21:21:45 +0800] "GET /search.php?q-~13FTmjkVwqJTN8cMhsmUTR6JSWaaVi7Z15462/ HTTP/1.1" 200 158428 "-" "Mozilla/5.0 AppleWebKit/537.36 (KHTML, like Gecko; compatible; GPTBot/1.3; +https://openai.com/gptbot)"
74.7.242.32 - - [16/Dec/2025:21:21:45 +0800] "GET /search.php?179boiq48829.html HTTP/1.1" 200 145857 "-" "Mozilla/5.0 AppleWebKit/537.36 (KHTML, like Gecko; compatible; GPTBot/1.3; +https://openai.com/gptbot)"
74.7.242.32 - - [16/Dec/2025:21:21:46 +0800] "GET /search.php?_bd_prev_page=https://class.bf1.my/detail.do?29orvyp32315.html&_bdsid=e8edj2.n~BUODK.171657308.176571313&_gz=2.198110775.194159345.177128665-869673475.163667671 HTTP/1.1" 200 142686 "-" "Mozilla/5.0 AppleWebKit/537.36 (KHTML, like Gecko; compatible; GPTBot/1.3; +https://openai.com/gptbot)"
74.7.242.32 - - [16/Dec/2025:21:21:47 +0800] "GET /search.php?246dvt4400.html HTTP/1.1" 200 145128 "-" "Mozilla/5.0 AppleWebKit/537.36 (KHTML, like Gecko; compatible; GPTBot/1.3; +https://openai.com/gptbot)"
74.7.242.32 - - [16/Dec/2025:21:21:47 +0800] "GET /search.php?22vru16558.html HTTP/1.1" 200 150897 "-" "Mozilla/5.0 AppleWebKit/537.36 (KHTML, like Gecko; compatible; GPTBot/1.3; +https://openai.com/gptbot)"
74.7.242.32 - - [16/Dec/2025:21:21:48 +0800] "GET /search.php?_bd_prev_page=https://class.bf1.my/detail.do?190gxtix44606.html&_bdsid=e8edj2.n~BUODK.171657308.176571313&_gz=2.198110775.194159345.177128665-869673475.163667671 HTTP/1.1" 200 141353 "-" "Mozilla/5.0 AppleWebKit/537.36 (KHTML, like Gecko; compatible; GPTBot/1.3; +https://openai.com/gptbot)"
74.7.242.32 - - [16/Dec/2025:21:21:48 +0800] "GET /search.php?_bd_prev_page=https://class.bf1.my/detail.do?92mzxvz12658.html&_bdsid=e8edj2.n~BUODK.171657308.176571313&_gz=2.198110775.194159345.177128665-869673475.163667671 HTTP/1.1" 200 141041 "-" "Mozilla/5.0 AppleWebKit/537.36 (KHTML, like Gecko; compatible; GPTBot/1.3; +https://openai.com/gptbot)"
74.7.242.32 - - [16/Dec/2025:21:21:49 +0800] "GET /search.php?_bd_prev_page=https://class.bf1.my/detail.do?208okbsz25508.html&_bdsid=e8edj2.n~BUODK.171657308.176571313&_gz=2.198110775.194159345.177128665-869673475.163667671 HTTP/1.1" 200 149954 "-" "Mozilla/5.0 AppleWebKit/537.36 (KHTML, like Gecko; compatible; GPTBot/1.3; +https://openai.com/gptbot)"
74.7.242.32 - - [16/Dec/2025:21:21:50 +0800] "GET /search.php?q-~106iXHGI3PnmGM49222PZKvJS4XBwTi4J5231/ HTTP/1.1" 200 142429 "-" "Mozilla/5.0 AppleWebKit/537.36 (KHTML, like Gecko; compatible; GPTBot/1.3; +https://openai.com/gptbot)"
74.7.242.32 - - [16/Dec/2025:21:21:50 +0800] "GET /search.php?229ykpc2413.html HTTP/1.1" 200 149892 "-" "Mozilla/5.0 AppleWebKit/537.36 (KHTML, like Gecko; compatible; GPTBot/1.3; +https://openai.com/gptbot)"
74.7.242.32 - - [16/Dec/2025:21:21:51 +0800] "GET /search.php?q-~111Rz9xh15Rf2SjQ8cNy1nqPseEfT74hw8618/ HTTP/1.1" 200 140998 "-" "Mozilla/5.0 AppleWebKit/537.36 (KHTML, like Gecko; compatible; GPTBot/1.3; +https://openai.com/gptbot)"
74.7.242.32 - - [16/Dec/2025:21:21:52 +0800] "GET /search.php?_bd_prev_page=https://class.bf1.my/detail.do?87juj41763.html&_bdsid=e8edj2.n~BUODK.171657308.176571313&_gz=2.198110775.194159345.177128665-869673475.163667671 HTTP/1.1" 200 155399 "-" "Mozilla/5.0 AppleWebKit/537.36 (KHTML, like Gecko; compatible; GPTBot/1.3; +https://openai.com/gptbot)"
74.7.242.32 - - [16/Dec/2025:21:21:53 +0800] "GET /search.php?q-~280ODIQPU3A9989tTYUcGjkZJ7k6TA2Xl7333/ HTTP/1.1" 200 144776 "-" "Mozilla/5.0 AppleWebKit/537.36 (KHTML, like Gecko; compatible; GPTBot/1.3; +https://openai.com/gptbot)"
74.7.242.32 - - [16/Dec/2025:21:21:53 +0800] "GET /search.php?_bd_prev_page=https://class.bf1.my/detail.do?184gee26508.html&_bdsid=e8edj2.n~BUODK.171657308.176571313&_gz=2.198110775.194159345.177128665-869673475.163667671 HTTP/1.1" 200 149768 "-" "Mozilla/5.0 AppleWebKit/537.36 (KHTML, like Gecko; compatible; GPTBot/1.3; +https://openai.com/gptbot)"
74.7.242.32 - - [16/Dec/2025:21:21:55 +0800] "GET /search.php?178dycf40924.html HTTP/1.1" 200 145037 "-" "Mozilla/5.0 AppleWebKit/537.36 (KHTML, like Gecko; compatible; GPTBot/1.3; +https://openai.com/gptbot)"
74.7.242.32 - - [16/Dec/2025:21:22:03 +0800] "GET /search.php?279bdio10643.html HTTP/1.1" 200 150088 "-" "Mozilla/5.0 AppleWebKit/537.36 (KHTML, like Gecko; compatible; GPTBot/1.3; +https://openai.com/gptbot)"
74.7.242.32 - - [16/Dec/2025:21:22:04 +0800] "GET /search.php?277hqsa19219.html HTTP/1.1" 200 146131 "-" "Mozilla/5.0 AppleWebKit/537.36 (KHTML, like Gecko; compatible; GPTBot/1.3; +https://openai.com/gptbot)"
74.7.242.32 - - [16/Dec/2025:21:22:05 +0800] "GET /search.php?_bd_prev_page=https://class.bf1.my/detail.do?238ycqr1142.html&_bdsid=e8edj2.n~BUODK.171657308.176571313&_gz=2.198110775.194159345.177128665-869673475.163667671 HTTP/1.1" 200 144200 "-" "Mozilla/5.0 AppleWebKit/537.36 (KHTML, like Gecko; compatible; GPTBot/1.3; +https://openai.com/gptbot)"
40.77.167.77 - - [16/Dec/2025:21:22:06 +0800] "GET /?shopdetail/MzQwNDkxMw HTTP/1.1" 200 153400 "-" "Mozilla/5.0 AppleWebKit/537.36 (KHTML, like Gecko; compatible; bingbot/2.0; +http://www.bing.com/bingbot.htm) Chrome/116.0.1938.76 Safari/537.36"
74.7.242.32 - - [16/Dec/2025:21:22:06 +0800] "GET /search.php?_bd_prev_page=https://class.bf1.my/detail.do?246dvt4400.html&_bdsid=e8edj2.n~BUODK.171657308.176571313&_gz=2.198110775.194159345.177128665-869673475.163667671 HTTP/1.1" 200 143325 "-" "Mozilla/5.0 AppleWebKit/537.36 (KHTML, like Gecko; compatible; GPTBot/1.3; +https://openai.com/gptbot)"
74.7.242.32 - - [16/Dec/2025:21:22:06 +0800] "GET /search.php?18lhvg16876.html HTTP/1.1" 200 144689 "-" "Mozilla/5.0 AppleWebKit/537.36 (KHTML, like Gecko; compatible; GPTBot/1.3; +https://openai.com/gptbot)"
74.7.242.32 - - [16/Dec/2025:21:22:07 +0800] "GET /search.php?43zjm22661.html HTTP/1.1" 200 148226 "-" "Mozilla/5.0 AppleWebKit/537.36 (KHTML, like Gecko; compatible; GPTBot/1.3; +https://openai.com/gptbot)"
74.7.242.32 - - [16/Dec/2025:21:22:08 +0800] "GET /search.php?q-~98UIwmgjb9fugywFLmkFI8EtTbhev7sq19383/ HTTP/1.1" 200 145954 "-" "Mozilla/5.0 AppleWebKit/537.36 (KHTML, like Gecko; compatible; GPTBot/1.3; +https://openai.com/gptbot)"
74.7.242.32 - - [16/Dec/2025:21:22:09 +0800] "GET /search.php?_bd_prev_page=https://class.bf1.my/detail.do?122sejtx8582.html&_bdsid=e8edj2.n~BUODK.171657308.176571313&_gz=2.198110775.194159345.177128665-869673475.163667671 HTTP/1.1" 200 143346 "-" "Mozilla/5.0 AppleWebKit/537.36 (KHTML, like Gecko; compatible; GPTBot/1.3; +https://openai.com/gptbot)"
74.7.242.32 - - [16/Dec/2025:21:22:10 +0800] "GET /search.php?q-~156Aq15Luxgi3E9Q6AYOjA2y5vhoIkH8M33345/ HTTP/1.1" 200 141267 "-" "Mozilla/5.0 AppleWebKit/537.36 (KHTML, like Gecko; compatible; GPTBot/1.3; +https://openai.com/gptbot)"
157.55.39.11 - - [16/Dec/2025:21:22:10 +0800] "GET /?shopdetail/MjYzMDM2MA HTTP/1.1" 200 144518 "-" "Mozilla/5.0 AppleWebKit/537.36 (KHTML, like Gecko; compatible; bingbot/2.0; +http://www.bing.com/bingbot.htm) Chrome/116.0.1938.76 Safari/537.36"
74.7.242.32 - - [16/Dec/2025:21:22:10 +0800] "GET /search.php?nishiyastudio-1000000025836 HTTP/1.1" 200 160548 "-" "Mozilla/5.0 AppleWebKit/537.36 (KHTML, like Gecko; compatible; GPTBot/1.3; +https://openai.com/gptbot)"
157.55.39.11 - - [16/Dec/2025:21:22:11 +0800] "GET /?shopdetail/Mzg2NDQwMg HTTP/1.1" 200 140531 "-" "Mozilla/5.0 AppleWebKit/537.36 (KHTML, like Gecko; compatible; bingbot/2.0; +http://www.bing.com/bingbot.htm) Chrome/116.0.1938.76 Safari/537.36"
74.7.242.32 - - [16/Dec/2025:21:22:11 +0800] "GET /search.php?q-~13j99042HHWxAzsx87Ud2Fr3p7R7WnqI14388/ HTTP/1.1" 200 151866 "-" "Mozilla/5.0 AppleWebKit/537.36 (KHTML, like Gecko; compatible; GPTBot/1.3; +https://openai.com/gptbot)"
74.7.242.32 - - [16/Dec/2025:21:22:12 +0800] "GET /search.php?273wdsbn18843.html HTTP/1.1" 200 143505 "-" "Mozilla/5.0 AppleWebKit/537.36 (KHTML, like Gecko; compatible; GPTBot/1.3; +https://openai.com/gptbot)"
74.7.242.32 - - [16/Dec/2025:21:22:13 +0800] "GET /search.php?17rdt12235.html HTTP/1.1" 200 143140 "-" "Mozilla/5.0 AppleWebKit/537.36 (KHTML, like Gecko; compatible; GPTBot/1.3; +https://openai.com/gptbot)"
74.7.242.32 - - [16/Dec/2025:21:22:14 +0800] "GET /search.php?267yxj9699.html HTTP/1.1" 200 150843 "-" "Mozilla/5.0 AppleWebKit/537.36 (KHTML, like Gecko; compatible; GPTBot/1.3; +https://openai.com/gptbot)"
74.7.242.32 - - [16/Dec/2025:21:22:14 +0800] "GET /search.php?1119500074 HTTP/1.1" 200 140677 "-" "Mozilla/5.0 AppleWebKit/537.36 (KHTML, like Gecko; compatible; GPTBot/1.3; +https://openai.com/gptbot)"
74.7.242.32 - - [16/Dec/2025:21:22:15 +0800] "GET /search.php?207unzjv27019.html HTTP/1.1" 200 144827 "-" "Mozilla/5.0 AppleWebKit/537.36 (KHTML, like Gecko; compatible; GPTBot/1.3; +https://openai.com/gptbot)"
74.7.242.32 - - [16/Dec/2025:21:22:16 +0800] "GET /search.php?227lykqd10651.html HTTP/1.1" 200 170267 "-" "Mozilla/5.0 AppleWebKit/537.36 (KHTML, like Gecko; compatible; GPTBot/1.3; +https://openai.com/gptbot)"
74.7.242.32 - - [16/Dec/2025:21:22:16 +0800] "GET /search.php?_bd_prev_page=https://class.bf1.my/detail.do?184iqsf7902.html&_bdsid=e8edj2.n~BUODK.171657308.176571313&_gz=2.198110775.194159345.177128665-869673475.163667671 HTTP/1.1" 200 150462 "-" "Mozilla/5.0 AppleWebKit/537.36 (KHTML, like Gecko; compatible; GPTBot/1.3; +https://openai.com/gptbot)"
74.7.242.32 - - [16/Dec/2025:21:22:17 +0800] "GET /search.php?_bd_prev_page=https://class.bf1.my/detail.do?184ffsk18106.html&_bdsid=e8edj2.n~BUODK.171657308.176571313&_gz=2.198110775.194159345.177128665-869673475.163667671 HTTP/1.1" 200 143951 "-" "Mozilla/5.0 AppleWebKit/537.36 (KHTML, like Gecko; compatible; GPTBot/1.3; +https://openai.com/gptbot)"
74.7.242.32 - - [16/Dec/2025:21:22:18 +0800] "GET /search.php?q-~30wvbg1pimO3SrAMnFvUk7htkoeMFaap617/ HTTP/1.1" 200 159556 "-" "Mozilla/5.0 AppleWebKit/537.36 (KHTML, like Gecko; compatible; GPTBot/1.3; +https://openai.com/gptbot)"
74.7.242.32 - - [16/Dec/2025:21:22:18 +0800] "GET /search.php?q-~85jVkjRPibOKAtnguYBw0yx3Zhr6WYxs11960/ HTTP/1.1" 200 143703 "-" "Mozilla/5.0 AppleWebKit/537.36 (KHTML, like Gecko; compatible; GPTBot/1.3; +https://openai.com/gptbot)"
74.7.242.32 - - [16/Dec/2025:21:22:19 +0800] "GET /search.php?_bd_prev_page=https://class.bf1.my/detail.do?273wdsbn18843.html&_bdsid=e8edj2.n~BUODK.171657308.176571313&_gz=2.198110775.194159345.177128665-869673475.163667671 HTTP/1.1" 200 142243 "-" "Mozilla/5.0 AppleWebKit/537.36 (KHTML, like Gecko; compatible; GPTBot/1.3; +https://openai.com/gptbot)"
74.7.242.32 - - [16/Dec/2025:21:22:20 +0800] "GET /search.php?q-~81iNnuCyyrZl3aCBiJDBNoRSCV21tqsL25496/ HTTP/1.1" 200 141291 "-" "Mozilla/5.0 AppleWebKit/537.36 (KHTML, like Gecko; compatible; GPTBot/1.3; +https://openai.com/gptbot)"
74.7.242.32 - - [16/Dec/2025:21:22:20 +0800] "GET /search.php?_bd_prev_page=https://class.bf1.my/detail.do?78umrd31812.html&_bdsid=e8edj2.n~BUODK.171657308.176571313&_gz=2.198110775.194159345.177128665-869673475.163667671 HTTP/1.1" 200 150460 "-" "Mozilla/5.0 AppleWebKit/537.36 (KHTML, like Gecko; compatible; GPTBot/1.3; +https://openai.com/gptbot)"
74.7.242.32 - - [16/Dec/2025:21:22:21 +0800] "GET /search.php?_bd_prev_page=https://class.bf1.my/detail.do?133smdi28821.html&_bdsid=e8edj2.n~BUODK.171657308.176571313&_gz=2.198110775.194159345.177128665-869673475.163667671 HTTP/1.1" 200 140797 "-" "Mozilla/5.0 AppleWebKit/537.36 (KHTML, like Gecko; compatible; GPTBot/1.3; +https://openai.com/gptbot)"
74.7.242.32 - - [16/Dec/2025:21:22:22 +0800] "GET /search.php?q-~209HtQ7CEeihnPEmCDNXveoqZ14bxhkfk9970/ HTTP/1.1" 200 153407 "-" "Mozilla/5.0 AppleWebKit/537.36 (KHTML, like Gecko; compatible; GPTBot/1.3; +https://openai.com/gptbot)"
74.7.242.32 - - [16/Dec/2025:21:22:22 +0800] "GET /search.php?291shyhp41597.html HTTP/1.1" 200 145228 "-" "Mozilla/5.0 AppleWebKit/537.36 (KHTML, like Gecko; compatible; GPTBot/1.3; +https://openai.com/gptbot)"
74.7.242.32 - - [16/Dec/2025:21:22:23 +0800] "GET /search.php?297ktlkx20209.html HTTP/1.1" 200 143163 "-" "Mozilla/5.0 AppleWebKit/537.36 (KHTML, like Gecko; compatible; GPTBot/1.3; +https://openai.com/gptbot)"
74.7.242.32 - - [16/Dec/2025:21:22:24 +0800] "GET /search.php?40yhds10834.html HTTP/1.1" 200 142601 "-" "Mozilla/5.0 AppleWebKit/537.36 (KHTML, like Gecko; compatible; GPTBot/1.3; +https://openai.com/gptbot)"
74.7.242.32 - - [16/Dec/2025:21:22:24 +0800] "GET /search.php?q-~73CZecvCrg1FrkgYbuxWHy5qPOlwkb4l16928/ HTTP/1.1" 200 152810 "-" "Mozilla/5.0 AppleWebKit/537.36 (KHTML, like Gecko; compatible; GPTBot/1.3; +https://openai.com/gptbot)"
74.7.242.32 - - [16/Dec/2025:21:22:25 +0800] "GET /search.php?198yrv5000.html HTTP/1.1" 200 176508 "-" "Mozilla/5.0 AppleWebKit/537.36 (KHTML, like Gecko; compatible; GPTBot/1.3; +https://openai.com/gptbot)"
74.7.242.32 - - [16/Dec/2025:21:22:26 +0800] "GET /search.php?266nrhw2196.html HTTP/1.1" 200 143673 "-" "Mozilla/5.0 AppleWebKit/537.36 (KHTML, like Gecko; compatible; GPTBot/1.3; +https://openai.com/gptbot)"
74.7.242.32 - - [16/Dec/2025:21:22:26 +0800] "GET /search.php?14txra26112.html HTTP/1.1" 200 144878 "-" "Mozilla/5.0 AppleWebKit/537.36 (KHTML, like Gecko; compatible; GPTBot/1.3; +https://openai.com/gptbot)"
74.7.242.32 - - [16/Dec/2025:21:22:27 +0800] "GET /search.php?34nzc12162.html HTTP/1.1" 200 142986 "-" "Mozilla/5.0 AppleWebKit/537.36 (KHTML, like Gecko; compatible; GPTBot/1.3; +https://openai.com/gptbot)"
74.7.242.32 - - [16/Dec/2025:21:22:28 +0800] "GET /search.php?47tsk30541.html HTTP/1.1" 200 144686 "-" "Mozilla/5.0 AppleWebKit/537.36 (KHTML, like Gecko; compatible; GPTBot/1.3; +https://openai.com/gptbot)"
74.7.242.32 - - [16/Dec/2025:21:22:29 +0800] "GET /search.php?151rkqwr39511.html HTTP/1.1" 200 142877 "-" "Mozilla/5.0 AppleWebKit/537.36 (KHTML, like Gecko; compatible; GPTBot/1.3; +https://openai.com/gptbot)"
74.7.242.32 - - [16/Dec/2025:21:22:29 +0800] "GET /search.php?296juuqe21540.html HTTP/1.1" 200 143279 "-" "Mozilla/5.0 AppleWebKit/537.36 (KHTML, like Gecko; compatible; GPTBot/1.3; +https://openai.com/gptbot)"
74.7.242.32 - - [16/Dec/2025:21:22:30 +0800] "GET /search.php?156gwnu10944.html HTTP/1.1" 200 142935 "-" "Mozilla/5.0 AppleWebKit/537.36 (KHTML, like Gecko; compatible; GPTBot/1.3; +https://openai.com/gptbot)"
74.7.242.32 - - [16/Dec/2025:21:22:31 +0800] "GET /search.php?277uod5215.html HTTP/1.1" 200 145180 "-" "Mozilla/5.0 AppleWebKit/537.36 (KHTML, like Gecko; compatible; GPTBot/1.3; +https://openai.com/gptbot)"
74.7.242.32 - - [16/Dec/2025:21:22:32 +0800] "GET /search.php?auc-jetrag-bddfa7ef743ba827 HTTP/1.1" 200 152755 "-" "Mozilla/5.0 AppleWebKit/537.36 (KHTML, like Gecko; compatible; GPTBot/1.3; +https://openai.com/gptbot)"
74.7.242.32 - - [16/Dec/2025:21:22:33 +0800] "GET /search.php?_bd_prev_page=https://class.bf1.my/detail.do?78ufh7854.html&_bdsid=e8edj2.n~BUODK.171657308.176571313&_gz=2.198110775.194159345.177128665-869673475.163667671 HTTP/1.1" 200 140494 "-" "Mozilla/5.0 AppleWebKit/537.36 (KHTML, like Gecko; compatible; GPTBot/1.3; +https://openai.com/gptbot)"
74.7.242.32 - - [16/Dec/2025:21:22:34 +0800] "GET /search.php?_bd_prev_page=https://class.bf1.my/detail.do?162sdt20054.html&_bdsid=e8edj2.n~BUODK.171657308.176571313&_gz=2.198110775.194159345.177128665-869673475.163667671 HTTP/1.1" 200 169479 "-" "Mozilla/5.0 AppleWebKit/537.36 (KHTML, like Gecko; compatible; GPTBot/1.3; +https://openai.com/gptbot)"
74.7.242.32 - - [16/Dec/2025:21:22:35 +0800] "GET /search.php?q-~254ZhPhYlBflE9dijvJDrijp7K5AwoXDO1007/ HTTP/1.1" 200 157555 "-" "Mozilla/5.0 AppleWebKit/537.36 (KHTML, like Gecko; compatible; GPTBot/1.3; +https://openai.com/gptbot)"
74.7.242.32 - - [16/Dec/2025:21:22:36 +0800] "GET /search.php?_bd_prev_page=https://class.bf1.my/detail.do?137cqswu30975.html&_bdsid=e8edj2.n~BUODK.171657308.176571313&_gz=2.198110775.194159345.177128665-869673475.163667671 HTTP/1.1" 200 143834 "-" "Mozilla/5.0 AppleWebKit/537.36 (KHTML, like Gecko; compatible; GPTBot/1.3; +https://openai.com/gptbot)"
74.7.242.32 - - [16/Dec/2025:21:22:37 +0800] "GET /search.php?215htlsd32985.html HTTP/1.1" 200 161779 "-" "Mozilla/5.0 AppleWebKit/537.36 (KHTML, like Gecko; compatible; GPTBot/1.3; +https://openai.com/gptbot)"
74.7.242.32 - - [16/Dec/2025:21:22:37 +0800] "GET /search.php?q-~258MjT7TyZyV8PGTMDgJqMU4bBjOvzvhX8157/ HTTP/1.1" 200 160994 "-" "Mozilla/5.0 AppleWebKit/537.36 (KHTML, like Gecko; compatible; GPTBot/1.3; +https://openai.com/gptbot)"
74.7.242.32 - - [16/Dec/2025:21:22:38 +0800] "GET /search.php?_bd_prev_page=https://class.bf1.my/detail.do?151rkqwr39511.html&_bdsid=e8edj2.n~BUODK.171657308.176571313&_gz=2.198110775.194159345.177128665-869673475.163667671 HTTP/1.1" 200 142095 "-" "Mozilla/5.0 AppleWebKit/537.36 (KHTML, like Gecko; compatible; GPTBot/1.3; +https://openai.com/gptbot)"
74.7.242.32 - - [16/Dec/2025:21:22:39 +0800] "GET /search.php?_bd_prev_page=https://class.bf1.my/detail.do?287etjr17617.html&_bdsid=e8edj2.n~BUODK.171657308.176571313&_gz=2.198110775.194159345.177128665-869673475.163667671 HTTP/1.1" 200 148739 "-" "Mozilla/5.0 AppleWebKit/537.36 (KHTML, like Gecko; compatible; GPTBot/1.3; +https://openai.com/gptbot)"
74.7.242.32 - - [16/Dec/2025:21:22:40 +0800] "GET /search.php?33obg12369.html HTTP/1.1" 200 144401 "-" "Mozilla/5.0 AppleWebKit/537.36 (KHTML, like Gecko; compatible; GPTBot/1.3; +https://openai.com/gptbot)"
74.7.242.32 - - [16/Dec/2025:21:22:41 +0800] "GET /search.php?117lanwd41775.html HTTP/1.1" 200 142992 "-" "Mozilla/5.0 AppleWebKit/537.36 (KHTML, like Gecko; compatible; GPTBot/1.3; +https://openai.com/gptbot)"
157.55.39.11 - - [16/Dec/2025:21:22:41 +0800] "GET /?shopdetail/NTQ0Mjg2OQ HTTP/1.1" 200 154427 "-" "Mozilla/5.0 AppleWebKit/537.36 (KHTML, like Gecko; compatible; bingbot/2.0; +http://www.bing.com/bingbot.htm) Chrome/116.0.1938.76 Safari/537.36"
74.7.242.32 - - [16/Dec/2025:21:22:41 +0800] "GET /search.php?70apd33016.html HTTP/1.1" 200 144442 "-" "Mozilla/5.0 AppleWebKit/537.36 (KHTML, like Gecko; compatible; GPTBot/1.3; +https://openai.com/gptbot)"
157.55.39.11 - - [16/Dec/2025:21:22:42 +0800] "GET /?shopdetail/NTE1NjE2NA HTTP/1.1" 200 146202 "-" "Mozilla/5.0 AppleWebKit/537.36 (KHTML, like Gecko; compatible; bingbot/2.0; +http://www.bing.com/bingbot.htm) Chrome/116.0.1938.76 Safari/537.36"
74.7.242.32 - - [16/Dec/2025:21:22:42 +0800] "GET /search.php?78ufh7854.html HTTP/1.1" 200 141560 "-" "Mozilla/5.0 AppleWebKit/537.36 (KHTML, like Gecko; compatible; GPTBot/1.3; +https://openai.com/gptbot)"
74.7.242.32 - - [16/Dec/2025:21:22:43 +0800] "GET /search.php?167kvaqs45723.html HTTP/1.1" 200 145184 "-" "Mozilla/5.0 AppleWebKit/537.36 (KHTML, like Gecko; compatible; GPTBot/1.3; +https://openai.com/gptbot)"
74.7.242.32 - - [16/Dec/2025:21:22:43 +0800] "GET /search.php?291vqdo40413.html HTTP/1.1" 200 150631 "-" "Mozilla/5.0 AppleWebKit/537.36 (KHTML, like Gecko; compatible; GPTBot/1.3; +https://openai.com/gptbot)"
74.7.242.32 - - [16/Dec/2025:21:22:44 +0800] "GET /search.php?category/2852_33570/1/listing HTTP/1.1" 200 151450 "-" "Mozilla/5.0 AppleWebKit/537.36 (KHTML, like Gecko; compatible; GPTBot/1.3; +https://openai.com/gptbot)"
74.7.242.32 - - [16/Dec/2025:21:22:44 +0800] "GET /search.php?q-~82rbRyc2nTMSrnGiPtlZUx3iRM8BmWIf46919/ HTTP/1.1" 200 140413 "-" "Mozilla/5.0 AppleWebKit/537.36 (KHTML, like Gecko; compatible; GPTBot/1.3; +https://openai.com/gptbot)"
74.7.242.32 - - [16/Dec/2025:21:22:45 +0800] "GET /search.php?q-~11CBMtYH0utZffbl25mBIqvYVKrLxXbB43124/ HTTP/1.1" 200 142434 "-" "Mozilla/5.0 AppleWebKit/537.36 (KHTML, like Gecko; compatible; GPTBot/1.3; +https://openai.com/gptbot)"
52.167.144.169 - - [16/Dec/2025:21:22:45 +0800] "GET /?shopdetail/NjI2NTc0MA HTTP/1.1" 200 140299 "-" "Mozilla/5.0 AppleWebKit/537.36 (KHTML, like Gecko; compatible; bingbot/2.0; +http://www.bing.com/bingbot.htm) Chrome/116.0.1938.76 Safari/537.36"
74.7.242.32 - - [16/Dec/2025:21:22:46 +0800] "GET /search.php?SEGB0819D-N06002DU93612 HTTP/1.1" 200 157309 "-" "Mozilla/5.0 AppleWebKit/537.36 (KHTML, like Gecko; compatible; GPTBot/1.3; +https://openai.com/gptbot)"
40.77.167.77 - - [16/Dec/2025:21:22:46 +0800] "GET /?shopdetail/MzA2MTkxNQ HTTP/1.1" 200 138074 "-" "Mozilla/5.0 AppleWebKit/537.36 (KHTML, like Gecko; compatible; bingbot/2.0; +http://www.bing.com/bingbot.htm) Chrome/116.0.1938.76 Safari/537.36"
74.7.242.32 - - [16/Dec/2025:21:22:46 +0800] "GET /search.php?q-~182Qz8GguiRqKgW2VUAgxyhwGh2ekQJyX3443/ HTTP/1.1" 200 142253 "-" "Mozilla/5.0 AppleWebKit/537.36 (KHTML, like Gecko; compatible; GPTBot/1.3; +https://openai.com/gptbot)"
74.7.242.32 - - [16/Dec/2025:21:22:47 +0800] "GET /search.php?214vfo8428.html HTTP/1.1" 200 143691 "-" "Mozilla/5.0 AppleWebKit/537.36 (KHTML, like Gecko; compatible; GPTBot/1.3; +https://openai.com/gptbot)"
74.7.242.32 - - [16/Dec/2025:21:22:47 +0800] "GET /search.php?q-~169Pv7wBw73awPpzTjqBOJZVPQuSgmzxI32444/ HTTP/1.1" 200 153523 "-" "Mozilla/5.0 AppleWebKit/537.36 (KHTML, like Gecko; compatible; GPTBot/1.3; +https://openai.com/gptbot)"
74.7.242.32 - - [16/Dec/2025:21:22:48 +0800] "GET /search.php?196iyyvo43546.html HTTP/1.1" 200 142342 "-" "Mozilla/5.0 AppleWebKit/537.36 (KHTML, like Gecko; compatible; GPTBot/1.3; +https://openai.com/gptbot)"
74.7.242.32 - - [16/Dec/2025:21:22:48 +0800] "GET /search.php?_bd_prev_page=https://class.bf1.my/detail.do?59aqh17937.html&_bdsid=e8edj2.n~BUODK.171657308.176571313&_gz=2.198110775.194159345.177128665-869673475.163667671 HTTP/1.1" 200 147005 "-" "Mozilla/5.0 AppleWebKit/537.36 (KHTML, like Gecko; compatible; GPTBot/1.3; +https://openai.com/gptbot)"
74.7.242.32 - - [16/Dec/2025:21:22:49 +0800] "GET /search.php?_bd_prev_page=https://class.bf1.my/detail.do?108qsle28010.html&_bdsid=e8edj2.n~BUODK.171657308.176571313&_gz=2.198110775.194159345.177128665-869673475.163667671 HTTP/1.1" 200 147638 "-" "Mozilla/5.0 AppleWebKit/537.36 (KHTML, like Gecko; compatible; GPTBot/1.3; +https://openai.com/gptbot)"
74.7.242.32 - - [16/Dec/2025:21:22:50 +0800] "GET /search.php?_bd_prev_page=https://class.bf1.my/detail.do?277uod5215.html&_bdsid=e8edj2.n~BUODK.171657308.176571313&_gz=2.198110775.194159345.177128665-869673475.163667671 HTTP/1.1" 200 144387 "-" "Mozilla/5.0 AppleWebKit/537.36 (KHTML, like Gecko; compatible; GPTBot/1.3; +https://openai.com/gptbot)"
157.55.39.11 - - [16/Dec/2025:21:22:50 +0800] "GET /?shopdetail/NDUwMjI0Mg HTTP/1.1" 200 136588 "-" "Mozilla/5.0 AppleWebKit/537.36 (KHTML, like Gecko; compatible; bingbot/2.0; +http://www.bing.com/bingbot.htm) Chrome/116.0.1938.76 Safari/537.36"
74.7.242.32 - - [16/Dec/2025:21:22:50 +0800] "GET /search.php?q-~40YiLrLhSmzfp0BMFRsxFCjV08HHDdCF44525/ HTTP/1.1" 200 142616 "-" "Mozilla/5.0 AppleWebKit/537.36 (KHTML, like Gecko; compatible; GPTBot/1.3; +https://openai.com/gptbot)"
74.7.242.32 - - [16/Dec/2025:21:22:51 +0800] "GET /search.php?_bd_prev_page=https://class.bf1.my/detail.do?99xmxe11025.html&_bdsid=e8edj2.n~BUODK.171657308.176571313&_gz=2.198110775.194159345.177128665-869673475.163667671 HTTP/1.1" 200 149516 "-" "Mozilla/5.0 AppleWebKit/537.36 (KHTML, like Gecko; compatible; GPTBot/1.3; +https://openai.com/gptbot)"
74.7.242.32 - - [16/Dec/2025:21:22:51 +0800] "GET /search.php?29whie42189.html HTTP/1.1" 200 150534 "-" "Mozilla/5.0 AppleWebKit/537.36 (KHTML, like Gecko; compatible; GPTBot/1.3; +https://openai.com/gptbot)"
74.7.242.32 - - [16/Dec/2025:21:22:52 +0800] "GET /search.php?72ugo42086.html HTTP/1.1" 200 146684 "-" "Mozilla/5.0 AppleWebKit/537.36 (KHTML, like Gecko; compatible; GPTBot/1.3; +https://openai.com/gptbot)"
74.7.242.32 - - [16/Dec/2025:21:22:52 +0800] "GET /search.php?69pem16109.html HTTP/1.1" 200 141277 "-" "Mozilla/5.0 AppleWebKit/537.36 (KHTML, like Gecko; compatible; GPTBot/1.3; +https://openai.com/gptbot)"
74.7.242.32 - - [16/Dec/2025:21:22:53 +0800] "GET /search.php?_bd_prev_page=https://class.bf1.my/detail.do?235aaxd40345.html&_bdsid=e8edj2.n~BUODK.171657308.176571313&_gz=2.198110775.194159345.177128665-869673475.163667671 HTTP/1.1" 200 140247 "-" "Mozilla/5.0 AppleWebKit/537.36 (KHTML, like Gecko; compatible; GPTBot/1.3; +https://openai.com/gptbot)"
74.7.242.32 - - [16/Dec/2025:21:22:53 +0800] "GET /search.php?_bd_prev_page=https://class.bf1.my/detail.do?156hwp39334.html&_bdsid=e8edj2.n~BUODK.171657308.176571313&_gz=2.198110775.194159345.177128665-869673475.163667671 HTTP/1.1" 200 149834 "-" "Mozilla/5.0 AppleWebKit/537.36 (KHTML, like Gecko; compatible; GPTBot/1.3; +https://openai.com/gptbot)"
74.7.242.32 - - [16/Dec/2025:21:22:54 +0800] "GET /search.php?59aqh17937.html HTTP/1.1" 200 148334 "-" "Mozilla/5.0 AppleWebKit/537.36 (KHTML, like Gecko; compatible; GPTBot/1.3; +https://openai.com/gptbot)"
52.167.144.210 - - [16/Dec/2025:21:22:55 +0800] "GET /?shopdetail/NTc3NTA1Ng HTTP/1.1" 200 170408 "-" "Mozilla/5.0 AppleWebKit/537.36 (KHTML, like Gecko; compatible; bingbot/2.0; +http://www.bing.com/bingbot.htm) Chrome/116.0.1938.76 Safari/537.36"
74.7.242.32 - - [16/Dec/2025:21:22:55 +0800] "GET /search.php?_bd_prev_page=https://class.bf1.my/detail.do?29kqpg7011.html&_bdsid=e8edj2.n~BUODK.171657308.176571313&_gz=2.198110775.194159345.177128665-869673475.163667671 HTTP/1.1" 200 142953 "-" "Mozilla/5.0 AppleWebKit/537.36 (KHTML, like Gecko; compatible; GPTBot/1.3; +https://openai.com/gptbot)"
74.7.242.32 - - [16/Dec/2025:21:22:56 +0800] "GET /search.php?_bd_prev_page=https://class.bf1.my/detail.do?300jbzib42652.html&_bdsid=e8edj2.n~BUODK.171657308.176571313&_gz=2.198110775.194159345.177128665-869673475.163667671 HTTP/1.1" 200 143343 "-" "Mozilla/5.0 AppleWebKit/537.36 (KHTML, like Gecko; compatible; GPTBot/1.3; +https://openai.com/gptbot)"
74.7.242.32 - - [16/Dec/2025:21:22:57 +0800] "GET /search.php?_bd_prev_page=https://class.bf1.my/detail.do?211hhij19587.html&_bdsid=e8edj2.n~BUODK.171657308.176571313&_gz=2.198110775.194159345.177128665-869673475.163667671 HTTP/1.1" 200 147447 "-" "Mozilla/5.0 AppleWebKit/537.36 (KHTML, like Gecko; compatible; GPTBot/1.3; +https://openai.com/gptbot)"
74.7.242.32 - - [16/Dec/2025:21:22:58 +0800] "GET /search.php?99xmxe11025.html HTTP/1.1" 200 151064 "-" "Mozilla/5.0 AppleWebKit/537.36 (KHTML, like Gecko; compatible; GPTBot/1.3; +https://openai.com/gptbot)"
74.7.242.32 - - [16/Dec/2025:21:22:59 +0800] "GET /search.php?_bd_prev_page=https://class.bf1.my/detail.do?166wlcl29374.html&_bdsid=e8edj2.n~BUODK.171657308.176571313&_gz=2.198110775.194159345.177128665-869673475.163667671 HTTP/1.1" 200 142658 "-" "Mozilla/5.0 AppleWebKit/537.36 (KHTML, like Gecko; compatible; GPTBot/1.3; +https://openai.com/gptbot)"
74.7.242.32 - - [16/Dec/2025:21:23:00 +0800] "GET /search.php?_bd_prev_page=https://class.bf1.my/detail.do?165bvf47817.html&_bdsid=e8edj2.n~BUODK.171657308.176571313&_gz=2.198110775.194159345.177128665-869673475.163667671 HTTP/1.1" 200 144895 "-" "Mozilla/5.0 AppleWebKit/537.36 (KHTML, like Gecko; compatible; GPTBot/1.3; +https://openai.com/gptbot)"
74.7.242.32 - - [16/Dec/2025:21:23:01 +0800] "GET /search.php?71yqpl37193.html HTTP/1.1" 200 139381 "-" "Mozilla/5.0 AppleWebKit/537.36 (KHTML, like Gecko; compatible; GPTBot/1.3; +https://openai.com/gptbot)"
74.7.242.32 - - [16/Dec/2025:21:23:01 +0800] "GET /search.php?167fgjvj38607.html HTTP/1.1" 200 151013 "-" "Mozilla/5.0 AppleWebKit/537.36 (KHTML, like Gecko; compatible; GPTBot/1.3; +https://openai.com/gptbot)"
74.7.242.32 - - [16/Dec/2025:21:23:02 +0800] "GET /search.php?q-~57KcOfme8fSCRdxX9LyNfZghAb4Oiomz34814/ HTTP/1.1" 200 152309 "-" "Mozilla/5.0 AppleWebKit/537.36 (KHTML, like Gecko; compatible; GPTBot/1.3; +https://openai.com/gptbot)"
74.7.242.32 - - [16/Dec/2025:21:23:02 +0800] "GET /search.php?q-~147fxi25cJIVIDMvoknDCEBZah2irFxxB9834/ HTTP/1.1" 200 140530 "-" "Mozilla/5.0 AppleWebKit/537.36 (KHTML, like Gecko; compatible; GPTBot/1.3; +https://openai.com/gptbot)"
74.7.242.32 - - [16/Dec/2025:21:23:03 +0800] "GET /search.php?138qyx1128.html HTTP/1.1" 200 153119 "-" "Mozilla/5.0 AppleWebKit/537.36 (KHTML, like Gecko; compatible; GPTBot/1.3; +https://openai.com/gptbot)"
