74.7.242.32 - - [16/Dec/2025:21:14:06 +0800] "GET /search.php?q-~111sWe3tvH5824tcSS7h5rHOpiTrc2ivR35392/ HTTP/1.1" 200 146990 "-" "Mozilla/5.0 AppleWebKit/537.36 (KHTML, like Gecko; compatible; GPTBot/1.3; +https://openai.com/gptbot)"
74.7.242.32 - - [16/Dec/2025:21:14:07 +0800] "GET /search.php?q-~150IjGTnCqltg2N48EYweELzJTlHnHXfK4271/ HTTP/1.1" 200 145129 "-" "Mozilla/5.0 AppleWebKit/537.36 (KHTML, like Gecko; compatible; GPTBot/1.3; +https://openai.com/gptbot)"
74.7.242.32 - - [16/Dec/2025:21:14:08 +0800] "GET /search.php?_bd_prev_page=https://class.bf1.my/detail.do?109likko26819.html&_bdsid=e8edj2.n~BUODK.171657308.176571313&_gz=2.198110775.194159345.177128665-869673475.163667671 HTTP/1.1" 200 159787 "-" "Mozilla/5.0 AppleWebKit/537.36 (KHTML, like Gecko; compatible; GPTBot/1.3; +https://openai.com/gptbot)"
74.7.242.32 - - [16/Dec/2025:21:14:08 +0800] "GET /search.php?commit1-ts-500028831-1 HTTP/1.1" 200 141875 "-" "Mozilla/5.0 AppleWebKit/537.36 (KHTML, like Gecko; compatible; GPTBot/1.3; +https://openai.com/gptbot)"
74.7.242.32 - - [16/Dec/2025:21:14:09 +0800] "GET /search.php?_bd_prev_page=https://class.bf1.my/detail.do?52ucvka48906.html&_bdsid=e8edj2.n~BUODK.171657308.176571313&_gz=2.198110775.194159345.177128665-869673475.163667671 HTTP/1.1" 200 149175 "-" "Mozilla/5.0 AppleWebKit/537.36 (KHTML, like Gecko; compatible; GPTBot/1.3; +https://openai.com/gptbot)"
74.7.242.32 - - [16/Dec/2025:21:14:10 +0800] "GET /search.php?_bd_prev_page=https://class.bf1.my/detail.do?87tjjr33257.html&_bdsid=e8edj2.n~BUODK.171657308.176571313&_gz=2.198110775.194159345.177128665-869673475.163667671 HTTP/1.1" 200 157138 "-" "Mozilla/5.0 AppleWebKit/537.36 (KHTML, like Gecko; compatible; GPTBot/1.3; +https://openai.com/gptbot)"
74.7.242.32 - - [16/Dec/2025:21:14:10 +0800] "GET /search.php?q-~244RdV2lpRv7DS88uLwxNxwC3A217PsjD7779/ HTTP/1.1" 200 143022 "-" "Mozilla/5.0 AppleWebKit/537.36 (KHTML, like Gecko; compatible; GPTBot/1.3; +https://openai.com/gptbot)"
52.167.144.202 - - [16/Dec/2025:21:14:11 +0800] "GET /?shopdetail/NTcyMzI2Ng HTTP/1.1" 200 146782 "-" "Mozilla/5.0 AppleWebKit/537.36 (KHTML, like Gecko; compatible; bingbot/2.0; +http://www.bing.com/bingbot.htm) Chrome/116.0.1938.76 Safari/537.36"
74.7.242.32 - - [16/Dec/2025:21:14:11 +0800] "GET /search.php?q-~130hx62t2h4h45cDHIN48sBwGkUxmQPVj33359/ HTTP/1.1" 200 142199 "-" "Mozilla/5.0 AppleWebKit/537.36 (KHTML, like Gecko; compatible; GPTBot/1.3; +https://openai.com/gptbot)"
74.7.242.32 - - [16/Dec/2025:21:14:12 +0800] "GET /search.php?q-~30NmgE9TsP1oM2mGz9n3S2rjDt1Pq5HT26661/ HTTP/1.1" 200 150990 "-" "Mozilla/5.0 AppleWebKit/537.36 (KHTML, like Gecko; compatible; GPTBot/1.3; +https://openai.com/gptbot)"
74.7.242.32 - - [16/Dec/2025:21:14:12 +0800] "GET /search.php?_bd_prev_page=https://class.bf1.my/detail.do?271awap4145.html&_bdsid=e8edj2.n~BUODK.171657308.176571313&_gz=2.198110775.194159345.177128665-869673475.163667671 HTTP/1.1" 200 157021 "-" "Mozilla/5.0 AppleWebKit/537.36 (KHTML, like Gecko; compatible; GPTBot/1.3; +https://openai.com/gptbot)"
74.7.242.32 - - [16/Dec/2025:21:14:13 +0800] "GET /search.php?280hpccu39218.html HTTP/1.1" 200 142343 "-" "Mozilla/5.0 AppleWebKit/537.36 (KHTML, like Gecko; compatible; GPTBot/1.3; +https://openai.com/gptbot)"
74.7.242.32 - - [16/Dec/2025:21:14:13 +0800] "GET /search.php?258zpbh2368.html HTTP/1.1" 200 146651 "-" "Mozilla/5.0 AppleWebKit/537.36 (KHTML, like Gecko; compatible; GPTBot/1.3; +https://openai.com/gptbot)"
74.7.242.32 - - [16/Dec/2025:21:14:14 +0800] "GET /search.php?q-~195MzhOEc9OoMNE3UXdCkGVmvwyT7yPvP4120/ HTTP/1.1" 200 140216 "-" "Mozilla/5.0 AppleWebKit/537.36 (KHTML, like Gecko; compatible; GPTBot/1.3; +https://openai.com/gptbot)"
74.7.242.32 - - [16/Dec/2025:21:14:15 +0800] "GET /search.php?_bd_prev_page=https://class.bf1.my/detail.do?83vgmi5131.html&_bdsid=e8edj2.n~BUODK.171657308.176571313&_gz=2.198110775.194159345.177128665-869673475.163667671 HTTP/1.1" 200 152129 "-" "Mozilla/5.0 AppleWebKit/537.36 (KHTML, like Gecko; compatible; GPTBot/1.3; +https://openai.com/gptbot)"
74.7.242.32 - - [16/Dec/2025:21:14:16 +0800] "GET /search.php?227etsj6271.html HTTP/1.1" 200 160258 "-" "Mozilla/5.0 AppleWebKit/537.36 (KHTML, like Gecko; compatible; GPTBot/1.3; +https://openai.com/gptbot)"
74.7.242.32 - - [16/Dec/2025:21:14:17 +0800] "GET /search.php?_bd_prev_page=https://class.bf1.my/detail.do?98pqxv29724.html&_bdsid=e8edj2.n~BUODK.171657308.176571313&_gz=2.198110775.194159345.177128665-869673475.163667671 HTTP/1.1" 200 146877 "-" "Mozilla/5.0 AppleWebKit/537.36 (KHTML, like Gecko; compatible; GPTBot/1.3; +https://openai.com/gptbot)"
74.7.242.32 - - [16/Dec/2025:21:14:17 +0800] "GET /search.php?clothoid-20210304-9 HTTP/1.1" 200 144418 "-" "Mozilla/5.0 AppleWebKit/537.36 (KHTML, like Gecko; compatible; GPTBot/1.3; +https://openai.com/gptbot)"
74.7.242.32 - - [16/Dec/2025:21:14:18 +0800] "GET /search.php?263kwjmj11879.html HTTP/1.1" 200 139824 "-" "Mozilla/5.0 AppleWebKit/537.36 (KHTML, like Gecko; compatible; GPTBot/1.3; +https://openai.com/gptbot)"
74.7.242.32 - - [16/Dec/2025:21:14:19 +0800] "GET /search.php?_bd_prev_page=https://class.bf1.my/detail.do?98onq38056.html&_bdsid=e8edj2.n~BUODK.171657308.176571313&_gz=2.198110775.194159345.177128665-869673475.163667671 HTTP/1.1" 200 152083 "-" "Mozilla/5.0 AppleWebKit/537.36 (KHTML, like Gecko; compatible; GPTBot/1.3; +https://openai.com/gptbot)"
74.7.242.32 - - [16/Dec/2025:21:14:20 +0800] "GET /search.php?q-~293Bb29uu000EFhuVRbeo8IeygQA5lQ2t15834/ HTTP/1.1" 200 147783 "-" "Mozilla/5.0 AppleWebKit/537.36 (KHTML, like Gecko; compatible; GPTBot/1.3; +https://openai.com/gptbot)"
207.46.13.52 - - [16/Dec/2025:21:14:20 +0800] "GET /?shopdetail/NjM4NDIyMw HTTP/1.1" 200 144453 "-" "Mozilla/5.0 AppleWebKit/537.36 (KHTML, like Gecko; compatible; bingbot/2.0; +http://www.bing.com/bingbot.htm) Chrome/116.0.1938.76 Safari/537.36"
74.7.242.32 - - [16/Dec/2025:21:14:21 +0800] "GET /search.php?78acmh46198.html HTTP/1.1" 200 145666 "-" "Mozilla/5.0 AppleWebKit/537.36 (KHTML, like Gecko; compatible; GPTBot/1.3; +https://openai.com/gptbot)"
74.7.242.32 - - [16/Dec/2025:21:14:21 +0800] "GET /search.php?q-~34sjkq46U3Y0iT9SVzv3IJZ4QKQSM1Gi29555/ HTTP/1.1" 200 141756 "-" "Mozilla/5.0 AppleWebKit/537.36 (KHTML, like Gecko; compatible; GPTBot/1.3; +https://openai.com/gptbot)"
74.7.242.32 - - [16/Dec/2025:21:14:22 +0800] "GET /search.php?q-~53JU53nKBvwSOQ82e23nrRCn0TvDPi6C44486/ HTTP/1.1" 200 151615 "-" "Mozilla/5.0 AppleWebKit/537.36 (KHTML, like Gecko; compatible; GPTBot/1.3; +https://openai.com/gptbot)"
74.7.242.32 - - [16/Dec/2025:21:14:23 +0800] "GET /search.php?q-~237u3r711m97NOBbW3ngwkQ5nXuDTTTkp5088/ HTTP/1.1" 200 141167 "-" "Mozilla/5.0 AppleWebKit/537.36 (KHTML, like Gecko; compatible; GPTBot/1.3; +https://openai.com/gptbot)"
74.7.242.32 - - [16/Dec/2025:21:14:24 +0800] "GET /search.php?_bd_prev_page=https://class.bf1.my/detail.do?223uepi15503.html&_bdsid=e8edj2.n~BUODK.171657308.176571313&_gz=2.198110775.194159345.177128665-869673475.163667671 HTTP/1.1" 200 143848 "-" "Mozilla/5.0 AppleWebKit/537.36 (KHTML, like Gecko; compatible; GPTBot/1.3; +https://openai.com/gptbot)"
74.7.242.32 - - [16/Dec/2025:21:14:24 +0800] "GET /search.php?_bd_prev_page=https://class.bf1.my/detail.do?250oqoff33978.html&_bdsid=e8edj2.n~BUODK.171657308.176571313&_gz=2.198110775.194159345.177128665-869673475.163667671 HTTP/1.1" 200 145719 "-" "Mozilla/5.0 AppleWebKit/537.36 (KHTML, like Gecko; compatible; GPTBot/1.3; +https://openai.com/gptbot)"
74.7.242.32 - - [16/Dec/2025:21:14:25 +0800] "GET /search.php?q-~270EeR46rqX7WROtg5yMngUn4672aYtis11129/ HTTP/1.1" 200 143861 "-" "Mozilla/5.0 AppleWebKit/537.36 (KHTML, like Gecko; compatible; GPTBot/1.3; +https://openai.com/gptbot)"
74.7.242.32 - - [16/Dec/2025:21:14:26 +0800] "GET /search.php?q-~90eHBDCLfs9KNMumropsWA2irt5Cdwcm48499/ HTTP/1.1" 200 146671 "-" "Mozilla/5.0 AppleWebKit/537.36 (KHTML, like Gecko; compatible; GPTBot/1.3; +https://openai.com/gptbot)"
74.7.242.32 - - [16/Dec/2025:21:14:26 +0800] "GET /search.php?24isp29676.html HTTP/1.1" 200 146227 "-" "Mozilla/5.0 AppleWebKit/537.36 (KHTML, like Gecko; compatible; GPTBot/1.3; +https://openai.com/gptbot)"
74.7.242.32 - - [16/Dec/2025:21:14:27 +0800] "GET /search.php?98onq38056.html HTTP/1.1" 200 153125 "-" "Mozilla/5.0 AppleWebKit/537.36 (KHTML, like Gecko; compatible; GPTBot/1.3; +https://openai.com/gptbot)"
74.7.242.32 - - [16/Dec/2025:21:14:28 +0800] "GET /search.php?_bd_prev_page=https://class.bf1.my/detail.do?293sycku35989.html&_bdsid=e8edj2.n~BUODK.171657308.176571313&_gz=2.198110775.194159345.177128665-869673475.163667671 HTTP/1.1" 200 147238 "-" "Mozilla/5.0 AppleWebKit/537.36 (KHTML, like Gecko; compatible; GPTBot/1.3; +https://openai.com/gptbot)"
74.7.242.32 - - [16/Dec/2025:21:14:29 +0800] "GET /search.php?q-~126hp9E0lLxvnx44X3KLpPnD90Al1Gjoe36661/ HTTP/1.1" 200 156215 "-" "Mozilla/5.0 AppleWebKit/537.36 (KHTML, like Gecko; compatible; GPTBot/1.3; +https://openai.com/gptbot)"
74.7.242.32 - - [16/Dec/2025:21:14:30 +0800] "GET /search.php?123esq2489.html HTTP/1.1" 200 145716 "-" "Mozilla/5.0 AppleWebKit/537.36 (KHTML, like Gecko; compatible; GPTBot/1.3; +https://openai.com/gptbot)"
74.7.242.32 - - [16/Dec/2025:21:14:31 +0800] "GET /search.php?q-~31poUNn621JlJ5FKc1EdAniA6oWp48sf44466/ HTTP/1.1" 200 143149 "-" "Mozilla/5.0 AppleWebKit/537.36 (KHTML, like Gecko; compatible; GPTBot/1.3; +https://openai.com/gptbot)"
74.7.242.32 - - [16/Dec/2025:21:14:32 +0800] "GET /search.php?q-~219iN12eyOvZt9g2HEaS44xwj3oL5qban39992/ HTTP/1.1" 200 154970 "-" "Mozilla/5.0 AppleWebKit/537.36 (KHTML, like Gecko; compatible; GPTBot/1.3; +https://openai.com/gptbot)"
74.7.242.32 - - [16/Dec/2025:21:14:32 +0800] "GET /search.php?250oqoff33978.html HTTP/1.1" 200 146896 "-" "Mozilla/5.0 AppleWebKit/537.36 (KHTML, like Gecko; compatible; GPTBot/1.3; +https://openai.com/gptbot)"
74.7.242.32 - - [16/Dec/2025:21:14:33 +0800] "GET /search.php?q-~96RQxRkKQ1XTurwNemShbkkoWMRl1Q2c967/ HTTP/1.1" 200 145379 "-" "Mozilla/5.0 AppleWebKit/537.36 (KHTML, like Gecko; compatible; GPTBot/1.3; +https://openai.com/gptbot)"
74.7.242.32 - - [16/Dec/2025:21:14:34 +0800] "GET /search.php?_bd_prev_page=https://class.bf1.my/detail.do?124npagv5892.html&_bdsid=e8edj2.n~BUODK.171657308.176571313&_gz=2.198110775.194159345.177128665-869673475.163667671 HTTP/1.1" 200 144177 "-" "Mozilla/5.0 AppleWebKit/537.36 (KHTML, like Gecko; compatible; GPTBot/1.3; +https://openai.com/gptbot)"
74.7.242.32 - - [16/Dec/2025:21:14:35 +0800] "GET /search.php?q-~121kR9feKvxaV3FXFq41TbhV2C39zS7we33300/ HTTP/1.1" 200 149544 "-" "Mozilla/5.0 AppleWebKit/537.36 (KHTML, like Gecko; compatible; GPTBot/1.3; +https://openai.com/gptbot)"
40.77.167.77 - - [16/Dec/2025:21:14:35 +0800] "GET /?shopdetail/NTgyOTQ3Mw HTTP/1.1" 200 137323 "-" "Mozilla/5.0 AppleWebKit/537.36 (KHTML, like Gecko; compatible; bingbot/2.0; +http://www.bing.com/bingbot.htm) Chrome/116.0.1938.76 Safari/537.36"
74.7.242.32 - - [16/Dec/2025:21:14:36 +0800] "GET /search.php?_bd_prev_page=https://class.bf1.my/detail.do?64ops24124.html&_bdsid=e8edj2.n~BUODK.171657308.176571313&_gz=2.198110775.194159345.177128665-869673475.163667671 HTTP/1.1" 200 144210 "-" "Mozilla/5.0 AppleWebKit/537.36 (KHTML, like Gecko; compatible; GPTBot/1.3; +https://openai.com/gptbot)"
74.7.242.32 - - [16/Dec/2025:21:14:37 +0800] "GET /search.php?q-~226OaTU5d4T1Z23gDvcofpj02m9t7wmEe35149/ HTTP/1.1" 200 140552 "-" "Mozilla/5.0 AppleWebKit/537.36 (KHTML, like Gecko; compatible; GPTBot/1.3; +https://openai.com/gptbot)"
74.7.242.32 - - [16/Dec/2025:21:14:38 +0800] "GET /search.php?188xzig26520.html HTTP/1.1" 200 153528 "-" "Mozilla/5.0 AppleWebKit/537.36 (KHTML, like Gecko; compatible; GPTBot/1.3; +https://openai.com/gptbot)"
74.7.242.32 - - [16/Dec/2025:21:14:39 +0800] "GET /search.php?47fhib36367.html HTTP/1.1" 200 141309 "-" "Mozilla/5.0 AppleWebKit/537.36 (KHTML, like Gecko; compatible; GPTBot/1.3; +https://openai.com/gptbot)"
74.7.242.32 - - [16/Dec/2025:21:14:40 +0800] "GET /search.php?q-~75UjUyeC8qDVMA9xotnEVpATNRe9XVja36424/ HTTP/1.1" 200 142579 "-" "Mozilla/5.0 AppleWebKit/537.36 (KHTML, like Gecko; compatible; GPTBot/1.3; +https://openai.com/gptbot)"
74.7.242.32 - - [16/Dec/2025:21:14:40 +0800] "GET /search.php?_bd_prev_page=https://class.bf1.my/detail.do?251jczu16285.html&_bdsid=e8edj2.n~BUODK.171657308.176571313&_gz=2.198110775.194159345.177128665-869673475.163667671 HTTP/1.1" 200 151886 "-" "Mozilla/5.0 AppleWebKit/537.36 (KHTML, like Gecko; compatible; GPTBot/1.3; +https://openai.com/gptbot)"
74.7.242.32 - - [16/Dec/2025:21:14:41 +0800] "GET /search.php?_bd_prev_page=https://class.bf1.my/detail.do?286rvk45470.html&_bdsid=e8edj2.n~BUODK.171657308.176571313&_gz=2.198110775.194159345.177128665-869673475.163667671 HTTP/1.1" 200 147490 "-" "Mozilla/5.0 AppleWebKit/537.36 (KHTML, like Gecko; compatible; GPTBot/1.3; +https://openai.com/gptbot)"
74.7.242.32 - - [16/Dec/2025:21:14:41 +0800] "GET /search.php?33tej30617.html HTTP/1.1" 200 161890 "-" "Mozilla/5.0 AppleWebKit/537.36 (KHTML, like Gecko; compatible; GPTBot/1.3; +https://openai.com/gptbot)"
74.7.242.32 - - [16/Dec/2025:21:14:42 +0800] "GET /search.php?q-~232mwA5v01ePCldBnoyQ7sdee5SI2y17A35553/ HTTP/1.1" 200 149847 "-" "Mozilla/5.0 AppleWebKit/537.36 (KHTML, like Gecko; compatible; GPTBot/1.3; +https://openai.com/gptbot)"
74.7.242.32 - - [16/Dec/2025:21:14:43 +0800] "GET /search.php?q-~111OIm6g3IZ1pnU4ie6DsmUOLo30lr4EU18550/ HTTP/1.1" 200 145700 "-" "Mozilla/5.0 AppleWebKit/537.36 (KHTML, like Gecko; compatible; GPTBot/1.3; +https://openai.com/gptbot)"
74.7.242.32 - - [16/Dec/2025:21:14:43 +0800] "GET /search.php?101vltk15115.html HTTP/1.1" 200 164272 "-" "Mozilla/5.0 AppleWebKit/537.36 (KHTML, like Gecko; compatible; GPTBot/1.3; +https://openai.com/gptbot)"
74.7.242.32 - - [16/Dec/2025:21:14:44 +0800] "GET /search.php?q-~225LzO6QOAtIWYjXYjBdOJkG6WkH0pxos5826/ HTTP/1.1" 200 145154 "-" "Mozilla/5.0 AppleWebKit/537.36 (KHTML, like Gecko; compatible; GPTBot/1.3; +https://openai.com/gptbot)"
74.7.242.32 - - [16/Dec/2025:21:14:45 +0800] "GET /search.php?39vgf18141.html HTTP/1.1" 200 143694 "-" "Mozilla/5.0 AppleWebKit/537.36 (KHTML, like Gecko; compatible; GPTBot/1.3; +https://openai.com/gptbot)"
74.7.242.32 - - [16/Dec/2025:21:14:45 +0800] "GET /search.php?q-~22NmgE9TsP1oM2mGz9n3S2rjDt1Pq5HT26669/ HTTP/1.1" 200 143969 "-" "Mozilla/5.0 AppleWebKit/537.36 (KHTML, like Gecko; compatible; GPTBot/1.3; +https://openai.com/gptbot)"
40.77.167.77 - - [16/Dec/2025:21:14:45 +0800] "GET /?shopdetail/NDU4ODU0MA HTTP/1.1" 200 143726 "-" "Mozilla/5.0 AppleWebKit/537.36 (KHTML, like Gecko; compatible; bingbot/2.0; +http://www.bing.com/bingbot.htm) Chrome/116.0.1938.76 Safari/537.36"
74.7.242.32 - - [16/Dec/2025:21:14:46 +0800] "GET /search.php?202szygo18358.html HTTP/1.1" 200 162046 "-" "Mozilla/5.0 AppleWebKit/537.36 (KHTML, like Gecko; compatible; GPTBot/1.3; +https://openai.com/gptbot)"
74.7.242.32 - - [16/Dec/2025:21:14:46 +0800] "GET /search.php?q-~16EpvnpPr0WB9VbFCOzqSNSMqW8KxKMQ10657/ HTTP/1.1" 200 143467 "-" "Mozilla/5.0 AppleWebKit/537.36 (KHTML, like Gecko; compatible; GPTBot/1.3; +https://openai.com/gptbot)"
74.7.242.32 - - [16/Dec/2025:21:14:47 +0800] "GET /search.php?223yofx38451.html HTTP/1.1" 200 141178 "-" "Mozilla/5.0 AppleWebKit/537.36 (KHTML, like Gecko; compatible; GPTBot/1.3; +https://openai.com/gptbot)"
74.7.242.32 - - [16/Dec/2025:21:14:48 +0800] "GET /search.php?_bd_prev_page=https://class.bf1.my/detail.do?160bduzh36986.html&_bdsid=e8edj2.n~BUODK.171657308.176571313&_gz=2.198110775.194159345.177128665-869673475.163667671 HTTP/1.1" 200 141833 "-" "Mozilla/5.0 AppleWebKit/537.36 (KHTML, like Gecko; compatible; GPTBot/1.3; +https://openai.com/gptbot)"
74.7.242.32 - - [16/Dec/2025:21:14:48 +0800] "GET /search.php?277qxubr33641.html HTTP/1.1" 200 147484 "-" "Mozilla/5.0 AppleWebKit/537.36 (KHTML, like Gecko; compatible; GPTBot/1.3; +https://openai.com/gptbot)"
74.7.242.32 - - [16/Dec/2025:21:14:49 +0800] "GET /search.php?_bd_prev_page=https://class.bf1.my/detail.do?76ruw29618.html&_bdsid=e8edj2.n~BUODK.171657308.176571313&_gz=2.198110775.194159345.177128665-869673475.163667671 HTTP/1.1" 200 151316 "-" "Mozilla/5.0 AppleWebKit/537.36 (KHTML, like Gecko; compatible; GPTBot/1.3; +https://openai.com/gptbot)"
74.7.242.32 - - [16/Dec/2025:21:14:49 +0800] "GET /search.php?q-~133VyJ1FC2p8s39HsBCRB4Z9bGANRBE4M43330/ HTTP/1.1" 200 152857 "-" "Mozilla/5.0 AppleWebKit/537.36 (KHTML, like Gecko; compatible; GPTBot/1.3; +https://openai.com/gptbot)"
74.7.242.32 - - [16/Dec/2025:21:14:50 +0800] "GET /search.php?q-~7uymhul1u9SztptDMR8kpxiJydy5veN32444/ HTTP/1.1" 200 143323 "-" "Mozilla/5.0 AppleWebKit/537.36 (KHTML, like Gecko; compatible; GPTBot/1.3; +https://openai.com/gptbot)"
52.167.144.202 - - [16/Dec/2025:21:14:51 +0800] "GET /?shopdetail/Mjk5MDUwMA HTTP/1.1" 200 150870 "-" "Mozilla/5.0 AppleWebKit/537.36 (KHTML, like Gecko; compatible; bingbot/2.0; +http://www.bing.com/bingbot.htm) Chrome/116.0.1938.76 Safari/537.36"
74.7.242.32 - - [16/Dec/2025:21:14:51 +0800] "GET /search.php?sakan8man-trus-4149963 HTTP/1.1" 200 145112 "-" "Mozilla/5.0 AppleWebKit/537.36 (KHTML, like Gecko; compatible; GPTBot/1.3; +https://openai.com/gptbot)"
74.7.242.32 - - [16/Dec/2025:21:14:52 +0800] "GET /search.php?187lxgjd15307.html HTTP/1.1" 200 144937 "-" "Mozilla/5.0 AppleWebKit/537.36 (KHTML, like Gecko; compatible; GPTBot/1.3; +https://openai.com/gptbot)"
74.7.242.32 - - [16/Dec/2025:21:14:53 +0800] "GET /search.php?q-~140V1SMVgGrya9cmOLbNM8wB1BO2z621h8111/ HTTP/1.1" 200 154008 "-" "Mozilla/5.0 AppleWebKit/537.36 (KHTML, like Gecko; compatible; GPTBot/1.3; +https://openai.com/gptbot)"
74.7.242.32 - - [16/Dec/2025:21:14:54 +0800] "GET /search.php?q-~179Bb29uu000EFhuVRbeo8IeygQA5lQ2t15948/ HTTP/1.1" 200 143491 "-" "Mozilla/5.0 AppleWebKit/537.36 (KHTML, like Gecko; compatible; GPTBot/1.3; +https://openai.com/gptbot)"
74.7.242.32 - - [16/Dec/2025:21:14:54 +0800] "GET /search.php?q-~97mitX2DFDRdfxO3QelEVOC5XqNHyzam31086/ HTTP/1.1" 200 142161 "-" "Mozilla/5.0 AppleWebKit/537.36 (KHTML, like Gecko; compatible; GPTBot/1.3; +https://openai.com/gptbot)"
74.7.242.32 - - [16/Dec/2025:21:14:55 +0800] "GET /search.php?q-~295g4oPe6pE5VP1ar43jrso4GKNplI3ZD23338/ HTTP/1.1" 200 148396 "-" "Mozilla/5.0 AppleWebKit/537.36 (KHTML, like Gecko; compatible; GPTBot/1.3; +https://openai.com/gptbot)"
74.7.242.32 - - [16/Dec/2025:21:14:57 +0800] "GET /search.php?q-~167ciA7TgYGTzx1k0I4vhHy4aL7Ak6i1B37774/ HTTP/1.1" 200 145953 "-" "Mozilla/5.0 AppleWebKit/537.36 (KHTML, like Gecko; compatible; GPTBot/1.3; +https://openai.com/gptbot)"
74.7.242.32 - - [16/Dec/2025:21:14:58 +0800] "GET /search.php?q-~228sfsJ9275FOwlWEMd2Tipwq21oFzh1N44499/ HTTP/1.1" 200 150202 "-" "Mozilla/5.0 AppleWebKit/537.36 (KHTML, like Gecko; compatible; GPTBot/1.3; +https://openai.com/gptbot)"
74.7.242.32 - - [16/Dec/2025:21:14:59 +0800] "GET /search.php?q-~142tftC28RSdj9KQC9P0L0qKzon30UJPv12223/ HTTP/1.1" 200 172246 "-" "Mozilla/5.0 AppleWebKit/537.36 (KHTML, like Gecko; compatible; GPTBot/1.3; +https://openai.com/gptbot)"
207.46.13.52 - - [16/Dec/2025:21:15:00 +0800] "GET /?shopdetail/MzQyNjUwMA HTTP/1.1" 200 136581 "-" "Mozilla/5.0 AppleWebKit/537.36 (KHTML, like Gecko; compatible; bingbot/2.0; +http://www.bing.com/bingbot.htm) Chrome/116.0.1938.76 Safari/537.36"
74.7.242.32 - - [16/Dec/2025:21:15:00 +0800] "GET /search.php?20cti31140.html HTTP/1.1" 200 158032 "-" "Mozilla/5.0 AppleWebKit/537.36 (KHTML, like Gecko; compatible; GPTBot/1.3; +https://openai.com/gptbot)"
74.7.242.32 - - [16/Dec/2025:21:15:01 +0800] "GET /search.php?q-~18U4X0dGWISCZDqREEhROxffyXEDg4NZ18255/ HTTP/1.1" 200 140521 "-" "Mozilla/5.0 AppleWebKit/537.36 (KHTML, like Gecko; compatible; GPTBot/1.3; +https://openai.com/gptbot)"
74.7.242.32 - - [16/Dec/2025:21:15:01 +0800] "GET /search.php?q-~55vu6mDK8EszCoejUV6dhiPU2SzVPfUd47776/ HTTP/1.1" 200 144239 "-" "Mozilla/5.0 AppleWebKit/537.36 (KHTML, like Gecko; compatible; GPTBot/1.3; +https://openai.com/gptbot)"
74.7.242.32 - - [16/Dec/2025:21:15:02 +0800] "GET /search.php?q-~289pgRXlkb8znk0K9dIflgwsfGFPkjYFt6154/ HTTP/1.1" 200 149687 "-" "Mozilla/5.0 AppleWebKit/537.36 (KHTML, like Gecko; compatible; GPTBot/1.3; +https://openai.com/gptbot)"
74.7.242.32 - - [16/Dec/2025:21:15:03 +0800] "GET /search.php?41lmb39661.html HTTP/1.1" 200 145544 "-" "Mozilla/5.0 AppleWebKit/537.36 (KHTML, like Gecko; compatible; GPTBot/1.3; +https://openai.com/gptbot)"
74.7.242.32 - - [16/Dec/2025:21:15:04 +0800] "GET /search.php?q-~54gpPX02GUCIv0sAAIhV0SeKDkz9ydLa22225/ HTTP/1.1" 200 142901 "-" "Mozilla/5.0 AppleWebKit/537.36 (KHTML, like Gecko; compatible; GPTBot/1.3; +https://openai.com/gptbot)"
40.77.167.77 - - [16/Dec/2025:21:15:05 +0800] "GET /?shopdetail/NTMyNDc5NA HTTP/1.1" 200 159508 "-" "Mozilla/5.0 AppleWebKit/537.36 (KHTML, like Gecko; compatible; bingbot/2.0; +http://www.bing.com/bingbot.htm) Chrome/116.0.1938.76 Safari/537.36"
74.7.242.32 - - [16/Dec/2025:21:15:05 +0800] "GET /search.php?_bd_prev_page=https://class.bf1.my/detail.do?187lxgjd15307.html&_bdsid=e8edj2.n~BUODK.171657308.176571313&_gz=2.198110775.194159345.177128665-869673475.163667671 HTTP/1.1" 200 144108 "-" "Mozilla/5.0 AppleWebKit/537.36 (KHTML, like Gecko; compatible; GPTBot/1.3; +https://openai.com/gptbot)"
74.7.242.32 - - [16/Dec/2025:21:15:05 +0800] "GET /search.php?q-~163gJe6v2R6Gkzzz2iLrhsBR53wHW9r6z24320/ HTTP/1.1" 200 141176 "-" "Mozilla/5.0 AppleWebKit/537.36 (KHTML, like Gecko; compatible; GPTBot/1.3; +https://openai.com/gptbot)"
74.7.242.32 - - [16/Dec/2025:21:15:06 +0800] "GET /search.php?157pbc9741.html HTTP/1.1" 200 142904 "-" "Mozilla/5.0 AppleWebKit/537.36 (KHTML, like Gecko; compatible; GPTBot/1.3; +https://openai.com/gptbot)"
74.7.242.32 - - [16/Dec/2025:21:15:07 +0800] "GET /search.php?234xduq26390.html HTTP/1.1" 200 149397 "-" "Mozilla/5.0 AppleWebKit/537.36 (KHTML, like Gecko; compatible; GPTBot/1.3; +https://openai.com/gptbot)"
74.7.242.32 - - [16/Dec/2025:21:15:07 +0800] "GET /search.php?q-~67EF5GCrAKgxzrsuKs7JL0srireogmbp20020/ HTTP/1.1" 200 148841 "-" "Mozilla/5.0 AppleWebKit/537.36 (KHTML, like Gecko; compatible; GPTBot/1.3; +https://openai.com/gptbot)"
74.7.242.32 - - [16/Dec/2025:21:15:08 +0800] "GET /search.php?203uosi15871.html HTTP/1.1" 200 144933 "-" "Mozilla/5.0 AppleWebKit/537.36 (KHTML, like Gecko; compatible; GPTBot/1.3; +https://openai.com/gptbot)"
74.7.242.32 - - [16/Dec/2025:21:15:09 +0800] "GET /search.php?q-~80cdDeHjoM9757enqbP1EPnS353mztMt11999/ HTTP/1.1" 200 150973 "-" "Mozilla/5.0 AppleWebKit/537.36 (KHTML, like Gecko; compatible; GPTBot/1.3; +https://openai.com/gptbot)"
74.7.242.32 - - [16/Dec/2025:21:15:10 +0800] "GET /search.php?48vmws48134.html HTTP/1.1" 200 147720 "-" "Mozilla/5.0 AppleWebKit/537.36 (KHTML, like Gecko; compatible; GPTBot/1.3; +https://openai.com/gptbot)"
74.7.242.32 - - [16/Dec/2025:21:15:10 +0800] "GET /search.php?q-~165Nr1Jjt5ikSreSOb5FTUcEeSFopMUIZ1374/ HTTP/1.1" 200 141329 "-" "Mozilla/5.0 AppleWebKit/537.36 (KHTML, like Gecko; compatible; GPTBot/1.3; +https://openai.com/gptbot)"
74.7.242.32 - - [16/Dec/2025:21:15:11 +0800] "GET /search.php?asty-shop-c2-o9jajiefos-6268 HTTP/1.1" 200 145808 "-" "Mozilla/5.0 AppleWebKit/537.36 (KHTML, like Gecko; compatible; GPTBot/1.3; +https://openai.com/gptbot)"
74.7.242.32 - - [16/Dec/2025:21:15:11 +0800] "GET /search.php?q-~131nVeP3FP77wr5e8HFK4QSVz9dZ8XJuI36660/ HTTP/1.1" 200 141717 "-" "Mozilla/5.0 AppleWebKit/537.36 (KHTML, like Gecko; compatible; GPTBot/1.3; +https://openai.com/gptbot)"
74.7.242.32 - - [16/Dec/2025:21:15:12 +0800] "GET /search.php?10hzrr32672.html HTTP/1.1" 200 145954 "-" "Mozilla/5.0 AppleWebKit/537.36 (KHTML, like Gecko; compatible; GPTBot/1.3; +https://openai.com/gptbot)"
74.7.242.32 - - [16/Dec/2025:21:15:12 +0800] "GET /search.php?q-~209u3r711m97NOBbW3ngwkQ5nXuDTTTkp5116/ HTTP/1.1" 200 146462 "-" "Mozilla/5.0 AppleWebKit/537.36 (KHTML, like Gecko; compatible; GPTBot/1.3; +https://openai.com/gptbot)"
74.7.242.32 - - [16/Dec/2025:21:15:13 +0800] "GET /search.php?q-~180d30ZzM7773dmLGDO0cUBXV5LZQeJRZ24307/ HTTP/1.1" 200 145191 "-" "Mozilla/5.0 AppleWebKit/537.36 (KHTML, like Gecko; compatible; GPTBot/1.3; +https://openai.com/gptbot)"
74.7.242.32 - - [16/Dec/2025:21:15:13 +0800] "GET /search.php?q-~74hvIhi11H6ngcH77UU60TGTja4hIkZO24443/ HTTP/1.1" 200 145491 "-" "Mozilla/5.0 AppleWebKit/537.36 (KHTML, like Gecko; compatible; GPTBot/1.3; +https://openai.com/gptbot)"
74.7.242.32 - - [16/Dec/2025:21:15:14 +0800] "GET /search.php?131ersv7077.html HTTP/1.1" 200 149845 "-" "Mozilla/5.0 AppleWebKit/537.36 (KHTML, like Gecko; compatible; GPTBot/1.3; +https://openai.com/gptbot)"
74.7.242.32 - - [16/Dec/2025:21:15:15 +0800] "GET /search.php?q-~164ZeZguLA58wyA7O2G0wyqdH5LP65IcR8883/ HTTP/1.1" 200 142205 "-" "Mozilla/5.0 AppleWebKit/537.36 (KHTML, like Gecko; compatible; GPTBot/1.3; +https://openai.com/gptbot)"
74.7.242.32 - - [16/Dec/2025:21:15:15 +0800] "GET /search.php?q-~258prYVBeEiF1Bj8HTF62M3u4TEqsu01e29991/ HTTP/1.1" 200 144984 "-" "Mozilla/5.0 AppleWebKit/537.36 (KHTML, like Gecko; compatible; GPTBot/1.3; +https://openai.com/gptbot)"
74.7.242.32 - - [16/Dec/2025:21:15:16 +0800] "GET /search.php?34lst43706.html HTTP/1.1" 200 142971 "-" "Mozilla/5.0 AppleWebKit/537.36 (KHTML, like Gecko; compatible; GPTBot/1.3; +https://openai.com/gptbot)"
74.7.242.32 - - [16/Dec/2025:21:15:16 +0800] "GET /search.php?136nwcad38470.html HTTP/1.1" 200 143474 "-" "Mozilla/5.0 AppleWebKit/537.36 (KHTML, like Gecko; compatible; GPTBot/1.3; +https://openai.com/gptbot)"
74.7.242.32 - - [16/Dec/2025:21:15:17 +0800] "GET /search.php?156bhkbo29740.html HTTP/1.1" 200 147055 "-" "Mozilla/5.0 AppleWebKit/537.36 (KHTML, like Gecko; compatible; GPTBot/1.3; +https://openai.com/gptbot)"
74.7.242.32 - - [16/Dec/2025:21:15:18 +0800] "GET /search.php?q-~160Ov7jnhReC7ALejl8ODKSUGfXnmVjlD6843/ HTTP/1.1" 200 146224 "-" "Mozilla/5.0 AppleWebKit/537.36 (KHTML, like Gecko; compatible; GPTBot/1.3; +https://openai.com/gptbot)"
74.7.242.32 - - [16/Dec/2025:21:15:19 +0800] "GET /search.php?_bd_prev_page=https://class.bf1.my/detail.do?196dss22166.html&_bdsid=e8edj2.n~BUODK.171657308.176571313&_gz=2.198110775.194159345.177128665-869673475.163667671 HTTP/1.1" 200 147162 "-" "Mozilla/5.0 AppleWebKit/537.36 (KHTML, like Gecko; compatible; GPTBot/1.3; +https://openai.com/gptbot)"
207.46.13.52 - - [16/Dec/2025:21:15:20 +0800] "GET /?shopdetail/NTE0MjA5MA HTTP/1.1" 200 136705 "-" "Mozilla/5.0 AppleWebKit/537.36 (KHTML, like Gecko; compatible; bingbot/2.0; +http://www.bing.com/bingbot.htm) Chrome/116.0.1938.76 Safari/537.36"
74.7.242.32 - - [16/Dec/2025:21:15:20 +0800] "GET /search.php?181pyvp1443.html HTTP/1.1" 200 148411 "-" "Mozilla/5.0 AppleWebKit/537.36 (KHTML, like Gecko; compatible; GPTBot/1.3; +https://openai.com/gptbot)"
74.7.242.32 - - [16/Dec/2025:21:15:21 +0800] "GET /search.php?49ygbjo42745.html HTTP/1.1" 200 141502 "-" "Mozilla/5.0 AppleWebKit/537.36 (KHTML, like Gecko; compatible; GPTBot/1.3; +https://openai.com/gptbot)"
74.7.242.32 - - [16/Dec/2025:21:15:22 +0800] "GET /search.php?q-~22qW379TwlmI3gs964gJBk3hXfHZAlpV41555/ HTTP/1.1" 200 143917 "-" "Mozilla/5.0 AppleWebKit/537.36 (KHTML, like Gecko; compatible; GPTBot/1.3; +https://openai.com/gptbot)"
74.7.242.32 - - [16/Dec/2025:21:15:22 +0800] "GET /search.php?q-~131U7r6R3NwN5Y6zJRgUL1fpj1A8SgoaZ44430/ HTTP/1.1" 200 156108 "-" "Mozilla/5.0 AppleWebKit/537.36 (KHTML, like Gecko; compatible; GPTBot/1.3; +https://openai.com/gptbot)"
74.7.242.32 - - [16/Dec/2025:21:15:23 +0800] "GET /search.php?q-~15xhD89aO6Q9ezBjj29s69zmBBpCXiEd19888/ HTTP/1.1" 200 153495 "-" "Mozilla/5.0 AppleWebKit/537.36 (KHTML, like Gecko; compatible; GPTBot/1.3; +https://openai.com/gptbot)"
74.7.242.32 - - [16/Dec/2025:21:15:25 +0800] "GET /search.php?m55523557636 HTTP/1.1" 200 144213 "-" "Mozilla/5.0 AppleWebKit/537.36 (KHTML, like Gecko; compatible; GPTBot/1.3; +https://openai.com/gptbot)"
40.77.167.77 - - [16/Dec/2025:21:15:25 +0800] "GET /?shopdetail/NDkwNTA5NA HTTP/1.1" 200 147756 "-" "Mozilla/5.0 AppleWebKit/537.36 (KHTML, like Gecko; compatible; bingbot/2.0; +http://www.bing.com/bingbot.htm) Chrome/116.0.1938.76 Safari/537.36"
74.7.242.32 - - [16/Dec/2025:21:15:25 +0800] "GET /search.php?q-~284UMnZ8Ztar16iwLfET285hxi73HTXiM44437/ HTTP/1.1" 200 144755 "-" "Mozilla/5.0 AppleWebKit/537.36 (KHTML, like Gecko; compatible; GPTBot/1.3; +https://openai.com/gptbot)"
74.7.242.32 - - [16/Dec/2025:21:15:26 +0800] "GET /search.php?q-~126Ew1R6ec7zc7yZcbBVs16i0UhqeVF8E24447/ HTTP/1.1" 200 143553 "-" "Mozilla/5.0 AppleWebKit/537.36 (KHTML, like Gecko; compatible; GPTBot/1.3; +https://openai.com/gptbot)"
74.7.242.32 - - [16/Dec/2025:21:15:27 +0800] "GET /search.php?q-~124sOOAtksyxylIi3wWIeShv1xpkwx2Jw6617/ HTTP/1.1" 200 145670 "-" "Mozilla/5.0 AppleWebKit/537.36 (KHTML, like Gecko; compatible; GPTBot/1.3; +https://openai.com/gptbot)"
74.7.242.32 - - [16/Dec/2025:21:15:28 +0800] "GET /search.php?q-~101Fw9y24To0l3jr5oi43rGpIzIaPfoCF5000/ HTTP/1.1" 200 141673 "-" "Mozilla/5.0 AppleWebKit/537.36 (KHTML, like Gecko; compatible; GPTBot/1.3; +https://openai.com/gptbot)"
74.7.242.32 - - [16/Dec/2025:21:15:29 +0800] "GET /search.php?q-~111ZGWe2UTO7IbQ5qP7L813zN5kLgxfpV37734/ HTTP/1.1" 200 154743 "-" "Mozilla/5.0 AppleWebKit/537.36 (KHTML, like Gecko; compatible; GPTBot/1.3; +https://openai.com/gptbot)"
52.167.144.202 - - [16/Dec/2025:21:15:30 +0800] "GET /?shopdetail/NTY3NjcwNg HTTP/1.1" 200 162904 "-" "Mozilla/5.0 AppleWebKit/537.36 (KHTML, like Gecko; compatible; bingbot/2.0; +http://www.bing.com/bingbot.htm) Chrome/116.0.1938.76 Safari/537.36"
74.7.242.32 - - [16/Dec/2025:21:15:29 +0800] "GET /search.php?_bd_prev_page=https://class.bf1.my/detail.do?73ngxt47023.html&_bdsid=e8edj2.n~BUODK.171657308.176571313&_gz=2.198110775.194159345.177128665-869673475.163667671 HTTP/1.1" 200 140860 "-" "Mozilla/5.0 AppleWebKit/537.36 (KHTML, like Gecko; compatible; GPTBot/1.3; +https://openai.com/gptbot)"
52.167.144.202 - - [16/Dec/2025:21:15:30 +0800] "GET /?shopdetail/MzYzODM3NA HTTP/1.1" 200 137727 "-" "Mozilla/5.0 AppleWebKit/537.36 (KHTML, like Gecko; compatible; bingbot/2.0; +http://www.bing.com/bingbot.htm) Chrome/116.0.1938.76 Safari/537.36"
74.7.242.32 - - [16/Dec/2025:21:15:30 +0800] "GET /search.php?q-~233UiXyM411lxY0YLarw5dna2V8IVe1qE22248/ HTTP/1.1" 200 142083 "-" "Mozilla/5.0 AppleWebKit/537.36 (KHTML, like Gecko; compatible; GPTBot/1.3; +https://openai.com/gptbot)"
74.7.242.32 - - [16/Dec/2025:21:15:31 +0800] "GET /search.php?q-~124U7r6R3NwN5Y6zJRgUL1fpj1A8SgoaZ44437/ HTTP/1.1" 200 142223 "-" "Mozilla/5.0 AppleWebKit/537.36 (KHTML, like Gecko; compatible; GPTBot/1.3; +https://openai.com/gptbot)"
74.7.242.32 - - [16/Dec/2025:21:15:32 +0800] "GET /search.php?q-~69Bb29uu000EFhuVRbeo8IeygQA5lQ2t16058/ HTTP/1.1" 200 143705 "-" "Mozilla/5.0 AppleWebKit/537.36 (KHTML, like Gecko; compatible; GPTBot/1.3; +https://openai.com/gptbot)"
74.7.242.32 - - [16/Dec/2025:21:15:33 +0800] "GET /search.php?105esq2507.html HTTP/1.1" 200 143476 "-" "Mozilla/5.0 AppleWebKit/537.36 (KHTML, like Gecko; compatible; GPTBot/1.3; +https://openai.com/gptbot)"
74.7.242.32 - - [16/Dec/2025:21:15:33 +0800] "GET /search.php?q-~17vMi7M7fbJOVe5Uk92bSu5WnlMq58aI28882/ HTTP/1.1" 200 149293 "-" "Mozilla/5.0 AppleWebKit/537.36 (KHTML, like Gecko; compatible; GPTBot/1.3; +https://openai.com/gptbot)"
74.7.242.32 - - [16/Dec/2025:21:15:34 +0800] "GET /search.php?q-~207aky77RQh32ua4l2eh3NQwsX8NLtnIZ38882/ HTTP/1.1" 200 144516 "-" "Mozilla/5.0 AppleWebKit/537.36 (KHTML, like Gecko; compatible; GPTBot/1.3; +https://openai.com/gptbot)"
74.7.242.32 - - [16/Dec/2025:21:15:35 +0800] "GET /search.php?264jlztd31378.html HTTP/1.1" 200 157265 "-" "Mozilla/5.0 AppleWebKit/537.36 (KHTML, like Gecko; compatible; GPTBot/1.3; +https://openai.com/gptbot)"
74.7.242.32 - - [16/Dec/2025:21:15:35 +0800] "GET /search.php?61hgx27573.html HTTP/1.1" 200 153633 "-" "Mozilla/5.0 AppleWebKit/537.36 (KHTML, like Gecko; compatible; GPTBot/1.3; +https://openai.com/gptbot)"
74.7.242.32 - - [16/Dec/2025:21:15:36 +0800] "GET /search.php?_bd_prev_page=https://class.bf1.my/detail.do?77mvjna119.html&_bdsid=e8edj2.n~BUODK.171657308.176571313&_gz=2.198110775.194159345.177128665-869673475.163667671 HTTP/1.1" 200 142412 "-" "Mozilla/5.0 AppleWebKit/537.36 (KHTML, like Gecko; compatible; GPTBot/1.3; +https://openai.com/gptbot)"
74.7.242.32 - - [16/Dec/2025:21:15:36 +0800] "GET /search.php?q-~15KySlIUoXuQ9U8nih2rJvYnlaKJKnWb42672/ HTTP/1.1" 200 147730 "-" "Mozilla/5.0 AppleWebKit/537.36 (KHTML, like Gecko; compatible; GPTBot/1.3; +https://openai.com/gptbot)"
74.7.242.32 - - [16/Dec/2025:21:15:37 +0800] "GET /search.php?q-~76jWQzB1uEjcUWDBfXr6gjk0qlLEJcen34259/ HTTP/1.1" 200 150157 "-" "Mozilla/5.0 AppleWebKit/537.36 (KHTML, like Gecko; compatible; GPTBot/1.3; +https://openai.com/gptbot)"
74.7.242.32 - - [16/Dec/2025:21:15:38 +0800] "GET /search.php?_bd_prev_page=https://class.bf1.my/detail.do?272zgffo43686.html&_bdsid=e8edj2.n~BUODK.171657308.176571313&_gz=2.198110775.194159345.177128665-869673475.163667671 HTTP/1.1" 200 150776 "-" "Mozilla/5.0 AppleWebKit/537.36 (KHTML, like Gecko; compatible; GPTBot/1.3; +https://openai.com/gptbot)"
74.7.242.32 - - [16/Dec/2025:21:15:39 +0800] "GET /search.php?50sta17726.html HTTP/1.1" 200 144023 "-" "Mozilla/5.0 AppleWebKit/537.36 (KHTML, like Gecko; compatible; GPTBot/1.3; +https://openai.com/gptbot)"
74.7.242.32 - - [16/Dec/2025:21:15:39 +0800] "GET /search.php?66iqhq44052.html HTTP/1.1" 200 141391 "-" "Mozilla/5.0 AppleWebKit/537.36 (KHTML, like Gecko; compatible; GPTBot/1.3; +https://openai.com/gptbot)"
74.7.242.32 - - [16/Dec/2025:21:15:40 +0800] "GET /search.php?64wnq33092.html HTTP/1.1" 200 141265 "-" "Mozilla/5.0 AppleWebKit/537.36 (KHTML, like Gecko; compatible; GPTBot/1.3; +https://openai.com/gptbot)"
74.7.242.32 - - [16/Dec/2025:21:15:40 +0800] "GET /search.php?q-~5cgUcarl82x0wcIneweZrVeayFjILiP2932/ HTTP/1.1" 200 144240 "-" "Mozilla/5.0 AppleWebKit/537.36 (KHTML, like Gecko; compatible; GPTBot/1.3; +https://openai.com/gptbot)"
74.7.242.32 - - [16/Dec/2025:21:15:41 +0800] "GET /search.php?q-~2sOOAtksyxylIi3wWIeShv1xpkwx2Jw6739/ HTTP/1.1" 200 141023 "-" "Mozilla/5.0 AppleWebKit/537.36 (KHTML, like Gecko; compatible; GPTBot/1.3; +https://openai.com/gptbot)"
74.7.242.32 - - [16/Dec/2025:21:15:42 +0800] "GET /search.php?98dzb18406.html HTTP/1.1" 200 142692 "-" "Mozilla/5.0 AppleWebKit/537.36 (KHTML, like Gecko; compatible; GPTBot/1.3; +https://openai.com/gptbot)"
74.7.242.32 - - [16/Dec/2025:21:15:43 +0800] "GET /search.php?_bd_prev_page=https://class.bf1.my/detail.do?67yslh15405.html&_bdsid=e8edj2.n~BUODK.171657308.176571313&_gz=2.198110775.194159345.177128665-869673475.163667671 HTTP/1.1" 200 146859 "-" "Mozilla/5.0 AppleWebKit/537.36 (KHTML, like Gecko; compatible; GPTBot/1.3; +https://openai.com/gptbot)"
74.7.242.32 - - [16/Dec/2025:21:15:44 +0800] "GET /search.php?q-~194xEVIT7dwpYEk9ogWY2EFqWubLJmyhK5957/ HTTP/1.1" 200 157903 "-" "Mozilla/5.0 AppleWebKit/537.36 (KHTML, like Gecko; compatible; GPTBot/1.3; +https://openai.com/gptbot)"
74.7.242.32 - - [16/Dec/2025:21:15:45 +0800] "GET /search.php?227spd7913.html HTTP/1.1" 200 152373 "-" "Mozilla/5.0 AppleWebKit/537.36 (KHTML, like Gecko; compatible; GPTBot/1.3; +https://openai.com/gptbot)"
74.7.242.32 - - [16/Dec/2025:21:15:45 +0800] "GET /search.php?272zgffo43686.html HTTP/1.1" 200 150798 "-" "Mozilla/5.0 AppleWebKit/537.36 (KHTML, like Gecko; compatible; GPTBot/1.3; +https://openai.com/gptbot)"
74.7.242.32 - - [16/Dec/2025:21:15:46 +0800] "GET /search.php?q-~66SXNbqGGQnQnrOwWkdW68jihEH1XpQX23109/ HTTP/1.1" 200 142557 "-" "Mozilla/5.0 AppleWebKit/537.36 (KHTML, like Gecko; compatible; GPTBot/1.3; +https://openai.com/gptbot)"
74.7.242.32 - - [16/Dec/2025:21:15:47 +0800] "GET /search.php?_bd_prev_page=https://class.bf1.my/detail.do?20qaea8496.html&_bdsid=e8edj2.n~BUODK.171657308.176571313&_gz=2.198110775.194159345.177128665-869673475.163667671 HTTP/1.1" 200 153312 "-" "Mozilla/5.0 AppleWebKit/537.36 (KHTML, like Gecko; compatible; GPTBot/1.3; +https://openai.com/gptbot)"
74.7.242.32 - - [16/Dec/2025:21:15:47 +0800] "GET /search.php?_bd_prev_page=https://class.bf1.my/detail.do?229zyxl37169.html&_bdsid=e8edj2.n~BUODK.171657308.176571313&_gz=2.198110775.194159345.177128665-869673475.163667671 HTTP/1.1" 200 146710 "-" "Mozilla/5.0 AppleWebKit/537.36 (KHTML, like Gecko; compatible; GPTBot/1.3; +https://openai.com/gptbot)"
74.7.242.32 - - [16/Dec/2025:21:15:48 +0800] "GET /search.php?46ioax5774.html HTTP/1.1" 200 155288 "-" "Mozilla/5.0 AppleWebKit/537.36 (KHTML, like Gecko; compatible; GPTBot/1.3; +https://openai.com/gptbot)"
74.7.242.32 - - [16/Dec/2025:21:15:49 +0800] "GET /search.php?_bd_prev_page=https://class.bf1.my/detail.do?191ihkp16347.html&_bdsid=e8edj2.n~BUODK.171657308.176571313&_gz=2.198110775.194159345.177128665-869673475.163667671 HTTP/1.1" 200 140524 "-" "Mozilla/5.0 AppleWebKit/537.36 (KHTML, like Gecko; compatible; GPTBot/1.3; +https://openai.com/gptbot)"
74.7.242.32 - - [16/Dec/2025:21:15:50 +0800] "GET /search.php?169grfn18347.html HTTP/1.1" 200 142715 "-" "Mozilla/5.0 AppleWebKit/537.36 (KHTML, like Gecko; compatible; GPTBot/1.3; +https://openai.com/gptbot)"
74.7.242.32 - - [16/Dec/2025:21:15:50 +0800] "GET /search.php?67yslh15405.html HTTP/1.1" 200 146931 "-" "Mozilla/5.0 AppleWebKit/537.36 (KHTML, like Gecko; compatible; GPTBot/1.3; +https://openai.com/gptbot)"
74.7.242.32 - - [16/Dec/2025:21:15:51 +0800] "GET /search.php?m69688444947 HTTP/1.1" 200 147457 "-" "Mozilla/5.0 AppleWebKit/537.36 (KHTML, like Gecko; compatible; GPTBot/1.3; +https://openai.com/gptbot)"
74.7.242.32 - - [16/Dec/2025:21:15:52 +0800] "GET /search.php?241jnv8951.html HTTP/1.1" 200 145343 "-" "Mozilla/5.0 AppleWebKit/537.36 (KHTML, like Gecko; compatible; GPTBot/1.3; +https://openai.com/gptbot)"
74.7.242.32 - - [16/Dec/2025:21:15:53 +0800] "GET /search.php?q-~94Pea84vNIpTSZZ7fFp7hwtmiDCKEHbP761/ HTTP/1.1" 200 148993 "-" "Mozilla/5.0 AppleWebKit/537.36 (KHTML, like Gecko; compatible; GPTBot/1.3; +https://openai.com/gptbot)"
74.7.242.32 - - [16/Dec/2025:21:15:53 +0800] "GET /search.php?246wdul166.html HTTP/1.1" 200 142952 "-" "Mozilla/5.0 AppleWebKit/537.36 (KHTML, like Gecko; compatible; GPTBot/1.3; +https://openai.com/gptbot)"
74.7.242.32 - - [16/Dec/2025:21:15:54 +0800] "GET /search.php?36bru22034.html HTTP/1.1" 200 147544 "-" "Mozilla/5.0 AppleWebKit/537.36 (KHTML, like Gecko; compatible; GPTBot/1.3; +https://openai.com/gptbot)"
74.7.242.32 - - [16/Dec/2025:21:15:55 +0800] "GET /search.php?53sos26929.html HTTP/1.1" 200 149677 "-" "Mozilla/5.0 AppleWebKit/537.36 (KHTML, like Gecko; compatible; GPTBot/1.3; +https://openai.com/gptbot)"
74.7.242.32 - - [16/Dec/2025:21:15:56 +0800] "GET /search.php?275yjx30461.html HTTP/1.1" 200 151946 "-" "Mozilla/5.0 AppleWebKit/537.36 (KHTML, like Gecko; compatible; GPTBot/1.3; +https://openai.com/gptbot)"
74.7.242.32 - - [16/Dec/2025:21:15:57 +0800] "GET /search.php?135iwjx14509.html HTTP/1.1" 200 143593 "-" "Mozilla/5.0 AppleWebKit/537.36 (KHTML, like Gecko; compatible; GPTBot/1.3; +https://openai.com/gptbot)"
74.7.242.32 - - [16/Dec/2025:21:15:58 +0800] "GET /search.php?_bd_prev_page=https://class.bf1.my/detail.do?227spd7913.html&_bdsid=e8edj2.n~BUODK.171657308.176571313&_gz=2.198110775.194159345.177128665-869673475.163667671 HTTP/1.1" 200 152046 "-" "Mozilla/5.0 AppleWebKit/537.36 (KHTML, like Gecko; compatible; GPTBot/1.3; +https://openai.com/gptbot)"
74.7.242.32 - - [16/Dec/2025:21:15:59 +0800] "GET /search.php?92mva45674.html HTTP/1.1" 200 149837 "-" "Mozilla/5.0 AppleWebKit/537.36 (KHTML, like Gecko; compatible; GPTBot/1.3; +https://openai.com/gptbot)"
74.7.242.32 - - [16/Dec/2025:21:16:00 +0800] "GET /search.php?275ahtg11775.html HTTP/1.1" 200 146385 "-" "Mozilla/5.0 AppleWebKit/537.36 (KHTML, like Gecko; compatible; GPTBot/1.3; +https://openai.com/gptbot)"
74.7.242.32 - - [16/Dec/2025:21:16:00 +0800] "GET /search.php?81rcqzq26567.html HTTP/1.1" 200 142291 "-" "Mozilla/5.0 AppleWebKit/537.36 (KHTML, like Gecko; compatible; GPTBot/1.3; +https://openai.com/gptbot)"
74.7.242.32 - - [16/Dec/2025:21:16:01 +0800] "GET /search.php?69bcnq9995.html HTTP/1.1" 200 147141 "-" "Mozilla/5.0 AppleWebKit/537.36 (KHTML, like Gecko; compatible; GPTBot/1.3; +https://openai.com/gptbot)"
74.7.242.32 - - [16/Dec/2025:21:16:02 +0800] "GET /search.php?122rfi4770.html HTTP/1.1" 200 145173 "-" "Mozilla/5.0 AppleWebKit/537.36 (KHTML, like Gecko; compatible; GPTBot/1.3; +https://openai.com/gptbot)"
74.7.242.32 - - [16/Dec/2025:21:16:03 +0800] "GET /search.php?_bd_prev_page=https://class.bf1.my/detail.do?299wtaz7723.html&_bdsid=e8edj2.n~BUODK.171657308.176571313&_gz=2.198110775.194159345.177128665-869673475.163667671 HTTP/1.1" 200 147980 "-" "Mozilla/5.0 AppleWebKit/537.36 (KHTML, like Gecko; compatible; GPTBot/1.3; +https://openai.com/gptbot)"
74.7.242.32 - - [16/Dec/2025:21:16:03 +0800] "GET /search.php?55wfj39229.html HTTP/1.1" 200 143373 "-" "Mozilla/5.0 AppleWebKit/537.36 (KHTML, like Gecko; compatible; GPTBot/1.3; +https://openai.com/gptbot)"
74.7.242.32 - - [16/Dec/2025:21:16:04 +0800] "GET /search.php?_bd_prev_page=https://class.bf1.my/detail.do?275yjx30461.html&_bdsid=e8edj2.n~BUODK.171657308.176571313&_gz=2.198110775.194159345.177128665-869673475.163667671 HTTP/1.1" 200 150815 "-" "Mozilla/5.0 AppleWebKit/537.36 (KHTML, like Gecko; compatible; GPTBot/1.3; +https://openai.com/gptbot)"
74.7.242.32 - - [16/Dec/2025:21:16:05 +0800] "GET /search.php?_bd_prev_page=https://class.bf1.my/detail.do?139lfuxh25865.html&_bdsid=e8edj2.n~BUODK.171657308.176571313&_gz=2.198110775.194159345.177128665-869673475.163667671 HTTP/1.1" 200 151321 "-" "Mozilla/5.0 AppleWebKit/537.36 (KHTML, like Gecko; compatible; GPTBot/1.3; +https://openai.com/gptbot)"
74.7.242.32 - - [16/Dec/2025:21:16:06 +0800] "GET /search.php?136bto3544.html HTTP/1.1" 200 148994 "-" "Mozilla/5.0 AppleWebKit/537.36 (KHTML, like Gecko; compatible; GPTBot/1.3; +https://openai.com/gptbot)"
74.7.242.32 - - [16/Dec/2025:21:16:06 +0800] "GET /search.php?q-~82y9tDCvTAe1UXwhmiTlJmqWzDDHG7fV21889/ HTTP/1.1" 200 140952 "-" "Mozilla/5.0 AppleWebKit/537.36 (KHTML, like Gecko; compatible; GPTBot/1.3; +https://openai.com/gptbot)"
74.7.242.32 - - [16/Dec/2025:21:16:07 +0800] "GET /search.php?151axf1627.html HTTP/1.1" 200 143794 "-" "Mozilla/5.0 AppleWebKit/537.36 (KHTML, like Gecko; compatible; GPTBot/1.3; +https://openai.com/gptbot)"
74.7.242.32 - - [16/Dec/2025:21:16:07 +0800] "GET /search.php?45esv38659.html HTTP/1.1" 200 142647 "-" "Mozilla/5.0 AppleWebKit/537.36 (KHTML, like Gecko; compatible; GPTBot/1.3; +https://openai.com/gptbot)"
74.7.242.32 - - [16/Dec/2025:21:16:08 +0800] "GET /search.php?5zjzp18319.html HTTP/1.1" 200 145442 "-" "Mozilla/5.0 AppleWebKit/537.36 (KHTML, like Gecko; compatible; GPTBot/1.3; +https://openai.com/gptbot)"
52.167.144.202 - - [16/Dec/2025:21:16:08 +0800] "GET /?shopdetail/NDA0MTU0MQ HTTP/1.1" 200 143795 "-" "Mozilla/5.0 AppleWebKit/537.36 (KHTML, like Gecko; compatible; bingbot/2.0; +http://www.bing.com/bingbot.htm) Chrome/116.0.1938.76 Safari/537.36"
74.7.242.32 - - [16/Dec/2025:21:16:08 +0800] "GET /search.php?252xesev21414.html HTTP/1.1" 200 151048 "-" "Mozilla/5.0 AppleWebKit/537.36 (KHTML, like Gecko; compatible; GPTBot/1.3; +https://openai.com/gptbot)"
207.46.13.52 - - [16/Dec/2025:21:16:10 +0800] "GET /?shopdetail/NjQwMTM0OQ HTTP/1.1" 200 138298 "-" "Mozilla/5.0 AppleWebKit/537.36 (KHTML, like Gecko; compatible; bingbot/2.0; +http://www.bing.com/bingbot.htm) Chrome/116.0.1938.76 Safari/537.36"
74.7.242.32 - - [16/Dec/2025:21:16:09 +0800] "GET /search.php?299wtaz7723.html HTTP/1.1" 200 147789 "-" "Mozilla/5.0 AppleWebKit/537.36 (KHTML, like Gecko; compatible; GPTBot/1.3; +https://openai.com/gptbot)"
74.7.242.32 - - [16/Dec/2025:21:16:10 +0800] "GET /search.php?265yofv48235.html HTTP/1.1" 200 155258 "-" "Mozilla/5.0 AppleWebKit/537.36 (KHTML, like Gecko; compatible; GPTBot/1.3; +https://openai.com/gptbot)"
74.7.242.32 - - [16/Dec/2025:21:16:11 +0800] "GET /search.php?157wkgjt22867.html HTTP/1.1" 200 151310 "-" "Mozilla/5.0 AppleWebKit/537.36 (KHTML, like Gecko; compatible; GPTBot/1.3; +https://openai.com/gptbot)"
74.7.242.32 - - [16/Dec/2025:21:16:12 +0800] "GET /search.php?_bd_prev_page=https://class.bf1.my/detail.do?245hcgod20903.html&_bdsid=e8edj2.n~BUODK.171657308.176571313&_gz=2.198110775.194159345.177128665-869673475.163667671 HTTP/1.1" 200 158355 "-" "Mozilla/5.0 AppleWebKit/537.36 (KHTML, like Gecko; compatible; GPTBot/1.3; +https://openai.com/gptbot)"
74.7.242.32 - - [16/Dec/2025:21:16:12 +0800] "GET /search.php?q-~151viZaRsHZm6JYBjjcs4dBxCU8YlNPNI2338/ HTTP/1.1" 200 157927 "-" "Mozilla/5.0 AppleWebKit/537.36 (KHTML, like Gecko; compatible; GPTBot/1.3; +https://openai.com/gptbot)"
207.46.13.52 - - [16/Dec/2025:21:16:13 +0800] "GET /?shopdetail/NTcwMzQzOQ HTTP/1.1" 200 152628 "-" "Mozilla/5.0 AppleWebKit/537.36 (KHTML, like Gecko; compatible; bingbot/2.0; +http://www.bing.com/bingbot.htm) Chrome/116.0.1938.76 Safari/537.36"
74.7.242.32 - - [16/Dec/2025:21:16:13 +0800] "GET /search.php?_bd_prev_page=https://class.bf1.my/detail.do?241jnv8951.html&_bdsid=e8edj2.n~BUODK.171657308.176571313&_gz=2.198110775.194159345.177128665-869673475.163667671 HTTP/1.1" 200 145874 "-" "Mozilla/5.0 AppleWebKit/537.36 (KHTML, like Gecko; compatible; GPTBot/1.3; +https://openai.com/gptbot)"
74.7.242.32 - - [16/Dec/2025:21:16:14 +0800] "GET /search.php?_bd_prev_page=https://class.bf1.my/detail.do?187ael11921.html&_bdsid=e8edj2.n~BUODK.171657308.176571313&_gz=2.198110775.194159345.177128665-869673475.163667671 HTTP/1.1" 200 142612 "-" "Mozilla/5.0 AppleWebKit/537.36 (KHTML, like Gecko; compatible; GPTBot/1.3; +https://openai.com/gptbot)"
74.7.242.32 - - [16/Dec/2025:21:16:15 +0800] "GET /search.php?95boqlm17333.html HTTP/1.1" 200 149186 "-" "Mozilla/5.0 AppleWebKit/537.36 (KHTML, like Gecko; compatible; GPTBot/1.3; +https://openai.com/gptbot)"
74.7.242.32 - - [16/Dec/2025:21:16:15 +0800] "GET /search.php?q-~16VN1y2YPAAUbqHfbgvbUldVfhaGH7dE30345/ HTTP/1.1" 200 142506 "-" "Mozilla/5.0 AppleWebKit/537.36 (KHTML, like Gecko; compatible; GPTBot/1.3; +https://openai.com/gptbot)"
74.7.242.32 - - [16/Dec/2025:21:16:16 +0800] "GET /search.php?_bd_prev_page=https://class.bf1.my/detail.do?38vpqz23556.html&_bdsid=e8edj2.n~BUODK.171657308.176571313&_gz=2.198110775.194159345.177128665-869673475.163667671 HTTP/1.1" 200 143290 "-" "Mozilla/5.0 AppleWebKit/537.36 (KHTML, like Gecko; compatible; GPTBot/1.3; +https://openai.com/gptbot)"
74.7.242.32 - - [16/Dec/2025:21:16:17 +0800] "GET /search.php?_bd_prev_page=https://class.bf1.my/detail.do?172iuueo21004.html&_bdsid=e8edj2.n~BUODK.171657308.176571313&_gz=2.198110775.194159345.177128665-869673475.163667671 HTTP/1.1" 200 144373 "-" "Mozilla/5.0 AppleWebKit/537.36 (KHTML, like Gecko; compatible; GPTBot/1.3; +https://openai.com/gptbot)"
74.7.242.32 - - [16/Dec/2025:21:16:18 +0800] "GET /search.php?_bd_prev_page=https://class.bf1.my/detail.do?164svttw42104.html&_bdsid=e8edj2.n~BUODK.171657308.176571313&_gz=2.198110775.194159345.177128665-869673475.163667671 HTTP/1.1" 200 139406 "-" "Mozilla/5.0 AppleWebKit/537.36 (KHTML, like Gecko; compatible; GPTBot/1.3; +https://openai.com/gptbot)"
40.77.167.77 - - [16/Dec/2025:21:16:18 +0800] "GET /?shopdetail/NjEyMzQ4Mw HTTP/1.1" 200 158480 "-" "Mozilla/5.0 AppleWebKit/537.36 (KHTML, like Gecko; compatible; bingbot/2.0; +http://www.bing.com/bingbot.htm) Chrome/116.0.1938.76 Safari/537.36"
74.7.242.32 - - [16/Dec/2025:21:16:18 +0800] "GET /search.php?_bd_prev_page=https://class.bf1.my/detail.do?113vzt2543.html&_bdsid=e8edj2.n~BUODK.171657308.176571313&_gz=2.198110775.194159345.177128665-869673475.163667671 HTTP/1.1" 200 147612 "-" "Mozilla/5.0 AppleWebKit/537.36 (KHTML, like Gecko; compatible; GPTBot/1.3; +https://openai.com/gptbot)"
74.7.242.32 - - [16/Dec/2025:21:16:19 +0800] "GET /search.php?_bd_prev_page=https://class.bf1.my/detail.do?265vvkut48539.html&_bdsid=e8edj2.n~BUODK.171657308.176571313&_gz=2.198110775.194159345.177128665-869673475.163667671 HTTP/1.1" 200 148664 "-" "Mozilla/5.0 AppleWebKit/537.36 (KHTML, like Gecko; compatible; GPTBot/1.3; +https://openai.com/gptbot)"
74.7.242.32 - - [16/Dec/2025:21:16:20 +0800] "GET /search.php?_bd_prev_page=https://class.bf1.my/detail.do?48taidy8218.html&_bdsid=e8edj2.n~BUODK.171657308.176571313&_gz=2.198110775.194159345.177128665-869673475.163667671 HTTP/1.1" 200 146575 "-" "Mozilla/5.0 AppleWebKit/537.36 (KHTML, like Gecko; compatible; GPTBot/1.3; +https://openai.com/gptbot)"
74.7.242.32 - - [16/Dec/2025:21:16:21 +0800] "GET /search.php?_bd_prev_page=https://class.bf1.my/detail.do?159lfb10491.html&_bdsid=e8edj2.n~BUODK.171657308.176571313&_gz=2.198110775.194159345.177128665-869673475.163667671 HTTP/1.1" 200 152950 "-" "Mozilla/5.0 AppleWebKit/537.36 (KHTML, like Gecko; compatible; GPTBot/1.3; +https://openai.com/gptbot)"
74.7.242.32 - - [16/Dec/2025:21:16:22 +0800] "GET /search.php?29kpi28245.html HTTP/1.1" 200 149260 "-" "Mozilla/5.0 AppleWebKit/537.36 (KHTML, like Gecko; compatible; GPTBot/1.3; +https://openai.com/gptbot)"
74.7.242.32 - - [16/Dec/2025:21:16:23 +0800] "GET /search.php?159lfb10491.html HTTP/1.1" 200 153294 "-" "Mozilla/5.0 AppleWebKit/537.36 (KHTML, like Gecko; compatible; GPTBot/1.3; +https://openai.com/gptbot)"
74.7.242.32 - - [16/Dec/2025:21:16:23 +0800] "GET /search.php?138xie5246.html HTTP/1.1" 200 191238 "-" "Mozilla/5.0 AppleWebKit/537.36 (KHTML, like Gecko; compatible; GPTBot/1.3; +https://openai.com/gptbot)"
74.7.242.32 - - [16/Dec/2025:21:16:24 +0800] "GET /search.php?188ooaqn26074.html HTTP/1.1" 200 173065 "-" "Mozilla/5.0 AppleWebKit/537.36 (KHTML, like Gecko; compatible; GPTBot/1.3; +https://openai.com/gptbot)"
74.7.242.32 - - [16/Dec/2025:21:16:25 +0800] "GET /search.php?q-~29BsMPX0PiguvefSTaTisIJOia0fA2tU11998/ HTTP/1.1" 200 143096 "-" "Mozilla/5.0 AppleWebKit/537.36 (KHTML, like Gecko; compatible; GPTBot/1.3; +https://openai.com/gptbot)"
