74.7.242.32 - - [16/Dec/2025:20:25:01 +0800] "GET /search.php?136qjxon18778.html HTTP/1.1" 200 147738 "-" "Mozilla/5.0 AppleWebKit/537.36 (KHTML, like Gecko; compatible; GPTBot/1.3; +https://openai.com/gptbot)"
40.77.167.121 - - [16/Dec/2025:20:25:02 +0800] "GET /?shopdetail/NTcxMDExMQ HTTP/1.1" 200 157264 "-" "Mozilla/5.0 AppleWebKit/537.36 (KHTML, like Gecko; compatible; bingbot/2.0; +http://www.bing.com/bingbot.htm) Chrome/116.0.1938.76 Safari/537.36"
74.7.242.32 - - [16/Dec/2025:20:25:02 +0800] "GET /search.php?q-~85BF2Vqkme3bgqhKdnTkidVpKZje9pOm13794/ HTTP/1.1" 200 146172 "-" "Mozilla/5.0 AppleWebKit/537.36 (KHTML, like Gecko; compatible; GPTBot/1.3; +https://openai.com/gptbot)"
40.77.167.121 - - [16/Dec/2025:20:25:03 +0800] "GET /?shopdetail/NDI0ODM5OQ HTTP/1.1" 200 143960 "-" "Mozilla/5.0 AppleWebKit/537.36 (KHTML, like Gecko; compatible; bingbot/2.0; +http://www.bing.com/bingbot.htm) Chrome/116.0.1938.76 Safari/537.36"
74.7.242.32 - - [16/Dec/2025:20:25:03 +0800] "GET /search.php?11yob557.html HTTP/1.1" 200 142759 "-" "Mozilla/5.0 AppleWebKit/537.36 (KHTML, like Gecko; compatible; GPTBot/1.3; +https://openai.com/gptbot)"
74.7.242.32 - - [16/Dec/2025:20:25:03 +0800] "GET /search.php?_bd_prev_page=https://class.bf1.my/detail.do?256scz34956.html&_bdsid=e8edj2.n~BUODK.171657308.176571313&_gz=2.198110775.194159345.177128665-869673475.163667671 HTTP/1.1" 200 156400 "-" "Mozilla/5.0 AppleWebKit/537.36 (KHTML, like Gecko; compatible; GPTBot/1.3; +https://openai.com/gptbot)"
74.7.242.32 - - [16/Dec/2025:20:25:04 +0800] "GET /search.php?q-~49UzqQjgwDV1bKvHXOEDef7nST9XBFAV16550/ HTTP/1.1" 200 142555 "-" "Mozilla/5.0 AppleWebKit/537.36 (KHTML, like Gecko; compatible; GPTBot/1.3; +https://openai.com/gptbot)"
74.7.242.32 - - [16/Dec/2025:20:25:05 +0800] "GET /search.php?211xhyp7107.html HTTP/1.1" 200 141467 "-" "Mozilla/5.0 AppleWebKit/537.36 (KHTML, like Gecko; compatible; GPTBot/1.3; +https://openai.com/gptbot)"
74.7.242.32 - - [16/Dec/2025:20:25:05 +0800] "GET /search.php?asty-shop-68-1tb0hozbz1-14f3 HTTP/1.1" 200 166126 "-" "Mozilla/5.0 AppleWebKit/537.36 (KHTML, like Gecko; compatible; GPTBot/1.3; +https://openai.com/gptbot)"
74.7.242.32 - - [16/Dec/2025:20:25:06 +0800] "GET /search.php?26pdwix394.html HTTP/1.1" 200 143068 "-" "Mozilla/5.0 AppleWebKit/537.36 (KHTML, like Gecko; compatible; GPTBot/1.3; +https://openai.com/gptbot)"
74.7.242.32 - - [16/Dec/2025:20:25:06 +0800] "GET /search.php?q-~225wtSyxtJvXjLjgGF8foFkq3KFsN2vgf9440/ HTTP/1.1" 200 141559 "-" "Mozilla/5.0 AppleWebKit/537.36 (KHTML, like Gecko; compatible; GPTBot/1.3; +https://openai.com/gptbot)"
74.7.242.32 - - [16/Dec/2025:20:25:07 +0800] "GET /search.php?q-~228ltirQEZHnlmZYIbTSYX5GVx9d0JYJB2235/ HTTP/1.1" 200 146180 "-" "Mozilla/5.0 AppleWebKit/537.36 (KHTML, like Gecko; compatible; GPTBot/1.3; +https://openai.com/gptbot)"
74.7.242.32 - - [16/Dec/2025:20:25:08 +0800] "GET /search.php?177tva3519.html HTTP/1.1" 200 149371 "-" "Mozilla/5.0 AppleWebKit/537.36 (KHTML, like Gecko; compatible; GPTBot/1.3; +https://openai.com/gptbot)"
74.7.242.32 - - [16/Dec/2025:20:25:09 +0800] "GET /search.php?68lfz23382.html HTTP/1.1" 200 146684 "-" "Mozilla/5.0 AppleWebKit/537.36 (KHTML, like Gecko; compatible; GPTBot/1.3; +https://openai.com/gptbot)"
74.7.242.32 - - [16/Dec/2025:20:25:10 +0800] "GET /search.php?271dmj2075.html HTTP/1.1" 200 144971 "-" "Mozilla/5.0 AppleWebKit/537.36 (KHTML, like Gecko; compatible; GPTBot/1.3; +https://openai.com/gptbot)"
74.7.242.32 - - [16/Dec/2025:20:25:10 +0800] "GET /search.php?m73372333965 HTTP/1.1" 200 143703 "-" "Mozilla/5.0 AppleWebKit/537.36 (KHTML, like Gecko; compatible; GPTBot/1.3; +https://openai.com/gptbot)"
74.7.242.32 - - [16/Dec/2025:20:25:11 +0800] "GET /search.php?rcmdva-qk-4901673262664 HTTP/1.1" 200 141876 "-" "Mozilla/5.0 AppleWebKit/537.36 (KHTML, like Gecko; compatible; GPTBot/1.3; +https://openai.com/gptbot)"
74.7.242.32 - - [16/Dec/2025:20:25:12 +0800] "GET /search.php?231ygfd43845.html HTTP/1.1" 200 143709 "-" "Mozilla/5.0 AppleWebKit/537.36 (KHTML, like Gecko; compatible; GPTBot/1.3; +https://openai.com/gptbot)"
74.7.242.32 - - [16/Dec/2025:20:25:12 +0800] "GET /search.php?q-~65aHAwYJUuCOLUP0XTTdqvFiOA6M2CST21914/ HTTP/1.1" 200 149019 "-" "Mozilla/5.0 AppleWebKit/537.36 (KHTML, like Gecko; compatible; GPTBot/1.3; +https://openai.com/gptbot)"
74.7.242.32 - - [16/Dec/2025:20:25:13 +0800] "GET /search.php?q-~247cYwRqRCC5GsZ3kIE0wvgGlQziZYBeu5836/ HTTP/1.1" 200 143481 "-" "Mozilla/5.0 AppleWebKit/537.36 (KHTML, like Gecko; compatible; GPTBot/1.3; +https://openai.com/gptbot)"
74.7.242.32 - - [16/Dec/2025:20:25:14 +0800] "GET /search.php?_bd_prev_page=https://class.bf1.my/detail.do?251kxf35883.html&_bdsid=e8edj2.n~BUODK.171657308.176571313&_gz=2.198110775.194159345.177128665-869673475.163667671 HTTP/1.1" 200 149983 "-" "Mozilla/5.0 AppleWebKit/537.36 (KHTML, like Gecko; compatible; GPTBot/1.3; +https://openai.com/gptbot)"
74.7.242.32 - - [16/Dec/2025:20:25:14 +0800] "GET /search.php?q-~72KbiBtfh3MqHpgxDBz8gf7GgCTQsEhl44743/ HTTP/1.1" 200 144379 "-" "Mozilla/5.0 AppleWebKit/537.36 (KHTML, like Gecko; compatible; GPTBot/1.3; +https://openai.com/gptbot)"
207.46.13.150 - - [16/Dec/2025:20:25:15 +0800] "GET /?shopdetail/Mzc5MDQyOQ HTTP/1.1" 200 144232 "-" "Mozilla/5.0 AppleWebKit/537.36 (KHTML, like Gecko; compatible; bingbot/2.0; +http://www.bing.com/bingbot.htm) Chrome/116.0.1938.76 Safari/537.36"
74.7.242.32 - - [16/Dec/2025:20:25:15 +0800] "GET /search.php?q-~47nYdY9F9tRXWoGndu4FCzWYgoPfcRcI26354/ HTTP/1.1" 200 143378 "-" "Mozilla/5.0 AppleWebKit/537.36 (KHTML, like Gecko; compatible; GPTBot/1.3; +https://openai.com/gptbot)"
74.7.242.32 - - [16/Dec/2025:20:25:16 +0800] "GET /search.php?_bd_prev_page=https://class.bf1.my/detail.do?93kcau31401.html&_bdsid=e8edj2.n~BUODK.171657308.176571313&_gz=2.198110775.194159345.177128665-869673475.163667671 HTTP/1.1" 200 149226 "-" "Mozilla/5.0 AppleWebKit/537.36 (KHTML, like Gecko; compatible; GPTBot/1.3; +https://openai.com/gptbot)"
74.7.242.32 - - [16/Dec/2025:20:25:16 +0800] "GET /search.php?_bd_prev_page=https://class.bf1.my/detail.do?237ppbc7751.html&_bdsid=e8edj2.n~BUODK.171657308.176571313&_gz=2.198110775.194159345.177128665-869673475.163667671 HTTP/1.1" 200 175010 "-" "Mozilla/5.0 AppleWebKit/537.36 (KHTML, like Gecko; compatible; GPTBot/1.3; +https://openai.com/gptbot)"
74.7.242.32 - - [16/Dec/2025:20:25:17 +0800] "GET /search.php?62lfe30356.html HTTP/1.1" 200 146809 "-" "Mozilla/5.0 AppleWebKit/537.36 (KHTML, like Gecko; compatible; GPTBot/1.3; +https://openai.com/gptbot)"
74.7.242.32 - - [16/Dec/2025:20:25:18 +0800] "GET /search.php?q-~16LfD9xDB66tMwnIzKcAtLEsYucVhJFh24725/ HTTP/1.1" 200 143406 "-" "Mozilla/5.0 AppleWebKit/537.36 (KHTML, like Gecko; compatible; GPTBot/1.3; +https://openai.com/gptbot)"
74.7.242.32 - - [16/Dec/2025:20:25:19 +0800] "GET /search.php?_bd_prev_page=https://class.bf1.my/detail.do?56rzm26884.html&_bdsid=e8edj2.n~BUODK.171657308.176571313&_gz=2.198110775.194159345.177128665-869673475.163667671 HTTP/1.1" 200 142894 "-" "Mozilla/5.0 AppleWebKit/537.36 (KHTML, like Gecko; compatible; GPTBot/1.3; +https://openai.com/gptbot)"
74.7.242.32 - - [16/Dec/2025:20:25:19 +0800] "GET /search.php?_bd_prev_page=https://class.bf1.my/detail.do?58txl49390.html&_bdsid=e8edj2.n~BUODK.171657308.176571313&_gz=2.198110775.194159345.177128665-869673475.163667671 HTTP/1.1" 200 143059 "-" "Mozilla/5.0 AppleWebKit/537.36 (KHTML, like Gecko; compatible; GPTBot/1.3; +https://openai.com/gptbot)"
74.7.242.32 - - [16/Dec/2025:20:25:20 +0800] "GET /search.php?_bd_prev_page=https://class.bf1.my/detail.do?51voxb21643.html&_bdsid=e8edj2.n~BUODK.171657308.176571313&_gz=2.198110775.194159345.177128665-869673475.163667671 HTTP/1.1" 200 141203 "-" "Mozilla/5.0 AppleWebKit/537.36 (KHTML, like Gecko; compatible; GPTBot/1.3; +https://openai.com/gptbot)"
74.7.242.32 - - [16/Dec/2025:20:25:20 +0800] "GET /search.php?233vfo8409.html HTTP/1.1" 200 142153 "-" "Mozilla/5.0 AppleWebKit/537.36 (KHTML, like Gecko; compatible; GPTBot/1.3; +https://openai.com/gptbot)"
74.7.242.32 - - [16/Dec/2025:20:25:21 +0800] "GET /search.php?_bd_prev_page=https://class.bf1.my/detail.do?164lkhfv40150.html&_bdsid=e8edj2.n~BUODK.171657308.176571313&_gz=2.198110775.194159345.177128665-869673475.163667671 HTTP/1.1" 200 143409 "-" "Mozilla/5.0 AppleWebKit/537.36 (KHTML, like Gecko; compatible; GPTBot/1.3; +https://openai.com/gptbot)"
74.7.242.32 - - [16/Dec/2025:20:25:22 +0800] "GET /search.php?q-~96ta6ylHYbu1CRMQUjcKIFiRMYD2kqwI10643/ HTTP/1.1" 200 145686 "-" "Mozilla/5.0 AppleWebKit/537.36 (KHTML, like Gecko; compatible; GPTBot/1.3; +https://openai.com/gptbot)"
74.7.242.32 - - [16/Dec/2025:20:25:22 +0800] "GET /search.php?187lle8245.html HTTP/1.1" 200 139799 "-" "Mozilla/5.0 AppleWebKit/537.36 (KHTML, like Gecko; compatible; GPTBot/1.3; +https://openai.com/gptbot)"
74.7.242.32 - - [16/Dec/2025:20:25:24 +0800] "GET /search.php?237ppbc7751.html HTTP/1.1" 200 173596 "-" "Mozilla/5.0 AppleWebKit/537.36 (KHTML, like Gecko; compatible; GPTBot/1.3; +https://openai.com/gptbot)"
74.7.242.32 - - [16/Dec/2025:20:25:25 +0800] "GET /search.php?q-~21fgfBS4JULg4XCX8xnhBTTHdpKYCSui25338/ HTTP/1.1" 200 140079 "-" "Mozilla/5.0 AppleWebKit/537.36 (KHTML, like Gecko; compatible; GPTBot/1.3; +https://openai.com/gptbot)"
74.7.242.32 - - [16/Dec/2025:20:25:25 +0800] "GET /search.php?226hndx7264.html HTTP/1.1" 200 157230 "-" "Mozilla/5.0 AppleWebKit/537.36 (KHTML, like Gecko; compatible; GPTBot/1.3; +https://openai.com/gptbot)"
52.167.144.201 - - [16/Dec/2025:20:25:25 +0800] "GET /?shopdetail/MjUwNzc4NQ HTTP/1.1" 200 141075 "-" "Mozilla/5.0 AppleWebKit/537.36 (KHTML, like Gecko; compatible; bingbot/2.0; +http://www.bing.com/bingbot.htm) Chrome/116.0.1938.76 Safari/537.36"
74.7.242.32 - - [16/Dec/2025:20:25:26 +0800] "GET /search.php?56rzm26884.html HTTP/1.1" 200 144965 "-" "Mozilla/5.0 AppleWebKit/537.36 (KHTML, like Gecko; compatible; GPTBot/1.3; +https://openai.com/gptbot)"
52.167.144.201 - - [16/Dec/2025:20:25:26 +0800] "GET /?shopdetail/MzU3NTkwOQ HTTP/1.1" 200 147189 "-" "Mozilla/5.0 AppleWebKit/537.36 (KHTML, like Gecko; compatible; bingbot/2.0; +http://www.bing.com/bingbot.htm) Chrome/116.0.1938.76 Safari/537.36"
74.7.242.32 - - [16/Dec/2025:20:25:26 +0800] "GET /search.php?q-~127EhfutQRRccJfRUku9evqlp3xwA4uvw2540/ HTTP/1.1" 200 146016 "-" "Mozilla/5.0 AppleWebKit/537.36 (KHTML, like Gecko; compatible; GPTBot/1.3; +https://openai.com/gptbot)"
74.7.242.32 - - [16/Dec/2025:20:25:27 +0800] "GET /search.php?_bd_prev_page=https://class.bf1.my/detail.do?62lfe30356.html&_bdsid=e8edj2.n~BUODK.171657308.176571313&_gz=2.198110775.194159345.177128665-869673475.163667671 HTTP/1.1" 200 144706 "-" "Mozilla/5.0 AppleWebKit/537.36 (KHTML, like Gecko; compatible; GPTBot/1.3; +https://openai.com/gptbot)"
74.7.242.32 - - [16/Dec/2025:20:25:27 +0800] "GET /search.php?_bd_prev_page=https://class.bf1.my/detail.do?146hlnuw9040.html&_bdsid=e8edj2.n~BUODK.171657308.176571313&_gz=2.198110775.194159345.177128665-869673475.163667671 HTTP/1.1" 200 198240 "-" "Mozilla/5.0 AppleWebKit/537.36 (KHTML, like Gecko; compatible; GPTBot/1.3; +https://openai.com/gptbot)"
74.7.242.32 - - [16/Dec/2025:20:25:28 +0800] "GET /search.php?_bd_prev_page=https://class.bf1.my/detail.do?49mjrvn20567.html&_bdsid=e8edj2.n~BUODK.171657308.176571313&_gz=2.198110775.194159345.177128665-869673475.163667671 HTTP/1.1" 200 141937 "-" "Mozilla/5.0 AppleWebKit/537.36 (KHTML, like Gecko; compatible; GPTBot/1.3; +https://openai.com/gptbot)"
74.7.242.32 - - [16/Dec/2025:20:25:29 +0800] "GET /search.php?q-~23RbMww5x02D1y04L7DsQc38usgH84TL11284/ HTTP/1.1" 200 155771 "-" "Mozilla/5.0 AppleWebKit/537.36 (KHTML, like Gecko; compatible; GPTBot/1.3; +https://openai.com/gptbot)"
74.7.242.32 - - [16/Dec/2025:20:25:29 +0800] "GET /search.php?_bd_prev_page=https://class.bf1.my/detail.do?267kil34303.html&_bdsid=e8edj2.n~BUODK.171657308.176571313&_gz=2.198110775.194159345.177128665-869673475.163667671 HTTP/1.1" 200 144852 "-" "Mozilla/5.0 AppleWebKit/537.36 (KHTML, like Gecko; compatible; GPTBot/1.3; +https://openai.com/gptbot)"
74.7.242.32 - - [16/Dec/2025:20:25:30 +0800] "GET /search.php?_bd_prev_page=https://class.bf1.my/detail.do?29cpok7905.html&_bdsid=e8edj2.n~BUODK.171657308.176571313&_gz=2.198110775.194159345.177128665-869673475.163667671 HTTP/1.1" 200 141394 "-" "Mozilla/5.0 AppleWebKit/537.36 (KHTML, like Gecko; compatible; GPTBot/1.3; +https://openai.com/gptbot)"
74.7.242.32 - - [16/Dec/2025:20:25:31 +0800] "GET /search.php?179rjtf2129.html HTTP/1.1" 200 145056 "-" "Mozilla/5.0 AppleWebKit/537.36 (KHTML, like Gecko; compatible; GPTBot/1.3; +https://openai.com/gptbot)"
74.7.242.32 - - [16/Dec/2025:20:25:31 +0800] "GET /search.php?q-~234UuQ5pL6PHMGRQoeX6YtIuZVGXdfAFt4473/ HTTP/1.1" 200 141361 "-" "Mozilla/5.0 AppleWebKit/537.36 (KHTML, like Gecko; compatible; GPTBot/1.3; +https://openai.com/gptbot)"
66.249.73.230 - - [16/Dec/2025:20:25:32 +0800] "GET /search.php?291rfkr39579.html HTTP/1.1" 200 146281 "-" "Mozilla/5.0 (Linux; Android 6.0.1; Nexus 5X Build/MMB29P) AppleWebKit/537.36 (KHTML, like Gecko) Chrome/141.0.7390.122 Mobile Safari/537.36 (compatible; Googlebot/2.1; +http://www.google.com/bot.html)"
74.7.242.32 - - [16/Dec/2025:20:25:32 +0800] "GET /search.php?128gkh8780.html HTTP/1.1" 200 143990 "-" "Mozilla/5.0 AppleWebKit/537.36 (KHTML, like Gecko; compatible; GPTBot/1.3; +https://openai.com/gptbot)"
74.7.242.32 - - [16/Dec/2025:20:25:33 +0800] "GET /search.php?_bd_prev_page=https://class.bf1.my/detail.do?42jicm13816.html&_bdsid=e8edj2.n~BUODK.171657308.176571313&_gz=2.198110775.194159345.177128665-869673475.163667671 HTTP/1.1" 200 147807 "-" "Mozilla/5.0 AppleWebKit/537.36 (KHTML, like Gecko; compatible; GPTBot/1.3; +https://openai.com/gptbot)"
74.7.242.32 - - [16/Dec/2025:20:25:34 +0800] "GET /search.php?_bd_prev_page=https://class.bf1.my/detail.do?281cwv6573.html&_bdsid=e8edj2.n~BUODK.171657308.176571313&_gz=2.198110775.194159345.177128665-869673475.163667671 HTTP/1.1" 200 145934 "-" "Mozilla/5.0 AppleWebKit/537.36 (KHTML, like Gecko; compatible; GPTBot/1.3; +https://openai.com/gptbot)"
74.7.242.32 - - [16/Dec/2025:20:25:35 +0800] "GET /search.php?q-~244Zm7g7nvaF86s1QmYvNH5tBl7A8Z4Us18133/ HTTP/1.1" 200 148601 "-" "Mozilla/5.0 AppleWebKit/537.36 (KHTML, like Gecko; compatible; GPTBot/1.3; +https://openai.com/gptbot)"
74.7.242.32 - - [16/Dec/2025:20:25:35 +0800] "GET /search.php?q-~90SjpiM2mmnlIoNsk4lhEOxbIimkE0MZ12903/ HTTP/1.1" 200 152102 "-" "Mozilla/5.0 AppleWebKit/537.36 (KHTML, like Gecko; compatible; GPTBot/1.3; +https://openai.com/gptbot)"
74.7.242.32 - - [16/Dec/2025:20:25:36 +0800] "GET /search.php?q-~191vB5fFgJuxz30w855eu4qHe3Q6XWrnb29290/ HTTP/1.1" 200 141260 "-" "Mozilla/5.0 AppleWebKit/537.36 (KHTML, like Gecko; compatible; GPTBot/1.3; +https://openai.com/gptbot)"
74.7.242.32 - - [16/Dec/2025:20:25:37 +0800] "GET /search.php?128owe5000.html HTTP/1.1" 200 142645 "-" "Mozilla/5.0 AppleWebKit/537.36 (KHTML, like Gecko; compatible; GPTBot/1.3; +https://openai.com/gptbot)"
74.7.242.32 - - [16/Dec/2025:20:25:38 +0800] "GET /search.php?284ynjdb16170.html HTTP/1.1" 200 141840 "-" "Mozilla/5.0 AppleWebKit/537.36 (KHTML, like Gecko; compatible; GPTBot/1.3; +https://openai.com/gptbot)"
74.7.242.32 - - [16/Dec/2025:20:25:39 +0800] "GET /search.php?m10374727222 HTTP/1.1" 200 144156 "-" "Mozilla/5.0 AppleWebKit/537.36 (KHTML, like Gecko; compatible; GPTBot/1.3; +https://openai.com/gptbot)"
74.7.242.32 - - [16/Dec/2025:20:25:39 +0800] "GET /search.php?96cya46150.html HTTP/1.1" 200 149497 "-" "Mozilla/5.0 AppleWebKit/537.36 (KHTML, like Gecko; compatible; GPTBot/1.3; +https://openai.com/gptbot)"
74.7.242.32 - - [16/Dec/2025:20:25:40 +0800] "GET /search.php?q-~142FKRJ2SZ0aKBOJYBcNpOw0sQimQxniJ8783/ HTTP/1.1" 200 147168 "-" "Mozilla/5.0 AppleWebKit/537.36 (KHTML, like Gecko; compatible; GPTBot/1.3; +https://openai.com/gptbot)"
74.7.242.32 - - [16/Dec/2025:20:25:41 +0800] "GET /search.php?167hbd5461.html HTTP/1.1" 200 147064 "-" "Mozilla/5.0 AppleWebKit/537.36 (KHTML, like Gecko; compatible; GPTBot/1.3; +https://openai.com/gptbot)"
74.7.242.32 - - [16/Dec/2025:20:25:42 +0800] "GET /search.php?126mut9650.html HTTP/1.1" 200 145615 "-" "Mozilla/5.0 AppleWebKit/537.36 (KHTML, like Gecko; compatible; GPTBot/1.3; +https://openai.com/gptbot)"
74.7.242.32 - - [16/Dec/2025:20:25:43 +0800] "GET /search.php?camera-fanksproshop11-2049-001753 HTTP/1.1" 200 142557 "-" "Mozilla/5.0 AppleWebKit/537.36 (KHTML, like Gecko; compatible; GPTBot/1.3; +https://openai.com/gptbot)"
74.7.242.32 - - [16/Dec/2025:20:25:43 +0800] "GET /search.php?29cpok7905.html HTTP/1.1" 200 143681 "-" "Mozilla/5.0 AppleWebKit/537.36 (KHTML, like Gecko; compatible; GPTBot/1.3; +https://openai.com/gptbot)"
74.7.242.32 - - [16/Dec/2025:20:25:44 +0800] "GET /search.php?201xveu37149.html HTTP/1.1" 200 157143 "-" "Mozilla/5.0 AppleWebKit/537.36 (KHTML, like Gecko; compatible; GPTBot/1.3; +https://openai.com/gptbot)"
74.7.242.32 - - [16/Dec/2025:20:25:45 +0800] "GET /search.php?q-~49hPfqBXXN7Gdnn10PFMymyXnsXnemij44056/ HTTP/1.1" 200 141404 "-" "Mozilla/5.0 AppleWebKit/537.36 (KHTML, like Gecko; compatible; GPTBot/1.3; +https://openai.com/gptbot)"
74.7.242.32 - - [16/Dec/2025:20:25:45 +0800] "GET /search.php?298dkdt30614.html HTTP/1.1" 200 147756 "-" "Mozilla/5.0 AppleWebKit/537.36 (KHTML, like Gecko; compatible; GPTBot/1.3; +https://openai.com/gptbot)"
74.7.242.32 - - [16/Dec/2025:20:25:46 +0800] "GET /search.php?165wdjz33059.html HTTP/1.1" 200 143896 "-" "Mozilla/5.0 AppleWebKit/537.36 (KHTML, like Gecko; compatible; GPTBot/1.3; +https://openai.com/gptbot)"
74.7.242.32 - - [16/Dec/2025:20:25:46 +0800] "GET /search.php?154qfgy20612.html HTTP/1.1" 200 162319 "-" "Mozilla/5.0 AppleWebKit/537.36 (KHTML, like Gecko; compatible; GPTBot/1.3; +https://openai.com/gptbot)"
74.7.242.32 - - [16/Dec/2025:20:25:47 +0800] "GET /search.php?q-~56mirETeKF3nWbgetcR5wwGeYjy9bNaI21023/ HTTP/1.1" 200 140332 "-" "Mozilla/5.0 AppleWebKit/537.36 (KHTML, like Gecko; compatible; GPTBot/1.3; +https://openai.com/gptbot)"
74.7.242.32 - - [16/Dec/2025:20:25:47 +0800] "GET /search.php?_bd_prev_page=https://class.bf1.my/detail.do?181tsnr33221.html&_bdsid=e8edj2.n~BUODK.171657308.176571313&_gz=2.198110775.194159345.177128665-869673475.163667671 HTTP/1.1" 200 144082 "-" "Mozilla/5.0 AppleWebKit/537.36 (KHTML, like Gecko; compatible; GPTBot/1.3; +https://openai.com/gptbot)"
74.7.242.32 - - [16/Dec/2025:20:25:48 +0800] "GET /search.php?q-~59kbarwZSPoggz9jTLZbUSuTSOhSG80a25756/ HTTP/1.1" 200 161463 "-" "Mozilla/5.0 AppleWebKit/537.36 (KHTML, like Gecko; compatible; GPTBot/1.3; +https://openai.com/gptbot)"
74.7.242.32 - - [16/Dec/2025:20:25:49 +0800] "GET /search.php?48hvd24914.html HTTP/1.1" 200 155182 "-" "Mozilla/5.0 AppleWebKit/537.36 (KHTML, like Gecko; compatible; GPTBot/1.3; +https://openai.com/gptbot)"
74.7.242.32 - - [16/Dec/2025:20:25:49 +0800] "GET /search.php?q-~199Z6CymB72Cw5tDuuyr90B4EXiT16Lix46316/ HTTP/1.1" 200 147524 "-" "Mozilla/5.0 AppleWebKit/537.36 (KHTML, like Gecko; compatible; GPTBot/1.3; +https://openai.com/gptbot)"
74.7.242.32 - - [16/Dec/2025:20:25:50 +0800] "GET /search.php?45umht38409.html HTTP/1.1" 200 138998 "-" "Mozilla/5.0 AppleWebKit/537.36 (KHTML, like Gecko; compatible; GPTBot/1.3; +https://openai.com/gptbot)"
74.7.242.32 - - [16/Dec/2025:20:25:51 +0800] "GET /search.php?_bd_prev_page=https://class.bf1.my/detail.do?179rjtf2129.html&_bdsid=e8edj2.n~BUODK.171657308.176571313&_gz=2.198110775.194159345.177128665-869673475.163667671 HTTP/1.1" 200 142228 "-" "Mozilla/5.0 AppleWebKit/537.36 (KHTML, like Gecko; compatible; GPTBot/1.3; +https://openai.com/gptbot)"
74.7.242.32 - - [16/Dec/2025:20:25:51 +0800] "GET /search.php?q-~59knTwXtR6BN3mGsc5OtlJXzXUVTpGky10890/ HTTP/1.1" 200 148022 "-" "Mozilla/5.0 AppleWebKit/537.36 (KHTML, like Gecko; compatible; GPTBot/1.3; +https://openai.com/gptbot)"
74.7.242.32 - - [16/Dec/2025:20:25:52 +0800] "GET /search.php?q-~48EKWQ6zt5paISGJsXXM5xjPspCRUpSF25519/ HTTP/1.1" 200 144709 "-" "Mozilla/5.0 AppleWebKit/537.36 (KHTML, like Gecko; compatible; GPTBot/1.3; +https://openai.com/gptbot)"
74.7.242.32 - - [16/Dec/2025:20:25:53 +0800] "GET /search.php?15xhd34891.html HTTP/1.1" 200 146358 "-" "Mozilla/5.0 AppleWebKit/537.36 (KHTML, like Gecko; compatible; GPTBot/1.3; +https://openai.com/gptbot)"
74.7.242.32 - - [16/Dec/2025:20:25:53 +0800] "GET /search.php?q-~31HhkgWqGrGXUQUEIdGXCjRqiCRg993Z18836/ HTTP/1.1" 200 149776 "-" "Mozilla/5.0 AppleWebKit/537.36 (KHTML, like Gecko; compatible; GPTBot/1.3; +https://openai.com/gptbot)"
74.7.242.32 - - [16/Dec/2025:20:25:54 +0800] "GET /search.php?191ichs17421.html HTTP/1.1" 200 141338 "-" "Mozilla/5.0 AppleWebKit/537.36 (KHTML, like Gecko; compatible; GPTBot/1.3; +https://openai.com/gptbot)"
74.7.242.32 - - [16/Dec/2025:20:25:55 +0800] "GET /search.php?_bd_prev_page=https://class.bf1.my/detail.do?147xcetj19263.html&_bdsid=e8edj2.n~BUODK.171657308.176571313&_gz=2.198110775.194159345.177128665-869673475.163667671 HTTP/1.1" 200 157131 "-" "Mozilla/5.0 AppleWebKit/537.36 (KHTML, like Gecko; compatible; GPTBot/1.3; +https://openai.com/gptbot)"
52.167.144.201 - - [16/Dec/2025:20:25:56 +0800] "GET /?shopdetail/NDk3NTQzOQ HTTP/1.1" 200 137042 "-" "Mozilla/5.0 AppleWebKit/537.36 (KHTML, like Gecko; compatible; bingbot/2.0; +http://www.bing.com/bingbot.htm) Chrome/116.0.1938.76 Safari/537.36"
74.7.242.32 - - [16/Dec/2025:20:25:56 +0800] "GET /search.php?_bd_prev_page=https://class.bf1.my/detail.do?17gnak21559.html&_bdsid=e8edj2.n~BUODK.171657308.176571313&_gz=2.198110775.194159345.177128665-869673475.163667671 HTTP/1.1" 200 142585 "-" "Mozilla/5.0 AppleWebKit/537.36 (KHTML, like Gecko; compatible; GPTBot/1.3; +https://openai.com/gptbot)"
74.7.242.32 - - [16/Dec/2025:20:25:56 +0800] "GET /search.php?_bd_prev_page=https://class.bf1.my/detail.do?204njlw27828.html&_bdsid=e8edj2.n~BUODK.171657308.176571313&_gz=2.198110775.194159345.177128665-869673475.163667671 HTTP/1.1" 200 146636 "-" "Mozilla/5.0 AppleWebKit/537.36 (KHTML, like Gecko; compatible; GPTBot/1.3; +https://openai.com/gptbot)"
74.7.242.32 - - [16/Dec/2025:20:25:57 +0800] "GET /search.php?q-~288TWc4kt4hSU6B3EUcN5o5K9PFc9F3wZ13165/ HTTP/1.1" 200 148563 "-" "Mozilla/5.0 AppleWebKit/537.36 (KHTML, like Gecko; compatible; GPTBot/1.3; +https://openai.com/gptbot)"
74.7.242.32 - - [16/Dec/2025:20:25:57 +0800] "GET /search.php?_bd_prev_page=https://class.bf1.my/detail.do?89qcz21121.html&_bdsid=e8edj2.n~BUODK.171657308.176571313&_gz=2.198110775.194159345.177128665-869673475.163667671 HTTP/1.1" 200 144538 "-" "Mozilla/5.0 AppleWebKit/537.36 (KHTML, like Gecko; compatible; GPTBot/1.3; +https://openai.com/gptbot)"
74.7.242.32 - - [16/Dec/2025:20:25:58 +0800] "GET /search.php?category/863_11142_13043/1/listing HTTP/1.1" 200 149703 "-" "Mozilla/5.0 AppleWebKit/537.36 (KHTML, like Gecko; compatible; GPTBot/1.3; +https://openai.com/gptbot)"
74.7.242.32 - - [16/Dec/2025:20:25:59 +0800] "GET /search.php?43ambw6023.html HTTP/1.1" 200 150604 "-" "Mozilla/5.0 AppleWebKit/537.36 (KHTML, like Gecko; compatible; GPTBot/1.3; +https://openai.com/gptbot)"
74.7.242.32 - - [16/Dec/2025:20:25:59 +0800] "GET /search.php?_bd_prev_page=https://class.bf1.my/detail.do?229wgqp6369.html&_bdsid=e8edj2.n~BUODK.171657308.176571313&_gz=2.198110775.194159345.177128665-869673475.163667671 HTTP/1.1" 200 144189 "-" "Mozilla/5.0 AppleWebKit/537.36 (KHTML, like Gecko; compatible; GPTBot/1.3; +https://openai.com/gptbot)"
74.7.242.32 - - [16/Dec/2025:20:26:00 +0800] "GET /search.php?155hby1947.html HTTP/1.1" 200 172500 "-" "Mozilla/5.0 AppleWebKit/537.36 (KHTML, like Gecko; compatible; GPTBot/1.3; +https://openai.com/gptbot)"
74.7.242.32 - - [16/Dec/2025:20:26:00 +0800] "GET /search.php?_bd_prev_page=https://class.bf1.my/detail.do?86pkjf32866.html&_bdsid=e8edj2.n~BUODK.171657308.176571313&_gz=2.198110775.194159345.177128665-869673475.163667671 HTTP/1.1" 200 144986 "-" "Mozilla/5.0 AppleWebKit/537.36 (KHTML, like Gecko; compatible; GPTBot/1.3; +https://openai.com/gptbot)"
74.7.242.32 - - [16/Dec/2025:20:26:01 +0800] "GET /search.php?q-~202LZXMJfFK8nrPS1yLsdyTzuV3ymdWxa1605/ HTTP/1.1" 200 167404 "-" "Mozilla/5.0 AppleWebKit/537.36 (KHTML, like Gecko; compatible; GPTBot/1.3; +https://openai.com/gptbot)"
74.7.242.32 - - [16/Dec/2025:20:26:02 +0800] "GET /search.php?m88864182263 HTTP/1.1" 200 151294 "-" "Mozilla/5.0 AppleWebKit/537.36 (KHTML, like Gecko; compatible; GPTBot/1.3; +https://openai.com/gptbot)"
74.7.242.32 - - [16/Dec/2025:20:26:02 +0800] "GET /search.php?_bd_prev_page=https://class.bf1.my/detail.do?209phnr43699.html&_bdsid=e8edj2.n~BUODK.171657308.176571313&_gz=2.198110775.194159345.177128665-869673475.163667671 HTTP/1.1" 200 150249 "-" "Mozilla/5.0 AppleWebKit/537.36 (KHTML, like Gecko; compatible; GPTBot/1.3; +https://openai.com/gptbot)"
74.7.242.32 - - [16/Dec/2025:20:26:03 +0800] "GET /search.php?147asqzy39683.html HTTP/1.1" 200 140265 "-" "Mozilla/5.0 AppleWebKit/537.36 (KHTML, like Gecko; compatible; GPTBot/1.3; +https://openai.com/gptbot)"
74.7.242.32 - - [16/Dec/2025:20:26:04 +0800] "GET /search.php?_bd_prev_page=https://class.bf1.my/detail.do?143set27931.html&_bdsid=e8edj2.n~BUODK.171657308.176571313&_gz=2.198110775.194159345.177128665-869673475.163667671 HTTP/1.1" 200 141363 "-" "Mozilla/5.0 AppleWebKit/537.36 (KHTML, like Gecko; compatible; GPTBot/1.3; +https://openai.com/gptbot)"
74.7.242.32 - - [16/Dec/2025:20:26:04 +0800] "GET /search.php?25gxw33305.html HTTP/1.1" 200 147094 "-" "Mozilla/5.0 AppleWebKit/537.36 (KHTML, like Gecko; compatible; GPTBot/1.3; +https://openai.com/gptbot)"
74.7.242.32 - - [16/Dec/2025:20:26:05 +0800] "GET /search.php?64yhf12794.html HTTP/1.1" 200 142562 "-" "Mozilla/5.0 AppleWebKit/537.36 (KHTML, like Gecko; compatible; GPTBot/1.3; +https://openai.com/gptbot)"
74.7.242.32 - - [16/Dec/2025:20:26:06 +0800] "GET /search.php?229aiu1707.html HTTP/1.1" 200 151375 "-" "Mozilla/5.0 AppleWebKit/537.36 (KHTML, like Gecko; compatible; GPTBot/1.3; +https://openai.com/gptbot)"
74.7.242.32 - - [16/Dec/2025:20:26:06 +0800] "GET /search.php?_bd_prev_page=https://class.bf1.my/detail.do?190nqwf8580.html&_bdsid=e8edj2.n~BUODK.171657308.176571313&_gz=2.198110775.194159345.177128665-869673475.163667671 HTTP/1.1" 200 144620 "-" "Mozilla/5.0 AppleWebKit/537.36 (KHTML, like Gecko; compatible; GPTBot/1.3; +https://openai.com/gptbot)"
74.7.242.32 - - [16/Dec/2025:20:26:07 +0800] "GET /search.php?86pkjf32866.html HTTP/1.1" 200 143700 "-" "Mozilla/5.0 AppleWebKit/537.36 (KHTML, like Gecko; compatible; GPTBot/1.3; +https://openai.com/gptbot)"
74.7.242.32 - - [16/Dec/2025:20:26:07 +0800] "GET /search.php?70mrfwa22236.html HTTP/1.1" 200 155646 "-" "Mozilla/5.0 AppleWebKit/537.36 (KHTML, like Gecko; compatible; GPTBot/1.3; +https://openai.com/gptbot)"
74.7.242.32 - - [16/Dec/2025:20:26:08 +0800] "GET /search.php?q-~179lhY0Ol15ee8HVT605KHoI5YikJb2Ax16198/ HTTP/1.1" 200 148035 "-" "Mozilla/5.0 AppleWebKit/537.36 (KHTML, like Gecko; compatible; GPTBot/1.3; +https://openai.com/gptbot)"
74.7.242.32 - - [16/Dec/2025:20:26:09 +0800] "GET /search.php?75ruq21957.html HTTP/1.1" 200 147406 "-" "Mozilla/5.0 AppleWebKit/537.36 (KHTML, like Gecko; compatible; GPTBot/1.3; +https://openai.com/gptbot)"
74.7.242.32 - - [16/Dec/2025:20:26:09 +0800] "GET /search.php?147zhpht34905.html HTTP/1.1" 200 141674 "-" "Mozilla/5.0 AppleWebKit/537.36 (KHTML, like Gecko; compatible; GPTBot/1.3; +https://openai.com/gptbot)"
74.7.242.32 - - [16/Dec/2025:20:26:10 +0800] "GET /search.php?m51364300666 HTTP/1.1" 200 142197 "-" "Mozilla/5.0 AppleWebKit/537.36 (KHTML, like Gecko; compatible; GPTBot/1.3; +https://openai.com/gptbot)"
74.7.242.32 - - [16/Dec/2025:20:26:10 +0800] "GET /search.php?5zfn9553.html HTTP/1.1" 200 141480 "-" "Mozilla/5.0 AppleWebKit/537.36 (KHTML, like Gecko; compatible; GPTBot/1.3; +https://openai.com/gptbot)"
74.7.242.32 - - [16/Dec/2025:20:26:11 +0800] "GET /search.php?_bd_prev_page=https://class.bf1.my/detail.do?46pqd9776.html&_bdsid=e8edj2.n~BUODK.171657308.176571313&_gz=2.198110775.194159345.177128665-869673475.163667671 HTTP/1.1" 200 141939 "-" "Mozilla/5.0 AppleWebKit/537.36 (KHTML, like Gecko; compatible; GPTBot/1.3; +https://openai.com/gptbot)"
74.7.242.32 - - [16/Dec/2025:20:26:12 +0800] "GET /search.php?_bd_prev_page=https://class.bf1.my/detail.do?259kmgmm37461.html&_bdsid=e8edj2.n~BUODK.171657308.176571313&_gz=2.198110775.194159345.177128665-869673475.163667671 HTTP/1.1" 200 158478 "-" "Mozilla/5.0 AppleWebKit/537.36 (KHTML, like Gecko; compatible; GPTBot/1.3; +https://openai.com/gptbot)"
74.7.242.32 - - [16/Dec/2025:20:26:12 +0800] "GET /search.php?_bd_prev_page=https://class.bf1.my/detail.do?212cvj41802.html&_bdsid=e8edj2.n~BUODK.171657308.176571313&_gz=2.198110775.194159345.177128665-869673475.163667671 HTTP/1.1" 200 145084 "-" "Mozilla/5.0 AppleWebKit/537.36 (KHTML, like Gecko; compatible; GPTBot/1.3; +https://openai.com/gptbot)"
74.7.242.32 - - [16/Dec/2025:20:26:13 +0800] "GET /search.php?55een46387.html HTTP/1.1" 200 146225 "-" "Mozilla/5.0 AppleWebKit/537.36 (KHTML, like Gecko; compatible; GPTBot/1.3; +https://openai.com/gptbot)"
74.7.242.32 - - [16/Dec/2025:20:26:14 +0800] "GET /search.php?_bd_prev_page=https://class.bf1.my/detail.do?53cav32981.html&_bdsid=e8edj2.n~BUODK.171657308.176571313&_gz=2.198110775.194159345.177128665-869673475.163667671 HTTP/1.1" 200 140477 "-" "Mozilla/5.0 AppleWebKit/537.36 (KHTML, like Gecko; compatible; GPTBot/1.3; +https://openai.com/gptbot)"
74.7.242.32 - - [16/Dec/2025:20:26:15 +0800] "GET /search.php?q-~261HDOVaLpkfs6JtopPPhKgNH2PoGt4HN2898/ HTTP/1.1" 200 142771 "-" "Mozilla/5.0 AppleWebKit/537.36 (KHTML, like Gecko; compatible; GPTBot/1.3; +https://openai.com/gptbot)"
74.7.242.32 - - [16/Dec/2025:20:26:15 +0800] "GET /search.php?83lag22453.html HTTP/1.1" 200 144639 "-" "Mozilla/5.0 AppleWebKit/537.36 (KHTML, like Gecko; compatible; GPTBot/1.3; +https://openai.com/gptbot)"
74.7.242.32 - - [16/Dec/2025:20:26:16 +0800] "GET /search.php?autoparts-agency02-507851110 HTTP/1.1" 200 146634 "-" "Mozilla/5.0 AppleWebKit/537.36 (KHTML, like Gecko; compatible; GPTBot/1.3; +https://openai.com/gptbot)"
74.7.242.32 - - [16/Dec/2025:20:26:18 +0800] "GET /search.php?185doy2573.html HTTP/1.1" 200 148986 "-" "Mozilla/5.0 AppleWebKit/537.36 (KHTML, like Gecko; compatible; GPTBot/1.3; +https://openai.com/gptbot)"
74.7.242.32 - - [16/Dec/2025:20:26:18 +0800] "GET /search.php?39hip25749.html HTTP/1.1" 200 146815 "-" "Mozilla/5.0 AppleWebKit/537.36 (KHTML, like Gecko; compatible; GPTBot/1.3; +https://openai.com/gptbot)"
74.7.242.32 - - [16/Dec/2025:20:26:19 +0800] "GET /search.php?q-~13uzTmCJDkRAnNrtEb5ICnje1bGcdf2x18946/ HTTP/1.1" 200 157765 "-" "Mozilla/5.0 AppleWebKit/537.36 (KHTML, like Gecko; compatible; GPTBot/1.3; +https://openai.com/gptbot)"
74.7.242.32 - - [16/Dec/2025:20:26:19 +0800] "GET /search.php?q-~85aSeTGYvHnILINaP4kqddsF5qicQy6a31390/ HTTP/1.1" 200 151384 "-" "Mozilla/5.0 AppleWebKit/537.36 (KHTML, like Gecko; compatible; GPTBot/1.3; +https://openai.com/gptbot)"
74.7.242.32 - - [16/Dec/2025:20:26:20 +0800] "GET /search.php?q-~294Zve595kSSGpPrpay4iR6Q1YG82087b24315/ HTTP/1.1" 200 181020 "-" "Mozilla/5.0 AppleWebKit/537.36 (KHTML, like Gecko; compatible; GPTBot/1.3; +https://openai.com/gptbot)"
74.7.242.32 - - [16/Dec/2025:20:26:20 +0800] "GET /search.php?270bnkwt37962.html HTTP/1.1" 200 143069 "-" "Mozilla/5.0 AppleWebKit/537.36 (KHTML, like Gecko; compatible; GPTBot/1.3; +https://openai.com/gptbot)"
74.7.242.32 - - [16/Dec/2025:20:26:21 +0800] "GET /search.php?212ucuzj19126.html HTTP/1.1" 200 143046 "-" "Mozilla/5.0 AppleWebKit/537.36 (KHTML, like Gecko; compatible; GPTBot/1.3; +https://openai.com/gptbot)"
74.7.242.32 - - [16/Dec/2025:20:26:22 +0800] "GET /search.php?296rpn4862.html HTTP/1.1" 200 141290 "-" "Mozilla/5.0 AppleWebKit/537.36 (KHTML, like Gecko; compatible; GPTBot/1.3; +https://openai.com/gptbot)"
74.7.242.32 - - [16/Dec/2025:20:26:22 +0800] "GET /search.php?53cav32981.html HTTP/1.1" 200 140684 "-" "Mozilla/5.0 AppleWebKit/537.36 (KHTML, like Gecko; compatible; GPTBot/1.3; +https://openai.com/gptbot)"
74.7.242.32 - - [16/Dec/2025:20:26:23 +0800] "GET /search.php?286vqztr15302.html HTTP/1.1" 200 143747 "-" "Mozilla/5.0 AppleWebKit/537.36 (KHTML, like Gecko; compatible; GPTBot/1.3; +https://openai.com/gptbot)"
74.7.242.32 - - [16/Dec/2025:20:26:24 +0800] "GET /search.php?_bd_prev_page=https://class.bf1.my/detail.do?249gupc11373.html&_bdsid=e8edj2.n~BUODK.171657308.176571313&_gz=2.198110775.194159345.177128665-869673475.163667671 HTTP/1.1" 200 153452 "-" "Mozilla/5.0 AppleWebKit/537.36 (KHTML, like Gecko; compatible; GPTBot/1.3; +https://openai.com/gptbot)"
74.7.242.32 - - [16/Dec/2025:20:26:25 +0800] "GET /search.php?157efta35355.html HTTP/1.1" 200 145260 "-" "Mozilla/5.0 AppleWebKit/537.36 (KHTML, like Gecko; compatible; GPTBot/1.3; +https://openai.com/gptbot)"
74.7.242.32 - - [16/Dec/2025:20:26:26 +0800] "GET /search.php?_bd_prev_page=https://class.bf1.my/detail.do?167asijs46397.html&_bdsid=e8edj2.n~BUODK.171657308.176571313&_gz=2.198110775.194159345.177128665-869673475.163667671 HTTP/1.1" 200 149024 "-" "Mozilla/5.0 AppleWebKit/537.36 (KHTML, like Gecko; compatible; GPTBot/1.3; +https://openai.com/gptbot)"
52.167.144.201 - - [16/Dec/2025:20:26:26 +0800] "GET /?shopdetail/NjIwNzMxNQ HTTP/1.1" 200 138270 "-" "Mozilla/5.0 AppleWebKit/537.36 (KHTML, like Gecko; compatible; bingbot/2.0; +http://www.bing.com/bingbot.htm) Chrome/116.0.1938.76 Safari/537.36"
74.7.242.32 - - [16/Dec/2025:20:26:26 +0800] "GET /search.php?_bd_prev_page=https://class.bf1.my/detail.do?185lfpgs45543.html&_bdsid=e8edj2.n~BUODK.171657308.176571313&_gz=2.198110775.194159345.177128665-869673475.163667671 HTTP/1.1" 200 145636 "-" "Mozilla/5.0 AppleWebKit/537.36 (KHTML, like Gecko; compatible; GPTBot/1.3; +https://openai.com/gptbot)"
52.167.144.201 - - [16/Dec/2025:20:26:27 +0800] "GET /?shopdetail/NDEyMDI3MQ HTTP/1.1" 200 167035 "-" "Mozilla/5.0 AppleWebKit/537.36 (KHTML, like Gecko; compatible; bingbot/2.0; +http://www.bing.com/bingbot.htm) Chrome/116.0.1938.76 Safari/537.36"
74.7.242.32 - - [16/Dec/2025:20:26:27 +0800] "GET /search.php?q-~170ZnRYRHzbQelEkF8alLUwSJ9OxQ9WAb9153/ HTTP/1.1" 200 147297 "-" "Mozilla/5.0 AppleWebKit/537.36 (KHTML, like Gecko; compatible; GPTBot/1.3; +https://openai.com/gptbot)"
74.7.242.32 - - [16/Dec/2025:20:26:28 +0800] "GET /search.php?272dhf5932.html HTTP/1.1" 200 156382 "-" "Mozilla/5.0 AppleWebKit/537.36 (KHTML, like Gecko; compatible; GPTBot/1.3; +https://openai.com/gptbot)"
74.7.242.32 - - [16/Dec/2025:20:26:28 +0800] "GET /search.php?daishinshop-1445-0121072 HTTP/1.1" 200 142874 "-" "Mozilla/5.0 AppleWebKit/537.36 (KHTML, like Gecko; compatible; GPTBot/1.3; +https://openai.com/gptbot)"
20.15.133.191 - - [16/Dec/2025:20:26:29 +0800] "GET /products/5133325/ HTTP/1.1" 200 178814 "-" "Mozilla/5.0 AppleWebKit/537.36 (KHTML, like Gecko; compatible; bingbot/2.0; +http://www.bing.com/bingbot.htm) Chrome/116.0.1938.76 Safari/537.36"
74.7.242.32 - - [16/Dec/2025:20:26:29 +0800] "GET /search.php?_bd_prev_page=https://class.bf1.my/detail.do?38elh1798.html&_bdsid=e8edj2.n~BUODK.171657308.176571313&_gz=2.198110775.194159345.177128665-869673475.163667671 HTTP/1.1" 200 140662 "-" "Mozilla/5.0 AppleWebKit/537.36 (KHTML, like Gecko; compatible; GPTBot/1.3; +https://openai.com/gptbot)"
74.7.242.32 - - [16/Dec/2025:20:26:29 +0800] "GET /search.php?83ewxg521.html HTTP/1.1" 200 144447 "-" "Mozilla/5.0 AppleWebKit/537.36 (KHTML, like Gecko; compatible; GPTBot/1.3; +https://openai.com/gptbot)"
74.7.242.32 - - [16/Dec/2025:20:26:30 +0800] "GET /search.php?q-~159LGmsOVPTO0WONIBnJzHOf6VLJE7UOe8706/ HTTP/1.1" 200 226836 "-" "Mozilla/5.0 AppleWebKit/537.36 (KHTML, like Gecko; compatible; GPTBot/1.3; +https://openai.com/gptbot)"
74.7.242.32 - - [16/Dec/2025:20:26:31 +0800] "GET /search.php?11smn14079.html HTTP/1.1" 200 145000 "-" "Mozilla/5.0 AppleWebKit/537.36 (KHTML, like Gecko; compatible; GPTBot/1.3; +https://openai.com/gptbot)"
74.7.242.32 - - [16/Dec/2025:20:26:31 +0800] "GET /search.php?golfdo-official-20630722401102516001 HTTP/1.1" 200 146008 "-" "Mozilla/5.0 AppleWebKit/537.36 (KHTML, like Gecko; compatible; GPTBot/1.3; +https://openai.com/gptbot)"
74.7.242.32 - - [16/Dec/2025:20:26:32 +0800] "GET /search.php?8annl35974.html HTTP/1.1" 200 139825 "-" "Mozilla/5.0 AppleWebKit/537.36 (KHTML, like Gecko; compatible; GPTBot/1.3; +https://openai.com/gptbot)"
74.7.242.32 - - [16/Dec/2025:20:26:33 +0800] "GET /search.php?q-~245eP9BwpPEUq6wuMjYL68H38VD6H9C0t26512/ HTTP/1.1" 200 173031 "-" "Mozilla/5.0 AppleWebKit/537.36 (KHTML, like Gecko; compatible; GPTBot/1.3; +https://openai.com/gptbot)"
74.7.242.32 - - [16/Dec/2025:20:26:33 +0800] "GET /search.php?77old40027.html HTTP/1.1" 200 142604 "-" "Mozilla/5.0 AppleWebKit/537.36 (KHTML, like Gecko; compatible; GPTBot/1.3; +https://openai.com/gptbot)"
74.7.242.32 - - [16/Dec/2025:20:26:34 +0800] "GET /search.php?q-~117v2Xo9t032Mp6Mml237l7MqWhK13RgY39762/ HTTP/1.1" 200 142432 "-" "Mozilla/5.0 AppleWebKit/537.36 (KHTML, like Gecko; compatible; GPTBot/1.3; +https://openai.com/gptbot)"
74.7.242.32 - - [16/Dec/2025:20:26:34 +0800] "GET /search.php?q-~1fkADMJitWpHqeaurFNmRh02FU2ujYt9832/ HTTP/1.1" 200 156779 "-" "Mozilla/5.0 AppleWebKit/537.36 (KHTML, like Gecko; compatible; GPTBot/1.3; +https://openai.com/gptbot)"
157.55.39.57 - - [16/Dec/2025:20:26:35 +0800] "GET /?shopdetail/MzA5Nzg5NA HTTP/1.1" 200 154996 "-" "Mozilla/5.0 AppleWebKit/537.36 (KHTML, like Gecko; compatible; bingbot/2.0; +http://www.bing.com/bingbot.htm) Chrome/116.0.1938.76 Safari/537.36"
74.7.242.32 - - [16/Dec/2025:20:26:35 +0800] "GET /search.php?_bd_prev_page=https://class.bf1.my/detail.do?44phok10740.html&_bdsid=e8edj2.n~BUODK.171657308.176571313&_gz=2.198110775.194159345.177128665-869673475.163667671 HTTP/1.1" 200 164060 "-" "Mozilla/5.0 AppleWebKit/537.36 (KHTML, like Gecko; compatible; GPTBot/1.3; +https://openai.com/gptbot)"
74.7.242.32 - - [16/Dec/2025:20:26:36 +0800] "GET /search.php?10vpj43062.html HTTP/1.1" 200 145841 "-" "Mozilla/5.0 AppleWebKit/537.36 (KHTML, like Gecko; compatible; GPTBot/1.3; +https://openai.com/gptbot)"
74.7.242.32 - - [16/Dec/2025:20:26:36 +0800] "GET /search.php?163ngcot16811.html HTTP/1.1" 200 142588 "-" "Mozilla/5.0 AppleWebKit/537.36 (KHTML, like Gecko; compatible; GPTBot/1.3; +https://openai.com/gptbot)"
74.7.242.32 - - [16/Dec/2025:20:26:37 +0800] "GET /search.php?200itr3578.html HTTP/1.1" 200 145505 "-" "Mozilla/5.0 AppleWebKit/537.36 (KHTML, like Gecko; compatible; GPTBot/1.3; +https://openai.com/gptbot)"
74.7.242.32 - - [16/Dec/2025:20:26:37 +0800] "GET /search.php?_bd_prev_page=https://class.bf1.my/detail.do?45zgnzo6367.html&_bdsid=e8edj2.n~BUODK.171657308.176571313&_gz=2.198110775.194159345.177128665-869673475.163667671 HTTP/1.1" 200 148333 "-" "Mozilla/5.0 AppleWebKit/537.36 (KHTML, like Gecko; compatible; GPTBot/1.3; +https://openai.com/gptbot)"
74.7.242.32 - - [16/Dec/2025:20:26:38 +0800] "GET /search.php?271zvdh1817.html HTTP/1.1" 200 151445 "-" "Mozilla/5.0 AppleWebKit/537.36 (KHTML, like Gecko; compatible; GPTBot/1.3; +https://openai.com/gptbot)"
74.7.242.32 - - [16/Dec/2025:20:26:39 +0800] "GET /search.php?q-~21BcMirenOZDki833WRxHqRngRWmfSqq30334/ HTTP/1.1" 200 143374 "-" "Mozilla/5.0 AppleWebKit/537.36 (KHTML, like Gecko; compatible; GPTBot/1.3; +https://openai.com/gptbot)"
74.7.242.32 - - [16/Dec/2025:20:26:39 +0800] "GET /search.php?q-~69OiQgGki28elmKZbsuwLT9TLxyTBYfm32528/ HTTP/1.1" 200 150850 "-" "Mozilla/5.0 AppleWebKit/537.36 (KHTML, like Gecko; compatible; GPTBot/1.3; +https://openai.com/gptbot)"
74.7.242.32 - - [16/Dec/2025:20:26:40 +0800] "GET /search.php?58skp47334.html HTTP/1.1" 200 145455 "-" "Mozilla/5.0 AppleWebKit/537.36 (KHTML, like Gecko; compatible; GPTBot/1.3; +https://openai.com/gptbot)"
74.7.242.32 - - [16/Dec/2025:20:26:41 +0800] "GET /search.php?257hmi1149.html HTTP/1.1" 200 143158 "-" "Mozilla/5.0 AppleWebKit/537.36 (KHTML, like Gecko; compatible; GPTBot/1.3; +https://openai.com/gptbot)"
74.7.242.32 - - [16/Dec/2025:20:26:42 +0800] "GET /search.php?44phok10740.html HTTP/1.1" 200 165516 "-" "Mozilla/5.0 AppleWebKit/537.36 (KHTML, like Gecko; compatible; GPTBot/1.3; +https://openai.com/gptbot)"
74.7.242.32 - - [16/Dec/2025:20:26:42 +0800] "GET /search.php?_bd_prev_page=https://class.bf1.my/detail.do?185uvox49327.html&_bdsid=e8edj2.n~BUODK.171657308.176571313&_gz=2.198110775.194159345.177128665-869673475.163667671 HTTP/1.1" 200 143518 "-" "Mozilla/5.0 AppleWebKit/537.36 (KHTML, like Gecko; compatible; GPTBot/1.3; +https://openai.com/gptbot)"
74.7.242.32 - - [16/Dec/2025:20:26:43 +0800] "GET /search.php?_bd_prev_page=https://class.bf1.my/detail.do?279pyur48371.html&_bdsid=e8edj2.n~BUODK.171657308.176571313&_gz=2.198110775.194159345.177128665-869673475.163667671 HTTP/1.1" 200 141321 "-" "Mozilla/5.0 AppleWebKit/537.36 (KHTML, like Gecko; compatible; GPTBot/1.3; +https://openai.com/gptbot)"
74.7.242.32 - - [16/Dec/2025:20:26:44 +0800] "GET /search.php?279qzvs337.html HTTP/1.1" 200 144543 "-" "Mozilla/5.0 AppleWebKit/537.36 (KHTML, like Gecko; compatible; GPTBot/1.3; +https://openai.com/gptbot)"
74.7.242.32 - - [16/Dec/2025:20:26:44 +0800] "GET /search.php?_bd_prev_page=https://class.bf1.my/detail.do?163ngcot16811.html&_bdsid=e8edj2.n~BUODK.171657308.176571313&_gz=2.198110775.194159345.177128665-869673475.163667671 HTTP/1.1" 200 141146 "-" "Mozilla/5.0 AppleWebKit/537.36 (KHTML, like Gecko; compatible; GPTBot/1.3; +https://openai.com/gptbot)"
74.7.242.32 - - [16/Dec/2025:20:26:45 +0800] "GET /search.php?_bd_prev_page=https://class.bf1.my/detail.do?220lqhp28726.html&_bdsid=e8edj2.n~BUODK.171657308.176571313&_gz=2.198110775.194159345.177128665-869673475.163667671 HTTP/1.1" 200 145898 "-" "Mozilla/5.0 AppleWebKit/537.36 (KHTML, like Gecko; compatible; GPTBot/1.3; +https://openai.com/gptbot)"
157.55.39.57 - - [16/Dec/2025:20:26:45 +0800] "GET /?shopdetail/NTU5NTQ4Mg HTTP/1.1" 200 154642 "-" "Mozilla/5.0 AppleWebKit/537.36 (KHTML, like Gecko; compatible; bingbot/2.0; +http://www.bing.com/bingbot.htm) Chrome/116.0.1938.76 Safari/537.36"
74.7.242.32 - - [16/Dec/2025:20:26:45 +0800] "GET /search.php?257mxylu45813.html HTTP/1.1" 200 154960 "-" "Mozilla/5.0 AppleWebKit/537.36 (KHTML, like Gecko; compatible; GPTBot/1.3; +https://openai.com/gptbot)"
74.7.242.32 - - [16/Dec/2025:20:26:46 +0800] "GET /search.php?_bd_prev_page=https://class.bf1.my/detail.do?2olkpn12266.html&_bdsid=e8edj2.n~BUODK.171657308.176571313&_gz=2.198110775.194159345.177128665-869673475.163667671 HTTP/1.1" 200 143465 "-" "Mozilla/5.0 AppleWebKit/537.36 (KHTML, like Gecko; compatible; GPTBot/1.3; +https://openai.com/gptbot)"
74.7.242.32 - - [16/Dec/2025:20:26:47 +0800] "GET /search.php?288kqha21886.html HTTP/1.1" 200 146238 "-" "Mozilla/5.0 AppleWebKit/537.36 (KHTML, like Gecko; compatible; GPTBot/1.3; +https://openai.com/gptbot)"
74.7.242.32 - - [16/Dec/2025:20:26:47 +0800] "GET /search.php?_bd_prev_page=https://class.bf1.my/detail.do?126grf36184.html&_bdsid=e8edj2.n~BUODK.171657308.176571313&_gz=2.198110775.194159345.177128665-869673475.163667671 HTTP/1.1" 200 147812 "-" "Mozilla/5.0 AppleWebKit/537.36 (KHTML, like Gecko; compatible; GPTBot/1.3; +https://openai.com/gptbot)"
74.7.242.32 - - [16/Dec/2025:20:26:48 +0800] "GET /search.php?_bd_prev_page=https://class.bf1.my/detail.do?118uxwff45342.html&_bdsid=e8edj2.n~BUODK.171657308.176571313&_gz=2.198110775.194159345.177128665-869673475.163667671 HTTP/1.1" 200 145021 "-" "Mozilla/5.0 AppleWebKit/537.36 (KHTML, like Gecko; compatible; GPTBot/1.3; +https://openai.com/gptbot)"
74.7.242.32 - - [16/Dec/2025:20:26:49 +0800] "GET /search.php?185uvox49327.html HTTP/1.1" 200 145721 "-" "Mozilla/5.0 AppleWebKit/537.36 (KHTML, like Gecko; compatible; GPTBot/1.3; +https://openai.com/gptbot)"
74.7.242.32 - - [16/Dec/2025:20:26:49 +0800] "GET /search.php?_bd_prev_page=https://class.bf1.my/detail.do?35xyz25851.html&_bdsid=e8edj2.n~BUODK.171657308.176571313&_gz=2.198110775.194159345.177128665-869673475.163667671 HTTP/1.1" 200 143324 "-" "Mozilla/5.0 AppleWebKit/537.36 (KHTML, like Gecko; compatible; GPTBot/1.3; +https://openai.com/gptbot)"
74.7.242.32 - - [16/Dec/2025:20:26:50 +0800] "GET /search.php?_bd_prev_page=https://class.bf1.my/detail.do?287mnodo1623.html&_bdsid=e8edj2.n~BUODK.171657308.176571313&_gz=2.198110775.194159345.177128665-869673475.163667671 HTTP/1.1" 200 164481 "-" "Mozilla/5.0 AppleWebKit/537.36 (KHTML, like Gecko; compatible; GPTBot/1.3; +https://openai.com/gptbot)"
52.167.144.201 - - [16/Dec/2025:20:26:50 +0800] "GET /?shopdetail/NTkyOTUwMQ HTTP/1.1" 200 146865 "-" "Mozilla/5.0 AppleWebKit/537.36 (KHTML, like Gecko; compatible; bingbot/2.0; +http://www.bing.com/bingbot.htm) Chrome/116.0.1938.76 Safari/537.36"
40.77.167.121 - - [16/Dec/2025:20:26:50 +0800] "GET /?shopdetail/NjIyMzQxMQ HTTP/1.1" 200 146916 "-" "Mozilla/5.0 AppleWebKit/537.36 (KHTML, like Gecko; compatible; bingbot/2.0; +http://www.bing.com/bingbot.htm) Chrome/116.0.1938.76 Safari/537.36"
74.7.242.32 - - [16/Dec/2025:20:26:50 +0800] "GET /search.php?151esgp35173.html HTTP/1.1" 200 154170 "-" "Mozilla/5.0 AppleWebKit/537.36 (KHTML, like Gecko; compatible; GPTBot/1.3; +https://openai.com/gptbot)"
74.7.242.32 - - [16/Dec/2025:20:26:51 +0800] "GET /search.php?87tyv27831.html HTTP/1.1" 200 155170 "-" "Mozilla/5.0 AppleWebKit/537.36 (KHTML, like Gecko; compatible; GPTBot/1.3; +https://openai.com/gptbot)"
74.7.242.32 - - [16/Dec/2025:20:26:52 +0800] "GET /search.php?177ydl4441.html HTTP/1.1" 200 144198 "-" "Mozilla/5.0 AppleWebKit/537.36 (KHTML, like Gecko; compatible; GPTBot/1.3; +https://openai.com/gptbot)"
74.7.242.32 - - [16/Dec/2025:20:26:53 +0800] "GET /search.php?_bd_prev_page=https://class.bf1.my/detail.do?56cdx8224.html&_bdsid=e8edj2.n~BUODK.171657308.176571313&_gz=2.198110775.194159345.177128665-869673475.163667671 HTTP/1.1" 200 143432 "-" "Mozilla/5.0 AppleWebKit/537.36 (KHTML, like Gecko; compatible; GPTBot/1.3; +https://openai.com/gptbot)"
216.73.216.91 - - [16/Dec/2025:20:26:54 +0800] "GET /robots.txt HTTP/1.1" 200 355 "-" "Mozilla/5.0 AppleWebKit/537.36 (KHTML, like Gecko; compatible; ClaudeBot/1.0; +claudebot@anthropic.com)"
216.73.216.91 - - [16/Dec/2025:20:26:54 +0800] "GET / HTTP/1.1" 403 - "-" "Mozilla/5.0 AppleWebKit/537.36 (KHTML, like Gecko; compatible; ClaudeBot/1.0; +claudebot@anthropic.com)"
74.7.242.32 - - [16/Dec/2025:20:26:54 +0800] "GET /search.php?_bd_prev_page=https://class.bf1.my/detail.do?65lau43735.html&_bdsid=e8edj2.n~BUODK.171657308.176571313&_gz=2.198110775.194159345.177128665-869673475.163667671 HTTP/1.1" 200 153466 "-" "Mozilla/5.0 AppleWebKit/537.36 (KHTML, like Gecko; compatible; GPTBot/1.3; +https://openai.com/gptbot)"
74.7.242.32 - - [16/Dec/2025:20:26:55 +0800] "GET /search.php?_bd_prev_page=https://class.bf1.my/detail.do?22ltj26596.html&_bdsid=e8edj2.n~BUODK.171657308.176571313&_gz=2.198110775.194159345.177128665-869673475.163667671 HTTP/1.1" 200 153054 "-" "Mozilla/5.0 AppleWebKit/537.36 (KHTML, like Gecko; compatible; GPTBot/1.3; +https://openai.com/gptbot)"
74.7.242.32 - - [16/Dec/2025:20:26:55 +0800] "GET /search.php?118uxwff45342.html HTTP/1.1" 200 141937 "-" "Mozilla/5.0 AppleWebKit/537.36 (KHTML, like Gecko; compatible; GPTBot/1.3; +https://openai.com/gptbot)"
74.7.242.32 - - [16/Dec/2025:20:26:56 +0800] "GET /search.php?_bd_prev_page=https://class.bf1.my/detail.do?280oqtec12342.html&_bdsid=e8edj2.n~BUODK.171657308.176571313&_gz=2.198110775.194159345.177128665-869673475.163667671 HTTP/1.1" 200 141430 "-" "Mozilla/5.0 AppleWebKit/537.36 (KHTML, like Gecko; compatible; GPTBot/1.3; +https://openai.com/gptbot)"
66.249.73.232 - - [16/Dec/2025:20:26:56 +0800] "GET /shopdetail/NjA4MDk0Mw HTTP/1.1" 200 151635 "-" "Mozilla/5.0 (Linux; Android 6.0.1; Nexus 5X Build/MMB29P) AppleWebKit/537.36 (KHTML, like Gecko) Chrome/141.0.7390.122 Mobile Safari/537.36 (compatible; Googlebot/2.1; +http://www.google.com/bot.html)"
74.7.242.32 - - [16/Dec/2025:20:26:56 +0800] "GET /search.php?35xyz25851.html HTTP/1.1" 200 143451 "-" "Mozilla/5.0 AppleWebKit/537.36 (KHTML, like Gecko; compatible; GPTBot/1.3; +https://openai.com/gptbot)"
74.7.242.32 - - [16/Dec/2025:20:26:57 +0800] "GET /search.php?158hcm5406.html HTTP/1.1" 200 150619 "-" "Mozilla/5.0 AppleWebKit/537.36 (KHTML, like Gecko; compatible; GPTBot/1.3; +https://openai.com/gptbot)"
74.7.242.32 - - [16/Dec/2025:20:26:57 +0800] "GET /search.php?_bd_prev_page=https://class.bf1.my/detail.do?298ctrpv27400.html&_bdsid=e8edj2.n~BUODK.171657308.176571313&_gz=2.198110775.194159345.177128665-869673475.163667671 HTTP/1.1" 200 140766 "-" "Mozilla/5.0 AppleWebKit/537.36 (KHTML, like Gecko; compatible; GPTBot/1.3; +https://openai.com/gptbot)"
74.7.242.32 - - [16/Dec/2025:20:26:58 +0800] "GET /search.php?38jcy23534.html HTTP/1.1" 200 145417 "-" "Mozilla/5.0 AppleWebKit/537.36 (KHTML, like Gecko; compatible; GPTBot/1.3; +https://openai.com/gptbot)"
74.7.242.32 - - [16/Dec/2025:20:26:59 +0800] "GET /search.php?106urac8416.html HTTP/1.1" 200 143109 "-" "Mozilla/5.0 AppleWebKit/537.36 (KHTML, like Gecko; compatible; GPTBot/1.3; +https://openai.com/gptbot)"
20.15.133.191 - - [16/Dec/2025:20:26:59 +0800] "GET /products/25047392/ HTTP/1.1" 200 152079 "-" "Mozilla/5.0 AppleWebKit/537.36 (KHTML, like Gecko; compatible; bingbot/2.0; +http://www.bing.com/bingbot.htm) Chrome/116.0.1938.76 Safari/537.36"
74.7.242.32 - - [16/Dec/2025:20:26:59 +0800] "GET /search.php?165bnjio20377.html HTTP/1.1" 200 142742 "-" "Mozilla/5.0 AppleWebKit/537.36 (KHTML, like Gecko; compatible; GPTBot/1.3; +https://openai.com/gptbot)"
74.7.242.32 - - [16/Dec/2025:20:27:00 +0800] "GET /search.php?84ummj6506.html HTTP/1.1" 200 148261 "-" "Mozilla/5.0 AppleWebKit/537.36 (KHTML, like Gecko; compatible; GPTBot/1.3; +https://openai.com/gptbot)"
40.77.167.121 - - [16/Dec/2025:20:27:01 +0800] "GET /?shopdetail/NDk0NTEyNA HTTP/1.1" 200 142379 "-" "Mozilla/5.0 AppleWebKit/537.36 (KHTML, like Gecko; compatible; bingbot/2.0; +http://www.bing.com/bingbot.htm) Chrome/116.0.1938.76 Safari/537.36"
