74.7.242.32 - - [16/Dec/2025:21:05:23 +0800] "GET /search.php?238pyb8820.html HTTP/1.1" 200 141991 "-" "Mozilla/5.0 AppleWebKit/537.36 (KHTML, like Gecko; compatible; GPTBot/1.3; +https://openai.com/gptbot)"
74.7.242.32 - - [16/Dec/2025:21:05:24 +0800] "GET /search.php?q-~12gKeSjV4fDS5wOxnWO0QNgkKOhZLAcS995/ HTTP/1.1" 200 142005 "-" "Mozilla/5.0 AppleWebKit/537.36 (KHTML, like Gecko; compatible; GPTBot/1.3; +https://openai.com/gptbot)"
74.7.242.32 - - [16/Dec/2025:21:05:24 +0800] "GET /search.php?q-~166GT8NzFUR1YE9X1EB33d3BB0Znf2mHj18711/ HTTP/1.1" 200 140129 "-" "Mozilla/5.0 AppleWebKit/537.36 (KHTML, like Gecko; compatible; GPTBot/1.3; +https://openai.com/gptbot)"
74.7.242.32 - - [16/Dec/2025:21:05:25 +0800] "GET /search.php?q-~173dSKqRhN9n65Ri8KA6U224fUjW0WAMv18590/ HTTP/1.1" 200 143822 "-" "Mozilla/5.0 AppleWebKit/537.36 (KHTML, like Gecko; compatible; GPTBot/1.3; +https://openai.com/gptbot)"
74.7.242.32 - - [16/Dec/2025:21:05:26 +0800] "GET /search.php?category/621_622/1/listing HTTP/1.1" 200 142349 "-" "Mozilla/5.0 AppleWebKit/537.36 (KHTML, like Gecko; compatible; GPTBot/1.3; +https://openai.com/gptbot)"
74.7.242.32 - - [16/Dec/2025:21:05:26 +0800] "GET /search.php?q-~238f6iVIrNzNGQdBpuvKK92UHhYJctxYY6023/ HTTP/1.1" 200 148784 "-" "Mozilla/5.0 AppleWebKit/537.36 (KHTML, like Gecko; compatible; GPTBot/1.3; +https://openai.com/gptbot)"
74.7.242.32 - - [16/Dec/2025:21:05:27 +0800] "GET /search.php?52avd12944.html HTTP/1.1" 200 154368 "-" "Mozilla/5.0 AppleWebKit/537.36 (KHTML, like Gecko; compatible; GPTBot/1.3; +https://openai.com/gptbot)"
74.7.242.32 - - [16/Dec/2025:21:05:27 +0800] "GET /search.php?297epy3967.html HTTP/1.1" 200 142357 "-" "Mozilla/5.0 AppleWebKit/537.36 (KHTML, like Gecko; compatible; GPTBot/1.3; +https://openai.com/gptbot)"
74.7.242.32 - - [16/Dec/2025:21:05:28 +0800] "GET /search.php?_bd_prev_page=https://class.bf1.my/detail.do?206qfuc27136.html&_bdsid=e8edj2.n~BUODK.171657308.176571313&_gz=2.198110775.194159345.177128665-869673475.163667671 HTTP/1.1" 200 141605 "-" "Mozilla/5.0 AppleWebKit/537.36 (KHTML, like Gecko; compatible; GPTBot/1.3; +https://openai.com/gptbot)"
74.7.242.32 - - [16/Dec/2025:21:05:29 +0800] "GET /search.php?category/199_313/1/listing HTTP/1.1" 200 151198 "-" "Mozilla/5.0 AppleWebKit/537.36 (KHTML, like Gecko; compatible; GPTBot/1.3; +https://openai.com/gptbot)"
74.7.242.32 - - [16/Dec/2025:21:05:30 +0800] "GET /search.php?q-~19uFP1jgYCyMz7XTaLcrtNHsnybDc4vK10824/ HTTP/1.1" 200 144597 "-" "Mozilla/5.0 AppleWebKit/537.36 (KHTML, like Gecko; compatible; GPTBot/1.3; +https://openai.com/gptbot)"
74.7.242.32 - - [16/Dec/2025:21:05:30 +0800] "GET /search.php?171ogdlp21737.html HTTP/1.1" 200 146224 "-" "Mozilla/5.0 AppleWebKit/537.36 (KHTML, like Gecko; compatible; GPTBot/1.3; +https://openai.com/gptbot)"
74.7.242.32 - - [16/Dec/2025:21:05:31 +0800] "GET /search.php?17kky39625.html HTTP/1.1" 200 143399 "-" "Mozilla/5.0 AppleWebKit/537.36 (KHTML, like Gecko; compatible; GPTBot/1.3; +https://openai.com/gptbot)"
74.7.242.32 - - [16/Dec/2025:21:05:31 +0800] "GET /search.php?category/84_1144/1/listing HTTP/1.1" 200 154649 "-" "Mozilla/5.0 AppleWebKit/537.36 (KHTML, like Gecko; compatible; GPTBot/1.3; +https://openai.com/gptbot)"
74.7.242.32 - - [16/Dec/2025:21:05:32 +0800] "GET /search.php?_bd_prev_page=https://class.bf1.my/detail.do?40ulsyi32782.html&_bdsid=e8edj2.n~BUODK.171657308.176571313&_gz=2.198110775.194159345.177128665-869673475.163667671 HTTP/1.1" 200 141962 "-" "Mozilla/5.0 AppleWebKit/537.36 (KHTML, like Gecko; compatible; GPTBot/1.3; +https://openai.com/gptbot)"
74.7.242.32 - - [16/Dec/2025:21:05:33 +0800] "GET /search.php?1110214699 HTTP/1.1" 200 143956 "-" "Mozilla/5.0 AppleWebKit/537.36 (KHTML, like Gecko; compatible; GPTBot/1.3; +https://openai.com/gptbot)"
74.7.242.32 - - [16/Dec/2025:21:05:33 +0800] "GET /search.php?q-~37uaka3C9WBNrtzdyNETnMRpMw3GjeZv14160/ HTTP/1.1" 200 150781 "-" "Mozilla/5.0 AppleWebKit/537.36 (KHTML, like Gecko; compatible; GPTBot/1.3; +https://openai.com/gptbot)"
74.7.242.32 - - [16/Dec/2025:21:05:34 +0800] "GET /search.php?244xvfq39072.html HTTP/1.1" 200 145472 "-" "Mozilla/5.0 AppleWebKit/537.36 (KHTML, like Gecko; compatible; GPTBot/1.3; +https://openai.com/gptbot)"
74.7.242.32 - - [16/Dec/2025:21:05:35 +0800] "GET /search.php?category/15_5185/1/listing HTTP/1.1" 200 149839 "-" "Mozilla/5.0 AppleWebKit/537.36 (KHTML, like Gecko; compatible; GPTBot/1.3; +https://openai.com/gptbot)"
74.7.242.32 - - [16/Dec/2025:21:05:35 +0800] "GET /search.php?96rot22236.html HTTP/1.1" 200 147237 "-" "Mozilla/5.0 AppleWebKit/537.36 (KHTML, like Gecko; compatible; GPTBot/1.3; +https://openai.com/gptbot)"
74.7.242.32 - - [16/Dec/2025:21:05:36 +0800] "GET /search.php?65ywp12195.html HTTP/1.1" 200 145606 "-" "Mozilla/5.0 AppleWebKit/537.36 (KHTML, like Gecko; compatible; GPTBot/1.3; +https://openai.com/gptbot)"
74.7.242.32 - - [16/Dec/2025:21:05:37 +0800] "GET /search.php?q-~196Z3zCu405SVnMXZWM3YB6U0B2kyU4Sh12853/ HTTP/1.1" 200 143974 "-" "Mozilla/5.0 AppleWebKit/537.36 (KHTML, like Gecko; compatible; GPTBot/1.3; +https://openai.com/gptbot)"
74.7.242.32 - - [16/Dec/2025:21:05:37 +0800] "GET /search.php?SKSC0525D-KI1404BW02229 HTTP/1.1" 200 155798 "-" "Mozilla/5.0 AppleWebKit/537.36 (KHTML, like Gecko; compatible; GPTBot/1.3; +https://openai.com/gptbot)"
74.7.242.32 - - [16/Dec/2025:21:05:38 +0800] "GET /search.php?5dawg25117.html HTTP/1.1" 200 142304 "-" "Mozilla/5.0 AppleWebKit/537.36 (KHTML, like Gecko; compatible; GPTBot/1.3; +https://openai.com/gptbot)"
74.7.242.32 - - [16/Dec/2025:21:05:39 +0800] "GET /search.php?248anobx12564.html HTTP/1.1" 200 145053 "-" "Mozilla/5.0 AppleWebKit/537.36 (KHTML, like Gecko; compatible; GPTBot/1.3; +https://openai.com/gptbot)"
74.7.242.32 - - [16/Dec/2025:21:05:39 +0800] "GET /search.php?_bd_prev_page=https://class.bf1.my/detail.do?236tarsh38794.html&_bdsid=e8edj2.n~BUODK.171657308.176571313&_gz=2.198110775.194159345.177128665-869673475.163667671 HTTP/1.1" 200 145269 "-" "Mozilla/5.0 AppleWebKit/537.36 (KHTML, like Gecko; compatible; GPTBot/1.3; +https://openai.com/gptbot)"
74.7.242.32 - - [16/Dec/2025:21:05:40 +0800] "GET /search.php?m15033144484 HTTP/1.1" 200 145615 "-" "Mozilla/5.0 AppleWebKit/537.36 (KHTML, like Gecko; compatible; GPTBot/1.3; +https://openai.com/gptbot)"
74.7.242.32 - - [16/Dec/2025:21:05:41 +0800] "GET /search.php?_bd_prev_page=https://class.bf1.my/detail.do?132yhyi34528.html&_bdsid=e8edj2.n~BUODK.171657308.176571313&_gz=2.198110775.194159345.177128665-869673475.163667671 HTTP/1.1" 200 157461 "-" "Mozilla/5.0 AppleWebKit/537.36 (KHTML, like Gecko; compatible; GPTBot/1.3; +https://openai.com/gptbot)"
74.7.242.32 - - [16/Dec/2025:21:05:42 +0800] "GET /search.php?_bd_prev_page=https://class.bf1.my/detail.do?65rnaba77.html&_bdsid=e8edj2.n~BUODK.171657308.176571313&_gz=2.198110775.194159345.177128665-869673475.163667671 HTTP/1.1" 200 144011 "-" "Mozilla/5.0 AppleWebKit/537.36 (KHTML, like Gecko; compatible; GPTBot/1.3; +https://openai.com/gptbot)"
74.7.242.32 - - [16/Dec/2025:21:05:42 +0800] "GET /search.php?_bd_prev_page=https://class.bf1.my/detail.do?171ogdlp21737.html&_bdsid=e8edj2.n~BUODK.171657308.176571313&_gz=2.198110775.194159345.177128665-869673475.163667671 HTTP/1.1" 200 145633 "-" "Mozilla/5.0 AppleWebKit/537.36 (KHTML, like Gecko; compatible; GPTBot/1.3; +https://openai.com/gptbot)"
74.7.242.32 - - [16/Dec/2025:21:05:43 +0800] "GET /search.php?m39393972846 HTTP/1.1" 200 143026 "-" "Mozilla/5.0 AppleWebKit/537.36 (KHTML, like Gecko; compatible; GPTBot/1.3; +https://openai.com/gptbot)"
74.7.242.32 - - [16/Dec/2025:21:05:44 +0800] "GET /search.php?281zim4823.html HTTP/1.1" 200 143898 "-" "Mozilla/5.0 AppleWebKit/537.36 (KHTML, like Gecko; compatible; GPTBot/1.3; +https://openai.com/gptbot)"
204.76.203.25 - - [16/Dec/2025:21:05:23 +0800] "GET / HTTP/1.1" 200 4219 "-" "Mozilla/5.0 (Windows NT 10.0; Win64; x64) AppleWebKit/537.36 (KHTML, like Gecko) Chrome/134.0.0.0 Safari/537.3"
74.7.242.32 - - [16/Dec/2025:21:05:44 +0800] "GET /search.php?53aigh20521.html HTTP/1.1" 200 147766 "-" "Mozilla/5.0 AppleWebKit/537.36 (KHTML, like Gecko; compatible; GPTBot/1.3; +https://openai.com/gptbot)"
74.7.242.32 - - [16/Dec/2025:21:05:45 +0800] "GET /search.php?1114177369 HTTP/1.1" 200 141466 "-" "Mozilla/5.0 AppleWebKit/537.36 (KHTML, like Gecko; compatible; GPTBot/1.3; +https://openai.com/gptbot)"
74.7.242.32 - - [16/Dec/2025:21:05:46 +0800] "GET /search.php?asty-shop-c1-n9xcnclu15-8fd6 HTTP/1.1" 200 145216 "-" "Mozilla/5.0 AppleWebKit/537.36 (KHTML, like Gecko; compatible; GPTBot/1.3; +https://openai.com/gptbot)"
74.7.242.32 - - [16/Dec/2025:21:05:46 +0800] "GET /search.php?236tarsh38794.html HTTP/1.1" 200 146479 "-" "Mozilla/5.0 AppleWebKit/537.36 (KHTML, like Gecko; compatible; GPTBot/1.3; +https://openai.com/gptbot)"
74.7.242.32 - - [16/Dec/2025:21:05:47 +0800] "GET /search.php?q-~28HXbBz24I8LMyekmfrwAgVGzoFiOjIj951/ HTTP/1.1" 200 145118 "-" "Mozilla/5.0 AppleWebKit/537.36 (KHTML, like Gecko; compatible; GPTBot/1.3; +https://openai.com/gptbot)"
74.7.242.32 - - [16/Dec/2025:21:05:48 +0800] "GET /search.php?q-~97zgFyHDGVhgUek1Wq3tag5ZsUrwaiTI24574/ HTTP/1.1" 200 147454 "-" "Mozilla/5.0 AppleWebKit/537.36 (KHTML, like Gecko; compatible; GPTBot/1.3; +https://openai.com/gptbot)"
74.7.242.32 - - [16/Dec/2025:21:05:49 +0800] "GET /search.php?_bd_prev_page=https://class.bf1.my/detail.do?61jddnh8813.html&_bdsid=e8edj2.n~BUODK.171657308.176571313&_gz=2.198110775.194159345.177128665-869673475.163667671 HTTP/1.1" 200 169094 "-" "Mozilla/5.0 AppleWebKit/537.36 (KHTML, like Gecko; compatible; GPTBot/1.3; +https://openai.com/gptbot)"
74.7.242.32 - - [16/Dec/2025:21:05:49 +0800] "GET /search.php?42pjo49196.html HTTP/1.1" 200 144516 "-" "Mozilla/5.0 AppleWebKit/537.36 (KHTML, like Gecko; compatible; GPTBot/1.3; +https://openai.com/gptbot)"
74.7.242.32 - - [16/Dec/2025:21:05:50 +0800] "GET /search.php?75qiix6507.html HTTP/1.1" 200 143675 "-" "Mozilla/5.0 AppleWebKit/537.36 (KHTML, like Gecko; compatible; GPTBot/1.3; +https://openai.com/gptbot)"
74.7.242.32 - - [16/Dec/2025:21:05:50 +0800] "GET /search.php?_bd_prev_page=https://class.bf1.my/detail.do?38uchlu164.html&_bdsid=e8edj2.n~BUODK.171657308.176571313&_gz=2.198110775.194159345.177128665-869673475.163667671 HTTP/1.1" 200 142961 "-" "Mozilla/5.0 AppleWebKit/537.36 (KHTML, like Gecko; compatible; GPTBot/1.3; +https://openai.com/gptbot)"
74.7.242.32 - - [16/Dec/2025:21:05:51 +0800] "GET /search.php?m48390182286 HTTP/1.1" 200 159843 "-" "Mozilla/5.0 AppleWebKit/537.36 (KHTML, like Gecko; compatible; GPTBot/1.3; +https://openai.com/gptbot)"
74.7.242.32 - - [16/Dec/2025:21:05:52 +0800] "GET /search.php?1116603386 HTTP/1.1" 200 155312 "-" "Mozilla/5.0 AppleWebKit/537.36 (KHTML, like Gecko; compatible; GPTBot/1.3; +https://openai.com/gptbot)"
74.7.242.32 - - [16/Dec/2025:21:05:53 +0800] "GET /search.php?q-~19VwnKB0GiTczUDgHXcT3DcfQqw5tRqq42842/ HTTP/1.1" 200 144661 "-" "Mozilla/5.0 AppleWebKit/537.36 (KHTML, like Gecko; compatible; GPTBot/1.3; +https://openai.com/gptbot)"
74.7.242.32 - - [16/Dec/2025:21:05:53 +0800] "GET /search.php?q-~176JhzUt8Fhz8ZiWixDhEMmG5sQ8NRAiW3/ HTTP/1.1" 200 144477 "-" "Mozilla/5.0 AppleWebKit/537.36 (KHTML, like Gecko; compatible; GPTBot/1.3; +https://openai.com/gptbot)"
74.7.242.32 - - [16/Dec/2025:21:05:54 +0800] "GET /search.php?_bd_prev_page=https://class.bf1.my/detail.do?207lspo20527.html&_bdsid=e8edj2.n~BUODK.171657308.176571313&_gz=2.198110775.194159345.177128665-869673475.163667671 HTTP/1.1" 200 143449 "-" "Mozilla/5.0 AppleWebKit/537.36 (KHTML, like Gecko; compatible; GPTBot/1.3; +https://openai.com/gptbot)"
74.7.242.32 - - [16/Dec/2025:21:05:55 +0800] "GET /search.php?153toq5821.html HTTP/1.1" 200 142337 "-" "Mozilla/5.0 AppleWebKit/537.36 (KHTML, like Gecko; compatible; GPTBot/1.3; +https://openai.com/gptbot)"
74.7.242.32 - - [16/Dec/2025:21:05:56 +0800] "GET /search.php?_bd_prev_page=https://class.bf1.my/detail.do?149vyr33747.html&_bdsid=e8edj2.n~BUODK.171657308.176571313&_gz=2.198110775.194159345.177128665-869673475.163667671 HTTP/1.1" 200 145706 "-" "Mozilla/5.0 AppleWebKit/537.36 (KHTML, like Gecko; compatible; GPTBot/1.3; +https://openai.com/gptbot)"
74.7.242.32 - - [16/Dec/2025:21:05:57 +0800] "GET /search.php?_bd_prev_page=https://class.bf1.my/detail.do?235znmhy35335.html&_bdsid=e8edj2.n~BUODK.171657308.176571313&_gz=2.198110775.194159345.177128665-869673475.163667671 HTTP/1.1" 200 148361 "-" "Mozilla/5.0 AppleWebKit/537.36 (KHTML, like Gecko; compatible; GPTBot/1.3; +https://openai.com/gptbot)"
74.7.242.32 - - [16/Dec/2025:21:05:58 +0800] "GET /search.php?asty-shop-75-1tkuovw67k-42da HTTP/1.1" 200 149082 "-" "Mozilla/5.0 AppleWebKit/537.36 (KHTML, like Gecko; compatible; GPTBot/1.3; +https://openai.com/gptbot)"
52.167.144.202 - - [16/Dec/2025:21:05:59 +0800] "GET /?shopdetail/Mjk5NTEwMg HTTP/1.1" 200 152633 "-" "Mozilla/5.0 AppleWebKit/537.36 (KHTML, like Gecko; compatible; bingbot/2.0; +http://www.bing.com/bingbot.htm) Chrome/116.0.1938.76 Safari/537.36"
74.7.242.32 - - [16/Dec/2025:21:05:59 +0800] "GET /search.php?230ukl3994.html HTTP/1.1" 200 151787 "-" "Mozilla/5.0 AppleWebKit/537.36 (KHTML, like Gecko; compatible; GPTBot/1.3; +https://openai.com/gptbot)"
74.7.242.32 - - [16/Dec/2025:21:06:00 +0800] "GET /search.php?_bd_prev_page=https://class.bf1.my/detail.do?75qiix6507.html&_bdsid=e8edj2.n~BUODK.171657308.176571313&_gz=2.198110775.194159345.177128665-869673475.163667671 HTTP/1.1" 200 143894 "-" "Mozilla/5.0 AppleWebKit/537.36 (KHTML, like Gecko; compatible; GPTBot/1.3; +https://openai.com/gptbot)"
74.7.242.32 - - [16/Dec/2025:21:06:00 +0800] "GET /search.php?q-~179JyNOCKKi3YynKw2qpy294kOy19G10Y39376/ HTTP/1.1" 200 142312 "-" "Mozilla/5.0 AppleWebKit/537.36 (KHTML, like Gecko; compatible; GPTBot/1.3; +https://openai.com/gptbot)"
74.7.242.32 - - [16/Dec/2025:21:06:01 +0800] "GET /search.php?_bd_prev_page=https://class.bf1.my/detail.do?149ifd26965.html&_bdsid=e8edj2.n~BUODK.171657308.176571313&_gz=2.198110775.194159345.177128665-869673475.163667671 HTTP/1.1" 200 144512 "-" "Mozilla/5.0 AppleWebKit/537.36 (KHTML, like Gecko; compatible; GPTBot/1.3; +https://openai.com/gptbot)"
74.7.242.32 - - [16/Dec/2025:21:06:01 +0800] "GET /search.php?127smtdp19327.html HTTP/1.1" 200 153825 "-" "Mozilla/5.0 AppleWebKit/537.36 (KHTML, like Gecko; compatible; GPTBot/1.3; +https://openai.com/gptbot)"
74.7.242.32 - - [16/Dec/2025:21:06:02 +0800] "GET /search.php?207lspo20527.html HTTP/1.1" 200 144227 "-" "Mozilla/5.0 AppleWebKit/537.36 (KHTML, like Gecko; compatible; GPTBot/1.3; +https://openai.com/gptbot)"
66.249.73.230 - - [16/Dec/2025:21:06:03 +0800] "GET /products/6615736/ HTTP/1.1" 200 136885 "-" "Mozilla/5.0 (Linux; Android 6.0.1; Nexus 5X Build/MMB29P) AppleWebKit/537.36 (KHTML, like Gecko) Chrome/141.0.7390.122 Mobile Safari/537.36 (compatible; GoogleOther)"
74.7.242.32 - - [16/Dec/2025:21:06:03 +0800] "GET /search.php?120wcuf47546.html HTTP/1.1" 200 143933 "-" "Mozilla/5.0 AppleWebKit/537.36 (KHTML, like Gecko; compatible; GPTBot/1.3; +https://openai.com/gptbot)"
207.46.13.150 - - [16/Dec/2025:21:06:03 +0800] "GET /?shopdetail/NjM1Njc0Mg HTTP/1.1" 200 146707 "-" "Mozilla/5.0 AppleWebKit/537.36 (KHTML, like Gecko; compatible; bingbot/2.0; +http://www.bing.com/bingbot.htm) Chrome/116.0.1938.76 Safari/537.36"
74.7.242.32 - - [16/Dec/2025:21:06:04 +0800] "GET /search.php?_bd_prev_page=https://class.bf1.my/detail.do?95suk38173.html&_bdsid=e8edj2.n~BUODK.171657308.176571313&_gz=2.198110775.194159345.177128665-869673475.163667671 HTTP/1.1" 200 148670 "-" "Mozilla/5.0 AppleWebKit/537.36 (KHTML, like Gecko; compatible; GPTBot/1.3; +https://openai.com/gptbot)"
74.7.242.32 - - [16/Dec/2025:21:06:04 +0800] "GET /search.php?q-~294c88BrZ7q2LP5ULt1v4QKs8lxoer2uc15581/ HTTP/1.1" 200 152407 "-" "Mozilla/5.0 AppleWebKit/537.36 (KHTML, like Gecko; compatible; GPTBot/1.3; +https://openai.com/gptbot)"
74.7.242.32 - - [16/Dec/2025:21:06:05 +0800] "GET /search.php?_bd_prev_page=https://class.bf1.my/detail.do?147nueqq27365.html&_bdsid=e8edj2.n~BUODK.171657308.176571313&_gz=2.198110775.194159345.177128665-869673475.163667671 HTTP/1.1" 200 148572 "-" "Mozilla/5.0 AppleWebKit/537.36 (KHTML, like Gecko; compatible; GPTBot/1.3; +https://openai.com/gptbot)"
74.7.242.32 - - [16/Dec/2025:21:06:06 +0800] "GET /search.php?_bd_prev_page=https://class.bf1.my/detail.do?230ukl3994.html&_bdsid=e8edj2.n~BUODK.171657308.176571313&_gz=2.198110775.194159345.177128665-869673475.163667671 HTTP/1.1" 200 151750 "-" "Mozilla/5.0 AppleWebKit/537.36 (KHTML, like Gecko; compatible; GPTBot/1.3; +https://openai.com/gptbot)"
74.7.242.32 - - [16/Dec/2025:21:06:06 +0800] "GET /search.php?category/433_434/1/listing HTTP/1.1" 200 142325 "-" "Mozilla/5.0 AppleWebKit/537.36 (KHTML, like Gecko; compatible; GPTBot/1.3; +https://openai.com/gptbot)"
43.173.173.169 - - [16/Dec/2025:21:06:05 +0800] "GET /search.php?38fta24776.html HTTP/1.1" 200 150833 "-" "Mozilla/5.0 (Windows NT 6.1; Win64; x64) AppleWebKit/537.36 (KHTML, like Gecko) Chrome/126.0.6478.114 Safari/537.36"
74.7.242.32 - - [16/Dec/2025:21:06:07 +0800] "GET /search.php?category/46_1441/1/listing HTTP/1.1" 200 155909 "-" "Mozilla/5.0 AppleWebKit/537.36 (KHTML, like Gecko; compatible; GPTBot/1.3; +https://openai.com/gptbot)"
74.7.242.32 - - [16/Dec/2025:21:06:08 +0800] "GET /search.php?category/271_272/1/listing HTTP/1.1" 200 144726 "-" "Mozilla/5.0 AppleWebKit/537.36 (KHTML, like Gecko; compatible; GPTBot/1.3; +https://openai.com/gptbot)"
43.173.180.61 - - [16/Dec/2025:21:06:05 +0800] "GET /search.php?q-~279w7NSmAproiE6dUCztsk3XdW72JyoEW38736 HTTP/1.1" 200 152901 "-" "Mozilla/5.0 (Windows NT 6.1; Win64; x64) AppleWebKit/537.36 (KHTML, like Gecko) Chrome/126.0.6478.114 Safari/537.36"
74.7.242.32 - - [16/Dec/2025:21:06:09 +0800] "GET /search.php?155uaor1753.html HTTP/1.1" 200 152274 "-" "Mozilla/5.0 AppleWebKit/537.36 (KHTML, like Gecko; compatible; GPTBot/1.3; +https://openai.com/gptbot)"
74.7.242.32 - - [16/Dec/2025:21:06:10 +0800] "GET /search.php?q-~95NZVoYxRtJOtK1A6DrDCfSEHug5lCml12718/ HTTP/1.1" 200 144949 "-" "Mozilla/5.0 AppleWebKit/537.36 (KHTML, like Gecko; compatible; GPTBot/1.3; +https://openai.com/gptbot)"
74.7.242.32 - - [16/Dec/2025:21:06:11 +0800] "GET /search.php?285bixc45703.html HTTP/1.1" 200 144060 "-" "Mozilla/5.0 AppleWebKit/537.36 (KHTML, like Gecko; compatible; GPTBot/1.3; +https://openai.com/gptbot)"
74.7.242.32 - - [16/Dec/2025:21:06:12 +0800] "GET /search.php?25rppn39943.html HTTP/1.1" 200 161321 "-" "Mozilla/5.0 AppleWebKit/537.36 (KHTML, like Gecko; compatible; GPTBot/1.3; +https://openai.com/gptbot)"
74.7.242.32 - - [16/Dec/2025:21:06:12 +0800] "GET /search.php?q-~39rmKAulhnEuZV9KJ0qIjA1TybikNeux34340/ HTTP/1.1" 200 145316 "-" "Mozilla/5.0 AppleWebKit/537.36 (KHTML, like Gecko; compatible; GPTBot/1.3; +https://openai.com/gptbot)"
74.7.242.32 - - [16/Dec/2025:21:06:13 +0800] "GET /search.php?q-~79Qd8iFnP6aObTySvuaWCPVWuhUNQX5H43786/ HTTP/1.1" 200 150886 "-" "Mozilla/5.0 AppleWebKit/537.36 (KHTML, like Gecko; compatible; GPTBot/1.3; +https://openai.com/gptbot)"
74.7.242.32 - - [16/Dec/2025:21:06:14 +0800] "GET /search.php?q-~152Ssbe4eF4LVX1fRAnFXuuohXIGsfVWC2437/ HTTP/1.1" 200 147376 "-" "Mozilla/5.0 AppleWebKit/537.36 (KHTML, like Gecko; compatible; GPTBot/1.3; +https://openai.com/gptbot)"
74.7.242.32 - - [16/Dec/2025:21:06:14 +0800] "GET /search.php?m86328666961 HTTP/1.1" 200 155845 "-" "Mozilla/5.0 AppleWebKit/537.36 (KHTML, like Gecko; compatible; GPTBot/1.3; +https://openai.com/gptbot)"
74.7.242.32 - - [16/Dec/2025:21:06:15 +0800] "GET /search.php?38qzc40216.html HTTP/1.1" 200 147404 "-" "Mozilla/5.0 AppleWebKit/537.36 (KHTML, like Gecko; compatible; GPTBot/1.3; +https://openai.com/gptbot)"
43.173.169.80 - - [16/Dec/2025:21:06:06 +0800] "GET /search.php?239gky19107.html HTTP/1.1" 200 149760 "-" "Mozilla/5.0 (Windows NT 6.1; Win64; x64) AppleWebKit/537.36 (KHTML, like Gecko) Chrome/126.0.6478.114 Safari/537.36"
74.7.242.32 - - [16/Dec/2025:21:06:16 +0800] "GET /search.php?q-~115LZXMJfFK8nrPS1yLsdyTzuV3ymdWxa1692/ HTTP/1.1" 200 149471 "-" "Mozilla/5.0 AppleWebKit/537.36 (KHTML, like Gecko; compatible; GPTBot/1.3; +https://openai.com/gptbot)"
74.7.242.32 - - [16/Dec/2025:21:06:16 +0800] "GET /search.php?66ats23914.html HTTP/1.1" 200 141757 "-" "Mozilla/5.0 AppleWebKit/537.36 (KHTML, like Gecko; compatible; GPTBot/1.3; +https://openai.com/gptbot)"
74.7.242.32 - - [16/Dec/2025:21:06:17 +0800] "GET /search.php?147nueqq27365.html HTTP/1.1" 200 148595 "-" "Mozilla/5.0 AppleWebKit/537.36 (KHTML, like Gecko; compatible; GPTBot/1.3; +https://openai.com/gptbot)"
74.7.242.32 - - [16/Dec/2025:21:06:17 +0800] "GET /search.php?14lbjm33884.html HTTP/1.1" 200 158221 "-" "Mozilla/5.0 AppleWebKit/537.36 (KHTML, like Gecko; compatible; GPTBot/1.3; +https://openai.com/gptbot)"
74.7.242.32 - - [16/Dec/2025:21:06:18 +0800] "GET /search.php?_bd_prev_page=https://class.bf1.my/detail.do?77trwvo7087.html&_bdsid=e8edj2.n~BUODK.171657308.176571313&_gz=2.198110775.194159345.177128665-869673475.163667671 HTTP/1.1" 200 145446 "-" "Mozilla/5.0 AppleWebKit/537.36 (KHTML, like Gecko; compatible; GPTBot/1.3; +https://openai.com/gptbot)"
74.7.242.32 - - [16/Dec/2025:21:06:19 +0800] "GET /search.php?m68799946388 HTTP/1.1" 200 154923 "-" "Mozilla/5.0 AppleWebKit/537.36 (KHTML, like Gecko; compatible; GPTBot/1.3; +https://openai.com/gptbot)"
74.7.242.32 - - [16/Dec/2025:21:06:19 +0800] "GET /search.php?_bd_prev_page=https://class.bf1.my/detail.do?259zqg29261.html&_bdsid=e8edj2.n~BUODK.171657308.176571313&_gz=2.198110775.194159345.177128665-869673475.163667671 HTTP/1.1" 200 152343 "-" "Mozilla/5.0 AppleWebKit/537.36 (KHTML, like Gecko; compatible; GPTBot/1.3; +https://openai.com/gptbot)"
74.7.242.32 - - [16/Dec/2025:21:06:20 +0800] "GET /search.php?_bd_prev_page=https://class.bf1.my/detail.do?174aeqkh38140.html&_bdsid=e8edj2.n~BUODK.171657308.176571313&_gz=2.198110775.194159345.177128665-869673475.163667671 HTTP/1.1" 200 145052 "-" "Mozilla/5.0 AppleWebKit/537.36 (KHTML, like Gecko; compatible; GPTBot/1.3; +https://openai.com/gptbot)"
74.7.242.32 - - [16/Dec/2025:21:06:21 +0800] "GET /search.php?_bd_prev_page=https://class.bf1.my/detail.do?96ofqc48030.html&_bdsid=e8edj2.n~BUODK.171657308.176571313&_gz=2.198110775.194159345.177128665-869673475.163667671 HTTP/1.1" 200 146720 "-" "Mozilla/5.0 AppleWebKit/537.36 (KHTML, like Gecko; compatible; GPTBot/1.3; +https://openai.com/gptbot)"
74.7.242.32 - - [16/Dec/2025:21:06:22 +0800] "GET /search.php?146tih9084.html HTTP/1.1" 200 145709 "-" "Mozilla/5.0 AppleWebKit/537.36 (KHTML, like Gecko; compatible; GPTBot/1.3; +https://openai.com/gptbot)"
74.7.242.32 - - [16/Dec/2025:21:06:22 +0800] "GET /search.php?93wlo27697.html HTTP/1.1" 200 143519 "-" "Mozilla/5.0 AppleWebKit/537.36 (KHTML, like Gecko; compatible; GPTBot/1.3; +https://openai.com/gptbot)"
43.173.175.113 - - [16/Dec/2025:21:06:16 +0800] "GET /search.php?239gky19107.html HTTP/1.1" 200 151409 "-" "Mozilla/5.0 (Windows NT 10.0; Win64; x64) AppleWebKit/537.36 (KHTML, like Gecko) Chrome/133.0.0.0 Safari/537.36"
74.7.242.32 - - [16/Dec/2025:21:06:23 +0800] "GET /search.php?q-~189aDyVrSjFyQoqAA04AicWmK7ZRawAqn22444/ HTTP/1.1" 200 162755 "-" "Mozilla/5.0 AppleWebKit/537.36 (KHTML, like Gecko; compatible; GPTBot/1.3; +https://openai.com/gptbot)"
74.7.242.32 - - [16/Dec/2025:21:06:23 +0800] "GET /search.php?q-~53R5A1d3wfhy97x8QzLHW79Kahzb069b41794/ HTTP/1.1" 200 144813 "-" "Mozilla/5.0 AppleWebKit/537.36 (KHTML, like Gecko; compatible; GPTBot/1.3; +https://openai.com/gptbot)"
74.7.242.32 - - [16/Dec/2025:21:06:24 +0800] "GET /search.php?98wxkb8108.html HTTP/1.1" 200 166807 "-" "Mozilla/5.0 AppleWebKit/537.36 (KHTML, like Gecko; compatible; GPTBot/1.3; +https://openai.com/gptbot)"
66.249.73.230 - - [16/Dec/2025:21:06:25 +0800] "GET /products/6615736/ HTTP/1.1" 200 136885 "-" "Mozilla/5.0 (Linux; Android 6.0.1; Nexus 5X Build/MMB29P) AppleWebKit/537.36 (KHTML, like Gecko) Chrome/141.0.7390.122 Mobile Safari/537.36 (compatible; Googlebot/2.1; +http://www.google.com/bot.html)"
74.7.242.32 - - [16/Dec/2025:21:06:25 +0800] "GET /search.php?57htcf47481.html HTTP/1.1" 200 146420 "-" "Mozilla/5.0 AppleWebKit/537.36 (KHTML, like Gecko; compatible; GPTBot/1.3; +https://openai.com/gptbot)"
74.7.242.32 - - [16/Dec/2025:21:06:25 +0800] "GET /search.php?_bd_prev_page=https://class.bf1.my/detail.do?280mjy20414.html&_bdsid=e8edj2.n~BUODK.171657308.176571313&_gz=2.198110775.194159345.177128665-869673475.163667671 HTTP/1.1" 200 158006 "-" "Mozilla/5.0 AppleWebKit/537.36 (KHTML, like Gecko; compatible; GPTBot/1.3; +https://openai.com/gptbot)"
74.7.242.32 - - [16/Dec/2025:21:06:26 +0800] "GET /search.php?97wcrz16197.html HTTP/1.1" 200 142513 "-" "Mozilla/5.0 AppleWebKit/537.36 (KHTML, like Gecko; compatible; GPTBot/1.3; +https://openai.com/gptbot)"
74.7.242.32 - - [16/Dec/2025:21:06:26 +0800] "GET /search.php?_bd_prev_page=https://class.bf1.my/detail.do?12kjpzf21418.html&_bdsid=e8edj2.n~BUODK.171657308.176571313&_gz=2.198110775.194159345.177128665-869673475.163667671 HTTP/1.1" 200 151041 "-" "Mozilla/5.0 AppleWebKit/537.36 (KHTML, like Gecko; compatible; GPTBot/1.3; +https://openai.com/gptbot)"
74.7.242.32 - - [16/Dec/2025:21:06:27 +0800] "GET /search.php?q-~41FW2Y44PIfCLxCCyfetWoCferozlZLi29686/ HTTP/1.1" 200 141332 "-" "Mozilla/5.0 AppleWebKit/537.36 (KHTML, like Gecko; compatible; GPTBot/1.3; +https://openai.com/gptbot)"
74.7.242.32 - - [16/Dec/2025:21:06:27 +0800] "GET /search.php?_bd_prev_page=https://class.bf1.my/detail.do?146tih9084.html&_bdsid=e8edj2.n~BUODK.171657308.176571313&_gz=2.198110775.194159345.177128665-869673475.163667671 HTTP/1.1" 200 145608 "-" "Mozilla/5.0 AppleWebKit/537.36 (KHTML, like Gecko; compatible; GPTBot/1.3; +https://openai.com/gptbot)"
74.7.242.32 - - [16/Dec/2025:21:06:28 +0800] "GET /search.php?category/176_177/1/listing HTTP/1.1" 200 143714 "-" "Mozilla/5.0 AppleWebKit/537.36 (KHTML, like Gecko; compatible; GPTBot/1.3; +https://openai.com/gptbot)"
74.7.242.32 - - [16/Dec/2025:21:06:29 +0800] "GET /search.php?category/155_156/1/listing HTTP/1.1" 200 146797 "-" "Mozilla/5.0 AppleWebKit/537.36 (KHTML, like Gecko; compatible; GPTBot/1.3; +https://openai.com/gptbot)"
74.7.242.32 - - [16/Dec/2025:21:06:30 +0800] "GET /search.php?category/15_5656/1/listing HTTP/1.1" 200 146839 "-" "Mozilla/5.0 AppleWebKit/537.36 (KHTML, like Gecko; compatible; GPTBot/1.3; +https://openai.com/gptbot)"
74.7.242.32 - - [16/Dec/2025:21:06:31 +0800] "GET /search.php?_bd_prev_page=https://class.bf1.my/detail.do?257wmq43605.html&_bdsid=e8edj2.n~BUODK.171657308.176571313&_gz=2.198110775.194159345.177128665-869673475.163667671 HTTP/1.1" 200 141444 "-" "Mozilla/5.0 AppleWebKit/537.36 (KHTML, like Gecko; compatible; GPTBot/1.3; +https://openai.com/gptbot)"
74.7.242.32 - - [16/Dec/2025:21:06:31 +0800] "GET /search.php?266batx8726.html HTTP/1.1" 200 142656 "-" "Mozilla/5.0 AppleWebKit/537.36 (KHTML, like Gecko; compatible; GPTBot/1.3; +https://openai.com/gptbot)"
74.7.242.32 - - [16/Dec/2025:21:06:32 +0800] "GET /search.php?perk-up-300958-1267568 HTTP/1.1" 200 155590 "-" "Mozilla/5.0 AppleWebKit/537.36 (KHTML, like Gecko; compatible; GPTBot/1.3; +https://openai.com/gptbot)"
74.7.242.32 - - [16/Dec/2025:21:06:32 +0800] "GET /search.php?141rwbug41771.html HTTP/1.1" 200 143142 "-" "Mozilla/5.0 AppleWebKit/537.36 (KHTML, like Gecko; compatible; GPTBot/1.3; +https://openai.com/gptbot)"
74.7.242.32 - - [16/Dec/2025:21:06:33 +0800] "GET /search.php?_bd_prev_page=https://class.bf1.my/detail.do?32gjyz5342.html&_bdsid=e8edj2.n~BUODK.171657308.176571313&_gz=2.198110775.194159345.177128665-869673475.163667671 HTTP/1.1" 200 142954 "-" "Mozilla/5.0 AppleWebKit/537.36 (KHTML, like Gecko; compatible; GPTBot/1.3; +https://openai.com/gptbot)"
74.7.242.32 - - [16/Dec/2025:21:06:33 +0800] "GET /search.php?48hojn23342.html HTTP/1.1" 200 145059 "-" "Mozilla/5.0 AppleWebKit/537.36 (KHTML, like Gecko; compatible; GPTBot/1.3; +https://openai.com/gptbot)"
40.77.167.22 - - [16/Dec/2025:21:06:34 +0800] "GET /?shopdetail/NTgwMDYzNg HTTP/1.1" 200 136926 "-" "Mozilla/5.0 AppleWebKit/537.36 (KHTML, like Gecko; compatible; bingbot/2.0; +http://www.bing.com/bingbot.htm) Chrome/116.0.1938.76 Safari/537.36"
74.7.242.32 - - [16/Dec/2025:21:06:34 +0800] "GET /search.php?238txxs8582.html HTTP/1.1" 200 149518 "-" "Mozilla/5.0 AppleWebKit/537.36 (KHTML, like Gecko; compatible; GPTBot/1.3; +https://openai.com/gptbot)"
74.7.242.32 - - [16/Dec/2025:21:06:34 +0800] "GET /search.php?_bd_prev_page=https://class.bf1.my/detail.do?65xyd21367.html&_bdsid=e8edj2.n~BUODK.171657308.176571313&_gz=2.198110775.194159345.177128665-869673475.163667671 HTTP/1.1" 200 150080 "-" "Mozilla/5.0 AppleWebKit/537.36 (KHTML, like Gecko; compatible; GPTBot/1.3; +https://openai.com/gptbot)"
74.7.242.32 - - [16/Dec/2025:21:06:35 +0800] "GET /search.php?_bd_prev_page=https://class.bf1.my/detail.do?115jnzqx16181.html&_bdsid=e8edj2.n~BUODK.171657308.176571313&_gz=2.198110775.194159345.177128665-869673475.163667671 HTTP/1.1" 200 149143 "-" "Mozilla/5.0 AppleWebKit/537.36 (KHTML, like Gecko; compatible; GPTBot/1.3; +https://openai.com/gptbot)"
74.7.242.32 - - [16/Dec/2025:21:06:36 +0800] "GET /search.php?1110218285 HTTP/1.1" 200 148972 "-" "Mozilla/5.0 AppleWebKit/537.36 (KHTML, like Gecko; compatible; GPTBot/1.3; +https://openai.com/gptbot)"
74.7.242.32 - - [16/Dec/2025:21:06:36 +0800] "GET /search.php?181rwlbi18685.html HTTP/1.1" 200 143596 "-" "Mozilla/5.0 AppleWebKit/537.36 (KHTML, like Gecko; compatible; GPTBot/1.3; +https://openai.com/gptbot)"
74.7.242.32 - - [16/Dec/2025:21:06:37 +0800] "GET /search.php?61pgb16589.html HTTP/1.1" 200 166409 "-" "Mozilla/5.0 AppleWebKit/537.36 (KHTML, like Gecko; compatible; GPTBot/1.3; +https://openai.com/gptbot)"
74.7.242.32 - - [16/Dec/2025:21:06:38 +0800] "GET /search.php?1118277158 HTTP/1.1" 200 143118 "-" "Mozilla/5.0 AppleWebKit/537.36 (KHTML, like Gecko; compatible; GPTBot/1.3; +https://openai.com/gptbot)"
74.7.242.32 - - [16/Dec/2025:21:06:39 +0800] "GET /search.php?32ahgt40298.html HTTP/1.1" 200 144858 "-" "Mozilla/5.0 AppleWebKit/537.36 (KHTML, like Gecko; compatible; GPTBot/1.3; +https://openai.com/gptbot)"
74.7.242.32 - - [16/Dec/2025:21:06:40 +0800] "GET /search.php?perk-up-859890-2074134 HTTP/1.1" 200 140008 "-" "Mozilla/5.0 AppleWebKit/537.36 (KHTML, like Gecko; compatible; GPTBot/1.3; +https://openai.com/gptbot)"
74.7.242.32 - - [16/Dec/2025:21:06:41 +0800] "GET /search.php?_bd_prev_page=https://class.bf1.my/detail.do?48hojn23342.html&_bdsid=e8edj2.n~BUODK.171657308.176571313&_gz=2.198110775.194159345.177128665-869673475.163667671 HTTP/1.1" 200 146730 "-" "Mozilla/5.0 AppleWebKit/537.36 (KHTML, like Gecko; compatible; GPTBot/1.3; +https://openai.com/gptbot)"
74.7.242.32 - - [16/Dec/2025:21:06:42 +0800] "GET /search.php?perk-up-973505-2194462 HTTP/1.1" 200 148169 "-" "Mozilla/5.0 AppleWebKit/537.36 (KHTML, like Gecko; compatible; GPTBot/1.3; +https://openai.com/gptbot)"
74.7.242.32 - - [16/Dec/2025:21:06:42 +0800] "GET /search.php?m37986546133 HTTP/1.1" 200 145213 "-" "Mozilla/5.0 AppleWebKit/537.36 (KHTML, like Gecko; compatible; GPTBot/1.3; +https://openai.com/gptbot)"
74.7.242.32 - - [16/Dec/2025:21:06:43 +0800] "GET /search.php?65xyd21367.html HTTP/1.1" 200 148658 "-" "Mozilla/5.0 AppleWebKit/537.36 (KHTML, like Gecko; compatible; GPTBot/1.3; +https://openai.com/gptbot)"
74.7.242.32 - - [16/Dec/2025:21:06:44 +0800] "GET /search.php?22wms23106.html HTTP/1.1" 200 143053 "-" "Mozilla/5.0 AppleWebKit/537.36 (KHTML, like Gecko; compatible; GPTBot/1.3; +https://openai.com/gptbot)"
74.7.242.32 - - [16/Dec/2025:21:06:44 +0800] "GET /search.php?_bd_prev_page=https://class.bf1.my/detail.do?181rwlbi18685.html&_bdsid=e8edj2.n~BUODK.171657308.176571313&_gz=2.198110775.194159345.177128665-869673475.163667671 HTTP/1.1" 200 143067 "-" "Mozilla/5.0 AppleWebKit/537.36 (KHTML, like Gecko; compatible; GPTBot/1.3; +https://openai.com/gptbot)"
74.7.242.32 - - [16/Dec/2025:21:06:45 +0800] "GET /search.php?q-~224gleRDdotP1sIJ8QBlQJWBTB4btwBPU9241/ HTTP/1.1" 200 150801 "-" "Mozilla/5.0 AppleWebKit/537.36 (KHTML, like Gecko; compatible; GPTBot/1.3; +https://openai.com/gptbot)"
74.7.242.32 - - [16/Dec/2025:21:06:46 +0800] "GET /search.php?122jba7326.html HTTP/1.1" 200 143682 "-" "Mozilla/5.0 AppleWebKit/537.36 (KHTML, like Gecko; compatible; GPTBot/1.3; +https://openai.com/gptbot)"
74.7.242.32 - - [16/Dec/2025:21:06:47 +0800] "GET /search.php?68vxl26270.html HTTP/1.1" 200 142487 "-" "Mozilla/5.0 AppleWebKit/537.36 (KHTML, like Gecko; compatible; GPTBot/1.3; +https://openai.com/gptbot)"
74.7.242.32 - - [16/Dec/2025:21:06:48 +0800] "GET /search.php?q-~144jgTTFqpPyiUFhvRnpYBwu2Krs4Hh6T1501/ HTTP/1.1" 200 143108 "-" "Mozilla/5.0 AppleWebKit/537.36 (KHTML, like Gecko; compatible; GPTBot/1.3; +https://openai.com/gptbot)"
74.7.242.32 - - [16/Dec/2025:21:06:48 +0800] "GET /search.php?7blqx29957.html HTTP/1.1" 200 142291 "-" "Mozilla/5.0 AppleWebKit/537.36 (KHTML, like Gecko; compatible; GPTBot/1.3; +https://openai.com/gptbot)"
74.7.242.32 - - [16/Dec/2025:21:06:49 +0800] "GET /search.php?_bd_prev_page=https://class.bf1.my/detail.do?219adada33207.html&_bdsid=e8edj2.n~BUODK.171657308.176571313&_gz=2.198110775.194159345.177128665-869673475.163667671 HTTP/1.1" 200 141693 "-" "Mozilla/5.0 AppleWebKit/537.36 (KHTML, like Gecko; compatible; GPTBot/1.3; +https://openai.com/gptbot)"
207.46.13.150 - - [16/Dec/2025:21:06:49 +0800] "GET /?shopdetail/MzU5MjM2Nw HTTP/1.1" 200 137778 "-" "Mozilla/5.0 AppleWebKit/537.36 (KHTML, like Gecko; compatible; bingbot/2.0; +http://www.bing.com/bingbot.htm) Chrome/116.0.1938.76 Safari/537.36"
207.46.13.150 - - [16/Dec/2025:21:06:50 +0800] "GET /?shopdetail/NDk2OTUzNw HTTP/1.1" 200 145720 "-" "Mozilla/5.0 AppleWebKit/537.36 (KHTML, like Gecko; compatible; bingbot/2.0; +http://www.bing.com/bingbot.htm) Chrome/116.0.1938.76 Safari/537.36"
74.7.242.32 - - [16/Dec/2025:21:06:49 +0800] "GET /search.php?_bd_prev_page=https://class.bf1.my/detail.do?124qzw2476.html&_bdsid=e8edj2.n~BUODK.171657308.176571313&_gz=2.198110775.194159345.177128665-869673475.163667671 HTTP/1.1" 200 143979 "-" "Mozilla/5.0 AppleWebKit/537.36 (KHTML, like Gecko; compatible; GPTBot/1.3; +https://openai.com/gptbot)"
74.7.242.32 - - [16/Dec/2025:21:06:50 +0800] "GET /search.php?_bd_prev_page=https://class.bf1.my/detail.do?143rjeih26319.html&_bdsid=e8edj2.n~BUODK.171657308.176571313&_gz=2.198110775.194159345.177128665-869673475.163667671 HTTP/1.1" 200 141154 "-" "Mozilla/5.0 AppleWebKit/537.36 (KHTML, like Gecko; compatible; GPTBot/1.3; +https://openai.com/gptbot)"
74.7.242.32 - - [16/Dec/2025:21:06:51 +0800] "GET /search.php?q-~64lpUVdT6gAjkIujtJDaiytwZEPE8L5x19933/ HTTP/1.1" 200 145527 "-" "Mozilla/5.0 AppleWebKit/537.36 (KHTML, like Gecko; compatible; GPTBot/1.3; +https://openai.com/gptbot)"
74.7.242.32 - - [16/Dec/2025:21:06:51 +0800] "GET /search.php?q-~120hQVvjQjgP8ZzLrvBiIwlaQZKWE2u4t5095/ HTTP/1.1" 200 143689 "-" "Mozilla/5.0 AppleWebKit/537.36 (KHTML, like Gecko; compatible; GPTBot/1.3; +https://openai.com/gptbot)"
74.7.242.32 - - [16/Dec/2025:21:06:52 +0800] "GET /search.php?_bd_prev_page=https://class.bf1.my/detail.do?179tmfo38863.html&_bdsid=e8edj2.n~BUODK.171657308.176571313&_gz=2.198110775.194159345.177128665-869673475.163667671 HTTP/1.1" 200 141764 "-" "Mozilla/5.0 AppleWebKit/537.36 (KHTML, like Gecko; compatible; GPTBot/1.3; +https://openai.com/gptbot)"
74.7.242.32 - - [16/Dec/2025:21:06:53 +0800] "GET /search.php?_bd_prev_page=https://class.bf1.my/detail.do?122jba7326.html&_bdsid=e8edj2.n~BUODK.171657308.176571313&_gz=2.198110775.194159345.177128665-869673475.163667671 HTTP/1.1" 200 144362 "-" "Mozilla/5.0 AppleWebKit/537.36 (KHTML, like Gecko; compatible; GPTBot/1.3; +https://openai.com/gptbot)"
52.167.144.202 - - [16/Dec/2025:21:06:54 +0800] "GET /?shopdetail/NjQxMzQ5Mw HTTP/1.1" 200 138228 "-" "Mozilla/5.0 AppleWebKit/537.36 (KHTML, like Gecko; compatible; bingbot/2.0; +http://www.bing.com/bingbot.htm) Chrome/116.0.1938.76 Safari/537.36"
74.7.242.32 - - [16/Dec/2025:21:06:54 +0800] "GET /search.php?_bd_prev_page=https://class.bf1.my/detail.do?298iybxj48608.html&_bdsid=e8edj2.n~BUODK.171657308.176571313&_gz=2.198110775.194159345.177128665-869673475.163667671 HTTP/1.1" 200 144017 "-" "Mozilla/5.0 AppleWebKit/537.36 (KHTML, like Gecko; compatible; GPTBot/1.3; +https://openai.com/gptbot)"
74.7.242.32 - - [16/Dec/2025:21:06:55 +0800] "GET /search.php?53hngr16581.html HTTP/1.1" 200 141255 "-" "Mozilla/5.0 AppleWebKit/537.36 (KHTML, like Gecko; compatible; GPTBot/1.3; +https://openai.com/gptbot)"
74.7.242.32 - - [16/Dec/2025:21:06:55 +0800] "GET /search.php?_bd_prev_page=https://class.bf1.my/detail.do?10pgm36586.html&_bdsid=e8edj2.n~BUODK.171657308.176571313&_gz=2.198110775.194159345.177128665-869673475.163667671 HTTP/1.1" 200 146463 "-" "Mozilla/5.0 AppleWebKit/537.36 (KHTML, like Gecko; compatible; GPTBot/1.3; +https://openai.com/gptbot)"
74.7.242.32 - - [16/Dec/2025:21:06:56 +0800] "GET /search.php?_bd_prev_page=https://class.bf1.my/detail.do?148ivl39860.html&_bdsid=e8edj2.n~BUODK.171657308.176571313&_gz=2.198110775.194159345.177128665-869673475.163667671 HTTP/1.1" 200 145037 "-" "Mozilla/5.0 AppleWebKit/537.36 (KHTML, like Gecko; compatible; GPTBot/1.3; +https://openai.com/gptbot)"
74.7.242.32 - - [16/Dec/2025:21:06:58 +0800] "GET /search.php?_bd_prev_page=https://class.bf1.my/detail.do?169mdsuo36803.html&_bdsid=e8edj2.n~BUODK.171657308.176571313&_gz=2.198110775.194159345.177128665-869673475.163667671 HTTP/1.1" 200 144981 "-" "Mozilla/5.0 AppleWebKit/537.36 (KHTML, like Gecko; compatible; GPTBot/1.3; +https://openai.com/gptbot)"
74.7.242.32 - - [16/Dec/2025:21:06:58 +0800] "GET /search.php?_bd_prev_page=https://class.bf1.my/detail.do?158lebt6362.html&_bdsid=e8edj2.n~BUODK.171657308.176571313&_gz=2.198110775.194159345.177128665-869673475.163667671 HTTP/1.1" 200 142512 "-" "Mozilla/5.0 AppleWebKit/537.36 (KHTML, like Gecko; compatible; GPTBot/1.3; +https://openai.com/gptbot)"
74.7.242.32 - - [16/Dec/2025:21:06:59 +0800] "GET /search.php?_bd_prev_page=https://class.bf1.my/detail.do?87qukd44551.html&_bdsid=e8edj2.n~BUODK.171657308.176571313&_gz=2.198110775.194159345.177128665-869673475.163667671 HTTP/1.1" 200 147426 "-" "Mozilla/5.0 AppleWebKit/537.36 (KHTML, like Gecko; compatible; GPTBot/1.3; +https://openai.com/gptbot)"
74.7.242.32 - - [16/Dec/2025:21:07:00 +0800] "GET /search.php?q-~53psq1ZilICCK4P7kWtZXZByPmIOTpaB47154/ HTTP/1.1" 200 140768 "-" "Mozilla/5.0 AppleWebKit/537.36 (KHTML, like Gecko; compatible; GPTBot/1.3; +https://openai.com/gptbot)"
74.7.242.32 - - [16/Dec/2025:21:07:01 +0800] "GET /search.php?clover9608-negrs240613-000-000404-l HTTP/1.1" 200 149637 "-" "Mozilla/5.0 AppleWebKit/537.36 (KHTML, like Gecko; compatible; GPTBot/1.3; +https://openai.com/gptbot)"
74.7.242.32 - - [16/Dec/2025:21:07:02 +0800] "GET /search.php?guruguru2-daxa-1110 HTTP/1.1" 200 143907 "-" "Mozilla/5.0 AppleWebKit/537.36 (KHTML, like Gecko; compatible; GPTBot/1.3; +https://openai.com/gptbot)"
74.7.242.32 - - [16/Dec/2025:21:07:02 +0800] "GET /search.php?17xlze39191.html HTTP/1.1" 200 145165 "-" "Mozilla/5.0 AppleWebKit/537.36 (KHTML, like Gecko; compatible; GPTBot/1.3; +https://openai.com/gptbot)"
74.7.242.32 - - [16/Dec/2025:21:07:03 +0800] "GET /search.php?amateurelite-box16 HTTP/1.1" 200 167213 "-" "Mozilla/5.0 AppleWebKit/537.36 (KHTML, like Gecko; compatible; GPTBot/1.3; +https://openai.com/gptbot)"
40.77.167.22 - - [16/Dec/2025:21:07:03 +0800] "GET /?shopdetail/MzkwMzQ5MQ HTTP/1.1" 200 153789 "-" "Mozilla/5.0 AppleWebKit/537.36 (KHTML, like Gecko; compatible; bingbot/2.0; +http://www.bing.com/bingbot.htm) Chrome/116.0.1938.76 Safari/537.36"
74.7.242.32 - - [16/Dec/2025:21:07:04 +0800] "GET /search.php?10pgm36586.html HTTP/1.1" 200 147356 "-" "Mozilla/5.0 AppleWebKit/537.36 (KHTML, like Gecko; compatible; GPTBot/1.3; +https://openai.com/gptbot)"
74.7.242.32 - - [16/Dec/2025:21:07:04 +0800] "GET /search.php?chrono-cr-10010782 HTTP/1.1" 200 151820 "-" "Mozilla/5.0 AppleWebKit/537.36 (KHTML, like Gecko; compatible; GPTBot/1.3; +https://openai.com/gptbot)"
74.7.242.32 - - [16/Dec/2025:21:07:05 +0800] "GET /search.php?tenpos2-8204400-st HTTP/1.1" 200 146029 "-" "Mozilla/5.0 AppleWebKit/537.36 (KHTML, like Gecko; compatible; GPTBot/1.3; +https://openai.com/gptbot)"
74.7.242.32 - - [16/Dec/2025:21:07:06 +0800] "GET /search.php?at-tsuhan-10072177 HTTP/1.1" 200 150851 "-" "Mozilla/5.0 AppleWebKit/537.36 (KHTML, like Gecko; compatible; GPTBot/1.3; +https://openai.com/gptbot)"
74.7.242.32 - - [16/Dec/2025:21:07:06 +0800] "GET /search.php?37ytrh44109.html HTTP/1.1" 200 142489 "-" "Mozilla/5.0 AppleWebKit/537.36 (KHTML, like Gecko; compatible; GPTBot/1.3; +https://openai.com/gptbot)"
74.7.242.32 - - [16/Dec/2025:21:07:07 +0800] "GET /search.php?_bd_prev_page=https://class.bf1.my/detail.do?118fxaq45688.html&_bdsid=e8edj2.n~BUODK.171657308.176571313&_gz=2.198110775.194159345.177128665-869673475.163667671 HTTP/1.1" 200 143525 "-" "Mozilla/5.0 AppleWebKit/537.36 (KHTML, like Gecko; compatible; GPTBot/1.3; +https://openai.com/gptbot)"
74.7.242.32 - - [16/Dec/2025:21:07:08 +0800] "GET /search.php?chrono-cr-10016183 HTTP/1.1" 200 141356 "-" "Mozilla/5.0 AppleWebKit/537.36 (KHTML, like Gecko; compatible; GPTBot/1.3; +https://openai.com/gptbot)"
74.7.242.32 - - [16/Dec/2025:21:07:08 +0800] "GET /search.php?q-~6zWzX8ee5tARcp8QwcpS0z6Af8UU6fj11189/ HTTP/1.1" 200 144730 "-" "Mozilla/5.0 AppleWebKit/537.36 (KHTML, like Gecko; compatible; GPTBot/1.3; +https://openai.com/gptbot)"
74.7.242.32 - - [16/Dec/2025:21:07:09 +0800] "GET /search.php?_bd_prev_page=https://class.bf1.my/detail.do?17xlze39191.html&_bdsid=e8edj2.n~BUODK.171657308.176571313&_gz=2.198110775.194159345.177128665-869673475.163667671 HTTP/1.1" 200 145019 "-" "Mozilla/5.0 AppleWebKit/537.36 (KHTML, like Gecko; compatible; GPTBot/1.3; +https://openai.com/gptbot)"
74.7.242.32 - - [16/Dec/2025:21:07:09 +0800] "GET /search.php?88jrv40750.html HTTP/1.1" 200 141056 "-" "Mozilla/5.0 AppleWebKit/537.36 (KHTML, like Gecko; compatible; GPTBot/1.3; +https://openai.com/gptbot)"
74.7.242.32 - - [16/Dec/2025:21:07:10 +0800] "GET /search.php?84zyt18192.html HTTP/1.1" 200 142186 "-" "Mozilla/5.0 AppleWebKit/537.36 (KHTML, like Gecko; compatible; GPTBot/1.3; +https://openai.com/gptbot)"
74.7.242.32 - - [16/Dec/2025:21:07:11 +0800] "GET /search.php?_bd_prev_page=https://class.bf1.my/detail.do?23myflk21099.html&_bdsid=e8edj2.n~BUODK.171657308.176571313&_gz=2.198110775.194159345.177128665-869673475.163667671 HTTP/1.1" 200 173413 "-" "Mozilla/5.0 AppleWebKit/537.36 (KHTML, like Gecko; compatible; GPTBot/1.3; +https://openai.com/gptbot)"
74.7.242.32 - - [16/Dec/2025:21:07:12 +0800] "GET /search.php?_bd_prev_page=https://class.bf1.my/detail.do?43mjf15327.html&_bdsid=e8edj2.n~BUODK.171657308.176571313&_gz=2.198110775.194159345.177128665-869673475.163667671 HTTP/1.1" 200 144912 "-" "Mozilla/5.0 AppleWebKit/537.36 (KHTML, like Gecko; compatible; GPTBot/1.3; +https://openai.com/gptbot)"
74.7.242.32 - - [16/Dec/2025:21:07:13 +0800] "GET /search.php?_bd_prev_page=https://class.bf1.my/detail.do?199dpde32673.html&_bdsid=e8edj2.n~BUODK.171657308.176571313&_gz=2.198110775.194159345.177128665-869673475.163667671 HTTP/1.1" 200 146796 "-" "Mozilla/5.0 AppleWebKit/537.36 (KHTML, like Gecko; compatible; GPTBot/1.3; +https://openai.com/gptbot)"
74.7.242.32 - - [16/Dec/2025:21:07:14 +0800] "GET /search.php?_bd_prev_page=https://class.bf1.my/detail.do?91xtrow15453.html&_bdsid=e8edj2.n~BUODK.171657308.176571313&_gz=2.198110775.194159345.177128665-869673475.163667671 HTTP/1.1" 200 147100 "-" "Mozilla/5.0 AppleWebKit/537.36 (KHTML, like Gecko; compatible; GPTBot/1.3; +https://openai.com/gptbot)"
74.7.242.32 - - [16/Dec/2025:21:07:14 +0800] "GET /search.php?6kpj7640.html HTTP/1.1" 200 151716 "-" "Mozilla/5.0 AppleWebKit/537.36 (KHTML, like Gecko; compatible; GPTBot/1.3; +https://openai.com/gptbot)"
74.7.242.32 - - [16/Dec/2025:21:07:15 +0800] "GET /search.php?273fywin1747.html HTTP/1.1" 200 148541 "-" "Mozilla/5.0 AppleWebKit/537.36 (KHTML, like Gecko; compatible; GPTBot/1.3; +https://openai.com/gptbot)"
74.7.242.32 - - [16/Dec/2025:21:07:16 +0800] "GET /search.php?q-~44Wg30e20qiFrfPHye3dnEoE20bUghjv9111/ HTTP/1.1" 200 159303 "-" "Mozilla/5.0 AppleWebKit/537.36 (KHTML, like Gecko; compatible; GPTBot/1.3; +https://openai.com/gptbot)"
74.7.242.32 - - [16/Dec/2025:21:07:17 +0800] "GET /search.php?q-~8DbC9QLp906Leax2BveZo6Lnwl4BeOW44423/ HTTP/1.1" 200 141591 "-" "Mozilla/5.0 AppleWebKit/537.36 (KHTML, like Gecko; compatible; GPTBot/1.3; +https://openai.com/gptbot)"
74.7.242.32 - - [16/Dec/2025:21:07:17 +0800] "GET /search.php?88svjs38956.html HTTP/1.1" 200 150717 "-" "Mozilla/5.0 AppleWebKit/537.36 (KHTML, like Gecko; compatible; GPTBot/1.3; +https://openai.com/gptbot)"
74.7.242.32 - - [16/Dec/2025:21:07:18 +0800] "GET /search.php?q-~182D95eVYVgw9UJaQIwAYlwBfQky6kxvE41111/ HTTP/1.1" 200 146325 "-" "Mozilla/5.0 AppleWebKit/537.36 (KHTML, like Gecko; compatible; GPTBot/1.3; +https://openai.com/gptbot)"
74.7.242.32 - - [16/Dec/2025:21:07:19 +0800] "GET /search.php?q-~32vd471SSSOenbmI7QuU837GbahDwZcN5313/ HTTP/1.1" 200 153064 "-" "Mozilla/5.0 AppleWebKit/537.36 (KHTML, like Gecko; compatible; GPTBot/1.3; +https://openai.com/gptbot)"
43.173.182.252 - - [16/Dec/2025:21:07:19 +0800] "GET /search.php?112qzlx7200.html HTTP/1.1" 200 141252 "-" "Mozilla/5.0 (Windows NT 6.1; Win64; x64) AppleWebKit/537.36 (KHTML, like Gecko) Chrome/126.0.6478.114 Safari/537.36"
43.173.178.125 - - [16/Dec/2025:21:07:19 +0800] "GET /search.php?q-~234FX5u3fHbBEh1OY97Rm8pJKc7emQ7dH24311 HTTP/1.1" 200 141728 "-" "Mozilla/5.0 (Windows NT 6.1; Win64; x64) AppleWebKit/537.36 (KHTML, like Gecko) Chrome/126.0.6478.114 Safari/537.36"
74.7.242.32 - - [16/Dec/2025:21:07:20 +0800] "GET /search.php?36418886 HTTP/1.1" 200 141793 "-" "Mozilla/5.0 AppleWebKit/537.36 (KHTML, like Gecko; compatible; GPTBot/1.3; +https://openai.com/gptbot)"
43.173.173.93 - - [16/Dec/2025:21:07:19 +0800] "GET /search.php?q-~238vofN5cWcz4e5WmHyi5bLvZ6AybwrfW36901 HTTP/1.1" 200 168715 "-" "Mozilla/5.0 (Windows NT 6.1; Win64; x64) AppleWebKit/537.36 (KHTML, like Gecko) Chrome/126.0.6478.114 Safari/537.36"
74.7.242.32 - - [16/Dec/2025:21:07:20 +0800] "GET /search.php?q-~2l3dpNr3FR4noxYVbStGZgs2OX8v49U34449/ HTTP/1.1" 200 142906 "-" "Mozilla/5.0 AppleWebKit/537.36 (KHTML, like Gecko; compatible; GPTBot/1.3; +https://openai.com/gptbot)"
74.7.242.32 - - [16/Dec/2025:21:07:21 +0800] "GET /search.php?q-~6BdaqzXhpz63aj0Oba9taBtMs3j86Ic42223/ HTTP/1.1" 200 151742 "-" "Mozilla/5.0 AppleWebKit/537.36 (KHTML, like Gecko; compatible; GPTBot/1.3; +https://openai.com/gptbot)"
43.173.173.221 - - [16/Dec/2025:21:07:19 +0800] "GET /search.php?q-~74mJDmLBIGoSUz6zWbJygzEHcBKG3vqA15125 HTTP/1.1" 200 140770 "-" "Mozilla/5.0 (Windows NT 6.1; Win64; x64) AppleWebKit/537.36 (KHTML, like Gecko) Chrome/126.0.6478.114 Safari/537.36"
74.7.242.32 - - [16/Dec/2025:21:07:22 +0800] "GET /search.php?_bd_prev_page=https://class.bf1.my/detail.do?188thv29058.html&_bdsid=e8edj2.n~BUODK.171657308.176571313&_gz=2.198110775.194159345.177128665-869673475.163667671 HTTP/1.1" 200 157179 "-" "Mozilla/5.0 AppleWebKit/537.36 (KHTML, like Gecko; compatible; GPTBot/1.3; +https://openai.com/gptbot)"
74.7.242.32 - - [16/Dec/2025:21:07:22 +0800] "GET /search.php?_bd_prev_page=https://class.bf1.my/detail.do?273fywin1747.html&_bdsid=e8edj2.n~BUODK.171657308.176571313&_gz=2.198110775.194159345.177128665-869673475.163667671 HTTP/1.1" 200 148798 "-" "Mozilla/5.0 AppleWebKit/537.36 (KHTML, like Gecko; compatible; GPTBot/1.3; +https://openai.com/gptbot)"
43.173.181.220 - - [16/Dec/2025:21:07:20 +0800] "GET /search.php?7awcwj13107.html HTTP/1.1" 200 143071 "-" "Mozilla/5.0 (Windows NT 6.1; Win64; x64) AppleWebKit/537.36 (KHTML, like Gecko) Chrome/126.0.6478.114 Safari/537.36"
74.7.242.32 - - [16/Dec/2025:21:07:23 +0800] "GET /search.php?q-~45vjIRtj9v06rwAdJ59tW6BxGA8pKpLR5444/ HTTP/1.1" 200 140622 "-" "Mozilla/5.0 AppleWebKit/537.36 (KHTML, like Gecko; compatible; GPTBot/1.3; +https://openai.com/gptbot)"
43.173.178.202 - - [16/Dec/2025:21:07:19 +0800] "GET /search.php?q-~29avhwsQFtBBInMt41rxgDFJLAOwELNl31456 HTTP/1.1" 200 146576 "-" "Mozilla/5.0 (Windows NT 6.1; Win64; x64) AppleWebKit/537.36 (KHTML, like Gecko) Chrome/126.0.6478.114 Safari/537.36"
74.7.242.32 - - [16/Dec/2025:21:07:23 +0800] "GET /search.php?298rim6440.html HTTP/1.1" 200 150124 "-" "Mozilla/5.0 AppleWebKit/537.36 (KHTML, like Gecko; compatible; GPTBot/1.3; +https://openai.com/gptbot)"
74.7.242.32 - - [16/Dec/2025:21:07:24 +0800] "GET /search.php?264ocpt26926.html HTTP/1.1" 200 145050 "-" "Mozilla/5.0 AppleWebKit/537.36 (KHTML, like Gecko; compatible; GPTBot/1.3; +https://openai.com/gptbot)"
74.7.242.32 - - [16/Dec/2025:21:07:24 +0800] "GET /search.php?_bd_prev_page=https://class.bf1.my/detail.do?6yxxf30500.html&_bdsid=e8edj2.n~BUODK.171657308.176571313&_gz=2.198110775.194159345.177128665-869673475.163667671 HTTP/1.1" 200 152197 "-" "Mozilla/5.0 AppleWebKit/537.36 (KHTML, like Gecko; compatible; GPTBot/1.3; +https://openai.com/gptbot)"
74.7.242.32 - - [16/Dec/2025:21:07:25 +0800] "GET /search.php?q-~119XtMJaPnkIZzMLsj9pwSa41StJONbSp1684/ HTTP/1.1" 200 144790 "-" "Mozilla/5.0 AppleWebKit/537.36 (KHTML, like Gecko; compatible; GPTBot/1.3; +https://openai.com/gptbot)"
74.7.242.32 - - [16/Dec/2025:21:07:26 +0800] "GET /search.php?q-~89zsy7yh6663lArqXoKpm1xiMWj0PBtK5618/ HTTP/1.1" 200 142501 "-" "Mozilla/5.0 AppleWebKit/537.36 (KHTML, like Gecko; compatible; GPTBot/1.3; +https://openai.com/gptbot)"
74.7.242.32 - - [16/Dec/2025:21:07:27 +0800] "GET /search.php?56kpgnn17438.html HTTP/1.1" 200 148943 "-" "Mozilla/5.0 AppleWebKit/537.36 (KHTML, like Gecko; compatible; GPTBot/1.3; +https://openai.com/gptbot)"
74.7.242.32 - - [16/Dec/2025:21:07:27 +0800] "GET /search.php?56eft45272.html HTTP/1.1" 200 150037 "-" "Mozilla/5.0 AppleWebKit/537.36 (KHTML, like Gecko; compatible; GPTBot/1.3; +https://openai.com/gptbot)"
