20.15.133.163 - - [16/Dec/2025:20:57:06 +0800] "GET /products/4473170/ HTTP/1.1" 200 143130 "-" "Mozilla/5.0 AppleWebKit/537.36 (KHTML, like Gecko; compatible; bingbot/2.0; +http://www.bing.com/bingbot.htm) Chrome/116.0.1938.76 Safari/537.36"
74.7.242.32 - - [16/Dec/2025:20:57:06 +0800] "GET /search.php?_bd_prev_page=https://class.bf1.my/detail.do?179qov11417.html&_bdsid=e8edj2.n~BUODK.171657308.176571313&_gz=2.198110775.194159345.177128665-869673475.163667671 HTTP/1.1" 200 147673 "-" "Mozilla/5.0 AppleWebKit/537.36 (KHTML, like Gecko; compatible; GPTBot/1.3; +https://openai.com/gptbot)"
74.7.242.32 - - [16/Dec/2025:20:57:07 +0800] "GET /search.php?11ujik41121.html HTTP/1.1" 200 152182 "-" "Mozilla/5.0 AppleWebKit/537.36 (KHTML, like Gecko; compatible; GPTBot/1.3; +https://openai.com/gptbot)"
74.7.242.32 - - [16/Dec/2025:20:57:07 +0800] "GET /search.php?category/56_6845_27726/1/listing HTTP/1.1" 200 141582 "-" "Mozilla/5.0 AppleWebKit/537.36 (KHTML, like Gecko; compatible; GPTBot/1.3; +https://openai.com/gptbot)"
74.7.242.32 - - [16/Dec/2025:20:57:08 +0800] "GET /search.php?62uiy29792.html HTTP/1.1" 200 149596 "-" "Mozilla/5.0 AppleWebKit/537.36 (KHTML, like Gecko; compatible; GPTBot/1.3; +https://openai.com/gptbot)"
74.7.242.32 - - [16/Dec/2025:20:57:08 +0800] "GET /search.php?37lns44721.html HTTP/1.1" 200 148274 "-" "Mozilla/5.0 AppleWebKit/537.36 (KHTML, like Gecko; compatible; GPTBot/1.3; +https://openai.com/gptbot)"
74.7.242.32 - - [16/Dec/2025:20:57:09 +0800] "GET /search.php?q-~293zvDB9sfN94zC6689Po4j2K5GZDO2gu1190/ HTTP/1.1" 200 144409 "-" "Mozilla/5.0 AppleWebKit/537.36 (KHTML, like Gecko; compatible; GPTBot/1.3; +https://openai.com/gptbot)"
74.7.242.32 - - [16/Dec/2025:20:57:09 +0800] "GET /search.php?24iuzfu870.html HTTP/1.1" 200 152963 "-" "Mozilla/5.0 AppleWebKit/537.36 (KHTML, like Gecko; compatible; GPTBot/1.3; +https://openai.com/gptbot)"
74.7.242.32 - - [16/Dec/2025:20:57:10 +0800] "GET /search.php?259sqqz389.html HTTP/1.1" 200 148511 "-" "Mozilla/5.0 AppleWebKit/537.36 (KHTML, like Gecko; compatible; GPTBot/1.3; +https://openai.com/gptbot)"
74.7.242.32 - - [16/Dec/2025:20:57:11 +0800] "GET /search.php?175rys3881.html HTTP/1.1" 200 140777 "-" "Mozilla/5.0 AppleWebKit/537.36 (KHTML, like Gecko; compatible; GPTBot/1.3; +https://openai.com/gptbot)"
74.7.242.32 - - [16/Dec/2025:20:57:11 +0800] "GET /search.php?_bd_prev_page=https://class.bf1.my/detail.do?82xphj11228.html&_bdsid=e8edj2.n~BUODK.171657308.176571313&_gz=2.198110775.194159345.177128665-869673475.163667671 HTTP/1.1" 200 140865 "-" "Mozilla/5.0 AppleWebKit/537.36 (KHTML, like Gecko; compatible; GPTBot/1.3; +https://openai.com/gptbot)"
74.7.242.32 - - [16/Dec/2025:20:57:12 +0800] "GET /search.php?_bd_prev_page=https://class.bf1.my/detail.do?152lrovz28096.html&_bdsid=e8edj2.n~BUODK.171657308.176571313&_gz=2.198110775.194159345.177128665-869673475.163667671 HTTP/1.1" 200 141474 "-" "Mozilla/5.0 AppleWebKit/537.36 (KHTML, like Gecko; compatible; GPTBot/1.3; +https://openai.com/gptbot)"
74.7.242.32 - - [16/Dec/2025:20:57:12 +0800] "GET /search.php?_bd_prev_page=https://class.bf1.my/detail.do?11ujik41121.html&_bdsid=e8edj2.n~BUODK.171657308.176571313&_gz=2.198110775.194159345.177128665-869673475.163667671 HTTP/1.1" 200 151423 "-" "Mozilla/5.0 AppleWebKit/537.36 (KHTML, like Gecko; compatible; GPTBot/1.3; +https://openai.com/gptbot)"
74.7.242.32 - - [16/Dec/2025:20:57:13 +0800] "GET /search.php?category/46_1701_12876/1/listing HTTP/1.1" 200 150327 "-" "Mozilla/5.0 AppleWebKit/537.36 (KHTML, like Gecko; compatible; GPTBot/1.3; +https://openai.com/gptbot)"
74.7.242.32 - - [16/Dec/2025:20:57:14 +0800] "GET /search.php?_bd_prev_page=https://class.bf1.my/detail.do?7bww48691.html&_bdsid=e8edj2.n~BUODK.171657308.176571313&_gz=2.198110775.194159345.177128665-869673475.163667671 HTTP/1.1" 200 155973 "-" "Mozilla/5.0 AppleWebKit/537.36 (KHTML, like Gecko; compatible; GPTBot/1.3; +https://openai.com/gptbot)"
52.167.144.142 - - [16/Dec/2025:20:57:14 +0800] "GET /?shopdetail/NDg4NDg4OQ HTTP/1.1" 200 141965 "-" "Mozilla/5.0 AppleWebKit/537.36 (KHTML, like Gecko; compatible; bingbot/2.0; +http://www.bing.com/bingbot.htm) Chrome/116.0.1938.76 Safari/537.36"
74.7.242.32 - - [16/Dec/2025:20:57:14 +0800] "GET /search.php?_bd_prev_page=https://class.bf1.my/detail.do?257tifza11235.html&_bdsid=e8edj2.n~BUODK.171657308.176571313&_gz=2.198110775.194159345.177128665-869673475.163667671 HTTP/1.1" 200 149707 "-" "Mozilla/5.0 AppleWebKit/537.36 (KHTML, like Gecko; compatible; GPTBot/1.3; +https://openai.com/gptbot)"
52.167.144.142 - - [16/Dec/2025:20:57:15 +0800] "GET /?shopdetail/MzkwMTMxNA HTTP/1.1" 200 154198 "-" "Mozilla/5.0 AppleWebKit/537.36 (KHTML, like Gecko; compatible; bingbot/2.0; +http://www.bing.com/bingbot.htm) Chrome/116.0.1938.76 Safari/537.36"
52.167.144.142 - - [16/Dec/2025:20:57:15 +0800] "GET /?shopdetail/NTExODMwMg HTTP/1.1" 200 142813 "-" "Mozilla/5.0 AppleWebKit/537.36 (KHTML, like Gecko; compatible; bingbot/2.0; +http://www.bing.com/bingbot.htm) Chrome/116.0.1938.76 Safari/537.36"
74.7.242.32 - - [16/Dec/2025:20:57:15 +0800] "GET /search.php?category/189_1886_4539/1/listing HTTP/1.1" 200 143635 "-" "Mozilla/5.0 AppleWebKit/537.36 (KHTML, like Gecko; compatible; GPTBot/1.3; +https://openai.com/gptbot)"
74.7.242.32 - - [16/Dec/2025:20:57:16 +0800] "GET /search.php?_bd_prev_page=https://class.bf1.my/detail.do?24iuzfu870.html&_bdsid=e8edj2.n~BUODK.171657308.176571313&_gz=2.198110775.194159345.177128665-869673475.163667671 HTTP/1.1" 200 156038 "-" "Mozilla/5.0 AppleWebKit/537.36 (KHTML, like Gecko; compatible; GPTBot/1.3; +https://openai.com/gptbot)"
52.167.144.142 - - [16/Dec/2025:20:57:16 +0800] "GET /?shopdetail/NjE3Mjc3Mg HTTP/1.1" 200 158580 "-" "Mozilla/5.0 AppleWebKit/537.36 (KHTML, like Gecko; compatible; bingbot/2.0; +http://www.bing.com/bingbot.htm) Chrome/116.0.1938.76 Safari/537.36"
74.7.242.32 - - [16/Dec/2025:20:57:16 +0800] "GET /search.php?_bd_prev_page=https://class.bf1.my/detail.do?259sqqz389.html&_bdsid=e8edj2.n~BUODK.171657308.176571313&_gz=2.198110775.194159345.177128665-869673475.163667671 HTTP/1.1" 200 146093 "-" "Mozilla/5.0 AppleWebKit/537.36 (KHTML, like Gecko; compatible; GPTBot/1.3; +https://openai.com/gptbot)"
74.7.242.32 - - [16/Dec/2025:20:57:17 +0800] "GET /search.php?113nfttn41103.html HTTP/1.1" 200 142929 "-" "Mozilla/5.0 AppleWebKit/537.36 (KHTML, like Gecko; compatible; GPTBot/1.3; +https://openai.com/gptbot)"
74.7.242.32 - - [16/Dec/2025:20:57:17 +0800] "GET /search.php?95bkv25465.html HTTP/1.1" 200 144408 "-" "Mozilla/5.0 AppleWebKit/537.36 (KHTML, like Gecko; compatible; GPTBot/1.3; +https://openai.com/gptbot)"
74.7.242.32 - - [16/Dec/2025:20:57:18 +0800] "GET /search.php?72ypc33436.html HTTP/1.1" 200 144989 "-" "Mozilla/5.0 AppleWebKit/537.36 (KHTML, like Gecko; compatible; GPTBot/1.3; +https://openai.com/gptbot)"
52.167.144.229 - - [16/Dec/2025:20:57:19 +0800] "GET /?shopdetail/NjM5Njc5OA HTTP/1.1" 200 139475 "-" "Mozilla/5.0 AppleWebKit/537.36 (KHTML, like Gecko; compatible; bingbot/2.0; +http://www.bing.com/bingbot.htm) Chrome/116.0.1938.76 Safari/537.36"
74.7.242.32 - - [16/Dec/2025:20:57:19 +0800] "GET /search.php?_bd_prev_page=https://class.bf1.my/detail.do?q-~119RbMww5x02D1y04L7DsQc38usgH84TL11188/&_bdsid=e8edj2.n~BUODK.171657308.176571313&_gz=2.198110775.194159345.177128665-869673475.163667671 HTTP/1.1" 200 143515 "-" "Mozilla/5.0 AppleWebKit/537.36 (KHTML, like Gecko; compatible; GPTBot/1.3; +https://openai.com/gptbot)"
74.7.242.32 - - [16/Dec/2025:20:57:20 +0800] "GET /search.php?298omfdv37638.html HTTP/1.1" 200 141903 "-" "Mozilla/5.0 AppleWebKit/537.36 (KHTML, like Gecko; compatible; GPTBot/1.3; +https://openai.com/gptbot)"
74.7.242.32 - - [16/Dec/2025:20:57:20 +0800] "GET /search.php?category/113_1867_1950/1/listing HTTP/1.1" 200 142380 "-" "Mozilla/5.0 AppleWebKit/537.36 (KHTML, like Gecko; compatible; GPTBot/1.3; +https://openai.com/gptbot)"
74.7.242.32 - - [16/Dec/2025:20:57:21 +0800] "GET /search.php?category/56_6845_21635/1/listing HTTP/1.1" 200 143704 "-" "Mozilla/5.0 AppleWebKit/537.36 (KHTML, like Gecko; compatible; GPTBot/1.3; +https://openai.com/gptbot)"
74.7.242.32 - - [16/Dec/2025:20:57:22 +0800] "GET /search.php?category/56_6845_34265/1/listing HTTP/1.1" 200 149598 "-" "Mozilla/5.0 AppleWebKit/537.36 (KHTML, like Gecko; compatible; GPTBot/1.3; +https://openai.com/gptbot)"
74.7.242.32 - - [16/Dec/2025:20:57:22 +0800] "GET /search.php?_bd_prev_page=https://class.bf1.my/detail.do?109ngt11637.html&_bdsid=e8edj2.n~BUODK.171657308.176571313&_gz=2.198110775.194159345.177128665-869673475.163667671 HTTP/1.1" 200 173739 "-" "Mozilla/5.0 AppleWebKit/537.36 (KHTML, like Gecko; compatible; GPTBot/1.3; +https://openai.com/gptbot)"
74.7.242.32 - - [16/Dec/2025:20:57:23 +0800] "GET /search.php?47iix48255.html HTTP/1.1" 200 145056 "-" "Mozilla/5.0 AppleWebKit/537.36 (KHTML, like Gecko; compatible; GPTBot/1.3; +https://openai.com/gptbot)"
74.7.242.32 - - [16/Dec/2025:20:57:24 +0800] "GET /search.php?63ajm22709.html HTTP/1.1" 200 148796 "-" "Mozilla/5.0 AppleWebKit/537.36 (KHTML, like Gecko; compatible; GPTBot/1.3; +https://openai.com/gptbot)"
74.7.242.32 - - [16/Dec/2025:20:57:24 +0800] "GET /search.php?category/992_7014_7251/1/listing HTTP/1.1" 200 152842 "-" "Mozilla/5.0 AppleWebKit/537.36 (KHTML, like Gecko; compatible; GPTBot/1.3; +https://openai.com/gptbot)"
74.7.242.32 - - [16/Dec/2025:20:57:25 +0800] "GET /search.php?16ymd17740.html HTTP/1.1" 200 139760 "-" "Mozilla/5.0 AppleWebKit/537.36 (KHTML, like Gecko; compatible; GPTBot/1.3; +https://openai.com/gptbot)"
74.7.242.32 - - [16/Dec/2025:20:57:26 +0800] "GET /search.php?53pir43927.html HTTP/1.1" 200 143278 "-" "Mozilla/5.0 AppleWebKit/537.36 (KHTML, like Gecko; compatible; GPTBot/1.3; +https://openai.com/gptbot)"
74.7.242.32 - - [16/Dec/2025:20:57:26 +0800] "GET /search.php?category/436_1587_5618/1/listing HTTP/1.1" 200 145678 "-" "Mozilla/5.0 AppleWebKit/537.36 (KHTML, like Gecko; compatible; GPTBot/1.3; +https://openai.com/gptbot)"
74.7.242.32 - - [16/Dec/2025:20:57:26 +0800] "GET /search.php?category/267_2204_8942/1/listing HTTP/1.1" 200 144997 "-" "Mozilla/5.0 AppleWebKit/537.36 (KHTML, like Gecko; compatible; GPTBot/1.3; +https://openai.com/gptbot)"
74.7.242.32 - - [16/Dec/2025:20:57:27 +0800] "GET /search.php?category/436_1047_4751/1/listing HTTP/1.1" 200 145329 "-" "Mozilla/5.0 AppleWebKit/537.36 (KHTML, like Gecko; compatible; GPTBot/1.3; +https://openai.com/gptbot)"
74.7.242.32 - - [16/Dec/2025:20:57:28 +0800] "GET /search.php?_bd_prev_page=https://class.bf1.my/detail.do?23vokwt89.html&_bdsid=e8edj2.n~BUODK.171657308.176571313&_gz=2.198110775.194159345.177128665-869673475.163667671 HTTP/1.1" 200 148807 "-" "Mozilla/5.0 AppleWebKit/537.36 (KHTML, like Gecko; compatible; GPTBot/1.3; +https://openai.com/gptbot)"
74.7.242.32 - - [16/Dec/2025:20:57:28 +0800] "GET /search.php?category/21_1396_10084/1/listing HTTP/1.1" 200 147434 "-" "Mozilla/5.0 AppleWebKit/537.36 (KHTML, like Gecko; compatible; GPTBot/1.3; +https://openai.com/gptbot)"
74.7.242.32 - - [16/Dec/2025:20:57:29 +0800] "GET /search.php?95zcy35783.html HTTP/1.1" 200 144551 "-" "Mozilla/5.0 AppleWebKit/537.36 (KHTML, like Gecko; compatible; GPTBot/1.3; +https://openai.com/gptbot)"
74.7.242.32 - - [16/Dec/2025:20:57:30 +0800] "GET /search.php?_bd_prev_page=https://class.bf1.my/detail.do?63ajm22709.html&_bdsid=e8edj2.n~BUODK.171657308.176571313&_gz=2.198110775.194159345.177128665-869673475.163667671 HTTP/1.1" 200 148562 "-" "Mozilla/5.0 AppleWebKit/537.36 (KHTML, like Gecko; compatible; GPTBot/1.3; +https://openai.com/gptbot)"
74.7.242.32 - - [16/Dec/2025:20:57:30 +0800] "GET /search.php?_bd_prev_page=https://class.bf1.my/detail.do?156weaiy918.html&_bdsid=e8edj2.n~BUODK.171657308.176571313&_gz=2.198110775.194159345.177128665-869673475.163667671 HTTP/1.1" 200 146471 "-" "Mozilla/5.0 AppleWebKit/537.36 (KHTML, like Gecko; compatible; GPTBot/1.3; +https://openai.com/gptbot)"
74.7.242.32 - - [16/Dec/2025:20:57:31 +0800] "GET /search.php?category/267_1402_2279/1/listing HTTP/1.1" 200 157863 "-" "Mozilla/5.0 AppleWebKit/537.36 (KHTML, like Gecko; compatible; GPTBot/1.3; +https://openai.com/gptbot)"
74.7.242.32 - - [16/Dec/2025:20:57:31 +0800] "GET /search.php?_bd_prev_page=https://class.bf1.my/detail.do?23ytxqv36135.html&_bdsid=e8edj2.n~BUODK.171657308.176571313&_gz=2.198110775.194159345.177128665-869673475.163667671 HTTP/1.1" 200 150561 "-" "Mozilla/5.0 AppleWebKit/537.36 (KHTML, like Gecko; compatible; GPTBot/1.3; +https://openai.com/gptbot)"
74.7.242.32 - - [16/Dec/2025:20:57:32 +0800] "GET /search.php?category/113_1867_5730/1/listing HTTP/1.1" 200 145609 "-" "Mozilla/5.0 AppleWebKit/537.36 (KHTML, like Gecko; compatible; GPTBot/1.3; +https://openai.com/gptbot)"
74.7.242.32 - - [16/Dec/2025:20:57:32 +0800] "GET /search.php?58elcc37262.html HTTP/1.1" 200 154692 "-" "Mozilla/5.0 AppleWebKit/537.36 (KHTML, like Gecko; compatible; GPTBot/1.3; +https://openai.com/gptbot)"
74.7.242.32 - - [16/Dec/2025:20:57:33 +0800] "GET /search.php?_bd_prev_page=https://class.bf1.my/detail.do?190vvg1578.html&_bdsid=e8edj2.n~BUODK.171657308.176571313&_gz=2.198110775.194159345.177128665-869673475.163667671 HTTP/1.1" 200 146272 "-" "Mozilla/5.0 AppleWebKit/537.36 (KHTML, like Gecko; compatible; GPTBot/1.3; +https://openai.com/gptbot)"
74.7.242.32 - - [16/Dec/2025:20:57:34 +0800] "GET /search.php?99zurh40755.html HTTP/1.1" 200 146064 "-" "Mozilla/5.0 AppleWebKit/537.36 (KHTML, like Gecko; compatible; GPTBot/1.3; +https://openai.com/gptbot)"
74.7.242.32 - - [16/Dec/2025:20:57:34 +0800] "GET /search.php?category/37_7657_17529/1/listing HTTP/1.1" 200 145245 "-" "Mozilla/5.0 AppleWebKit/537.36 (KHTML, like Gecko; compatible; GPTBot/1.3; +https://openai.com/gptbot)"
74.7.242.32 - - [16/Dec/2025:20:57:35 +0800] "GET /search.php?category/86_7793_12628/1/listing HTTP/1.1" 200 140331 "-" "Mozilla/5.0 AppleWebKit/537.36 (KHTML, like Gecko; compatible; GPTBot/1.3; +https://openai.com/gptbot)"
74.7.242.32 - - [16/Dec/2025:20:57:36 +0800] "GET /search.php?category/56_1589_12980/1/listing HTTP/1.1" 200 143929 "-" "Mozilla/5.0 AppleWebKit/537.36 (KHTML, like Gecko; compatible; GPTBot/1.3; +https://openai.com/gptbot)"
74.7.242.32 - - [16/Dec/2025:20:57:37 +0800] "GET /search.php?category/189_1660_8635/1/listing HTTP/1.1" 200 149226 "-" "Mozilla/5.0 AppleWebKit/537.36 (KHTML, like Gecko; compatible; GPTBot/1.3; +https://openai.com/gptbot)"
74.7.242.32 - - [16/Dec/2025:20:57:37 +0800] "GET /search.php?q-~212kdmvTzm1BrhB0kBK9SRghKaQMAKCbF5327/ HTTP/1.1" 200 141075 "-" "Mozilla/5.0 AppleWebKit/537.36 (KHTML, like Gecko; compatible; GPTBot/1.3; +https://openai.com/gptbot)"
74.7.242.32 - - [16/Dec/2025:20:57:38 +0800] "GET /search.php?75myk24471.html HTTP/1.1" 200 150478 "-" "Mozilla/5.0 AppleWebKit/537.36 (KHTML, like Gecko; compatible; GPTBot/1.3; +https://openai.com/gptbot)"
74.7.242.32 - - [16/Dec/2025:20:57:39 +0800] "GET /search.php?q-~16rlfIcFvFmhsewDKhulcTX6W0ToA3GS28249/ HTTP/1.1" 200 151524 "-" "Mozilla/5.0 AppleWebKit/537.36 (KHTML, like Gecko; compatible; GPTBot/1.3; +https://openai.com/gptbot)"
74.7.242.32 - - [16/Dec/2025:20:57:39 +0800] "GET /search.php?54qaz25004.html HTTP/1.1" 200 147658 "-" "Mozilla/5.0 AppleWebKit/537.36 (KHTML, like Gecko; compatible; GPTBot/1.3; +https://openai.com/gptbot)"
74.7.242.32 - - [16/Dec/2025:20:57:40 +0800] "GET /search.php?_bd_prev_page=https://class.bf1.my/detail.do?58elcc37262.html&_bdsid=e8edj2.n~BUODK.171657308.176571313&_gz=2.198110775.194159345.177128665-869673475.163667671 HTTP/1.1" 200 153725 "-" "Mozilla/5.0 AppleWebKit/537.36 (KHTML, like Gecko; compatible; GPTBot/1.3; +https://openai.com/gptbot)"
74.7.242.32 - - [16/Dec/2025:20:57:42 +0800] "GET /search.php?q-~60WieWXoyFxuts3vbXsdVisu9FM4LLHL14077/ HTTP/1.1" 200 142654 "-" "Mozilla/5.0 AppleWebKit/537.36 (KHTML, like Gecko; compatible; GPTBot/1.3; +https://openai.com/gptbot)"
20.15.133.175 - - [16/Dec/2025:20:57:43 +0800] "GET /products/4811370/ HTTP/1.1" 200 145756 "-" "Mozilla/5.0 AppleWebKit/537.36 (KHTML, like Gecko; compatible; bingbot/2.0; +http://www.bing.com/bingbot.htm) Chrome/116.0.1938.76 Safari/537.36"
74.7.242.32 - - [16/Dec/2025:20:57:43 +0800] "GET /search.php?_bd_prev_page=https://class.bf1.my/detail.do?34iwrlb22780.html&_bdsid=e8edj2.n~BUODK.171657308.176571313&_gz=2.198110775.194159345.177128665-869673475.163667671 HTTP/1.1" 200 146825 "-" "Mozilla/5.0 AppleWebKit/537.36 (KHTML, like Gecko; compatible; GPTBot/1.3; +https://openai.com/gptbot)"
74.7.242.32 - - [16/Dec/2025:20:57:44 +0800] "GET /search.php?_bd_prev_page=https://class.bf1.my/detail.do?88vfh7872.html&_bdsid=e8edj2.n~BUODK.171657308.176571313&_gz=2.198110775.194159345.177128665-869673475.163667671 HTTP/1.1" 200 143828 "-" "Mozilla/5.0 AppleWebKit/537.36 (KHTML, like Gecko; compatible; GPTBot/1.3; +https://openai.com/gptbot)"
74.7.242.32 - - [16/Dec/2025:20:57:44 +0800] "GET /search.php?70osp28910.html HTTP/1.1" 200 142982 "-" "Mozilla/5.0 AppleWebKit/537.36 (KHTML, like Gecko; compatible; GPTBot/1.3; +https://openai.com/gptbot)"
74.7.242.32 - - [16/Dec/2025:20:57:45 +0800] "GET /search.php?_bd_prev_page=https://class.bf1.my/detail.do?107bszn43645.html&_bdsid=e8edj2.n~BUODK.171657308.176571313&_gz=2.198110775.194159345.177128665-869673475.163667671 HTTP/1.1" 200 145182 "-" "Mozilla/5.0 AppleWebKit/537.36 (KHTML, like Gecko; compatible; GPTBot/1.3; +https://openai.com/gptbot)"
52.167.144.142 - - [16/Dec/2025:20:57:45 +0800] "GET /?shopdetail/MzM0NzkxNw HTTP/1.1" 200 155378 "-" "Mozilla/5.0 AppleWebKit/537.36 (KHTML, like Gecko; compatible; bingbot/2.0; +http://www.bing.com/bingbot.htm) Chrome/116.0.1938.76 Safari/537.36"
74.7.242.32 - - [16/Dec/2025:20:57:45 +0800] "GET /search.php?category/88_3420_15018/1/listing HTTP/1.1" 200 147177 "-" "Mozilla/5.0 AppleWebKit/537.36 (KHTML, like Gecko; compatible; GPTBot/1.3; +https://openai.com/gptbot)"
74.7.242.32 - - [16/Dec/2025:20:57:46 +0800] "GET /search.php?q-~76x636qHDze320EtCtZa1e0D7Jq25Ccv32385/ HTTP/1.1" 200 152465 "-" "Mozilla/5.0 AppleWebKit/537.36 (KHTML, like Gecko; compatible; GPTBot/1.3; +https://openai.com/gptbot)"
74.7.242.32 - - [16/Dec/2025:20:57:46 +0800] "GET /search.php?135gylqw49375.html HTTP/1.1" 200 144312 "-" "Mozilla/5.0 AppleWebKit/537.36 (KHTML, like Gecko; compatible; GPTBot/1.3; +https://openai.com/gptbot)"
74.7.242.32 - - [16/Dec/2025:20:57:47 +0800] "GET /search.php?132wsadf15640.html HTTP/1.1" 200 144130 "-" "Mozilla/5.0 AppleWebKit/537.36 (KHTML, like Gecko; compatible; GPTBot/1.3; +https://openai.com/gptbot)"
74.7.242.32 - - [16/Dec/2025:20:57:48 +0800] "GET /search.php?category/113_1473_5982/1/listing HTTP/1.1" 200 144212 "-" "Mozilla/5.0 AppleWebKit/537.36 (KHTML, like Gecko; compatible; GPTBot/1.3; +https://openai.com/gptbot)"
74.7.242.32 - - [16/Dec/2025:20:57:48 +0800] "GET /search.php?84dvhgi17308.html HTTP/1.1" 200 143513 "-" "Mozilla/5.0 AppleWebKit/537.36 (KHTML, like Gecko; compatible; GPTBot/1.3; +https://openai.com/gptbot)"
52.167.144.229 - - [16/Dec/2025:20:57:49 +0800] "GET /?shopdetail/Mjk0MDU1MQ HTTP/1.1" 200 151853 "-" "Mozilla/5.0 AppleWebKit/537.36 (KHTML, like Gecko; compatible; bingbot/2.0; +http://www.bing.com/bingbot.htm) Chrome/116.0.1938.76 Safari/537.36"
74.7.242.32 - - [16/Dec/2025:20:57:49 +0800] "GET /search.php?skymarketplus-b0064n1h18 HTTP/1.1" 200 140656 "-" "Mozilla/5.0 AppleWebKit/537.36 (KHTML, like Gecko; compatible; GPTBot/1.3; +https://openai.com/gptbot)"
74.7.242.32 - - [16/Dec/2025:20:57:50 +0800] "GET /search.php?36mqt25146.html HTTP/1.1" 200 145083 "-" "Mozilla/5.0 AppleWebKit/537.36 (KHTML, like Gecko; compatible; GPTBot/1.3; +https://openai.com/gptbot)"
74.7.242.32 - - [16/Dec/2025:20:57:51 +0800] "GET /search.php?173dhof40629.html HTTP/1.1" 200 143771 "-" "Mozilla/5.0 AppleWebKit/537.36 (KHTML, like Gecko; compatible; GPTBot/1.3; +https://openai.com/gptbot)"
74.7.242.32 - - [16/Dec/2025:20:57:52 +0800] "GET /search.php?107bszn43645.html HTTP/1.1" 200 145276 "-" "Mozilla/5.0 AppleWebKit/537.36 (KHTML, like Gecko; compatible; GPTBot/1.3; +https://openai.com/gptbot)"
74.7.242.32 - - [16/Dec/2025:20:57:53 +0800] "GET /search.php?q-~171FEUdtwtqIK6rAuv0vyOpI1HcEjEmAJ16660/ HTTP/1.1" 200 157623 "-" "Mozilla/5.0 AppleWebKit/537.36 (KHTML, like Gecko; compatible; GPTBot/1.3; +https://openai.com/gptbot)"
74.7.242.32 - - [16/Dec/2025:20:57:54 +0800] "GET /search.php?q-~88mVM6ijJPzxHOpZaOxZmtHz9bjZf3iM37969/ HTTP/1.1" 200 146010 "-" "Mozilla/5.0 AppleWebKit/537.36 (KHTML, like Gecko; compatible; GPTBot/1.3; +https://openai.com/gptbot)"
74.7.242.32 - - [16/Dec/2025:20:57:54 +0800] "GET /search.php?132rupph10694.html HTTP/1.1" 200 146378 "-" "Mozilla/5.0 AppleWebKit/537.36 (KHTML, like Gecko; compatible; GPTBot/1.3; +https://openai.com/gptbot)"
74.7.242.32 - - [16/Dec/2025:20:57:55 +0800] "GET /search.php?265qbrxg41435.html HTTP/1.1" 200 142102 "-" "Mozilla/5.0 AppleWebKit/537.36 (KHTML, like Gecko; compatible; GPTBot/1.3; +https://openai.com/gptbot)"
74.7.242.32 - - [16/Dec/2025:20:57:56 +0800] "GET /search.php?m83833361968 HTTP/1.1" 200 154434 "-" "Mozilla/5.0 AppleWebKit/537.36 (KHTML, like Gecko; compatible; GPTBot/1.3; +https://openai.com/gptbot)"
74.7.242.32 - - [16/Dec/2025:20:57:56 +0800] "GET /search.php?q-~125nvg2ZIFsgzIp4bfh3NNjbxEwuTmRDC5704/ HTTP/1.1" 200 182536 "-" "Mozilla/5.0 AppleWebKit/537.36 (KHTML, like Gecko; compatible; GPTBot/1.3; +https://openai.com/gptbot)"
74.7.242.32 - - [16/Dec/2025:20:57:57 +0800] "GET /search.php?91rek44555.html HTTP/1.1" 200 144188 "-" "Mozilla/5.0 AppleWebKit/537.36 (KHTML, like Gecko; compatible; GPTBot/1.3; +https://openai.com/gptbot)"
74.7.242.32 - - [16/Dec/2025:20:57:57 +0800] "GET /search.php?q-~242OVFli04KIRSjurNzMRjg5DUuRsAKnX8033/ HTTP/1.1" 200 148935 "-" "Mozilla/5.0 AppleWebKit/537.36 (KHTML, like Gecko; compatible; GPTBot/1.3; +https://openai.com/gptbot)"
207.46.13.51 - - [16/Dec/2025:20:57:58 +0800] "GET /?shopdetail/MzA2MjE0NQ HTTP/1.1" 200 144615 "-" "Mozilla/5.0 AppleWebKit/537.36 (KHTML, like Gecko; compatible; bingbot/2.0; +http://www.bing.com/bingbot.htm) Chrome/116.0.1938.76 Safari/537.36"
74.7.242.32 - - [16/Dec/2025:20:57:58 +0800] "GET /search.php?49vjo32611.html HTTP/1.1" 200 142478 "-" "Mozilla/5.0 AppleWebKit/537.36 (KHTML, like Gecko; compatible; GPTBot/1.3; +https://openai.com/gptbot)"
207.46.13.51 - - [16/Dec/2025:20:57:59 +0800] "GET /?shopdetail/NDIwMjk3Ng HTTP/1.1" 200 138478 "-" "Mozilla/5.0 AppleWebKit/537.36 (KHTML, like Gecko; compatible; bingbot/2.0; +http://www.bing.com/bingbot.htm) Chrome/116.0.1938.76 Safari/537.36"
74.7.242.32 - - [16/Dec/2025:20:57:59 +0800] "GET /search.php?95nxkmj22777.html HTTP/1.1" 200 145346 "-" "Mozilla/5.0 AppleWebKit/537.36 (KHTML, like Gecko; compatible; GPTBot/1.3; +https://openai.com/gptbot)"
74.7.242.32 - - [16/Dec/2025:20:58:00 +0800] "GET /search.php?30pla47206.html HTTP/1.1" 200 143626 "-" "Mozilla/5.0 AppleWebKit/537.36 (KHTML, like Gecko; compatible; GPTBot/1.3; +https://openai.com/gptbot)"
74.7.242.32 - - [16/Dec/2025:20:58:00 +0800] "GET /search.php?q-~219ld6SJR5YOcUfKtqvjJQqooodX3LMeD42400/ HTTP/1.1" 200 158189 "-" "Mozilla/5.0 AppleWebKit/537.36 (KHTML, like Gecko; compatible; GPTBot/1.3; +https://openai.com/gptbot)"
74.7.242.32 - - [16/Dec/2025:20:58:01 +0800] "GET /search.php?q-~9kDBHoJfPqrfc8wS5zdgMChjkY4xNIU7734/ HTTP/1.1" 200 168625 "-" "Mozilla/5.0 AppleWebKit/537.36 (KHTML, like Gecko; compatible; GPTBot/1.3; +https://openai.com/gptbot)"
74.7.242.32 - - [16/Dec/2025:20:58:02 +0800] "GET /search.php?51gyca3547.html HTTP/1.1" 200 141643 "-" "Mozilla/5.0 AppleWebKit/537.36 (KHTML, like Gecko; compatible; GPTBot/1.3; +https://openai.com/gptbot)"
74.7.242.32 - - [16/Dec/2025:20:58:03 +0800] "GET /search.php?92svd26252.html HTTP/1.1" 200 143463 "-" "Mozilla/5.0 AppleWebKit/537.36 (KHTML, like Gecko; compatible; GPTBot/1.3; +https://openai.com/gptbot)"
74.7.242.32 - - [16/Dec/2025:20:58:03 +0800] "GET /search.php?237yvxjd17315.html HTTP/1.1" 200 143891 "-" "Mozilla/5.0 AppleWebKit/537.36 (KHTML, like Gecko; compatible; GPTBot/1.3; +https://openai.com/gptbot)"
74.7.242.32 - - [16/Dec/2025:20:58:04 +0800] "GET /search.php?148ionn37226.html HTTP/1.1" 200 142681 "-" "Mozilla/5.0 AppleWebKit/537.36 (KHTML, like Gecko; compatible; GPTBot/1.3; +https://openai.com/gptbot)"
74.7.242.32 - - [16/Dec/2025:20:58:05 +0800] "GET /search.php?_bd_prev_page=https://class.bf1.my/detail.do?44jxhpg6902.html&_bdsid=e8edj2.n~BUODK.171657308.176571313&_gz=2.198110775.194159345.177128665-869673475.163667671 HTTP/1.1" 200 161398 "-" "Mozilla/5.0 AppleWebKit/537.36 (KHTML, like Gecko; compatible; GPTBot/1.3; +https://openai.com/gptbot)"
74.7.242.32 - - [16/Dec/2025:20:58:06 +0800] "GET /search.php?186xjnxi12302.html HTTP/1.1" 200 149682 "-" "Mozilla/5.0 AppleWebKit/537.36 (KHTML, like Gecko; compatible; GPTBot/1.3; +https://openai.com/gptbot)"
74.7.242.32 - - [16/Dec/2025:20:58:06 +0800] "GET /search.php?_bd_prev_page=https://class.bf1.my/detail.do?85gzwi26803.html&_bdsid=e8edj2.n~BUODK.171657308.176571313&_gz=2.198110775.194159345.177128665-869673475.163667671 HTTP/1.1" 200 142837 "-" "Mozilla/5.0 AppleWebKit/537.36 (KHTML, like Gecko; compatible; GPTBot/1.3; +https://openai.com/gptbot)"
74.7.242.32 - - [16/Dec/2025:20:58:07 +0800] "GET /search.php?178trzh8458.html HTTP/1.1" 200 140399 "-" "Mozilla/5.0 AppleWebKit/537.36 (KHTML, like Gecko; compatible; GPTBot/1.3; +https://openai.com/gptbot)"
74.7.242.32 - - [16/Dec/2025:20:58:07 +0800] "GET /search.php?_bd_prev_page=https://class.bf1.my/detail.do?292yhfgy15044.html&_bdsid=e8edj2.n~BUODK.171657308.176571313&_gz=2.198110775.194159345.177128665-869673475.163667671 HTTP/1.1" 200 143010 "-" "Mozilla/5.0 AppleWebKit/537.36 (KHTML, like Gecko; compatible; GPTBot/1.3; +https://openai.com/gptbot)"
74.7.242.32 - - [16/Dec/2025:20:58:08 +0800] "GET /search.php?category/15_3089_15299/1/listing HTTP/1.1" 200 165786 "-" "Mozilla/5.0 AppleWebKit/537.36 (KHTML, like Gecko; compatible; GPTBot/1.3; +https://openai.com/gptbot)"
74.7.242.32 - - [16/Dec/2025:20:58:09 +0800] "GET /search.php?category/56_6406_27514/1/listing HTTP/1.1" 200 141609 "-" "Mozilla/5.0 AppleWebKit/537.36 (KHTML, like Gecko; compatible; GPTBot/1.3; +https://openai.com/gptbot)"
74.7.242.32 - - [16/Dec/2025:20:58:10 +0800] "GET /search.php?category/62_2996_21735/1/listing HTTP/1.1" 200 146411 "-" "Mozilla/5.0 AppleWebKit/537.36 (KHTML, like Gecko; compatible; GPTBot/1.3; +https://openai.com/gptbot)"
74.7.242.32 - - [16/Dec/2025:20:58:11 +0800] "GET /search.php?category/436_1047_1649/1/listing HTTP/1.1" 200 143115 "-" "Mozilla/5.0 AppleWebKit/537.36 (KHTML, like Gecko; compatible; GPTBot/1.3; +https://openai.com/gptbot)"
74.7.242.32 - - [16/Dec/2025:20:58:11 +0800] "GET /search.php?category/15_6446_21391/1/listing HTTP/1.1" 200 148330 "-" "Mozilla/5.0 AppleWebKit/537.36 (KHTML, like Gecko; compatible; GPTBot/1.3; +https://openai.com/gptbot)"
74.7.242.32 - - [16/Dec/2025:20:58:12 +0800] "GET /search.php?q-~21MAznAeuevxUP6gR2YDypJLnmBY6cKw43254/ HTTP/1.1" 200 143990 "-" "Mozilla/5.0 AppleWebKit/537.36 (KHTML, like Gecko; compatible; GPTBot/1.3; +https://openai.com/gptbot)"
74.7.242.32 - - [16/Dec/2025:20:58:13 +0800] "GET /search.php?25knp39403.html HTTP/1.1" 200 160880 "-" "Mozilla/5.0 AppleWebKit/537.36 (KHTML, like Gecko; compatible; GPTBot/1.3; +https://openai.com/gptbot)"
74.7.242.32 - - [16/Dec/2025:20:58:14 +0800] "GET /search.php?93dpcw13669.html HTTP/1.1" 200 145853 "-" "Mozilla/5.0 AppleWebKit/537.36 (KHTML, like Gecko; compatible; GPTBot/1.3; +https://openai.com/gptbot)"
74.7.242.32 - - [16/Dec/2025:20:58:14 +0800] "GET /search.php?216wkx8096.html HTTP/1.1" 200 141596 "-" "Mozilla/5.0 AppleWebKit/537.36 (KHTML, like Gecko; compatible; GPTBot/1.3; +https://openai.com/gptbot)"
74.7.242.32 - - [16/Dec/2025:20:58:15 +0800] "GET /search.php?category/113_325_26469/1/listing HTTP/1.1" 200 140408 "-" "Mozilla/5.0 AppleWebKit/537.36 (KHTML, like Gecko; compatible; GPTBot/1.3; +https://openai.com/gptbot)"
66.249.73.231 - - [16/Dec/2025:20:58:15 +0800] "GET /search.php?shop/pg/1005024164 HTTP/1.1" 200 158159 "-" "Mozilla/5.0 (Linux; Android 6.0.1; Nexus 5X Build/MMB29P) AppleWebKit/537.36 (KHTML, like Gecko) Chrome/141.0.7390.122 Mobile Safari/537.36 (compatible; Googlebot/2.1; +http://www.google.com/bot.html)"
20.15.133.160 - - [16/Dec/2025:20:58:16 +0800] "GET /products/6852570/ HTTP/1.1" 200 141861 "-" "Mozilla/5.0 AppleWebKit/537.36 (KHTML, like Gecko; compatible; bingbot/2.0; +http://www.bing.com/bingbot.htm) Chrome/116.0.1938.76 Safari/537.36"
74.7.242.32 - - [16/Dec/2025:20:58:16 +0800] "GET /search.php?48lhnp33164.html HTTP/1.1" 200 151249 "-" "Mozilla/5.0 AppleWebKit/537.36 (KHTML, like Gecko; compatible; GPTBot/1.3; +https://openai.com/gptbot)"
74.7.242.32 - - [16/Dec/2025:20:58:17 +0800] "GET /search.php?58begc19598.html HTTP/1.1" 200 145318 "-" "Mozilla/5.0 AppleWebKit/537.36 (KHTML, like Gecko; compatible; GPTBot/1.3; +https://openai.com/gptbot)"
74.7.242.32 - - [16/Dec/2025:20:58:17 +0800] "GET /search.php?_bd_prev_page=https://class.bf1.my/detail.do?55xxix519.html&_bdsid=e8edj2.n~BUODK.171657308.176571313&_gz=2.198110775.194159345.177128665-869673475.163667671 HTTP/1.1" 200 142338 "-" "Mozilla/5.0 AppleWebKit/537.36 (KHTML, like Gecko; compatible; GPTBot/1.3; +https://openai.com/gptbot)"
74.7.242.32 - - [16/Dec/2025:20:58:18 +0800] "GET /search.php?263gfvam41115.html HTTP/1.1" 200 144890 "-" "Mozilla/5.0 AppleWebKit/537.36 (KHTML, like Gecko; compatible; GPTBot/1.3; +https://openai.com/gptbot)"
207.46.13.51 - - [16/Dec/2025:20:58:18 +0800] "GET /?shopdetail/NDM0NzEwMw HTTP/1.1" 200 150120 "-" "Mozilla/5.0 AppleWebKit/537.36 (KHTML, like Gecko; compatible; bingbot/2.0; +http://www.bing.com/bingbot.htm) Chrome/116.0.1938.76 Safari/537.36"
74.7.242.32 - - [16/Dec/2025:20:58:18 +0800] "GET /search.php?81tahg43125.html HTTP/1.1" 200 146571 "-" "Mozilla/5.0 AppleWebKit/537.36 (KHTML, like Gecko; compatible; GPTBot/1.3; +https://openai.com/gptbot)"
74.7.242.32 - - [16/Dec/2025:20:58:19 +0800] "GET /search.php?q-~134bfFCdQXNbVD0iBb4y8RIecxXehUsge9191/ HTTP/1.1" 200 160166 "-" "Mozilla/5.0 AppleWebKit/537.36 (KHTML, like Gecko; compatible; GPTBot/1.3; +https://openai.com/gptbot)"
74.7.242.32 - - [16/Dec/2025:20:58:20 +0800] "GET /search.php?q-~4ymKvlQVjIQ4EKOxVDgPQ69N8yuWSbu525/ HTTP/1.1" 200 147751 "-" "Mozilla/5.0 AppleWebKit/537.36 (KHTML, like Gecko; compatible; GPTBot/1.3; +https://openai.com/gptbot)"
74.7.242.32 - - [16/Dec/2025:20:58:20 +0800] "GET /search.php?m37775250745 HTTP/1.1" 200 143775 "-" "Mozilla/5.0 AppleWebKit/537.36 (KHTML, like Gecko; compatible; GPTBot/1.3; +https://openai.com/gptbot)"
74.7.242.32 - - [16/Dec/2025:20:58:21 +0800] "GET /search.php?251fvuk28617.html HTTP/1.1" 200 146398 "-" "Mozilla/5.0 AppleWebKit/537.36 (KHTML, like Gecko; compatible; GPTBot/1.3; +https://openai.com/gptbot)"
74.7.242.32 - - [16/Dec/2025:20:58:21 +0800] "GET /search.php?q-~66YdSHQpyEStEvgclNKwzpP3ts2eb6OL45105/ HTTP/1.1" 200 147158 "-" "Mozilla/5.0 AppleWebKit/537.36 (KHTML, like Gecko; compatible; GPTBot/1.3; +https://openai.com/gptbot)"
74.7.242.32 - - [16/Dec/2025:20:58:22 +0800] "GET /search.php?q-~23hWotwB4FKwNoUlxqUxJJfUitF8XD7i29726/ HTTP/1.1" 200 149377 "-" "Mozilla/5.0 AppleWebKit/537.36 (KHTML, like Gecko; compatible; GPTBot/1.3; +https://openai.com/gptbot)"
74.7.242.32 - - [16/Dec/2025:20:58:23 +0800] "GET /search.php?45ptn31989.html HTTP/1.1" 200 140784 "-" "Mozilla/5.0 AppleWebKit/537.36 (KHTML, like Gecko; compatible; GPTBot/1.3; +https://openai.com/gptbot)"
74.7.242.32 - - [16/Dec/2025:20:58:23 +0800] "GET /search.php?20rff31680.html HTTP/1.1" 200 142977 "-" "Mozilla/5.0 AppleWebKit/537.36 (KHTML, like Gecko; compatible; GPTBot/1.3; +https://openai.com/gptbot)"
74.7.242.32 - - [16/Dec/2025:20:58:24 +0800] "GET /search.php?q-~128YR24xGD5N6bagPa36a06Ueq6WWAXGv49553/ HTTP/1.1" 200 142390 "-" "Mozilla/5.0 AppleWebKit/537.36 (KHTML, like Gecko; compatible; GPTBot/1.3; +https://openai.com/gptbot)"
74.7.242.32 - - [16/Dec/2025:20:58:24 +0800] "GET /search.php?87obb719.html HTTP/1.1" 200 140965 "-" "Mozilla/5.0 AppleWebKit/537.36 (KHTML, like Gecko; compatible; GPTBot/1.3; +https://openai.com/gptbot)"
74.7.242.32 - - [16/Dec/2025:20:58:25 +0800] "GET /search.php?287buqph4517.html HTTP/1.1" 200 186249 "-" "Mozilla/5.0 AppleWebKit/537.36 (KHTML, like Gecko; compatible; GPTBot/1.3; +https://openai.com/gptbot)"
74.7.242.32 - - [16/Dec/2025:20:58:25 +0800] "GET /search.php?q-~42r77qQWMqAZZczoXmbNEzPngtdS0vTL19385/ HTTP/1.1" 200 144977 "-" "Mozilla/5.0 AppleWebKit/537.36 (KHTML, like Gecko; compatible; GPTBot/1.3; +https://openai.com/gptbot)"
74.7.242.32 - - [16/Dec/2025:20:58:26 +0800] "GET /search.php?55qha12605.html HTTP/1.1" 200 143653 "-" "Mozilla/5.0 AppleWebKit/537.36 (KHTML, like Gecko; compatible; GPTBot/1.3; +https://openai.com/gptbot)"
20.15.133.160 - - [16/Dec/2025:20:58:26 +0800] "GET /products/15736458/ HTTP/1.1" 200 148493 "-" "Mozilla/5.0 AppleWebKit/537.36 (KHTML, like Gecko; compatible; bingbot/2.0; +http://www.bing.com/bingbot.htm) Chrome/116.0.1938.76 Safari/537.36"
74.7.242.32 - - [16/Dec/2025:20:58:26 +0800] "GET /search.php?88xsw15614.html HTTP/1.1" 200 141857 "-" "Mozilla/5.0 AppleWebKit/537.36 (KHTML, like Gecko; compatible; GPTBot/1.3; +https://openai.com/gptbot)"
74.7.242.32 - - [16/Dec/2025:20:58:27 +0800] "GET /search.php?152wyu5840.html HTTP/1.1" 200 143126 "-" "Mozilla/5.0 AppleWebKit/537.36 (KHTML, like Gecko; compatible; GPTBot/1.3; +https://openai.com/gptbot)"
74.7.242.32 - - [16/Dec/2025:20:58:28 +0800] "GET /search.php?_bd_prev_page=https://class.bf1.my/detail.do?146crqqb18142.html&_bdsid=e8edj2.n~BUODK.171657308.176571313&_gz=2.198110775.194159345.177128665-869673475.163667671 HTTP/1.1" 200 150002 "-" "Mozilla/5.0 AppleWebKit/537.36 (KHTML, like Gecko; compatible; GPTBot/1.3; +https://openai.com/gptbot)"
74.7.242.32 - - [16/Dec/2025:20:58:28 +0800] "GET /search.php?_bd_prev_page=https://class.bf1.my/detail.do?151ebb12589.html&_bdsid=e8edj2.n~BUODK.171657308.176571313&_gz=2.198110775.194159345.177128665-869673475.163667671 HTTP/1.1" 200 154175 "-" "Mozilla/5.0 AppleWebKit/537.36 (KHTML, like Gecko; compatible; GPTBot/1.3; +https://openai.com/gptbot)"
74.7.242.32 - - [16/Dec/2025:20:58:29 +0800] "GET /search.php?_bd_prev_page=https://class.bf1.my/detail.do?185vgkii39483.html&_bdsid=e8edj2.n~BUODK.171657308.176571313&_gz=2.198110775.194159345.177128665-869673475.163667671 HTTP/1.1" 200 142524 "-" "Mozilla/5.0 AppleWebKit/537.36 (KHTML, like Gecko; compatible; GPTBot/1.3; +https://openai.com/gptbot)"
74.7.242.32 - - [16/Dec/2025:20:58:29 +0800] "GET /search.php?_bd_prev_page=https://class.bf1.my/detail.do?125dromc11653.html&_bdsid=e8edj2.n~BUODK.171657308.176571313&_gz=2.198110775.194159345.177128665-869673475.163667671 HTTP/1.1" 200 152998 "-" "Mozilla/5.0 AppleWebKit/537.36 (KHTML, like Gecko; compatible; GPTBot/1.3; +https://openai.com/gptbot)"
74.7.242.32 - - [16/Dec/2025:20:58:30 +0800] "GET /search.php?116ilhk4822.html HTTP/1.1" 200 149936 "-" "Mozilla/5.0 AppleWebKit/537.36 (KHTML, like Gecko; compatible; GPTBot/1.3; +https://openai.com/gptbot)"
74.7.242.32 - - [16/Dec/2025:20:58:31 +0800] "GET /search.php?SGLR1963DBE6607AW000774 HTTP/1.1" 200 150680 "-" "Mozilla/5.0 AppleWebKit/537.36 (KHTML, like Gecko; compatible; GPTBot/1.3; +https://openai.com/gptbot)"
74.7.242.32 - - [16/Dec/2025:20:58:31 +0800] "GET /search.php?_bd_prev_page=https://class.bf1.my/detail.do?76krm28138.html&_bdsid=e8edj2.n~BUODK.171657308.176571313&_gz=2.198110775.194159345.177128665-869673475.163667671 HTTP/1.1" 200 144524 "-" "Mozilla/5.0 AppleWebKit/537.36 (KHTML, like Gecko; compatible; GPTBot/1.3; +https://openai.com/gptbot)"
74.7.242.32 - - [16/Dec/2025:20:58:32 +0800] "GET /search.php?23sbv44281.html HTTP/1.1" 200 165216 "-" "Mozilla/5.0 AppleWebKit/537.36 (KHTML, like Gecko; compatible; GPTBot/1.3; +https://openai.com/gptbot)"
74.7.242.32 - - [16/Dec/2025:20:58:32 +0800] "GET /search.php?_bd_prev_page=https://class.bf1.my/detail.do?71hjbel4541.html&_bdsid=e8edj2.n~BUODK.171657308.176571313&_gz=2.198110775.194159345.177128665-869673475.163667671 HTTP/1.1" 200 143829 "-" "Mozilla/5.0 AppleWebKit/537.36 (KHTML, like Gecko; compatible; GPTBot/1.3; +https://openai.com/gptbot)"
52.167.144.142 - - [16/Dec/2025:20:58:33 +0800] "GET /?shopdetail/NDgyMTEwOQ HTTP/1.1" 200 159438 "-" "Mozilla/5.0 AppleWebKit/537.36 (KHTML, like Gecko; compatible; bingbot/2.0; +http://www.bing.com/bingbot.htm) Chrome/116.0.1938.76 Safari/537.36"
74.7.242.32 - - [16/Dec/2025:20:58:33 +0800] "GET /search.php?_bd_prev_page=https://class.bf1.my/detail.do?236sav28604.html&_bdsid=e8edj2.n~BUODK.171657308.176571313&_gz=2.198110775.194159345.177128665-869673475.163667671 HTTP/1.1" 200 147807 "-" "Mozilla/5.0 AppleWebKit/537.36 (KHTML, like Gecko; compatible; GPTBot/1.3; +https://openai.com/gptbot)"
52.167.144.142 - - [16/Dec/2025:20:58:33 +0800] "GET /?shopdetail/NTgyMTQ4Mw HTTP/1.1" 200 156051 "-" "Mozilla/5.0 AppleWebKit/537.36 (KHTML, like Gecko; compatible; bingbot/2.0; +http://www.bing.com/bingbot.htm) Chrome/116.0.1938.76 Safari/537.36"
74.7.242.32 - - [16/Dec/2025:20:58:33 +0800] "GET /search.php?_bd_prev_page=https://class.bf1.my/detail.do?11ghq19051.html&_bdsid=e8edj2.n~BUODK.171657308.176571313&_gz=2.198110775.194159345.177128665-869673475.163667671 HTTP/1.1" 200 148594 "-" "Mozilla/5.0 AppleWebKit/537.36 (KHTML, like Gecko; compatible; GPTBot/1.3; +https://openai.com/gptbot)"
74.7.242.32 - - [16/Dec/2025:20:58:34 +0800] "GET /search.php?category/112_9569_9760/1/listing HTTP/1.1" 200 141550 "-" "Mozilla/5.0 AppleWebKit/537.36 (KHTML, like Gecko; compatible; GPTBot/1.3; +https://openai.com/gptbot)"
74.7.242.32 - - [16/Dec/2025:20:58:35 +0800] "GET /search.php?q-~39FSwVGK6FBlXvvBFWRbNTkzfg9sCU0m10792/ HTTP/1.1" 200 148837 "-" "Mozilla/5.0 AppleWebKit/537.36 (KHTML, like Gecko; compatible; GPTBot/1.3; +https://openai.com/gptbot)"
74.7.242.32 - - [16/Dec/2025:20:58:36 +0800] "GET /search.php?185vgkii39483.html HTTP/1.1" 200 143287 "-" "Mozilla/5.0 AppleWebKit/537.36 (KHTML, like Gecko; compatible; GPTBot/1.3; +https://openai.com/gptbot)"
74.7.242.32 - - [16/Dec/2025:20:58:36 +0800] "GET /search.php?87ilya22877.html HTTP/1.1" 200 147840 "-" "Mozilla/5.0 AppleWebKit/537.36 (KHTML, like Gecko; compatible; GPTBot/1.3; +https://openai.com/gptbot)"
74.7.242.32 - - [16/Dec/2025:20:58:37 +0800] "GET /search.php?category/113_1236_4972/1/listing HTTP/1.1" 200 141393 "-" "Mozilla/5.0 AppleWebKit/537.36 (KHTML, like Gecko; compatible; GPTBot/1.3; +https://openai.com/gptbot)"
74.7.242.32 - - [16/Dec/2025:20:58:38 +0800] "GET /search.php?76krm28138.html HTTP/1.1" 200 143822 "-" "Mozilla/5.0 AppleWebKit/537.36 (KHTML, like Gecko; compatible; GPTBot/1.3; +https://openai.com/gptbot)"
74.7.242.32 - - [16/Dec/2025:20:58:39 +0800] "GET /search.php?_bd_prev_page=https://class.bf1.my/detail.do?245vja8879.html&_bdsid=e8edj2.n~BUODK.171657308.176571313&_gz=2.198110775.194159345.177128665-869673475.163667671 HTTP/1.1" 200 166400 "-" "Mozilla/5.0 AppleWebKit/537.36 (KHTML, like Gecko; compatible; GPTBot/1.3; +https://openai.com/gptbot)"
74.7.242.32 - - [16/Dec/2025:20:58:39 +0800] "GET /search.php?biccamera-0196188049471 HTTP/1.1" 200 147268 "-" "Mozilla/5.0 AppleWebKit/537.36 (KHTML, like Gecko; compatible; GPTBot/1.3; +https://openai.com/gptbot)"
74.7.242.32 - - [16/Dec/2025:20:58:40 +0800] "GET /search.php?136dafyk29128.html HTTP/1.1" 200 143790 "-" "Mozilla/5.0 AppleWebKit/537.36 (KHTML, like Gecko; compatible; GPTBot/1.3; +https://openai.com/gptbot)"
74.7.242.32 - - [16/Dec/2025:20:58:41 +0800] "GET /search.php?category/15_4945_22720/1/listing HTTP/1.1" 200 147649 "-" "Mozilla/5.0 AppleWebKit/537.36 (KHTML, like Gecko; compatible; GPTBot/1.3; +https://openai.com/gptbot)"
74.7.242.32 - - [16/Dec/2025:20:58:41 +0800] "GET /search.php?_bd_prev_page=https://class.bf1.my/detail.do?141mlbdf39811.html&_bdsid=e8edj2.n~BUODK.171657308.176571313&_gz=2.198110775.194159345.177128665-869673475.163667671 HTTP/1.1" 200 143562 "-" "Mozilla/5.0 AppleWebKit/537.36 (KHTML, like Gecko; compatible; GPTBot/1.3; +https://openai.com/gptbot)"
74.7.242.32 - - [16/Dec/2025:20:58:42 +0800] "GET /search.php?category/124_467_34556/1/listing HTTP/1.1" 200 144567 "-" "Mozilla/5.0 AppleWebKit/537.36 (KHTML, like Gecko; compatible; GPTBot/1.3; +https://openai.com/gptbot)"
74.7.242.32 - - [16/Dec/2025:20:58:43 +0800] "GET /search.php?51cuk16119.html HTTP/1.1" 200 146892 "-" "Mozilla/5.0 AppleWebKit/537.36 (KHTML, like Gecko; compatible; GPTBot/1.3; +https://openai.com/gptbot)"
74.7.242.32 - - [16/Dec/2025:20:58:43 +0800] "GET /search.php?93roa21747.html HTTP/1.1" 200 140541 "-" "Mozilla/5.0 AppleWebKit/537.36 (KHTML, like Gecko; compatible; GPTBot/1.3; +https://openai.com/gptbot)"
74.7.242.32 - - [16/Dec/2025:20:58:44 +0800] "GET /search.php?category/56_6976_13301/1/listing HTTP/1.1" 200 150290 "-" "Mozilla/5.0 AppleWebKit/537.36 (KHTML, like Gecko; compatible; GPTBot/1.3; +https://openai.com/gptbot)"
74.7.242.32 - - [16/Dec/2025:20:58:44 +0800] "GET /search.php?q-~85iNq4ARuPtIhWJsB3XEMmx3hlOUhPIX14288/ HTTP/1.1" 200 143156 "-" "Mozilla/5.0 AppleWebKit/537.36 (KHTML, like Gecko; compatible; GPTBot/1.3; +https://openai.com/gptbot)"
74.7.242.32 - - [16/Dec/2025:20:58:45 +0800] "GET /search.php?category/112_2732_9895/1/listing HTTP/1.1" 200 151188 "-" "Mozilla/5.0 AppleWebKit/537.36 (KHTML, like Gecko; compatible; GPTBot/1.3; +https://openai.com/gptbot)"
74.7.242.32 - - [16/Dec/2025:20:58:45 +0800] "GET /search.php?290grs4088.html HTTP/1.1" 200 142587 "-" "Mozilla/5.0 AppleWebKit/537.36 (KHTML, like Gecko; compatible; GPTBot/1.3; +https://openai.com/gptbot)"
74.7.242.32 - - [16/Dec/2025:20:58:46 +0800] "GET /search.php?_bd_prev_page=https://class.bf1.my/detail.do?199lel27849.html&_bdsid=e8edj2.n~BUODK.171657308.176571313&_gz=2.198110775.194159345.177128665-869673475.163667671 HTTP/1.1" 200 145411 "-" "Mozilla/5.0 AppleWebKit/537.36 (KHTML, like Gecko; compatible; GPTBot/1.3; +https://openai.com/gptbot)"
74.7.242.32 - - [16/Dec/2025:20:58:47 +0800] "GET /search.php?105wxu8283.html HTTP/1.1" 200 153507 "-" "Mozilla/5.0 AppleWebKit/537.36 (KHTML, like Gecko; compatible; GPTBot/1.3; +https://openai.com/gptbot)"
74.7.242.32 - - [16/Dec/2025:20:58:48 +0800] "GET /search.php?125yvqea25655.html HTTP/1.1" 200 154996 "-" "Mozilla/5.0 AppleWebKit/537.36 (KHTML, like Gecko; compatible; GPTBot/1.3; +https://openai.com/gptbot)"
74.7.242.32 - - [16/Dec/2025:20:58:49 +0800] "GET /search.php?_bd_prev_page=https://class.bf1.my/detail.do?263bfo29675.html&_bdsid=e8edj2.n~BUODK.171657308.176571313&_gz=2.198110775.194159345.177128665-869673475.163667671 HTTP/1.1" 200 143067 "-" "Mozilla/5.0 AppleWebKit/537.36 (KHTML, like Gecko; compatible; GPTBot/1.3; +https://openai.com/gptbot)"
74.7.242.32 - - [16/Dec/2025:20:58:49 +0800] "GET /search.php?115jtbq1391.html HTTP/1.1" 200 153880 "-" "Mozilla/5.0 AppleWebKit/537.36 (KHTML, like Gecko; compatible; GPTBot/1.3; +https://openai.com/gptbot)"
74.7.242.32 - - [16/Dec/2025:20:58:50 +0800] "GET /search.php?_bd_prev_page=https://class.bf1.my/detail.do?141jrp21139.html&_bdsid=e8edj2.n~BUODK.171657308.176571313&_gz=2.198110775.194159345.177128665-869673475.163667671 HTTP/1.1" 200 158507 "-" "Mozilla/5.0 AppleWebKit/537.36 (KHTML, like Gecko; compatible; GPTBot/1.3; +https://openai.com/gptbot)"
74.7.242.32 - - [16/Dec/2025:20:58:51 +0800] "GET /search.php?_bd_prev_page=https://class.bf1.my/detail.do?259iwlr8955.html&_bdsid=e8edj2.n~BUODK.171657308.176571313&_gz=2.198110775.194159345.177128665-869673475.163667671 HTTP/1.1" 200 144235 "-" "Mozilla/5.0 AppleWebKit/537.36 (KHTML, like Gecko; compatible; GPTBot/1.3; +https://openai.com/gptbot)"
74.7.242.32 - - [16/Dec/2025:20:58:51 +0800] "GET /search.php?_bd_prev_page=https://class.bf1.my/detail.do?85xomx115.html&_bdsid=e8edj2.n~BUODK.171657308.176571313&_gz=2.198110775.194159345.177128665-869673475.163667671 HTTP/1.1" 200 148476 "-" "Mozilla/5.0 AppleWebKit/537.36 (KHTML, like Gecko; compatible; GPTBot/1.3; +https://openai.com/gptbot)"
74.7.242.32 - - [16/Dec/2025:20:58:52 +0800] "GET /search.php?_bd_prev_page=https://class.bf1.my/detail.do?195zhgk39581.html&_bdsid=e8edj2.n~BUODK.171657308.176571313&_gz=2.198110775.194159345.177128665-869673475.163667671 HTTP/1.1" 200 143527 "-" "Mozilla/5.0 AppleWebKit/537.36 (KHTML, like Gecko; compatible; GPTBot/1.3; +https://openai.com/gptbot)"
74.7.242.32 - - [16/Dec/2025:20:58:52 +0800] "GET /search.php?209ayse21929.html HTTP/1.1" 200 141438 "-" "Mozilla/5.0 AppleWebKit/537.36 (KHTML, like Gecko; compatible; GPTBot/1.3; +https://openai.com/gptbot)"
74.7.242.32 - - [16/Dec/2025:20:58:53 +0800] "GET /search.php?69eeu13923.html HTTP/1.1" 200 142623 "-" "Mozilla/5.0 AppleWebKit/537.36 (KHTML, like Gecko; compatible; GPTBot/1.3; +https://openai.com/gptbot)"
74.7.242.32 - - [16/Dec/2025:20:58:54 +0800] "GET /search.php?33gjn16171.html HTTP/1.1" 200 142931 "-" "Mozilla/5.0 AppleWebKit/537.36 (KHTML, like Gecko; compatible; GPTBot/1.3; +https://openai.com/gptbot)"
74.7.242.32 - - [16/Dec/2025:20:58:55 +0800] "GET /search.php?_bd_prev_page=https://class.bf1.my/detail.do?2vrgs15722.html&_bdsid=e8edj2.n~BUODK.171657308.176571313&_gz=2.198110775.194159345.177128665-869673475.163667671 HTTP/1.1" 200 144067 "-" "Mozilla/5.0 AppleWebKit/537.36 (KHTML, like Gecko; compatible; GPTBot/1.3; +https://openai.com/gptbot)"
74.7.242.32 - - [16/Dec/2025:20:58:55 +0800] "GET /search.php?_bd_prev_page=https://class.bf1.my/detail.do?164gih31228.html&_bdsid=e8edj2.n~BUODK.171657308.176571313&_gz=2.198110775.194159345.177128665-869673475.163667671 HTTP/1.1" 200 143161 "-" "Mozilla/5.0 AppleWebKit/537.36 (KHTML, like Gecko; compatible; GPTBot/1.3; +https://openai.com/gptbot)"
74.7.242.32 - - [16/Dec/2025:20:58:56 +0800] "GET /search.php?q-~286hB8TFPMrle1l5JNWcpCHdDNxoVNDKh1565/ HTTP/1.1" 200 144533 "-" "Mozilla/5.0 AppleWebKit/537.36 (KHTML, like Gecko; compatible; GPTBot/1.3; +https://openai.com/gptbot)"
74.7.242.32 - - [16/Dec/2025:20:58:57 +0800] "GET /search.php?_bd_prev_page=https://class.bf1.my/detail.do?40hsxms1968.html&_bdsid=e8edj2.n~BUODK.171657308.176571313&_gz=2.198110775.194159345.177128665-869673475.163667671 HTTP/1.1" 200 143536 "-" "Mozilla/5.0 AppleWebKit/537.36 (KHTML, like Gecko; compatible; GPTBot/1.3; +https://openai.com/gptbot)"
74.7.242.32 - - [16/Dec/2025:20:58:57 +0800] "GET /search.php?259iwlr8955.html HTTP/1.1" 200 146429 "-" "Mozilla/5.0 AppleWebKit/537.36 (KHTML, like Gecko; compatible; GPTBot/1.3; +https://openai.com/gptbot)"
74.7.242.32 - - [16/Dec/2025:20:58:58 +0800] "GET /search.php?category/267_2689_2723/1/listing HTTP/1.1" 200 140912 "-" "Mozilla/5.0 AppleWebKit/537.36 (KHTML, like Gecko; compatible; GPTBot/1.3; +https://openai.com/gptbot)"
74.7.242.32 - - [16/Dec/2025:20:58:58 +0800] "GET /search.php?q-~215kgMbKHEEcMEpqMrhJ6HH4TSAI2MfJf4334/ HTTP/1.1" 200 147934 "-" "Mozilla/5.0 AppleWebKit/537.36 (KHTML, like Gecko; compatible; GPTBot/1.3; +https://openai.com/gptbot)"
74.7.242.32 - - [16/Dec/2025:20:58:59 +0800] "GET /search.php?category/30_9026_23500/1/listing HTTP/1.1" 200 146497 "-" "Mozilla/5.0 AppleWebKit/537.36 (KHTML, like Gecko; compatible; GPTBot/1.3; +https://openai.com/gptbot)"
74.7.242.32 - - [16/Dec/2025:20:59:00 +0800] "GET /search.php?category/113_1292_8840/1/listing HTTP/1.1" 200 139824 "-" "Mozilla/5.0 AppleWebKit/537.36 (KHTML, like Gecko; compatible; GPTBot/1.3; +https://openai.com/gptbot)"
66.249.73.230 - - [16/Dec/2025:20:59:00 +0800] "GET /search.php?mutsuura-10286693 HTTP/1.1" 200 147921 "-" "Mozilla/5.0 (Linux; Android 6.0.1; Nexus 5X Build/MMB29P) AppleWebKit/537.36 (KHTML, like Gecko) Chrome/141.0.7390.122 Mobile Safari/537.36 (compatible; GoogleOther)"
74.7.242.32 - - [16/Dec/2025:20:59:01 +0800] "GET /search.php?98jzte41998.html HTTP/1.1" 200 162337 "-" "Mozilla/5.0 AppleWebKit/537.36 (KHTML, like Gecko; compatible; GPTBot/1.3; +https://openai.com/gptbot)"
74.7.242.32 - - [16/Dec/2025:20:59:01 +0800] "GET /search.php?category/288_9399_9400/1/listing HTTP/1.1" 200 148369 "-" "Mozilla/5.0 AppleWebKit/537.36 (KHTML, like Gecko; compatible; GPTBot/1.3; +https://openai.com/gptbot)"
74.7.242.32 - - [16/Dec/2025:20:59:02 +0800] "GET /search.php?category/267_1402_1748/1/listing HTTP/1.1" 200 149684 "-" "Mozilla/5.0 AppleWebKit/537.36 (KHTML, like Gecko; compatible; GPTBot/1.3; +https://openai.com/gptbot)"
74.7.242.32 - - [16/Dec/2025:20:59:03 +0800] "GET /search.php?72qqx42582.html HTTP/1.1" 200 149127 "-" "Mozilla/5.0 AppleWebKit/537.36 (KHTML, like Gecko; compatible; GPTBot/1.3; +https://openai.com/gptbot)"
74.7.242.32 - - [16/Dec/2025:20:59:04 +0800] "GET /search.php?84pgul15188.html HTTP/1.1" 200 141568 "-" "Mozilla/5.0 AppleWebKit/537.36 (KHTML, like Gecko; compatible; GPTBot/1.3; +https://openai.com/gptbot)"
74.7.242.32 - - [16/Dec/2025:20:59:04 +0800] "GET /search.php?q-~10RnLn3oeFzenk55FUxjBimMvsUTHGkF18975/ HTTP/1.1" 200 148487 "-" "Mozilla/5.0 AppleWebKit/537.36 (KHTML, like Gecko; compatible; GPTBot/1.3; +https://openai.com/gptbot)"
74.7.242.32 - - [16/Dec/2025:20:59:05 +0800] "GET /search.php?182lky8644.html HTTP/1.1" 200 143129 "-" "Mozilla/5.0 AppleWebKit/537.36 (KHTML, like Gecko; compatible; GPTBot/1.3; +https://openai.com/gptbot)"
74.7.242.32 - - [16/Dec/2025:20:59:06 +0800] "GET /search.php?q-~287DnW0LlMXSQDQmFrWGhbVKsK7ddQc1j4826/ HTTP/1.1" 200 145089 "-" "Mozilla/5.0 AppleWebKit/537.36 (KHTML, like Gecko; compatible; GPTBot/1.3; +https://openai.com/gptbot)"
74.7.242.32 - - [16/Dec/2025:20:59:07 +0800] "GET /search.php?9quz3593.html HTTP/1.1" 200 158998 "-" "Mozilla/5.0 AppleWebKit/537.36 (KHTML, like Gecko; compatible; GPTBot/1.3; +https://openai.com/gptbot)"
74.7.242.32 - - [16/Dec/2025:20:59:07 +0800] "GET /search.php?q-~3QCOVqhBbHs0r1ISwhHQr7JVZzs8EoC462/ HTTP/1.1" 200 140517 "-" "Mozilla/5.0 AppleWebKit/537.36 (KHTML, like Gecko; compatible; GPTBot/1.3; +https://openai.com/gptbot)"
