74.7.242.32 - - [16/Dec/2025:20:04:23 +0800] "GET /search.php?20xztq21010.html HTTP/1.1" 200 143107 "-" "Mozilla/5.0 AppleWebKit/537.36 (KHTML, like Gecko; compatible; GPTBot/1.3; +https://openai.com/gptbot)"
74.7.242.32 - - [16/Dec/2025:20:04:24 +0800] "GET /search.php?171wxn1183.html HTTP/1.1" 200 148814 "-" "Mozilla/5.0 AppleWebKit/537.36 (KHTML, like Gecko; compatible; GPTBot/1.3; +https://openai.com/gptbot)"
74.7.242.32 - - [16/Dec/2025:20:04:24 +0800] "GET /search.php?q-~290pdOS5c7yzZGo9pTMCbOPVYsmRlaERg7805/ HTTP/1.1" 200 149494 "-" "Mozilla/5.0 AppleWebKit/537.36 (KHTML, like Gecko; compatible; GPTBot/1.3; +https://openai.com/gptbot)"
74.7.242.32 - - [16/Dec/2025:20:04:25 +0800] "GET /search.php?83uxb24639.html HTTP/1.1" 200 144503 "-" "Mozilla/5.0 AppleWebKit/537.36 (KHTML, like Gecko; compatible; GPTBot/1.3; +https://openai.com/gptbot)"
74.7.242.32 - - [16/Dec/2025:20:04:25 +0800] "GET /search.php?_bd_prev_page=https://class.bf1.my/detail.do?255zevve8993.html&_bdsid=e8edj2.n~BUODK.171657308.176571313&_gz=2.198110775.194159345.177128665-869673475.163667671 HTTP/1.1" 200 148099 "-" "Mozilla/5.0 AppleWebKit/537.36 (KHTML, like Gecko; compatible; GPTBot/1.3; +https://openai.com/gptbot)"
74.7.242.32 - - [16/Dec/2025:20:04:27 +0800] "GET /search.php?_bd_prev_page=https://class.bf1.my/detail.do?26avzr43060.html&_bdsid=e8edj2.n~BUODK.171657308.176571313&_gz=2.198110775.194159345.177128665-869673475.163667671 HTTP/1.1" 200 143682 "-" "Mozilla/5.0 AppleWebKit/537.36 (KHTML, like Gecko; compatible; GPTBot/1.3; +https://openai.com/gptbot)"
74.7.242.32 - - [16/Dec/2025:20:04:27 +0800] "GET /search.php?_bd_prev_page=https://class.bf1.my/detail.do?289euo43813.html&_bdsid=e8edj2.n~BUODK.171657308.176571313&_gz=2.198110775.194159345.177128665-869673475.163667671 HTTP/1.1" 200 150261 "-" "Mozilla/5.0 AppleWebKit/537.36 (KHTML, like Gecko; compatible; GPTBot/1.3; +https://openai.com/gptbot)"
74.7.242.32 - - [16/Dec/2025:20:04:28 +0800] "GET /search.php?180mraq5568.html HTTP/1.1" 200 152404 "-" "Mozilla/5.0 AppleWebKit/537.36 (KHTML, like Gecko; compatible; GPTBot/1.3; +https://openai.com/gptbot)"
74.7.242.32 - - [16/Dec/2025:20:04:28 +0800] "GET /search.php?_bd_prev_page=https://class.bf1.my/detail.do?15dhope11723.html&_bdsid=e8edj2.n~BUODK.171657308.176571313&_gz=2.198110775.194159345.177128665-869673475.163667671 HTTP/1.1" 200 203709 "-" "Mozilla/5.0 AppleWebKit/537.36 (KHTML, like Gecko; compatible; GPTBot/1.3; +https://openai.com/gptbot)"
74.7.242.32 - - [16/Dec/2025:20:04:29 +0800] "GET /search.php?_bd_prev_page=https://class.bf1.my/detail.do?138oktsh22332.html&_bdsid=e8edj2.n~BUODK.171657308.176571313&_gz=2.198110775.194159345.177128665-869673475.163667671 HTTP/1.1" 200 166202 "-" "Mozilla/5.0 AppleWebKit/537.36 (KHTML, like Gecko; compatible; GPTBot/1.3; +https://openai.com/gptbot)"
74.7.242.32 - - [16/Dec/2025:20:04:30 +0800] "GET /search.php?q-~262S9FJKtE8pqjOctelNqAxWmcXuhHK6F3805/ HTTP/1.1" 200 142622 "-" "Mozilla/5.0 AppleWebKit/537.36 (KHTML, like Gecko; compatible; GPTBot/1.3; +https://openai.com/gptbot)"
74.7.242.32 - - [16/Dec/2025:20:04:30 +0800] "GET /search.php?_bd_prev_page=https://class.bf1.my/detail.do?57jqdc32151.html&_bdsid=e8edj2.n~BUODK.171657308.176571313&_gz=2.198110775.194159345.177128665-869673475.163667671 HTTP/1.1" 200 145284 "-" "Mozilla/5.0 AppleWebKit/537.36 (KHTML, like Gecko; compatible; GPTBot/1.3; +https://openai.com/gptbot)"
74.7.242.32 - - [16/Dec/2025:20:04:31 +0800] "GET /search.php?_bd_prev_page=https://class.bf1.my/detail.do?66xiyi3822.html&_bdsid=e8edj2.n~BUODK.171657308.176571313&_gz=2.198110775.194159345.177128665-869673475.163667671 HTTP/1.1" 200 142190 "-" "Mozilla/5.0 AppleWebKit/537.36 (KHTML, like Gecko; compatible; GPTBot/1.3; +https://openai.com/gptbot)"
74.7.242.32 - - [16/Dec/2025:20:04:31 +0800] "GET /search.php?_bd_prev_page=https://class.bf1.my/detail.do?35kdzc24743.html&_bdsid=e8edj2.n~BUODK.171657308.176571313&_gz=2.198110775.194159345.177128665-869673475.163667671 HTTP/1.1" 200 142492 "-" "Mozilla/5.0 AppleWebKit/537.36 (KHTML, like Gecko; compatible; GPTBot/1.3; +https://openai.com/gptbot)"
74.7.242.32 - - [16/Dec/2025:20:04:32 +0800] "GET /search.php?q-~85eQoxzD1yfPUrG3VtWsenVORh3TGujA25986/ HTTP/1.1" 200 149201 "-" "Mozilla/5.0 AppleWebKit/537.36 (KHTML, like Gecko; compatible; GPTBot/1.3; +https://openai.com/gptbot)"
74.7.242.32 - - [16/Dec/2025:20:04:33 +0800] "GET /search.php?147ylg5343.html HTTP/1.1" 200 159964 "-" "Mozilla/5.0 AppleWebKit/537.36 (KHTML, like Gecko; compatible; GPTBot/1.3; +https://openai.com/gptbot)"
207.46.13.111 - - [16/Dec/2025:20:04:33 +0800] "GET /?shopdetail/MjcyNjY3Nw HTTP/1.1" 200 138622 "-" "Mozilla/5.0 AppleWebKit/537.36 (KHTML, like Gecko; compatible; bingbot/2.0; +http://www.bing.com/bingbot.htm) Chrome/116.0.1938.76 Safari/537.36"
74.7.242.32 - - [16/Dec/2025:20:04:33 +0800] "GET /search.php?113aljs5239.html HTTP/1.1" 200 145757 "-" "Mozilla/5.0 AppleWebKit/537.36 (KHTML, like Gecko; compatible; GPTBot/1.3; +https://openai.com/gptbot)"
207.46.13.111 - - [16/Dec/2025:20:04:34 +0800] "GET /?shopdetail/MzYzOTMzOA HTTP/1.1" 200 140901 "-" "Mozilla/5.0 AppleWebKit/537.36 (KHTML, like Gecko; compatible; bingbot/2.0; +http://www.bing.com/bingbot.htm) Chrome/116.0.1938.76 Safari/537.36"
74.7.242.32 - - [16/Dec/2025:20:04:34 +0800] "GET /search.php?57gws47627.html HTTP/1.1" 200 140797 "-" "Mozilla/5.0 AppleWebKit/537.36 (KHTML, like Gecko; compatible; GPTBot/1.3; +https://openai.com/gptbot)"
74.7.242.32 - - [16/Dec/2025:20:04:34 +0800] "GET /search.php?_bd_prev_page=https://class.bf1.my/detail.do?180mraq5568.html&_bdsid=e8edj2.n~BUODK.171657308.176571313&_gz=2.198110775.194159345.177128665-869673475.163667671 HTTP/1.1" 200 151119 "-" "Mozilla/5.0 AppleWebKit/537.36 (KHTML, like Gecko; compatible; GPTBot/1.3; +https://openai.com/gptbot)"
74.7.242.32 - - [16/Dec/2025:20:04:35 +0800] "GET /search.php?_bd_prev_page=https://class.bf1.my/detail.do?251ykfq32759.html&_bdsid=e8edj2.n~BUODK.171657308.176571313&_gz=2.198110775.194159345.177128665-869673475.163667671 HTTP/1.1" 200 147401 "-" "Mozilla/5.0 AppleWebKit/537.36 (KHTML, like Gecko; compatible; GPTBot/1.3; +https://openai.com/gptbot)"
74.7.242.32 - - [16/Dec/2025:20:04:35 +0800] "GET /search.php?_bd_prev_page=https://class.bf1.my/detail.do?136bvp29738.html&_bdsid=e8edj2.n~BUODK.171657308.176571313&_gz=2.198110775.194159345.177128665-869673475.163667671 HTTP/1.1" 200 143250 "-" "Mozilla/5.0 AppleWebKit/537.36 (KHTML, like Gecko; compatible; GPTBot/1.3; +https://openai.com/gptbot)"
74.7.242.32 - - [16/Dec/2025:20:04:36 +0800] "GET /search.php?_bd_prev_page=https://class.bf1.my/detail.do?242aun47448.html&_bdsid=e8edj2.n~BUODK.171657308.176571313&_gz=2.198110775.194159345.177128665-869673475.163667671 HTTP/1.1" 200 144284 "-" "Mozilla/5.0 AppleWebKit/537.36 (KHTML, like Gecko; compatible; GPTBot/1.3; +https://openai.com/gptbot)"
74.7.242.32 - - [16/Dec/2025:20:04:37 +0800] "GET /search.php?_bd_prev_page=https://class.bf1.my/detail.do?157teii11899.html&_bdsid=e8edj2.n~BUODK.171657308.176571313&_gz=2.198110775.194159345.177128665-869673475.163667671 HTTP/1.1" 200 146822 "-" "Mozilla/5.0 AppleWebKit/537.36 (KHTML, like Gecko; compatible; GPTBot/1.3; +https://openai.com/gptbot)"
74.7.242.32 - - [16/Dec/2025:20:04:37 +0800] "GET /search.php?_bd_prev_page=https://class.bf1.my/detail.do?91qqdlg26357.html&_bdsid=e8edj2.n~BUODK.171657308.176571313&_gz=2.198110775.194159345.177128665-869673475.163667671 HTTP/1.1" 200 149056 "-" "Mozilla/5.0 AppleWebKit/537.36 (KHTML, like Gecko; compatible; GPTBot/1.3; +https://openai.com/gptbot)"
74.7.242.32 - - [16/Dec/2025:20:04:38 +0800] "GET /search.php?_bd_prev_page=https://class.bf1.my/detail.do?204zmyht23692.html&_bdsid=e8edj2.n~BUODK.171657308.176571313&_gz=2.198110775.194159345.177128665-869673475.163667671 HTTP/1.1" 200 144841 "-" "Mozilla/5.0 AppleWebKit/537.36 (KHTML, like Gecko; compatible; GPTBot/1.3; +https://openai.com/gptbot)"
74.7.242.32 - - [16/Dec/2025:20:04:38 +0800] "GET /search.php?_bd_prev_page=https://class.bf1.my/detail.do?160kxf35974.html&_bdsid=e8edj2.n~BUODK.171657308.176571313&_gz=2.198110775.194159345.177128665-869673475.163667671 HTTP/1.1" 200 142026 "-" "Mozilla/5.0 AppleWebKit/537.36 (KHTML, like Gecko; compatible; GPTBot/1.3; +https://openai.com/gptbot)"
74.7.242.32 - - [16/Dec/2025:20:04:39 +0800] "GET /search.php?_bd_prev_page=https://class.bf1.my/detail.do?283pem15895.html&_bdsid=e8edj2.n~BUODK.171657308.176571313&_gz=2.198110775.194159345.177128665-869673475.163667671 HTTP/1.1" 200 143520 "-" "Mozilla/5.0 AppleWebKit/537.36 (KHTML, like Gecko; compatible; GPTBot/1.3; +https://openai.com/gptbot)"
74.7.242.32 - - [16/Dec/2025:20:04:39 +0800] "GET /search.php?_bd_prev_page=https://class.bf1.my/detail.do?35tlbd18621.html&_bdsid=e8edj2.n~BUODK.171657308.176571313&_gz=2.198110775.194159345.177128665-869673475.163667671 HTTP/1.1" 200 142709 "-" "Mozilla/5.0 AppleWebKit/537.36 (KHTML, like Gecko; compatible; GPTBot/1.3; +https://openai.com/gptbot)"
74.7.242.32 - - [16/Dec/2025:20:04:40 +0800] "GET /search.php?47ziz18209.html HTTP/1.1" 200 147854 "-" "Mozilla/5.0 AppleWebKit/537.36 (KHTML, like Gecko; compatible; GPTBot/1.3; +https://openai.com/gptbot)"
74.7.242.32 - - [16/Dec/2025:20:04:41 +0800] "GET /search.php?194ezhpr29788.html HTTP/1.1" 200 143667 "-" "Mozilla/5.0 AppleWebKit/537.36 (KHTML, like Gecko; compatible; GPTBot/1.3; +https://openai.com/gptbot)"
74.7.242.32 - - [16/Dec/2025:20:04:41 +0800] "GET /search.php?298clrr4656.html HTTP/1.1" 200 147653 "-" "Mozilla/5.0 AppleWebKit/537.36 (KHTML, like Gecko; compatible; GPTBot/1.3; +https://openai.com/gptbot)"
74.7.242.32 - - [16/Dec/2025:20:04:42 +0800] "GET /search.php?_bd_prev_page=https://class.bf1.my/detail.do?233zug31079.html&_bdsid=e8edj2.n~BUODK.171657308.176571313&_gz=2.198110775.194159345.177128665-869673475.163667671 HTTP/1.1" 200 145875 "-" "Mozilla/5.0 AppleWebKit/537.36 (KHTML, like Gecko; compatible; GPTBot/1.3; +https://openai.com/gptbot)"
74.7.242.32 - - [16/Dec/2025:20:04:43 +0800] "GET /search.php?_bd_prev_page=https://class.bf1.my/detail.do?199unvg3591.html&_bdsid=e8edj2.n~BUODK.171657308.176571313&_gz=2.198110775.194159345.177128665-869673475.163667671 HTTP/1.1" 200 143801 "-" "Mozilla/5.0 AppleWebKit/537.36 (KHTML, like Gecko; compatible; GPTBot/1.3; +https://openai.com/gptbot)"
74.7.242.32 - - [16/Dec/2025:20:04:44 +0800] "GET /search.php?_bd_prev_page=https://class.bf1.my/detail.do?205pvb34793.html&_bdsid=e8edj2.n~BUODK.171657308.176571313&_gz=2.198110775.194159345.177128665-869673475.163667671 HTTP/1.1" 200 143595 "-" "Mozilla/5.0 AppleWebKit/537.36 (KHTML, like Gecko; compatible; GPTBot/1.3; +https://openai.com/gptbot)"
74.7.242.32 - - [16/Dec/2025:20:04:45 +0800] "GET /search.php?_bd_prev_page=https://class.bf1.my/detail.do?163cln27459.html&_bdsid=e8edj2.n~BUODK.171657308.176571313&_gz=2.198110775.194159345.177128665-869673475.163667671 HTTP/1.1" 200 146266 "-" "Mozilla/5.0 AppleWebKit/537.36 (KHTML, like Gecko; compatible; GPTBot/1.3; +https://openai.com/gptbot)"
74.7.242.32 - - [16/Dec/2025:20:04:45 +0800] "GET /search.php?_bd_prev_page=https://class.bf1.my/detail.do?283jhuf691.html&_bdsid=e8edj2.n~BUODK.171657308.176571313&_gz=2.198110775.194159345.177128665-869673475.163667671 HTTP/1.1" 200 152453 "-" "Mozilla/5.0 AppleWebKit/537.36 (KHTML, like Gecko; compatible; GPTBot/1.3; +https://openai.com/gptbot)"
74.7.242.32 - - [16/Dec/2025:20:04:46 +0800] "GET /search.php?_bd_prev_page=https://class.bf1.my/detail.do?11maxs47025.html&_bdsid=e8edj2.n~BUODK.171657308.176571313&_gz=2.198110775.194159345.177128665-869673475.163667671 HTTP/1.1" 200 150374 "-" "Mozilla/5.0 AppleWebKit/537.36 (KHTML, like Gecko; compatible; GPTBot/1.3; +https://openai.com/gptbot)"
74.7.242.32 - - [16/Dec/2025:20:04:47 +0800] "GET /search.php?q-~176YFmw5e1YVUynb3zd9c46KP2OBf56QL24073/ HTTP/1.1" 200 146495 "-" "Mozilla/5.0 AppleWebKit/537.36 (KHTML, like Gecko; compatible; GPTBot/1.3; +https://openai.com/gptbot)"
52.167.144.227 - - [16/Dec/2025:20:04:48 +0800] "GET /?shopdetail/NTQxMzk5Nw HTTP/1.1" 200 153910 "-" "Mozilla/5.0 AppleWebKit/537.36 (KHTML, like Gecko; compatible; bingbot/2.0; +http://www.bing.com/bingbot.htm) Chrome/116.0.1938.76 Safari/537.36"
66.249.73.230 - - [16/Dec/2025:20:04:48 +0800] "GET /products/6466714/ HTTP/1.1" 200 141495 "-" "Mozilla/5.0 (Linux; Android 6.0.1; Nexus 5X Build/MMB29P) AppleWebKit/537.36 (KHTML, like Gecko) Chrome/141.0.7390.122 Mobile Safari/537.36 (compatible; Googlebot/2.1; +http://www.google.com/bot.html)"
74.7.242.32 - - [16/Dec/2025:20:04:48 +0800] "GET /search.php?q-~29ZxpX04YpiZmtXqXIUfdm6AXRDaCYsN17874/ HTTP/1.1" 200 148904 "-" "Mozilla/5.0 AppleWebKit/537.36 (KHTML, like Gecko; compatible; GPTBot/1.3; +https://openai.com/gptbot)"
52.167.144.227 - - [16/Dec/2025:20:04:49 +0800] "GET /?shopdetail/NDA4MzcwOA HTTP/1.1" 200 156984 "-" "Mozilla/5.0 AppleWebKit/537.36 (KHTML, like Gecko; compatible; bingbot/2.0; +http://www.bing.com/bingbot.htm) Chrome/116.0.1938.76 Safari/537.36"
74.7.242.32 - - [16/Dec/2025:20:04:49 +0800] "GET /search.php?_bd_prev_page=https://class.bf1.my/detail.do?181gfjpb22055.html&_bdsid=e8edj2.n~BUODK.171657308.176571313&_gz=2.198110775.194159345.177128665-869673475.163667671 HTTP/1.1" 200 144280 "-" "Mozilla/5.0 AppleWebKit/537.36 (KHTML, like Gecko; compatible; GPTBot/1.3; +https://openai.com/gptbot)"
52.167.144.227 - - [16/Dec/2025:20:04:49 +0800] "GET /?shopdetail/NTYwNjE2Mw HTTP/1.1" 200 162755 "-" "Mozilla/5.0 AppleWebKit/537.36 (KHTML, like Gecko; compatible; bingbot/2.0; +http://www.bing.com/bingbot.htm) Chrome/116.0.1938.76 Safari/537.36"
52.167.144.227 - - [16/Dec/2025:20:04:50 +0800] "GET /?shopdetail/NTcwOTAyMw HTTP/1.1" 200 145432 "-" "Mozilla/5.0 AppleWebKit/537.36 (KHTML, like Gecko; compatible; bingbot/2.0; +http://www.bing.com/bingbot.htm) Chrome/116.0.1938.76 Safari/537.36"
74.7.242.32 - - [16/Dec/2025:20:04:49 +0800] "GET /search.php?233duuna33565.html HTTP/1.1" 200 141998 "-" "Mozilla/5.0 AppleWebKit/537.36 (KHTML, like Gecko; compatible; GPTBot/1.3; +https://openai.com/gptbot)"
52.167.144.227 - - [16/Dec/2025:20:04:50 +0800] "GET /?shopdetail/NDA4NTI0Mw HTTP/1.1" 200 140882 "-" "Mozilla/5.0 AppleWebKit/537.36 (KHTML, like Gecko; compatible; bingbot/2.0; +http://www.bing.com/bingbot.htm) Chrome/116.0.1938.76 Safari/537.36"
74.7.242.32 - - [16/Dec/2025:20:04:50 +0800] "GET /search.php?_bd_prev_page=https://class.bf1.my/detail.do?260qainr31276.html&_bdsid=e8edj2.n~BUODK.171657308.176571313&_gz=2.198110775.194159345.177128665-869673475.163667671 HTTP/1.1" 200 143493 "-" "Mozilla/5.0 AppleWebKit/537.36 (KHTML, like Gecko; compatible; GPTBot/1.3; +https://openai.com/gptbot)"
20.15.133.175 - - [16/Dec/2025:20:04:52 +0800] "GET /products/23956992/ HTTP/1.1" 200 135865 "-" "Mozilla/5.0 AppleWebKit/537.36 (KHTML, like Gecko; compatible; bingbot/2.0; +http://www.bing.com/bingbot.htm) Chrome/116.0.1938.76 Safari/537.36"
74.7.242.32 - - [16/Dec/2025:20:04:51 +0800] "GET /search.php?_bd_prev_page=https://class.bf1.my/detail.do?68irue43146.html&_bdsid=e8edj2.n~BUODK.171657308.176571313&_gz=2.198110775.194159345.177128665-869673475.163667671 HTTP/1.1" 200 145176 "-" "Mozilla/5.0 AppleWebKit/537.36 (KHTML, like Gecko; compatible; GPTBot/1.3; +https://openai.com/gptbot)"
66.249.73.230 - - [16/Dec/2025:20:04:52 +0800] "GET /odr/order/apiGetCartItems/ HTTP/1.1" 200 150804 "https://class.bf1.my/products/6466714/" "Mozilla/5.0 (Linux; Android 6.0.1; Nexus 5X Build/MMB29P) AppleWebKit/537.36 (KHTML, like Gecko) Chrome/141.0.7390.122 Mobile Safari/537.36 (compatible; Googlebot/2.1; +http://www.google.com/bot.html)"
66.249.73.230 - - [16/Dec/2025:20:04:53 +0800] "GET /ctg/apiAllLCate/ HTTP/1.1" 200 144538 "https://class.bf1.my/products/6466714/" "Mozilla/5.0 (Linux; Android 6.0.1; Nexus 5X Build/MMB29P) AppleWebKit/537.36 (KHTML, like Gecko) Chrome/141.0.7390.122 Mobile Safari/537.36 (compatible; Googlebot/2.1; +http://www.google.com/bot.html)"
74.7.242.32 - - [16/Dec/2025:20:04:52 +0800] "GET /search.php?q-~46zz5IPuj5eAPWUhsthvkMCYrpfcm9zM29027/ HTTP/1.1" 200 152479 "-" "Mozilla/5.0 AppleWebKit/537.36 (KHTML, like Gecko; compatible; GPTBot/1.3; +https://openai.com/gptbot)"
74.7.242.32 - - [16/Dec/2025:20:04:53 +0800] "GET /search.php?q-~44wvBQHMFt1jyprmwOvH4K3EcgOjxoyg24607/ HTTP/1.1" 200 164767 "-" "Mozilla/5.0 AppleWebKit/537.36 (KHTML, like Gecko; compatible; GPTBot/1.3; +https://openai.com/gptbot)"
74.7.242.32 - - [16/Dec/2025:20:04:54 +0800] "GET /search.php?290mixe38416.html HTTP/1.1" 200 145899 "-" "Mozilla/5.0 AppleWebKit/537.36 (KHTML, like Gecko; compatible; GPTBot/1.3; +https://openai.com/gptbot)"
74.7.242.32 - - [16/Dec/2025:20:04:54 +0800] "GET /search.php?_bd_prev_page=https://class.bf1.my/detail.do?102xmk38316.html&_bdsid=e8edj2.n~BUODK.171657308.176571313&_gz=2.198110775.194159345.177128665-869673475.163667671 HTTP/1.1" 200 145605 "-" "Mozilla/5.0 AppleWebKit/537.36 (KHTML, like Gecko; compatible; GPTBot/1.3; +https://openai.com/gptbot)"
74.7.242.32 - - [16/Dec/2025:20:04:55 +0800] "GET /search.php?_bd_prev_page=https://class.bf1.my/detail.do?16cvqy10698.html&_bdsid=e8edj2.n~BUODK.171657308.176571313&_gz=2.198110775.194159345.177128665-869673475.163667671 HTTP/1.1" 200 139666 "-" "Mozilla/5.0 AppleWebKit/537.36 (KHTML, like Gecko; compatible; GPTBot/1.3; +https://openai.com/gptbot)"
66.249.73.230 - - [16/Dec/2025:20:04:53 +0800] "GET /resource/js/json/megadrop_2015new.json HTTP/1.1" 200 4219 "https://class.bf1.my/products/6466714/" "Mozilla/5.0 (Linux; Android 6.0.1; Nexus 5X Build/MMB29P) AppleWebKit/537.36 (KHTML, like Gecko) Chrome/141.0.7390.122 Mobile Safari/537.36 (compatible; Googlebot/2.1; +http://www.google.com/bot.html)"
74.7.242.32 - - [16/Dec/2025:20:04:56 +0800] "GET /search.php?m44405754336 HTTP/1.1" 200 148519 "-" "Mozilla/5.0 AppleWebKit/537.36 (KHTML, like Gecko; compatible; GPTBot/1.3; +https://openai.com/gptbot)"
74.7.242.32 - - [16/Dec/2025:20:04:57 +0800] "GET /search.php?250nda5920.html HTTP/1.1" 200 142197 "-" "Mozilla/5.0 AppleWebKit/537.36 (KHTML, like Gecko; compatible; GPTBot/1.3; +https://openai.com/gptbot)"
74.7.242.32 - - [16/Dec/2025:20:04:58 +0800] "GET /search.php?_bd_prev_page=https://class.bf1.my/detail.do?233duuna33565.html&_bdsid=e8edj2.n~BUODK.171657308.176571313&_gz=2.198110775.194159345.177128665-869673475.163667671 HTTP/1.1" 200 140162 "-" "Mozilla/5.0 AppleWebKit/537.36 (KHTML, like Gecko; compatible; GPTBot/1.3; +https://openai.com/gptbot)"
74.7.242.32 - - [16/Dec/2025:20:04:59 +0800] "GET /search.php?_bd_prev_page=https://class.bf1.my/detail.do?180oide2922.html&_bdsid=e8edj2.n~BUODK.171657308.176571313&_gz=2.198110775.194159345.177128665-869673475.163667671 HTTP/1.1" 200 144131 "-" "Mozilla/5.0 AppleWebKit/537.36 (KHTML, like Gecko; compatible; GPTBot/1.3; +https://openai.com/gptbot)"
74.7.242.32 - - [16/Dec/2025:20:05:00 +0800] "GET /search.php?elmon0-qr9262114185 HTTP/1.1" 200 145229 "-" "Mozilla/5.0 AppleWebKit/537.36 (KHTML, like Gecko; compatible; GPTBot/1.3; +https://openai.com/gptbot)"
74.7.242.32 - - [16/Dec/2025:20:05:00 +0800] "GET /search.php?_bd_prev_page=https://class.bf1.my/detail.do?78xct9256.html&_bdsid=e8edj2.n~BUODK.171657308.176571313&_gz=2.198110775.194159345.177128665-869673475.163667671 HTTP/1.1" 200 141731 "-" "Mozilla/5.0 AppleWebKit/537.36 (KHTML, like Gecko; compatible; GPTBot/1.3; +https://openai.com/gptbot)"
74.7.242.32 - - [16/Dec/2025:20:05:01 +0800] "GET /search.php?_bd_prev_page=https://class.bf1.my/detail.do?242lheia23068.html&_bdsid=e8edj2.n~BUODK.171657308.176571313&_gz=2.198110775.194159345.177128665-869673475.163667671 HTTP/1.1" 200 144416 "-" "Mozilla/5.0 AppleWebKit/537.36 (KHTML, like Gecko; compatible; GPTBot/1.3; +https://openai.com/gptbot)"
74.7.242.32 - - [16/Dec/2025:20:05:02 +0800] "GET /search.php?_bd_prev_page=https://class.bf1.my/detail.do?154fugbu6558.html&_bdsid=e8edj2.n~BUODK.171657308.176571313&_gz=2.198110775.194159345.177128665-869673475.163667671 HTTP/1.1" 200 160931 "-" "Mozilla/5.0 AppleWebKit/537.36 (KHTML, like Gecko; compatible; GPTBot/1.3; +https://openai.com/gptbot)"
74.7.242.32 - - [16/Dec/2025:20:05:02 +0800] "GET /search.php?_bd_prev_page=https://class.bf1.my/detail.do?158fvl32250.html&_bdsid=e8edj2.n~BUODK.171657308.176571313&_gz=2.198110775.194159345.177128665-869673475.163667671 HTTP/1.1" 200 153416 "-" "Mozilla/5.0 AppleWebKit/537.36 (KHTML, like Gecko; compatible; GPTBot/1.3; +https://openai.com/gptbot)"
74.7.242.32 - - [16/Dec/2025:20:05:03 +0800] "GET /search.php?131nbemk47089.html HTTP/1.1" 200 141332 "-" "Mozilla/5.0 AppleWebKit/537.36 (KHTML, like Gecko; compatible; GPTBot/1.3; +https://openai.com/gptbot)"
74.7.242.32 - - [16/Dec/2025:20:05:03 +0800] "GET /search.php?_bd_prev_page=https://class.bf1.my/detail.do?51xmd31255.html&_bdsid=e8edj2.n~BUODK.171657308.176571313&_gz=2.198110775.194159345.177128665-869673475.163667671 HTTP/1.1" 200 143296 "-" "Mozilla/5.0 AppleWebKit/537.36 (KHTML, like Gecko; compatible; GPTBot/1.3; +https://openai.com/gptbot)"
74.7.242.32 - - [16/Dec/2025:20:05:04 +0800] "GET /search.php?_bd_prev_page=https://class.bf1.my/detail.do?277ktb3823.html&_bdsid=e8edj2.n~BUODK.171657308.176571313&_gz=2.198110775.194159345.177128665-869673475.163667671 HTTP/1.1" 200 150809 "-" "Mozilla/5.0 AppleWebKit/537.36 (KHTML, like Gecko; compatible; GPTBot/1.3; +https://openai.com/gptbot)"
74.7.242.32 - - [16/Dec/2025:20:05:05 +0800] "GET /search.php?q-~122f9K8PTVhzzKPcOUxBSRxrGGv3UfcMn9925/ HTTP/1.1" 200 142503 "-" "Mozilla/5.0 AppleWebKit/537.36 (KHTML, like Gecko; compatible; GPTBot/1.3; +https://openai.com/gptbot)"
74.7.242.32 - - [16/Dec/2025:20:05:06 +0800] "GET /search.php?_bd_prev_page=https://class.bf1.my/detail.do?134ntc37976.html&_bdsid=e8edj2.n~BUODK.171657308.176571313&_gz=2.198110775.194159345.177128665-869673475.163667671 HTTP/1.1" 200 141847 "-" "Mozilla/5.0 AppleWebKit/537.36 (KHTML, like Gecko; compatible; GPTBot/1.3; +https://openai.com/gptbot)"
74.7.242.32 - - [16/Dec/2025:20:05:07 +0800] "GET /search.php?_bd_prev_page=https://class.bf1.my/detail.do?256jxa10860.html&_bdsid=e8edj2.n~BUODK.171657308.176571313&_gz=2.198110775.194159345.177128665-869673475.163667671 HTTP/1.1" 200 148399 "-" "Mozilla/5.0 AppleWebKit/537.36 (KHTML, like Gecko; compatible; GPTBot/1.3; +https://openai.com/gptbot)"
74.7.242.32 - - [16/Dec/2025:20:05:08 +0800] "GET /search.php?category/274_13141_15785/1/listing HTTP/1.1" 200 153544 "-" "Mozilla/5.0 AppleWebKit/537.36 (KHTML, like Gecko; compatible; GPTBot/1.3; +https://openai.com/gptbot)"
74.7.242.32 - - [16/Dec/2025:20:05:09 +0800] "GET /search.php?_bd_prev_page=https://class.bf1.my/detail.do?187ddogl32971.html&_bdsid=e8edj2.n~BUODK.171657308.176571313&_gz=2.198110775.194159345.177128665-869673475.163667671 HTTP/1.1" 200 144604 "-" "Mozilla/5.0 AppleWebKit/537.36 (KHTML, like Gecko; compatible; GPTBot/1.3; +https://openai.com/gptbot)"
74.7.242.32 - - [16/Dec/2025:20:05:09 +0800] "GET /search.php?_bd_prev_page=https://class.bf1.my/detail.do?180ruy20828.html&_bdsid=e8edj2.n~BUODK.171657308.176571313&_gz=2.198110775.194159345.177128665-869673475.163667671 HTTP/1.1" 200 141386 "-" "Mozilla/5.0 AppleWebKit/537.36 (KHTML, like Gecko; compatible; GPTBot/1.3; +https://openai.com/gptbot)"
74.7.242.32 - - [16/Dec/2025:20:05:10 +0800] "GET /search.php?_bd_prev_page=https://class.bf1.my/detail.do?44ial22116.html&_bdsid=e8edj2.n~BUODK.171657308.176571313&_gz=2.198110775.194159345.177128665-869673475.163667671 HTTP/1.1" 200 164961 "-" "Mozilla/5.0 AppleWebKit/537.36 (KHTML, like Gecko; compatible; GPTBot/1.3; +https://openai.com/gptbot)"
74.7.242.32 - - [16/Dec/2025:20:05:11 +0800] "GET /search.php?64kkpa33706.html HTTP/1.1" 200 142169 "-" "Mozilla/5.0 AppleWebKit/537.36 (KHTML, like Gecko; compatible; GPTBot/1.3; +https://openai.com/gptbot)"
74.7.242.32 - - [16/Dec/2025:20:05:11 +0800] "GET /search.php?51xmd31255.html HTTP/1.1" 200 141977 "-" "Mozilla/5.0 AppleWebKit/537.36 (KHTML, like Gecko; compatible; GPTBot/1.3; +https://openai.com/gptbot)"
74.7.242.32 - - [16/Dec/2025:20:05:12 +0800] "GET /search.php?195zzi7441.html HTTP/1.1" 200 144244 "-" "Mozilla/5.0 AppleWebKit/537.36 (KHTML, like Gecko; compatible; GPTBot/1.3; +https://openai.com/gptbot)"
74.7.242.32 - - [16/Dec/2025:20:05:12 +0800] "GET /search.php?q-~283NTPPILGlMaN15dIIzlTvj0zresPPwa8394/ HTTP/1.1" 200 140999 "-" "Mozilla/5.0 AppleWebKit/537.36 (KHTML, like Gecko; compatible; GPTBot/1.3; +https://openai.com/gptbot)"
74.7.242.32 - - [16/Dec/2025:20:05:13 +0800] "GET /search.php?277fez4789.html HTTP/1.1" 200 146460 "-" "Mozilla/5.0 AppleWebKit/537.36 (KHTML, like Gecko; compatible; GPTBot/1.3; +https://openai.com/gptbot)"
207.46.13.111 - - [16/Dec/2025:20:05:14 +0800] "GET /?shopdetail/NDQ4NzI0OQ HTTP/1.1" 200 161685 "-" "Mozilla/5.0 AppleWebKit/537.36 (KHTML, like Gecko; compatible; bingbot/2.0; +http://www.bing.com/bingbot.htm) Chrome/116.0.1938.76 Safari/537.36"
74.7.242.32 - - [16/Dec/2025:20:05:14 +0800] "GET /search.php?273dbkkk2703.html HTTP/1.1" 200 146293 "-" "Mozilla/5.0 AppleWebKit/537.36 (KHTML, like Gecko; compatible; GPTBot/1.3; +https://openai.com/gptbot)"
74.7.242.32 - - [16/Dec/2025:20:05:15 +0800] "GET /search.php?230eudj48174.html HTTP/1.1" 200 151833 "-" "Mozilla/5.0 AppleWebKit/537.36 (KHTML, like Gecko; compatible; GPTBot/1.3; +https://openai.com/gptbot)"
74.7.242.32 - - [16/Dec/2025:20:05:15 +0800] "GET /search.php?_bd_prev_page=https://class.bf1.my/detail.do?177lvh32285.html&_bdsid=e8edj2.n~BUODK.171657308.176571313&_gz=2.198110775.194159345.177128665-869673475.163667671 HTTP/1.1" 200 148721 "-" "Mozilla/5.0 AppleWebKit/537.36 (KHTML, like Gecko; compatible; GPTBot/1.3; +https://openai.com/gptbot)"
74.7.242.32 - - [16/Dec/2025:20:05:16 +0800] "GET /search.php?23yyy19043.html HTTP/1.1" 200 152245 "-" "Mozilla/5.0 AppleWebKit/537.36 (KHTML, like Gecko; compatible; GPTBot/1.3; +https://openai.com/gptbot)"
74.7.242.32 - - [16/Dec/2025:20:05:17 +0800] "GET /search.php?44ial22116.html HTTP/1.1" 200 165185 "-" "Mozilla/5.0 AppleWebKit/537.36 (KHTML, like Gecko; compatible; GPTBot/1.3; +https://openai.com/gptbot)"
74.7.242.32 - - [16/Dec/2025:20:05:18 +0800] "GET /search.php?24pkgn9742.html HTTP/1.1" 200 141852 "-" "Mozilla/5.0 AppleWebKit/537.36 (KHTML, like Gecko; compatible; GPTBot/1.3; +https://openai.com/gptbot)"
74.7.242.32 - - [16/Dec/2025:20:05:18 +0800] "GET /search.php?152bduzh36994.html HTTP/1.1" 200 143950 "-" "Mozilla/5.0 AppleWebKit/537.36 (KHTML, like Gecko; compatible; GPTBot/1.3; +https://openai.com/gptbot)"
74.7.242.32 - - [16/Dec/2025:20:05:20 +0800] "GET /search.php?294xlc6658.html HTTP/1.1" 200 171724 "-" "Mozilla/5.0 AppleWebKit/537.36 (KHTML, like Gecko; compatible; GPTBot/1.3; +https://openai.com/gptbot)"
74.7.242.32 - - [16/Dec/2025:20:05:20 +0800] "GET /search.php?_bd_prev_page=https://class.bf1.my/detail.do?277zzx29843.html&_bdsid=e8edj2.n~BUODK.171657308.176571313&_gz=2.198110775.194159345.177128665-869673475.163667671 HTTP/1.1" 200 142669 "-" "Mozilla/5.0 AppleWebKit/537.36 (KHTML, like Gecko; compatible; GPTBot/1.3; +https://openai.com/gptbot)"
74.7.242.32 - - [16/Dec/2025:20:05:21 +0800] "GET /search.php?99pdgn49769.html HTTP/1.1" 200 148751 "-" "Mozilla/5.0 AppleWebKit/537.36 (KHTML, like Gecko; compatible; GPTBot/1.3; +https://openai.com/gptbot)"
74.7.242.32 - - [16/Dec/2025:20:05:22 +0800] "GET /search.php?q-~211DKVQqvTZHAD6Qo3dLSyD4bkvyceYzJ1500/ HTTP/1.1" 200 148434 "-" "Mozilla/5.0 AppleWebKit/537.36 (KHTML, like Gecko; compatible; GPTBot/1.3; +https://openai.com/gptbot)"
74.7.242.32 - - [16/Dec/2025:20:05:22 +0800] "GET /search.php?q-~39BW3cgDc66VEaYiFnKlhUrmnJtcXzOP47552/ HTTP/1.1" 200 145405 "-" "Mozilla/5.0 AppleWebKit/537.36 (KHTML, like Gecko; compatible; GPTBot/1.3; +https://openai.com/gptbot)"
74.7.242.32 - - [16/Dec/2025:20:05:23 +0800] "GET /search.php?223hlhl37141.html HTTP/1.1" 200 146907 "-" "Mozilla/5.0 AppleWebKit/537.36 (KHTML, like Gecko; compatible; GPTBot/1.3; +https://openai.com/gptbot)"
74.7.242.32 - - [16/Dec/2025:20:05:24 +0800] "GET /search.php?144rqj7546.html HTTP/1.1" 200 144988 "-" "Mozilla/5.0 AppleWebKit/537.36 (KHTML, like Gecko; compatible; GPTBot/1.3; +https://openai.com/gptbot)"
74.7.242.32 - - [16/Dec/2025:20:05:25 +0800] "GET /search.php?_bd_prev_page=https://class.bf1.my/detail.do?149xka14565.html&_bdsid=e8edj2.n~BUODK.171657308.176571313&_gz=2.198110775.194159345.177128665-869673475.163667671 HTTP/1.1" 200 149579 "-" "Mozilla/5.0 AppleWebKit/537.36 (KHTML, like Gecko; compatible; GPTBot/1.3; +https://openai.com/gptbot)"
74.7.242.32 - - [16/Dec/2025:20:05:25 +0800] "GET /search.php?q-~176SyMG3mehSJPi1DRv1jjNgpmquWlNwH4681/ HTTP/1.1" 200 141360 "-" "Mozilla/5.0 AppleWebKit/537.36 (KHTML, like Gecko; compatible; GPTBot/1.3; +https://openai.com/gptbot)"
74.7.242.32 - - [16/Dec/2025:20:05:26 +0800] "GET /search.php?q-~162DnW0LlMXSQDQmFrWGhbVKsK7ddQc1j4951/ HTTP/1.1" 200 146365 "-" "Mozilla/5.0 AppleWebKit/537.36 (KHTML, like Gecko; compatible; GPTBot/1.3; +https://openai.com/gptbot)"
74.7.242.32 - - [16/Dec/2025:20:05:27 +0800] "GET /search.php?q-~140nq8v1kIxgzMSb5u8ynw54H89NBFd1O36855/ HTTP/1.1" 200 144306 "-" "Mozilla/5.0 AppleWebKit/537.36 (KHTML, like Gecko; compatible; GPTBot/1.3; +https://openai.com/gptbot)"
74.7.242.32 - - [16/Dec/2025:20:05:27 +0800] "GET /search.php?q-~28eq3DXgFVAumRjgUSpG6aQAOMHY6NMP25021/ HTTP/1.1" 200 176588 "-" "Mozilla/5.0 AppleWebKit/537.36 (KHTML, like Gecko; compatible; GPTBot/1.3; +https://openai.com/gptbot)"
74.7.242.32 - - [16/Dec/2025:20:05:28 +0800] "GET /search.php?_bd_prev_page=https://class.bf1.my/detail.do?230eudj48174.html&_bdsid=e8edj2.n~BUODK.171657308.176571313&_gz=2.198110775.194159345.177128665-869673475.163667671 HTTP/1.1" 200 151024 "-" "Mozilla/5.0 AppleWebKit/537.36 (KHTML, like Gecko; compatible; GPTBot/1.3; +https://openai.com/gptbot)"
74.7.242.32 - - [16/Dec/2025:20:05:28 +0800] "GET /search.php?_bd_prev_page=https://class.bf1.my/detail.do?191yakxa25461.html&_bdsid=e8edj2.n~BUODK.171657308.176571313&_gz=2.198110775.194159345.177128665-869673475.163667671 HTTP/1.1" 200 144919 "-" "Mozilla/5.0 AppleWebKit/537.36 (KHTML, like Gecko; compatible; GPTBot/1.3; +https://openai.com/gptbot)"
74.7.242.32 - - [16/Dec/2025:20:05:29 +0800] "GET /search.php?_bd_prev_page=https://class.bf1.my/detail.do?116soa37784.html&_bdsid=e8edj2.n~BUODK.171657308.176571313&_gz=2.198110775.194159345.177128665-869673475.163667671 HTTP/1.1" 200 142858 "-" "Mozilla/5.0 AppleWebKit/537.36 (KHTML, like Gecko; compatible; GPTBot/1.3; +https://openai.com/gptbot)"
74.7.242.32 - - [16/Dec/2025:20:05:30 +0800] "GET /search.php?q-~180RRY93Z0IoNC9w23SeQCaVi4kmtq43u16327/ HTTP/1.1" 200 146992 "-" "Mozilla/5.0 AppleWebKit/537.36 (KHTML, like Gecko; compatible; GPTBot/1.3; +https://openai.com/gptbot)"
74.7.242.32 - - [16/Dec/2025:20:05:30 +0800] "GET /search.php?q-~83wjsabhbk6wxImSHiWVjynqyZKQL50E13354/ HTTP/1.1" 200 150007 "-" "Mozilla/5.0 AppleWebKit/537.36 (KHTML, like Gecko; compatible; GPTBot/1.3; +https://openai.com/gptbot)"
74.7.242.32 - - [16/Dec/2025:20:05:31 +0800] "GET /search.php?77bpa45683.html HTTP/1.1" 200 165308 "-" "Mozilla/5.0 AppleWebKit/537.36 (KHTML, like Gecko; compatible; GPTBot/1.3; +https://openai.com/gptbot)"
74.7.242.32 - - [16/Dec/2025:20:05:32 +0800] "GET /search.php?_bd_prev_page=https://class.bf1.my/detail.do?237tpt28525.html&_bdsid=e8edj2.n~BUODK.171657308.176571313&_gz=2.198110775.194159345.177128665-869673475.163667671 HTTP/1.1" 200 146999 "-" "Mozilla/5.0 AppleWebKit/537.36 (KHTML, like Gecko; compatible; GPTBot/1.3; +https://openai.com/gptbot)"
74.7.242.32 - - [16/Dec/2025:20:05:32 +0800] "GET /search.php?_bd_prev_page=https://class.bf1.my/detail.do?270fca39456.html&_bdsid=e8edj2.n~BUODK.171657308.176571313&_gz=2.198110775.194159345.177128665-869673475.163667671 HTTP/1.1" 200 143922 "-" "Mozilla/5.0 AppleWebKit/537.36 (KHTML, like Gecko; compatible; GPTBot/1.3; +https://openai.com/gptbot)"
74.7.242.32 - - [16/Dec/2025:20:05:33 +0800] "GET /search.php?168crm2798.html HTTP/1.1" 200 144888 "-" "Mozilla/5.0 AppleWebKit/537.36 (KHTML, like Gecko; compatible; GPTBot/1.3; +https://openai.com/gptbot)"
74.7.242.32 - - [16/Dec/2025:20:05:33 +0800] "GET /search.php?q-~281D877r788DGeksop8G9RT9m6MvTL48o18610/ HTTP/1.1" 200 153425 "-" "Mozilla/5.0 AppleWebKit/537.36 (KHTML, like Gecko; compatible; GPTBot/1.3; +https://openai.com/gptbot)"
74.7.242.32 - - [16/Dec/2025:20:05:34 +0800] "GET /search.php?q-~164AhqKwwsDIj6lgsi3hXIWG5dABTneyj1479/ HTTP/1.1" 200 153851 "-" "Mozilla/5.0 AppleWebKit/537.36 (KHTML, like Gecko; compatible; GPTBot/1.3; +https://openai.com/gptbot)"
74.7.242.32 - - [16/Dec/2025:20:05:35 +0800] "GET /search.php?_bd_prev_page=https://class.bf1.my/detail.do?8rrda1418.html&_bdsid=e8edj2.n~BUODK.171657308.176571313&_gz=2.198110775.194159345.177128665-869673475.163667671 HTTP/1.1" 200 144636 "-" "Mozilla/5.0 AppleWebKit/537.36 (KHTML, like Gecko; compatible; GPTBot/1.3; +https://openai.com/gptbot)"
74.7.242.32 - - [16/Dec/2025:20:05:35 +0800] "GET /search.php?_bd_prev_page=https://class.bf1.my/detail.do?255aexi13235.html&_bdsid=e8edj2.n~BUODK.171657308.176571313&_gz=2.198110775.194159345.177128665-869673475.163667671 HTTP/1.1" 200 146701 "-" "Mozilla/5.0 AppleWebKit/537.36 (KHTML, like Gecko; compatible; GPTBot/1.3; +https://openai.com/gptbot)"
74.7.242.32 - - [16/Dec/2025:20:05:37 +0800] "GET /search.php?_bd_prev_page=https://class.bf1.my/detail.do?4ngntb15032.html&_bdsid=e8edj2.n~BUODK.171657308.176571313&_gz=2.198110775.194159345.177128665-869673475.163667671 HTTP/1.1" 200 142193 "-" "Mozilla/5.0 AppleWebKit/537.36 (KHTML, like Gecko; compatible; GPTBot/1.3; +https://openai.com/gptbot)"
74.7.242.32 - - [16/Dec/2025:20:05:38 +0800] "GET /search.php?_bd_prev_page=https://class.bf1.my/detail.do?49iuq49445.html&_bdsid=e8edj2.n~BUODK.171657308.176571313&_gz=2.198110775.194159345.177128665-869673475.163667671 HTTP/1.1" 200 145544 "-" "Mozilla/5.0 AppleWebKit/537.36 (KHTML, like Gecko; compatible; GPTBot/1.3; +https://openai.com/gptbot)"
74.7.242.32 - - [16/Dec/2025:20:05:38 +0800] "GET /search.php?46fhc30162.html HTTP/1.1" 200 145921 "-" "Mozilla/5.0 AppleWebKit/537.36 (KHTML, like Gecko; compatible; GPTBot/1.3; +https://openai.com/gptbot)"
74.7.242.32 - - [16/Dec/2025:20:05:39 +0800] "GET /search.php?_bd_prev_page=https://class.bf1.my/detail.do?37lyb21989.html&_bdsid=e8edj2.n~BUODK.171657308.176571313&_gz=2.198110775.194159345.177128665-869673475.163667671 HTTP/1.1" 200 154380 "-" "Mozilla/5.0 AppleWebKit/537.36 (KHTML, like Gecko; compatible; GPTBot/1.3; +https://openai.com/gptbot)"
74.7.242.32 - - [16/Dec/2025:20:05:39 +0800] "GET /search.php?140pmqld40374.html HTTP/1.1" 200 143021 "-" "Mozilla/5.0 AppleWebKit/537.36 (KHTML, like Gecko; compatible; GPTBot/1.3; +https://openai.com/gptbot)"
74.7.242.32 - - [16/Dec/2025:20:05:40 +0800] "GET /search.php?99tnp24035.html HTTP/1.1" 200 144751 "-" "Mozilla/5.0 AppleWebKit/537.36 (KHTML, like Gecko; compatible; GPTBot/1.3; +https://openai.com/gptbot)"
74.7.242.32 - - [16/Dec/2025:20:05:40 +0800] "GET /search.php?_bd_prev_page=https://class.bf1.my/detail.do?258xjlj24544.html&_bdsid=e8edj2.n~BUODK.171657308.176571313&_gz=2.198110775.194159345.177128665-869673475.163667671 HTTP/1.1" 200 150217 "-" "Mozilla/5.0 AppleWebKit/537.36 (KHTML, like Gecko; compatible; GPTBot/1.3; +https://openai.com/gptbot)"
74.7.242.32 - - [16/Dec/2025:20:05:41 +0800] "GET /search.php?r-buenavista-bd295-1 HTTP/1.1" 200 142318 "-" "Mozilla/5.0 AppleWebKit/537.36 (KHTML, like Gecko; compatible; GPTBot/1.3; +https://openai.com/gptbot)"
74.7.242.32 - - [16/Dec/2025:20:05:42 +0800] "GET /search.php?_bd_prev_page=https://class.bf1.my/detail.do?193lij6515.html&_bdsid=e8edj2.n~BUODK.171657308.176571313&_gz=2.198110775.194159345.177128665-869673475.163667671 HTTP/1.1" 200 143951 "-" "Mozilla/5.0 AppleWebKit/537.36 (KHTML, like Gecko; compatible; GPTBot/1.3; +https://openai.com/gptbot)"
74.7.242.32 - - [16/Dec/2025:20:05:43 +0800] "GET /search.php?267jfk3135.html HTTP/1.1" 200 145384 "-" "Mozilla/5.0 AppleWebKit/537.36 (KHTML, like Gecko; compatible; GPTBot/1.3; +https://openai.com/gptbot)"
74.7.242.32 - - [16/Dec/2025:20:05:43 +0800] "GET /search.php?_bd_prev_page=https://class.bf1.my/detail.do?209jdnit28735.html&_bdsid=e8edj2.n~BUODK.171657308.176571313&_gz=2.198110775.194159345.177128665-869673475.163667671 HTTP/1.1" 200 144589 "-" "Mozilla/5.0 AppleWebKit/537.36 (KHTML, like Gecko; compatible; GPTBot/1.3; +https://openai.com/gptbot)"
74.7.242.32 - - [16/Dec/2025:20:05:44 +0800] "GET /search.php?250jgc9402.html HTTP/1.1" 200 143023 "-" "Mozilla/5.0 AppleWebKit/537.36 (KHTML, like Gecko; compatible; GPTBot/1.3; +https://openai.com/gptbot)"
74.7.242.32 - - [16/Dec/2025:20:05:45 +0800] "GET /search.php?_bd_prev_page=https://class.bf1.my/detail.do?38btsgz24028.html&_bdsid=e8edj2.n~BUODK.171657308.176571313&_gz=2.198110775.194159345.177128665-869673475.163667671 HTTP/1.1" 200 149714 "-" "Mozilla/5.0 AppleWebKit/537.36 (KHTML, like Gecko; compatible; GPTBot/1.3; +https://openai.com/gptbot)"
74.7.242.32 - - [16/Dec/2025:20:05:46 +0800] "GET /search.php?267hjj8647.html HTTP/1.1" 200 142818 "-" "Mozilla/5.0 AppleWebKit/537.36 (KHTML, like Gecko; compatible; GPTBot/1.3; +https://openai.com/gptbot)"
74.7.242.32 - - [16/Dec/2025:20:05:46 +0800] "GET /search.php?262irzmm12682.html HTTP/1.1" 200 150695 "-" "Mozilla/5.0 AppleWebKit/537.36 (KHTML, like Gecko; compatible; GPTBot/1.3; +https://openai.com/gptbot)"
74.7.242.32 - - [16/Dec/2025:20:05:47 +0800] "GET /search.php?81gms34125.html HTTP/1.1" 200 143017 "-" "Mozilla/5.0 AppleWebKit/537.36 (KHTML, like Gecko; compatible; GPTBot/1.3; +https://openai.com/gptbot)"
74.7.242.32 - - [16/Dec/2025:20:05:48 +0800] "GET /search.php?q-~24WGKJq2TlTXRIpkCpcrB3XEReXZ0HqK18693/ HTTP/1.1" 200 142066 "-" "Mozilla/5.0 AppleWebKit/537.36 (KHTML, like Gecko; compatible; GPTBot/1.3; +https://openai.com/gptbot)"
74.7.242.32 - - [16/Dec/2025:20:05:48 +0800] "GET /search.php?q-~52r5PomWvIGx4XMqHnVTj7tklcxQDRXp723/ HTTP/1.1" 200 141959 "-" "Mozilla/5.0 AppleWebKit/537.36 (KHTML, like Gecko; compatible; GPTBot/1.3; +https://openai.com/gptbot)"
74.7.242.32 - - [16/Dec/2025:20:05:49 +0800] "GET /search.php?193lij6515.html HTTP/1.1" 200 145119 "-" "Mozilla/5.0 AppleWebKit/537.36 (KHTML, like Gecko; compatible; GPTBot/1.3; +https://openai.com/gptbot)"
74.7.242.32 - - [16/Dec/2025:20:05:50 +0800] "GET /search.php?q-~39AXbkvDW3BZaTFypxIzGRk2vFF9gKle24460/ HTTP/1.1" 200 140701 "-" "Mozilla/5.0 AppleWebKit/537.36 (KHTML, like Gecko; compatible; GPTBot/1.3; +https://openai.com/gptbot)"
74.7.242.32 - - [16/Dec/2025:20:05:51 +0800] "GET /search.php?188tzh4602.html HTTP/1.1" 200 184161 "-" "Mozilla/5.0 AppleWebKit/537.36 (KHTML, like Gecko; compatible; GPTBot/1.3; +https://openai.com/gptbot)"
74.7.242.32 - - [16/Dec/2025:20:05:52 +0800] "GET /search.php?m61000648311 HTTP/1.1" 200 150216 "-" "Mozilla/5.0 AppleWebKit/537.36 (KHTML, like Gecko; compatible; GPTBot/1.3; +https://openai.com/gptbot)"
74.7.242.32 - - [16/Dec/2025:20:05:53 +0800] "GET /search.php?_bd_prev_page=https://class.bf1.my/detail.do?214mpte42136.html&_bdsid=e8edj2.n~BUODK.171657308.176571313&_gz=2.198110775.194159345.177128665-869673475.163667671 HTTP/1.1" 200 142704 "-" "Mozilla/5.0 AppleWebKit/537.36 (KHTML, like Gecko; compatible; GPTBot/1.3; +https://openai.com/gptbot)"
74.7.242.32 - - [16/Dec/2025:20:05:54 +0800] "GET /search.php?70gnu30604.html HTTP/1.1" 200 141963 "-" "Mozilla/5.0 AppleWebKit/537.36 (KHTML, like Gecko; compatible; GPTBot/1.3; +https://openai.com/gptbot)"
74.7.242.32 - - [16/Dec/2025:20:05:54 +0800] "GET /search.php?_bd_prev_page=https://class.bf1.my/detail.do?140vro39352.html&_bdsid=e8edj2.n~BUODK.171657308.176571313&_gz=2.198110775.194159345.177128665-869673475.163667671 HTTP/1.1" 200 152342 "-" "Mozilla/5.0 AppleWebKit/537.36 (KHTML, like Gecko; compatible; GPTBot/1.3; +https://openai.com/gptbot)"
74.7.242.32 - - [16/Dec/2025:20:05:55 +0800] "GET /search.php?12kyls18422.html HTTP/1.1" 200 147429 "-" "Mozilla/5.0 AppleWebKit/537.36 (KHTML, like Gecko; compatible; GPTBot/1.3; +https://openai.com/gptbot)"
74.7.242.32 - - [16/Dec/2025:20:05:56 +0800] "GET /search.php?62uyw24602.html HTTP/1.1" 200 150898 "-" "Mozilla/5.0 AppleWebKit/537.36 (KHTML, like Gecko; compatible; GPTBot/1.3; +https://openai.com/gptbot)"
74.7.242.32 - - [16/Dec/2025:20:05:57 +0800] "GET /search.php?132mhynb43212.html HTTP/1.1" 200 145903 "-" "Mozilla/5.0 AppleWebKit/537.36 (KHTML, like Gecko; compatible; GPTBot/1.3; +https://openai.com/gptbot)"
202.122.157.119 - - [16/Dec/2025:20:05:58 +0800] "GET /wp-content/uploads/979_image_78414888_10157907193953118_1682316721085480960_n-150x150.jpg HTTP/1.1" 200 9749 "-" "Mozilla/5.0 (Windows NT 10.0; Win64; x64) AppleWebKit/537.36 (KHTML, like Gecko) Chrome/120.0.0.0 Safari/537.36"
74.7.242.32 - - [16/Dec/2025:20:05:58 +0800] "GET /search.php?q-~57s5TCAzmU4sMwFsVzoD4xOiVNoPtGXc17798/ HTTP/1.1" 200 141223 "-" "Mozilla/5.0 AppleWebKit/537.36 (KHTML, like Gecko; compatible; GPTBot/1.3; +https://openai.com/gptbot)"
74.7.242.32 - - [16/Dec/2025:20:05:58 +0800] "GET /search.php?_bd_prev_page=https://class.bf1.my/detail.do?13zdn1221.html&_bdsid=e8edj2.n~BUODK.171657308.176571313&_gz=2.198110775.194159345.177128665-869673475.163667671 HTTP/1.1" 200 148765 "-" "Mozilla/5.0 AppleWebKit/537.36 (KHTML, like Gecko; compatible; GPTBot/1.3; +https://openai.com/gptbot)"
74.7.242.32 - - [16/Dec/2025:20:05:59 +0800] "GET /search.php?_bd_prev_page=https://class.bf1.my/detail.do?19xpo24267.html&_bdsid=e8edj2.n~BUODK.171657308.176571313&_gz=2.198110775.194159345.177128665-869673475.163667671 HTTP/1.1" 200 140807 "-" "Mozilla/5.0 AppleWebKit/537.36 (KHTML, like Gecko; compatible; GPTBot/1.3; +https://openai.com/gptbot)"
74.7.242.32 - - [16/Dec/2025:20:06:00 +0800] "GET /search.php?22mtyx13388.html HTTP/1.1" 200 152177 "-" "Mozilla/5.0 AppleWebKit/537.36 (KHTML, like Gecko; compatible; GPTBot/1.3; +https://openai.com/gptbot)"
74.7.242.32 - - [16/Dec/2025:20:06:01 +0800] "GET /search.php?_bd_prev_page=https://class.bf1.my/detail.do?17loxv46317.html&_bdsid=e8edj2.n~BUODK.171657308.176571313&_gz=2.198110775.194159345.177128665-869673475.163667671 HTTP/1.1" 200 152122 "-" "Mozilla/5.0 AppleWebKit/537.36 (KHTML, like Gecko; compatible; GPTBot/1.3; +https://openai.com/gptbot)"
74.7.242.32 - - [16/Dec/2025:20:06:02 +0800] "GET /search.php?127qphqu16773.html HTTP/1.1" 200 140970 "-" "Mozilla/5.0 AppleWebKit/537.36 (KHTML, like Gecko; compatible; GPTBot/1.3; +https://openai.com/gptbot)"
74.7.242.32 - - [16/Dec/2025:20:06:02 +0800] "GET /search.php?q-~87IhG9qZJyeDGIgyvfUkrPSHUu9mw9Oj44836/ HTTP/1.1" 200 145220 "-" "Mozilla/5.0 AppleWebKit/537.36 (KHTML, like Gecko; compatible; GPTBot/1.3; +https://openai.com/gptbot)"
74.7.242.32 - - [16/Dec/2025:20:06:03 +0800] "GET /search.php?_bd_prev_page=https://class.bf1.my/detail.do?270rxchs46002.html&_bdsid=e8edj2.n~BUODK.171657308.176571313&_gz=2.198110775.194159345.177128665-869673475.163667671 HTTP/1.1" 200 145283 "-" "Mozilla/5.0 AppleWebKit/537.36 (KHTML, like Gecko; compatible; GPTBot/1.3; +https://openai.com/gptbot)"
74.7.242.32 - - [16/Dec/2025:20:06:03 +0800] "GET /search.php?_bd_prev_page=https://class.bf1.my/detail.do?38cjf20298.html&_bdsid=e8edj2.n~BUODK.171657308.176571313&_gz=2.198110775.194159345.177128665-869673475.163667671 HTTP/1.1" 200 144126 "-" "Mozilla/5.0 AppleWebKit/537.36 (KHTML, like Gecko; compatible; GPTBot/1.3; +https://openai.com/gptbot)"
40.77.167.37 - - [16/Dec/2025:20:06:04 +0800] "GET /?shopdetail/MzExNzMxMA HTTP/1.1" 200 158046 "-" "Mozilla/5.0 AppleWebKit/537.36 (KHTML, like Gecko; compatible; bingbot/2.0; +http://www.bing.com/bingbot.htm) Chrome/116.0.1938.76 Safari/537.36"
74.7.242.32 - - [16/Dec/2025:20:06:04 +0800] "GET /search.php?115doy2643.html HTTP/1.1" 200 142434 "-" "Mozilla/5.0 AppleWebKit/537.36 (KHTML, like Gecko; compatible; GPTBot/1.3; +https://openai.com/gptbot)"
74.7.242.32 - - [16/Dec/2025:20:06:06 +0800] "GET /search.php?_bd_prev_page=https://class.bf1.my/detail.do?153lxd40733.html&_bdsid=e8edj2.n~BUODK.171657308.176571313&_gz=2.198110775.194159345.177128665-869673475.163667671 HTTP/1.1" 200 141090 "-" "Mozilla/5.0 AppleWebKit/537.36 (KHTML, like Gecko; compatible; GPTBot/1.3; +https://openai.com/gptbot)"
74.7.242.32 - - [16/Dec/2025:20:06:06 +0800] "GET /search.php?31iuzfu863.html HTTP/1.1" 200 143575 "-" "Mozilla/5.0 AppleWebKit/537.36 (KHTML, like Gecko; compatible; GPTBot/1.3; +https://openai.com/gptbot)"
74.7.242.32 - - [16/Dec/2025:20:06:07 +0800] "GET /search.php?19xpo24267.html HTTP/1.1" 200 141959 "-" "Mozilla/5.0 AppleWebKit/537.36 (KHTML, like Gecko; compatible; GPTBot/1.3; +https://openai.com/gptbot)"
74.7.242.32 - - [16/Dec/2025:20:06:07 +0800] "GET /search.php?70jpic44148.html HTTP/1.1" 200 154262 "-" "Mozilla/5.0 AppleWebKit/537.36 (KHTML, like Gecko; compatible; GPTBot/1.3; +https://openai.com/gptbot)"
74.7.242.32 - - [16/Dec/2025:20:06:08 +0800] "GET /search.php?150mdsuo36822.html HTTP/1.1" 200 145870 "-" "Mozilla/5.0 AppleWebKit/537.36 (KHTML, like Gecko; compatible; GPTBot/1.3; +https://openai.com/gptbot)"
74.7.242.32 - - [16/Dec/2025:20:06:09 +0800] "GET /search.php?299srg4613.html HTTP/1.1" 200 146437 "-" "Mozilla/5.0 AppleWebKit/537.36 (KHTML, like Gecko; compatible; GPTBot/1.3; +https://openai.com/gptbot)"
74.7.242.32 - - [16/Dec/2025:20:06:09 +0800] "GET /search.php?_bd_prev_page=https://class.bf1.my/detail.do?228gjnh9204.html&_bdsid=e8edj2.n~BUODK.171657308.176571313&_gz=2.198110775.194159345.177128665-869673475.163667671 HTTP/1.1" 200 145036 "-" "Mozilla/5.0 AppleWebKit/537.36 (KHTML, like Gecko; compatible; GPTBot/1.3; +https://openai.com/gptbot)"
74.7.242.32 - - [16/Dec/2025:20:06:10 +0800] "GET /search.php?_bd_prev_page=https://class.bf1.my/detail.do?31eli25321.html&_bdsid=e8edj2.n~BUODK.171657308.176571313&_gz=2.198110775.194159345.177128665-869673475.163667671 HTTP/1.1" 200 141540 "-" "Mozilla/5.0 AppleWebKit/537.36 (KHTML, like Gecko; compatible; GPTBot/1.3; +https://openai.com/gptbot)"
74.7.242.32 - - [16/Dec/2025:20:06:11 +0800] "GET /search.php?_bd_prev_page=https://class.bf1.my/detail.do?104qugg8432.html&_bdsid=e8edj2.n~BUODK.171657308.176571313&_gz=2.198110775.194159345.177128665-869673475.163667671 HTTP/1.1" 200 141339 "-" "Mozilla/5.0 AppleWebKit/537.36 (KHTML, like Gecko; compatible; GPTBot/1.3; +https://openai.com/gptbot)"
74.7.242.32 - - [16/Dec/2025:20:06:12 +0800] "GET /search.php?94alb32416.html HTTP/1.1" 200 149746 "-" "Mozilla/5.0 AppleWebKit/537.36 (KHTML, like Gecko; compatible; GPTBot/1.3; +https://openai.com/gptbot)"
74.7.242.32 - - [16/Dec/2025:20:06:13 +0800] "GET /search.php?_bd_prev_page=https://class.bf1.my/detail.do?247cyjf16569.html&_bdsid=e8edj2.n~BUODK.171657308.176571313&_gz=2.198110775.194159345.177128665-869673475.163667671 HTTP/1.1" 200 142820 "-" "Mozilla/5.0 AppleWebKit/537.36 (KHTML, like Gecko; compatible; GPTBot/1.3; +https://openai.com/gptbot)"
74.7.242.32 - - [16/Dec/2025:20:06:13 +0800] "GET /search.php?91vktsz37773.html HTTP/1.1" 200 152787 "-" "Mozilla/5.0 AppleWebKit/537.36 (KHTML, like Gecko; compatible; GPTBot/1.3; +https://openai.com/gptbot)"
74.7.242.32 - - [16/Dec/2025:20:06:14 +0800] "GET /search.php?178kpr6842.html HTTP/1.1" 200 139546 "-" "Mozilla/5.0 AppleWebKit/537.36 (KHTML, like Gecko; compatible; GPTBot/1.3; +https://openai.com/gptbot)"
74.7.242.32 - - [16/Dec/2025:20:06:15 +0800] "GET /search.php?_bd_prev_page=https://class.bf1.my/detail.do?6xya28796.html&_bdsid=e8edj2.n~BUODK.171657308.176571313&_gz=2.198110775.194159345.177128665-869673475.163667671 HTTP/1.1" 200 141347 "-" "Mozilla/5.0 AppleWebKit/537.36 (KHTML, like Gecko; compatible; GPTBot/1.3; +https://openai.com/gptbot)"
74.7.242.32 - - [16/Dec/2025:20:06:15 +0800] "GET /search.php?_bd_prev_page=https://class.bf1.my/detail.do?275uesy36597.html&_bdsid=e8edj2.n~BUODK.171657308.176571313&_gz=2.198110775.194159345.177128665-869673475.163667671 HTTP/1.1" 200 143893 "-" "Mozilla/5.0 AppleWebKit/537.36 (KHTML, like Gecko; compatible; GPTBot/1.3; +https://openai.com/gptbot)"
74.7.242.32 - - [16/Dec/2025:20:06:16 +0800] "GET /search.php?_bd_prev_page=https://class.bf1.my/detail.do?150mdsuo36822.html&_bdsid=e8edj2.n~BUODK.171657308.176571313&_gz=2.198110775.194159345.177128665-869673475.163667671 HTTP/1.1" 200 143415 "-" "Mozilla/5.0 AppleWebKit/537.36 (KHTML, like Gecko; compatible; GPTBot/1.3; +https://openai.com/gptbot)"
74.7.242.32 - - [16/Dec/2025:20:06:17 +0800] "GET /search.php?_bd_prev_page=https://class.bf1.my/detail.do?64cal6180.html&_bdsid=e8edj2.n~BUODK.171657308.176571313&_gz=2.198110775.194159345.177128665-869673475.163667671 HTTP/1.1" 200 141095 "-" "Mozilla/5.0 AppleWebKit/537.36 (KHTML, like Gecko; compatible; GPTBot/1.3; +https://openai.com/gptbot)"
74.7.242.32 - - [16/Dec/2025:20:06:17 +0800] "GET /search.php?31eli25321.html HTTP/1.1" 200 143484 "-" "Mozilla/5.0 AppleWebKit/537.36 (KHTML, like Gecko; compatible; GPTBot/1.3; +https://openai.com/gptbot)"
74.7.242.32 - - [16/Dec/2025:20:06:18 +0800] "GET /search.php?_bd_prev_page=https://class.bf1.my/detail.do?107mkmsw45197.html&_bdsid=e8edj2.n~BUODK.171657308.176571313&_gz=2.198110775.194159345.177128665-869673475.163667671 HTTP/1.1" 200 143395 "-" "Mozilla/5.0 AppleWebKit/537.36 (KHTML, like Gecko; compatible; GPTBot/1.3; +https://openai.com/gptbot)"
74.7.242.32 - - [16/Dec/2025:20:06:19 +0800] "GET /search.php?_bd_prev_page=https://class.bf1.my/detail.do?241uxcqq24153.html&_bdsid=e8edj2.n~BUODK.171657308.176571313&_gz=2.198110775.194159345.177128665-869673475.163667671 HTTP/1.1" 200 157865 "-" "Mozilla/5.0 AppleWebKit/537.36 (KHTML, like Gecko; compatible; GPTBot/1.3; +https://openai.com/gptbot)"
74.7.242.32 - - [16/Dec/2025:20:06:19 +0800] "GET /search.php?247cyjf16569.html HTTP/1.1" 200 143135 "-" "Mozilla/5.0 AppleWebKit/537.36 (KHTML, like Gecko; compatible; GPTBot/1.3; +https://openai.com/gptbot)"
