74.7.242.32 - - [16/Dec/2025:21:23:04 +0800] "GET /search.php?29kqpg7011.html HTTP/1.1" 200 142245 "-" "Mozilla/5.0 AppleWebKit/537.36 (KHTML, like Gecko; compatible; GPTBot/1.3; +https://openai.com/gptbot)"
74.7.242.32 - - [16/Dec/2025:21:23:05 +0800] "GET /search.php?_bd_prev_page=https://class.bf1.my/detail.do?19pagda26375.html&_bdsid=e8edj2.n~BUODK.171657308.176571313&_gz=2.198110775.194159345.177128665-869673475.163667671 HTTP/1.1" 200 146270 "-" "Mozilla/5.0 AppleWebKit/537.36 (KHTML, like Gecko; compatible; GPTBot/1.3; +https://openai.com/gptbot)"
74.7.242.32 - - [16/Dec/2025:21:23:06 +0800] "GET /search.php?q-~20ytfzQHYbmPYbdbLN3J9QaTfEw9hJHP33727/ HTTP/1.1" 200 145081 "-" "Mozilla/5.0 AppleWebKit/537.36 (KHTML, like Gecko; compatible; GPTBot/1.3; +https://openai.com/gptbot)"
74.7.242.32 - - [16/Dec/2025:21:23:07 +0800] "GET /search.php?_bd_prev_page=https://class.bf1.my/detail.do?231ioe13525.html&_bdsid=e8edj2.n~BUODK.171657308.176571313&_gz=2.198110775.194159345.177128665-869673475.163667671 HTTP/1.1" 200 146486 "-" "Mozilla/5.0 AppleWebKit/537.36 (KHTML, like Gecko; compatible; GPTBot/1.3; +https://openai.com/gptbot)"
74.7.242.32 - - [16/Dec/2025:21:23:07 +0800] "GET /search.php?295gxigf43269.html HTTP/1.1" 200 142655 "-" "Mozilla/5.0 AppleWebKit/537.36 (KHTML, like Gecko; compatible; GPTBot/1.3; +https://openai.com/gptbot)"
74.7.242.32 - - [16/Dec/2025:21:23:08 +0800] "GET /search.php?263fbnj22679.html HTTP/1.1" 200 146705 "-" "Mozilla/5.0 AppleWebKit/537.36 (KHTML, like Gecko; compatible; GPTBot/1.3; +https://openai.com/gptbot)"
74.7.242.32 - - [16/Dec/2025:21:23:09 +0800] "GET /search.php?65kpae15235.html HTTP/1.1" 200 142986 "-" "Mozilla/5.0 AppleWebKit/537.36 (KHTML, like Gecko; compatible; GPTBot/1.3; +https://openai.com/gptbot)"
74.7.242.32 - - [16/Dec/2025:21:23:09 +0800] "GET /search.php?_bd_prev_page=https://class.bf1.my/detail.do?274hzav21556.html&_bdsid=e8edj2.n~BUODK.171657308.176571313&_gz=2.198110775.194159345.177128665-869673475.163667671 HTTP/1.1" 200 142737 "-" "Mozilla/5.0 AppleWebKit/537.36 (KHTML, like Gecko; compatible; GPTBot/1.3; +https://openai.com/gptbot)"
74.7.242.32 - - [16/Dec/2025:21:23:10 +0800] "GET /search.php?q-~4aFaUoUVB5KmyCkVZNl2Bw7xOotRUFw5281/ HTTP/1.1" 200 146456 "-" "Mozilla/5.0 AppleWebKit/537.36 (KHTML, like Gecko; compatible; GPTBot/1.3; +https://openai.com/gptbot)"
74.7.242.32 - - [16/Dec/2025:21:23:11 +0800] "GET /search.php?_bd_prev_page=https://class.bf1.my/detail.do?157qqou33697.html&_bdsid=e8edj2.n~BUODK.171657308.176571313&_gz=2.198110775.194159345.177128665-869673475.163667671 HTTP/1.1" 200 145336 "-" "Mozilla/5.0 AppleWebKit/537.36 (KHTML, like Gecko; compatible; GPTBot/1.3; +https://openai.com/gptbot)"
74.7.242.32 - - [16/Dec/2025:21:23:11 +0800] "GET /search.php?294bnfr21360.html HTTP/1.1" 200 154586 "-" "Mozilla/5.0 AppleWebKit/537.36 (KHTML, like Gecko; compatible; GPTBot/1.3; +https://openai.com/gptbot)"
74.7.242.32 - - [16/Dec/2025:21:23:12 +0800] "GET /search.php?56gercj14590.html HTTP/1.1" 200 149179 "-" "Mozilla/5.0 AppleWebKit/537.36 (KHTML, like Gecko; compatible; GPTBot/1.3; +https://openai.com/gptbot)"
74.7.242.32 - - [16/Dec/2025:21:23:13 +0800] "GET /search.php?m56791555910 HTTP/1.1" 200 151678 "-" "Mozilla/5.0 AppleWebKit/537.36 (KHTML, like Gecko; compatible; GPTBot/1.3; +https://openai.com/gptbot)"
74.7.242.32 - - [16/Dec/2025:21:23:13 +0800] "GET /search.php?q-~111tmlxr6KGEdGDYHSbfXx7u8ZnfqYCnV27664/ HTTP/1.1" 200 159240 "-" "Mozilla/5.0 AppleWebKit/537.36 (KHTML, like Gecko; compatible; GPTBot/1.3; +https://openai.com/gptbot)"
74.7.242.32 - - [16/Dec/2025:21:23:14 +0800] "GET /search.php?_bd_prev_page=https://class.bf1.my/detail.do?295gxigf43269.html&_bdsid=e8edj2.n~BUODK.171657308.176571313&_gz=2.198110775.194159345.177128665-869673475.163667671 HTTP/1.1" 200 141591 "-" "Mozilla/5.0 AppleWebKit/537.36 (KHTML, like Gecko; compatible; GPTBot/1.3; +https://openai.com/gptbot)"
52.167.144.210 - - [16/Dec/2025:21:23:15 +0800] "GET /?shopdetail/MjQ2MDEzMg HTTP/1.1" 200 138577 "-" "Mozilla/5.0 AppleWebKit/537.36 (KHTML, like Gecko; compatible; bingbot/2.0; +http://www.bing.com/bingbot.htm) Chrome/116.0.1938.76 Safari/537.36"
74.7.242.32 - - [16/Dec/2025:21:23:15 +0800] "GET /search.php?_bd_prev_page=https://class.bf1.my/detail.do?252lrop17810.html&_bdsid=e8edj2.n~BUODK.171657308.176571313&_gz=2.198110775.194159345.177128665-869673475.163667671 HTTP/1.1" 200 146972 "-" "Mozilla/5.0 AppleWebKit/537.36 (KHTML, like Gecko; compatible; GPTBot/1.3; +https://openai.com/gptbot)"
74.7.242.32 - - [16/Dec/2025:21:23:16 +0800] "GET /search.php?_bd_prev_page=https://class.bf1.my/detail.do?214vfo8428.html&_bdsid=e8edj2.n~BUODK.171657308.176571313&_gz=2.198110775.194159345.177128665-869673475.163667671 HTTP/1.1" 200 141626 "-" "Mozilla/5.0 AppleWebKit/537.36 (KHTML, like Gecko; compatible; GPTBot/1.3; +https://openai.com/gptbot)"
74.7.242.32 - - [16/Dec/2025:21:23:16 +0800] "GET /search.php?_bd_prev_page=https://class.bf1.my/detail.do?20abk15314.html&_bdsid=e8edj2.n~BUODK.171657308.176571313&_gz=2.198110775.194159345.177128665-869673475.163667671 HTTP/1.1" 200 151375 "-" "Mozilla/5.0 AppleWebKit/537.36 (KHTML, like Gecko; compatible; GPTBot/1.3; +https://openai.com/gptbot)"
74.7.242.32 - - [16/Dec/2025:21:23:17 +0800] "GET /search.php?_bd_prev_page=https://class.bf1.my/detail.do?40yhds10834.html&_bdsid=e8edj2.n~BUODK.171657308.176571313&_gz=2.198110775.194159345.177128665-869673475.163667671 HTTP/1.1" 200 142757 "-" "Mozilla/5.0 AppleWebKit/537.36 (KHTML, like Gecko; compatible; GPTBot/1.3; +https://openai.com/gptbot)"
74.7.242.32 - - [16/Dec/2025:21:23:18 +0800] "GET /search.php?_bd_prev_page=https://class.bf1.my/detail.do?299bgzd33991.html&_bdsid=e8edj2.n~BUODK.171657308.176571313&_gz=2.198110775.194159345.177128665-869673475.163667671 HTTP/1.1" 200 152405 "-" "Mozilla/5.0 AppleWebKit/537.36 (KHTML, like Gecko; compatible; GPTBot/1.3; +https://openai.com/gptbot)"
74.7.242.32 - - [16/Dec/2025:21:23:19 +0800] "GET /search.php?q-~218efEYniVJBsvOphd4wsVb1VGbO4zsxd9409/ HTTP/1.1" 200 142963 "-" "Mozilla/5.0 AppleWebKit/537.36 (KHTML, like Gecko; compatible; GPTBot/1.3; +https://openai.com/gptbot)"
74.7.242.32 - - [16/Dec/2025:21:23:20 +0800] "GET /search.php?_bd_prev_page=https://class.bf1.my/detail.do?60wrdws40816.html&_bdsid=e8edj2.n~BUODK.171657308.176571313&_gz=2.198110775.194159345.177128665-869673475.163667671 HTTP/1.1" 200 149428 "-" "Mozilla/5.0 AppleWebKit/537.36 (KHTML, like Gecko; compatible; GPTBot/1.3; +https://openai.com/gptbot)"
74.7.242.32 - - [16/Dec/2025:21:23:21 +0800] "GET /search.php?31jrp21249.html HTTP/1.1" 200 143032 "-" "Mozilla/5.0 AppleWebKit/537.36 (KHTML, like Gecko; compatible; GPTBot/1.3; +https://openai.com/gptbot)"
74.7.242.32 - - [16/Dec/2025:21:23:21 +0800] "GET /search.php?_bd_prev_page=https://class.bf1.my/detail.do?270kfsp13122.html&_bdsid=e8edj2.n~BUODK.171657308.176571313&_gz=2.198110775.194159345.177128665-869673475.163667671 HTTP/1.1" 200 142739 "-" "Mozilla/5.0 AppleWebKit/537.36 (KHTML, like Gecko; compatible; GPTBot/1.3; +https://openai.com/gptbot)"
74.7.242.32 - - [16/Dec/2025:21:23:22 +0800] "GET /search.php?_bd_prev_page=https://class.bf1.my/detail.do?267mtqza39883.html&_bdsid=e8edj2.n~BUODK.171657308.176571313&_gz=2.198110775.194159345.177128665-869673475.163667671 HTTP/1.1" 200 143691 "-" "Mozilla/5.0 AppleWebKit/537.36 (KHTML, like Gecko; compatible; GPTBot/1.3; +https://openai.com/gptbot)"
74.7.242.32 - - [16/Dec/2025:21:23:22 +0800] "GET /search.php?255sdg7589.html HTTP/1.1" 200 148472 "-" "Mozilla/5.0 AppleWebKit/537.36 (KHTML, like Gecko; compatible; GPTBot/1.3; +https://openai.com/gptbot)"
74.7.242.32 - - [16/Dec/2025:21:23:23 +0800] "GET /search.php?109beu6011.html HTTP/1.1" 200 167069 "-" "Mozilla/5.0 AppleWebKit/537.36 (KHTML, like Gecko; compatible; GPTBot/1.3; +https://openai.com/gptbot)"
74.7.242.32 - - [16/Dec/2025:21:23:25 +0800] "GET /search.php?q-~259StktevJcinfhwTzS0bW27PXRNIApnA2358/ HTTP/1.1" 200 142389 "-" "Mozilla/5.0 AppleWebKit/537.36 (KHTML, like Gecko; compatible; GPTBot/1.3; +https://openai.com/gptbot)"
74.7.242.32 - - [16/Dec/2025:21:23:25 +0800] "GET /search.php?35dltz23733.html HTTP/1.1" 200 145260 "-" "Mozilla/5.0 AppleWebKit/537.36 (KHTML, like Gecko; compatible; GPTBot/1.3; +https://openai.com/gptbot)"
74.7.242.32 - - [16/Dec/2025:21:23:26 +0800] "GET /search.php?q-~271C8jJYWWnTMMbwndSFhb1yEAsrBe7LS9732/ HTTP/1.1" 200 144797 "-" "Mozilla/5.0 AppleWebKit/537.36 (KHTML, like Gecko; compatible; GPTBot/1.3; +https://openai.com/gptbot)"
74.7.242.32 - - [16/Dec/2025:21:23:26 +0800] "GET /search.php?52ytl24392.html HTTP/1.1" 200 147657 "-" "Mozilla/5.0 AppleWebKit/537.36 (KHTML, like Gecko; compatible; GPTBot/1.3; +https://openai.com/gptbot)"
74.7.242.32 - - [16/Dec/2025:21:23:27 +0800] "GET /search.php?honkeya-136000154-03-clr-d-900-1 HTTP/1.1" 200 146210 "-" "Mozilla/5.0 AppleWebKit/537.36 (KHTML, like Gecko; compatible; GPTBot/1.3; +https://openai.com/gptbot)"
74.7.242.32 - - [16/Dec/2025:21:23:28 +0800] "GET /search.php?2dryq41162.html HTTP/1.1" 200 143409 "-" "Mozilla/5.0 AppleWebKit/537.36 (KHTML, like Gecko; compatible; GPTBot/1.3; +https://openai.com/gptbot)"
74.7.242.32 - - [16/Dec/2025:21:23:29 +0800] "GET /search.php?182aly4784.html HTTP/1.1" 200 140976 "-" "Mozilla/5.0 AppleWebKit/537.36 (KHTML, like Gecko; compatible; GPTBot/1.3; +https://openai.com/gptbot)"
20.15.133.191 - - [16/Dec/2025:21:23:30 +0800] "GET /products/6118625/ HTTP/1.1" 200 148960 "-" "Mozilla/5.0 AppleWebKit/537.36 (KHTML, like Gecko; compatible; bingbot/2.0; +http://www.bing.com/bingbot.htm) Chrome/116.0.1938.76 Safari/537.36"
74.7.242.32 - - [16/Dec/2025:21:23:30 +0800] "GET /search.php?244vmi7046.html HTTP/1.1" 200 141869 "-" "Mozilla/5.0 AppleWebKit/537.36 (KHTML, like Gecko; compatible; GPTBot/1.3; +https://openai.com/gptbot)"
74.7.242.32 - - [16/Dec/2025:21:23:30 +0800] "GET /search.php?37kra653.html HTTP/1.1" 200 142041 "-" "Mozilla/5.0 AppleWebKit/537.36 (KHTML, like Gecko; compatible; GPTBot/1.3; +https://openai.com/gptbot)"
52.167.144.169 - - [16/Dec/2025:21:23:31 +0800] "GET /?shopdetail/NDc0Nzc1NA HTTP/1.1" 200 165444 "-" "Mozilla/5.0 AppleWebKit/537.36 (KHTML, like Gecko; compatible; bingbot/2.0; +http://www.bing.com/bingbot.htm) Chrome/116.0.1938.76 Safari/537.36"
74.7.242.32 - - [16/Dec/2025:21:23:31 +0800] "GET /search.php?q-~30ZSsPCaTNDYY0LbiNAmvUpyb3ixym9S35625/ HTTP/1.1" 200 147477 "-" "Mozilla/5.0 AppleWebKit/537.36 (KHTML, like Gecko; compatible; GPTBot/1.3; +https://openai.com/gptbot)"
74.7.242.32 - - [16/Dec/2025:21:23:32 +0800] "GET /search.php?91ljjt31283.html HTTP/1.1" 200 140784 "-" "Mozilla/5.0 AppleWebKit/537.36 (KHTML, like Gecko; compatible; GPTBot/1.3; +https://openai.com/gptbot)"
74.7.242.32 - - [16/Dec/2025:21:23:33 +0800] "GET /search.php?_bd_prev_page=https://class.bf1.my/detail.do?248bvl5570.html&_bdsid=e8edj2.n~BUODK.171657308.176571313&_gz=2.198110775.194159345.177128665-869673475.163667671 HTTP/1.1" 200 141723 "-" "Mozilla/5.0 AppleWebKit/537.36 (KHTML, like Gecko; compatible; GPTBot/1.3; +https://openai.com/gptbot)"
74.7.242.32 - - [16/Dec/2025:21:23:34 +0800] "GET /search.php?62cxrh48786.html HTTP/1.1" 200 143187 "-" "Mozilla/5.0 AppleWebKit/537.36 (KHTML, like Gecko; compatible; GPTBot/1.3; +https://openai.com/gptbot)"
74.7.242.32 - - [16/Dec/2025:21:23:34 +0800] "GET /search.php?m92444539159 HTTP/1.1" 200 142481 "-" "Mozilla/5.0 AppleWebKit/537.36 (KHTML, like Gecko; compatible; GPTBot/1.3; +https://openai.com/gptbot)"
74.7.242.32 - - [16/Dec/2025:21:23:35 +0800] "GET /search.php?40pwg35848.html HTTP/1.1" 200 142818 "-" "Mozilla/5.0 AppleWebKit/537.36 (KHTML, like Gecko; compatible; GPTBot/1.3; +https://openai.com/gptbot)"
74.7.242.32 - - [16/Dec/2025:21:23:36 +0800] "GET /search.php?42cpwz45022.html HTTP/1.1" 200 172523 "-" "Mozilla/5.0 AppleWebKit/537.36 (KHTML, like Gecko; compatible; GPTBot/1.3; +https://openai.com/gptbot)"
74.7.242.32 - - [16/Dec/2025:21:23:37 +0800] "GET /search.php?107gos8031.html HTTP/1.1" 200 140622 "-" "Mozilla/5.0 AppleWebKit/537.36 (KHTML, like Gecko; compatible; GPTBot/1.3; +https://openai.com/gptbot)"
74.7.242.32 - - [16/Dec/2025:21:23:37 +0800] "GET /search.php?_bd_prev_page=https://class.bf1.my/detail.do?190xduvt2154.html&_bdsid=e8edj2.n~BUODK.171657308.176571313&_gz=2.198110775.194159345.177128665-869673475.163667671 HTTP/1.1" 200 141154 "-" "Mozilla/5.0 AppleWebKit/537.36 (KHTML, like Gecko; compatible; GPTBot/1.3; +https://openai.com/gptbot)"
74.7.242.32 - - [16/Dec/2025:21:23:38 +0800] "GET /search.php?_bd_prev_page=https://class.bf1.my/detail.do?244vmi7046.html&_bdsid=e8edj2.n~BUODK.171657308.176571313&_gz=2.198110775.194159345.177128665-869673475.163667671 HTTP/1.1" 200 141803 "-" "Mozilla/5.0 AppleWebKit/537.36 (KHTML, like Gecko; compatible; GPTBot/1.3; +https://openai.com/gptbot)"
74.7.242.32 - - [16/Dec/2025:21:23:39 +0800] "GET /search.php?_bd_prev_page=https://class.bf1.my/detail.do?2wwh13676.html&_bdsid=e8edj2.n~BUODK.171657308.176571313&_gz=2.198110775.194159345.177128665-869673475.163667671 HTTP/1.1" 200 146642 "-" "Mozilla/5.0 AppleWebKit/537.36 (KHTML, like Gecko; compatible; GPTBot/1.3; +https://openai.com/gptbot)"
74.7.242.32 - - [16/Dec/2025:21:23:40 +0800] "GET /search.php?97nizp3983.html HTTP/1.1" 200 145194 "-" "Mozilla/5.0 AppleWebKit/537.36 (KHTML, like Gecko; compatible; GPTBot/1.3; +https://openai.com/gptbot)"
74.7.242.32 - - [16/Dec/2025:21:23:40 +0800] "GET /search.php?_bd_prev_page=https://class.bf1.my/detail.do?83leex31769.html&_bdsid=e8edj2.n~BUODK.171657308.176571313&_gz=2.198110775.194159345.177128665-869673475.163667671 HTTP/1.1" 200 150552 "-" "Mozilla/5.0 AppleWebKit/537.36 (KHTML, like Gecko; compatible; GPTBot/1.3; +https://openai.com/gptbot)"
74.7.242.32 - - [16/Dec/2025:21:23:41 +0800] "GET /search.php?_bd_prev_page=https://class.bf1.my/detail.do?83bhy9299.html&_bdsid=e8edj2.n~BUODK.171657308.176571313&_gz=2.198110775.194159345.177128665-869673475.163667671 HTTP/1.1" 200 144341 "-" "Mozilla/5.0 AppleWebKit/537.36 (KHTML, like Gecko; compatible; GPTBot/1.3; +https://openai.com/gptbot)"
74.7.242.32 - - [16/Dec/2025:21:23:41 +0800] "GET /search.php?_bd_prev_page=https://class.bf1.my/detail.do?137orel24119.html&_bdsid=e8edj2.n~BUODK.171657308.176571313&_gz=2.198110775.194159345.177128665-869673475.163667671 HTTP/1.1" 200 149053 "-" "Mozilla/5.0 AppleWebKit/537.36 (KHTML, like Gecko; compatible; GPTBot/1.3; +https://openai.com/gptbot)"
74.7.242.32 - - [16/Dec/2025:21:23:42 +0800] "GET /search.php?_bd_prev_page=https://class.bf1.my/detail.do?262gjhjv45932.html&_bdsid=e8edj2.n~BUODK.171657308.176571313&_gz=2.198110775.194159345.177128665-869673475.163667671 HTTP/1.1" 200 140022 "-" "Mozilla/5.0 AppleWebKit/537.36 (KHTML, like Gecko; compatible; GPTBot/1.3; +https://openai.com/gptbot)"
74.7.242.32 - - [16/Dec/2025:21:23:43 +0800] "GET /search.php?_bd_prev_page=https://class.bf1.my/detail.do?89bts49307.html&_bdsid=e8edj2.n~BUODK.171657308.176571313&_gz=2.198110775.194159345.177128665-869673475.163667671 HTTP/1.1" 200 143827 "-" "Mozilla/5.0 AppleWebKit/537.36 (KHTML, like Gecko; compatible; GPTBot/1.3; +https://openai.com/gptbot)"
74.7.242.32 - - [16/Dec/2025:21:23:43 +0800] "GET /search.php?q-~27TVmz6UtDAwd2usxGfoSLUAC7ZycWLT24620/ HTTP/1.1" 200 145307 "-" "Mozilla/5.0 AppleWebKit/537.36 (KHTML, like Gecko; compatible; GPTBot/1.3; +https://openai.com/gptbot)"
74.7.242.32 - - [16/Dec/2025:21:23:44 +0800] "GET /search.php?_bd_prev_page=https://class.bf1.my/detail.do?91ydix9663.html&_bdsid=e8edj2.n~BUODK.171657308.176571313&_gz=2.198110775.194159345.177128665-869673475.163667671 HTTP/1.1" 200 143012 "-" "Mozilla/5.0 AppleWebKit/537.36 (KHTML, like Gecko; compatible; GPTBot/1.3; +https://openai.com/gptbot)"
74.7.242.32 - - [16/Dec/2025:21:23:44 +0800] "GET /search.php?_bd_prev_page=https://class.bf1.my/detail.do?275xsaye34967.html&_bdsid=e8edj2.n~BUODK.171657308.176571313&_gz=2.198110775.194159345.177128665-869673475.163667671 HTTP/1.1" 200 142181 "-" "Mozilla/5.0 AppleWebKit/537.36 (KHTML, like Gecko; compatible; GPTBot/1.3; +https://openai.com/gptbot)"
74.7.242.32 - - [16/Dec/2025:21:23:45 +0800] "GET /search.php?q-~27zd7GLm3v4xTGLDjQIUmhZyJijATudf14552/ HTTP/1.1" 200 152372 "-" "Mozilla/5.0 AppleWebKit/537.36 (KHTML, like Gecko; compatible; GPTBot/1.3; +https://openai.com/gptbot)"
74.7.242.32 - - [16/Dec/2025:21:23:46 +0800] "GET /search.php?181diano27097.html HTTP/1.1" 200 144713 "-" "Mozilla/5.0 AppleWebKit/537.36 (KHTML, like Gecko; compatible; GPTBot/1.3; +https://openai.com/gptbot)"
74.7.242.32 - - [16/Dec/2025:21:23:47 +0800] "GET /search.php?q-~92bPbLtPrvviltffIY1KReK7qK6JtHPv49757/ HTTP/1.1" 200 149959 "-" "Mozilla/5.0 AppleWebKit/537.36 (KHTML, like Gecko; compatible; GPTBot/1.3; +https://openai.com/gptbot)"
74.7.242.32 - - [16/Dec/2025:21:23:47 +0800] "GET /search.php?_bd_prev_page=https://class.bf1.my/detail.do?17vebp16023.html&_bdsid=e8edj2.n~BUODK.171657308.176571313&_gz=2.198110775.194159345.177128665-869673475.163667671 HTTP/1.1" 200 143667 "-" "Mozilla/5.0 AppleWebKit/537.36 (KHTML, like Gecko; compatible; GPTBot/1.3; +https://openai.com/gptbot)"
74.7.242.32 - - [16/Dec/2025:21:23:48 +0800] "GET /search.php?_bd_prev_page=https://class.bf1.my/detail.do?98wrn18516.html&_bdsid=e8edj2.n~BUODK.171657308.176571313&_gz=2.198110775.194159345.177128665-869673475.163667671 HTTP/1.1" 200 145520 "-" "Mozilla/5.0 AppleWebKit/537.36 (KHTML, like Gecko; compatible; GPTBot/1.3; +https://openai.com/gptbot)"
74.7.242.32 - - [16/Dec/2025:21:23:48 +0800] "GET /search.php?_bd_prev_page=https://class.bf1.my/detail.do?103rirmt35889.html&_bdsid=e8edj2.n~BUODK.171657308.176571313&_gz=2.198110775.194159345.177128665-869673475.163667671 HTTP/1.1" 200 160985 "-" "Mozilla/5.0 AppleWebKit/537.36 (KHTML, like Gecko; compatible; GPTBot/1.3; +https://openai.com/gptbot)"
74.7.242.32 - - [16/Dec/2025:21:23:49 +0800] "GET /search.php?30pyg12210.html HTTP/1.1" 200 142472 "-" "Mozilla/5.0 AppleWebKit/537.36 (KHTML, like Gecko; compatible; GPTBot/1.3; +https://openai.com/gptbot)"
74.7.242.32 - - [16/Dec/2025:21:23:49 +0800] "GET /search.php?89bts49307.html HTTP/1.1" 200 142605 "-" "Mozilla/5.0 AppleWebKit/537.36 (KHTML, like Gecko; compatible; GPTBot/1.3; +https://openai.com/gptbot)"
74.7.242.32 - - [16/Dec/2025:21:23:50 +0800] "GET /search.php?q-~145Zve595kSSGpPrpay4iR6Q1YG82087b24464/ HTTP/1.1" 200 142770 "-" "Mozilla/5.0 AppleWebKit/537.36 (KHTML, like Gecko; compatible; GPTBot/1.3; +https://openai.com/gptbot)"
74.7.242.32 - - [16/Dec/2025:21:23:51 +0800] "GET /search.php?237nnyi49645.html HTTP/1.1" 200 143552 "-" "Mozilla/5.0 AppleWebKit/537.36 (KHTML, like Gecko; compatible; GPTBot/1.3; +https://openai.com/gptbot)"
157.55.39.11 - - [16/Dec/2025:21:23:51 +0800] "GET /?shopdetail/MzY1NDcxMQ HTTP/1.1" 200 151389 "-" "Mozilla/5.0 AppleWebKit/537.36 (KHTML, like Gecko; compatible; bingbot/2.0; +http://www.bing.com/bingbot.htm) Chrome/116.0.1938.76 Safari/537.36"
74.7.242.32 - - [16/Dec/2025:21:23:51 +0800] "GET /search.php?q-~62dDt2otfRQosi7msTaJG0szNLSCzIqq11859/ HTTP/1.1" 200 144517 "-" "Mozilla/5.0 AppleWebKit/537.36 (KHTML, like Gecko; compatible; GPTBot/1.3; +https://openai.com/gptbot)"
74.7.242.32 - - [16/Dec/2025:21:23:52 +0800] "GET /search.php?47ccn35487.html HTTP/1.1" 200 142529 "-" "Mozilla/5.0 AppleWebKit/537.36 (KHTML, like Gecko; compatible; GPTBot/1.3; +https://openai.com/gptbot)"
74.7.242.32 - - [16/Dec/2025:21:23:52 +0800] "GET /search.php?118iwodu40936.html HTTP/1.1" 200 139454 "-" "Mozilla/5.0 AppleWebKit/537.36 (KHTML, like Gecko; compatible; GPTBot/1.3; +https://openai.com/gptbot)"
74.7.242.32 - - [16/Dec/2025:21:23:53 +0800] "GET /search.php?_bd_prev_page=https://class.bf1.my/detail.do?150oopoi3442.html&_bdsid=e8edj2.n~BUODK.171657308.176571313&_gz=2.198110775.194159345.177128665-869673475.163667671 HTTP/1.1" 200 144696 "-" "Mozilla/5.0 AppleWebKit/537.36 (KHTML, like Gecko; compatible; GPTBot/1.3; +https://openai.com/gptbot)"
74.7.242.32 - - [16/Dec/2025:21:23:53 +0800] "GET /search.php?281bmwch18779.html HTTP/1.1" 200 140089 "-" "Mozilla/5.0 AppleWebKit/537.36 (KHTML, like Gecko; compatible; GPTBot/1.3; +https://openai.com/gptbot)"
74.7.242.32 - - [16/Dec/2025:21:23:54 +0800] "GET /search.php?265pom5735.html HTTP/1.1" 200 140828 "-" "Mozilla/5.0 AppleWebKit/537.36 (KHTML, like Gecko; compatible; GPTBot/1.3; +https://openai.com/gptbot)"
74.7.242.32 - - [16/Dec/2025:21:23:55 +0800] "GET /search.php?q-~60HmdEIkp3ClNLxiv8EwDJXqB1rDclFj31373/ HTTP/1.1" 200 140824 "-" "Mozilla/5.0 AppleWebKit/537.36 (KHTML, like Gecko; compatible; GPTBot/1.3; +https://openai.com/gptbot)"
74.7.242.32 - - [16/Dec/2025:21:23:55 +0800] "GET /search.php?98wrn18516.html HTTP/1.1" 200 147796 "-" "Mozilla/5.0 AppleWebKit/537.36 (KHTML, like Gecko; compatible; GPTBot/1.3; +https://openai.com/gptbot)"
52.167.144.210 - - [16/Dec/2025:21:23:56 +0800] "GET /?shopdetail/MzYyNjg3OA HTTP/1.1" 200 148909 "-" "Mozilla/5.0 AppleWebKit/537.36 (KHTML, like Gecko; compatible; bingbot/2.0; +http://www.bing.com/bingbot.htm) Chrome/116.0.1938.76 Safari/537.36"
74.7.242.32 - - [16/Dec/2025:21:23:56 +0800] "GET /search.php?m46543400099 HTTP/1.1" 200 144813 "-" "Mozilla/5.0 AppleWebKit/537.36 (KHTML, like Gecko; compatible; GPTBot/1.3; +https://openai.com/gptbot)"
74.7.242.32 - - [16/Dec/2025:21:23:57 +0800] "GET /search.php?234zxfux19902.html HTTP/1.1" 200 156422 "-" "Mozilla/5.0 AppleWebKit/537.36 (KHTML, like Gecko; compatible; GPTBot/1.3; +https://openai.com/gptbot)"
74.7.242.32 - - [16/Dec/2025:21:23:58 +0800] "GET /search.php?_bd_prev_page=https://class.bf1.my/detail.do?133hqgyf20837.html&_bdsid=e8edj2.n~BUODK.171657308.176571313&_gz=2.198110775.194159345.177128665-869673475.163667671 HTTP/1.1" 200 143637 "-" "Mozilla/5.0 AppleWebKit/537.36 (KHTML, like Gecko; compatible; GPTBot/1.3; +https://openai.com/gptbot)"
74.7.242.32 - - [16/Dec/2025:21:23:58 +0800] "GET /search.php?_bd_prev_page=https://class.bf1.my/detail.do?170xug19470.html&_bdsid=e8edj2.n~BUODK.171657308.176571313&_gz=2.198110775.194159345.177128665-869673475.163667671 HTTP/1.1" 200 149388 "-" "Mozilla/5.0 AppleWebKit/537.36 (KHTML, like Gecko; compatible; GPTBot/1.3; +https://openai.com/gptbot)"
74.7.242.32 - - [16/Dec/2025:21:24:00 +0800] "GET /search.php?_bd_prev_page=https://class.bf1.my/detail.do?237nnyi49645.html&_bdsid=e8edj2.n~BUODK.171657308.176571313&_gz=2.198110775.194159345.177128665-869673475.163667671 HTTP/1.1" 200 141737 "-" "Mozilla/5.0 AppleWebKit/537.36 (KHTML, like Gecko; compatible; GPTBot/1.3; +https://openai.com/gptbot)"
74.7.242.32 - - [16/Dec/2025:21:24:00 +0800] "GET /search.php?_bd_prev_page=https://class.bf1.my/detail.do?62bqbxa13916.html&_bdsid=e8edj2.n~BUODK.171657308.176571313&_gz=2.198110775.194159345.177128665-869673475.163667671 HTTP/1.1" 200 141507 "-" "Mozilla/5.0 AppleWebKit/537.36 (KHTML, like Gecko; compatible; GPTBot/1.3; +https://openai.com/gptbot)"
74.7.242.32 - - [16/Dec/2025:21:24:01 +0800] "GET /search.php?57srxr48407.html HTTP/1.1" 200 141090 "-" "Mozilla/5.0 AppleWebKit/537.36 (KHTML, like Gecko; compatible; GPTBot/1.3; +https://openai.com/gptbot)"
52.167.144.169 - - [16/Dec/2025:21:24:02 +0800] "GET /?shopdetail/NDg4NTY2Mw HTTP/1.1" 200 178899 "-" "Mozilla/5.0 AppleWebKit/537.36 (KHTML, like Gecko; compatible; bingbot/2.0; +http://www.bing.com/bingbot.htm) Chrome/116.0.1938.76 Safari/537.36"
74.7.242.32 - - [16/Dec/2025:21:24:02 +0800] "GET /search.php?q-~42UUFDTDCkqfMUIFYlSa9jmybA9p3cat26025/ HTTP/1.1" 200 160548 "-" "Mozilla/5.0 AppleWebKit/537.36 (KHTML, like Gecko; compatible; GPTBot/1.3; +https://openai.com/gptbot)"
74.7.242.32 - - [16/Dec/2025:21:24:02 +0800] "GET /search.php?16xjs10230.html HTTP/1.1" 200 140915 "-" "Mozilla/5.0 AppleWebKit/537.36 (KHTML, like Gecko; compatible; GPTBot/1.3; +https://openai.com/gptbot)"
74.7.242.32 - - [16/Dec/2025:21:24:03 +0800] "GET /search.php?_bd_prev_page=https://class.bf1.my/detail.do?48vbf2072.html&_bdsid=e8edj2.n~BUODK.171657308.176571313&_gz=2.198110775.194159345.177128665-869673475.163667671 HTTP/1.1" 200 162024 "-" "Mozilla/5.0 AppleWebKit/537.36 (KHTML, like Gecko; compatible; GPTBot/1.3; +https://openai.com/gptbot)"
74.7.242.32 - - [16/Dec/2025:21:24:04 +0800] "GET /search.php?61zbouq685.html HTTP/1.1" 200 145929 "-" "Mozilla/5.0 AppleWebKit/537.36 (KHTML, like Gecko; compatible; GPTBot/1.3; +https://openai.com/gptbot)"
74.7.242.32 - - [16/Dec/2025:21:24:04 +0800] "GET /search.php?q-~49mpRVmq72LA4568ovmEd9U5GsRj846x41750/ HTTP/1.1" 200 140206 "-" "Mozilla/5.0 AppleWebKit/537.36 (KHTML, like Gecko; compatible; GPTBot/1.3; +https://openai.com/gptbot)"
74.7.242.32 - - [16/Dec/2025:21:24:05 +0800] "GET /search.php?109ndqzi27387.html HTTP/1.1" 200 153667 "-" "Mozilla/5.0 AppleWebKit/537.36 (KHTML, like Gecko; compatible; GPTBot/1.3; +https://openai.com/gptbot)"
20.15.133.175 - - [16/Dec/2025:21:24:05 +0800] "GET /products/4937603/ HTTP/1.1" 200 142620 "-" "Mozilla/5.0 AppleWebKit/537.36 (KHTML, like Gecko; compatible; bingbot/2.0; +http://www.bing.com/bingbot.htm) Chrome/116.0.1938.76 Safari/537.36"
74.7.242.32 - - [16/Dec/2025:21:24:06 +0800] "GET /search.php?q-~195TtrM8veWmjjhzRW9KhIroo5dXgqgRr6918/ HTTP/1.1" 200 151134 "-" "Mozilla/5.0 AppleWebKit/537.36 (KHTML, like Gecko; compatible; GPTBot/1.3; +https://openai.com/gptbot)"
74.7.242.32 - - [16/Dec/2025:21:24:06 +0800] "GET /search.php?94lavd1132.html HTTP/1.1" 200 141042 "-" "Mozilla/5.0 AppleWebKit/537.36 (KHTML, like Gecko; compatible; GPTBot/1.3; +https://openai.com/gptbot)"
74.7.242.32 - - [16/Dec/2025:21:24:07 +0800] "GET /search.php?183nxkmj22689.html HTTP/1.1" 200 146975 "-" "Mozilla/5.0 AppleWebKit/537.36 (KHTML, like Gecko; compatible; GPTBot/1.3; +https://openai.com/gptbot)"
74.7.242.32 - - [16/Dec/2025:21:24:08 +0800] "GET /search.php?1dks5891.html HTTP/1.1" 200 155189 "-" "Mozilla/5.0 AppleWebKit/537.36 (KHTML, like Gecko; compatible; GPTBot/1.3; +https://openai.com/gptbot)"
74.7.242.32 - - [16/Dec/2025:21:24:08 +0800] "GET /search.php?_bd_prev_page=https://class.bf1.my/detail.do?234zxfux19902.html&_bdsid=e8edj2.n~BUODK.171657308.176571313&_gz=2.198110775.194159345.177128665-869673475.163667671 HTTP/1.1" 200 154287 "-" "Mozilla/5.0 AppleWebKit/537.36 (KHTML, like Gecko; compatible; GPTBot/1.3; +https://openai.com/gptbot)"
74.7.242.32 - - [16/Dec/2025:21:24:09 +0800] "GET /search.php?_bd_prev_page=https://class.bf1.my/detail.do?78nctnv208.html&_bdsid=e8edj2.n~BUODK.171657308.176571313&_gz=2.198110775.194159345.177128665-869673475.163667671 HTTP/1.1" 200 142839 "-" "Mozilla/5.0 AppleWebKit/537.36 (KHTML, like Gecko; compatible; GPTBot/1.3; +https://openai.com/gptbot)"
74.7.242.32 - - [16/Dec/2025:21:24:10 +0800] "GET /search.php?_bd_prev_page=https://class.bf1.my/detail.do?251gxh39079.html&_bdsid=e8edj2.n~BUODK.171657308.176571313&_gz=2.198110775.194159345.177128665-869673475.163667671 HTTP/1.1" 200 148615 "-" "Mozilla/5.0 AppleWebKit/537.36 (KHTML, like Gecko; compatible; GPTBot/1.3; +https://openai.com/gptbot)"
74.7.242.32 - - [16/Dec/2025:21:24:10 +0800] "GET /search.php?_bd_prev_page=https://class.bf1.my/detail.do?226fnyl22002.html&_bdsid=e8edj2.n~BUODK.171657308.176571313&_gz=2.198110775.194159345.177128665-869673475.163667671 HTTP/1.1" 200 143612 "-" "Mozilla/5.0 AppleWebKit/537.36 (KHTML, like Gecko; compatible; GPTBot/1.3; +https://openai.com/gptbot)"
74.7.242.32 - - [16/Dec/2025:21:24:11 +0800] "GET /search.php?_bd_prev_page=https://class.bf1.my/detail.do?213pekc49069.html&_bdsid=e8edj2.n~BUODK.171657308.176571313&_gz=2.198110775.194159345.177128665-869673475.163667671 HTTP/1.1" 200 148780 "-" "Mozilla/5.0 AppleWebKit/537.36 (KHTML, like Gecko; compatible; GPTBot/1.3; +https://openai.com/gptbot)"
74.7.242.32 - - [16/Dec/2025:21:24:12 +0800] "GET /search.php?_bd_prev_page=https://class.bf1.my/detail.do?275baxln39897.html&_bdsid=e8edj2.n~BUODK.171657308.176571313&_gz=2.198110775.194159345.177128665-869673475.163667671 HTTP/1.1" 200 142836 "-" "Mozilla/5.0 AppleWebKit/537.36 (KHTML, like Gecko; compatible; GPTBot/1.3; +https://openai.com/gptbot)"
74.7.242.32 - - [16/Dec/2025:21:24:12 +0800] "GET /search.php?37fqp39161.html HTTP/1.1" 200 143010 "-" "Mozilla/5.0 AppleWebKit/537.36 (KHTML, like Gecko; compatible; GPTBot/1.3; +https://openai.com/gptbot)"
74.7.242.32 - - [16/Dec/2025:21:24:14 +0800] "GET /search.php?_bd_prev_page=https://class.bf1.my/detail.do?254jryq41700.html&_bdsid=e8edj2.n~BUODK.171657308.176571313&_gz=2.198110775.194159345.177128665-869673475.163667671 HTTP/1.1" 200 147372 "-" "Mozilla/5.0 AppleWebKit/537.36 (KHTML, like Gecko; compatible; GPTBot/1.3; +https://openai.com/gptbot)"
74.7.242.32 - - [16/Dec/2025:21:24:14 +0800] "GET /search.php?257vcujn19701.html HTTP/1.1" 200 154705 "-" "Mozilla/5.0 AppleWebKit/537.36 (KHTML, like Gecko; compatible; GPTBot/1.3; +https://openai.com/gptbot)"
74.7.242.32 - - [16/Dec/2025:21:24:15 +0800] "GET /search.php?_bd_prev_page=https://class.bf1.my/detail.do?136drxd7530.html&_bdsid=e8edj2.n~BUODK.171657308.176571313&_gz=2.198110775.194159345.177128665-869673475.163667671 HTTP/1.1" 200 152513 "-" "Mozilla/5.0 AppleWebKit/537.36 (KHTML, like Gecko; compatible; GPTBot/1.3; +https://openai.com/gptbot)"
74.7.242.32 - - [16/Dec/2025:21:24:16 +0800] "GET /search.php?_bd_prev_page=https://class.bf1.my/detail.do?22vazl718.html&_bdsid=e8edj2.n~BUODK.171657308.176571313&_gz=2.198110775.194159345.177128665-869673475.163667671 HTTP/1.1" 200 142059 "-" "Mozilla/5.0 AppleWebKit/537.36 (KHTML, like Gecko; compatible; GPTBot/1.3; +https://openai.com/gptbot)"
74.7.242.32 - - [16/Dec/2025:21:24:16 +0800] "GET /search.php?_bd_prev_page=https://class.bf1.my/detail.do?234mbe29628.html&_bdsid=e8edj2.n~BUODK.171657308.176571313&_gz=2.198110775.194159345.177128665-869673475.163667671 HTTP/1.1" 200 140529 "-" "Mozilla/5.0 AppleWebKit/537.36 (KHTML, like Gecko; compatible; GPTBot/1.3; +https://openai.com/gptbot)"
74.7.242.32 - - [16/Dec/2025:21:24:17 +0800] "GET /search.php?123yyw3173.html HTTP/1.1" 200 151667 "-" "Mozilla/5.0 AppleWebKit/537.36 (KHTML, like Gecko; compatible; GPTBot/1.3; +https://openai.com/gptbot)"
74.7.242.32 - - [16/Dec/2025:21:24:18 +0800] "GET /search.php?298fmkkz45436.html HTTP/1.1" 200 142500 "-" "Mozilla/5.0 AppleWebKit/537.36 (KHTML, like Gecko; compatible; GPTBot/1.3; +https://openai.com/gptbot)"
74.7.242.32 - - [16/Dec/2025:21:24:18 +0800] "GET /search.php?1126661053 HTTP/1.1" 200 153833 "-" "Mozilla/5.0 AppleWebKit/537.36 (KHTML, like Gecko; compatible; GPTBot/1.3; +https://openai.com/gptbot)"
74.7.242.32 - - [16/Dec/2025:21:24:19 +0800] "GET /search.php?10sqhe19186.html HTTP/1.1" 200 147753 "-" "Mozilla/5.0 AppleWebKit/537.36 (KHTML, like Gecko; compatible; GPTBot/1.3; +https://openai.com/gptbot)"
74.7.242.32 - - [16/Dec/2025:21:24:20 +0800] "GET /search.php?q-~113M3Gw9cje3yf5UoyDBsADk1177U6VND40914/ HTTP/1.1" 200 147655 "-" "Mozilla/5.0 AppleWebKit/537.36 (KHTML, like Gecko; compatible; GPTBot/1.3; +https://openai.com/gptbot)"
74.7.242.32 - - [16/Dec/2025:21:24:21 +0800] "GET /search.php?q-~233ac2FzzOzbvocqdMPu7HP3vFNgZfUMk7384/ HTTP/1.1" 200 146258 "-" "Mozilla/5.0 AppleWebKit/537.36 (KHTML, like Gecko; compatible; GPTBot/1.3; +https://openai.com/gptbot)"
74.7.242.32 - - [16/Dec/2025:21:24:21 +0800] "GET /search.php?38gto41534.html HTTP/1.1" 200 143393 "-" "Mozilla/5.0 AppleWebKit/537.36 (KHTML, like Gecko; compatible; GPTBot/1.3; +https://openai.com/gptbot)"
74.7.242.32 - - [16/Dec/2025:21:24:22 +0800] "GET /search.php?87zfg10023.html HTTP/1.1" 200 143568 "-" "Mozilla/5.0 AppleWebKit/537.36 (KHTML, like Gecko; compatible; GPTBot/1.3; +https://openai.com/gptbot)"
74.7.242.32 - - [16/Dec/2025:21:24:22 +0800] "GET /search.php?_bd_prev_page=https://class.bf1.my/detail.do?110lwoh14504.html&_bdsid=e8edj2.n~BUODK.171657308.176571313&_gz=2.198110775.194159345.177128665-869673475.163667671 HTTP/1.1" 200 142583 "-" "Mozilla/5.0 AppleWebKit/537.36 (KHTML, like Gecko; compatible; GPTBot/1.3; +https://openai.com/gptbot)"
74.7.242.32 - - [16/Dec/2025:21:24:23 +0800] "GET /search.php?_bd_prev_page=https://class.bf1.my/detail.do?45llqz28179.html&_bdsid=e8edj2.n~BUODK.171657308.176571313&_gz=2.198110775.194159345.177128665-869673475.163667671 HTTP/1.1" 200 148211 "-" "Mozilla/5.0 AppleWebKit/537.36 (KHTML, like Gecko; compatible; GPTBot/1.3; +https://openai.com/gptbot)"
74.7.242.32 - - [16/Dec/2025:21:24:24 +0800] "GET /search.php?_bd_prev_page=https://class.bf1.my/detail.do?123yyw3173.html&_bdsid=e8edj2.n~BUODK.171657308.176571313&_gz=2.198110775.194159345.177128665-869673475.163667671 HTTP/1.1" 200 150973 "-" "Mozilla/5.0 AppleWebKit/537.36 (KHTML, like Gecko; compatible; GPTBot/1.3; +https://openai.com/gptbot)"
74.7.242.32 - - [16/Dec/2025:21:24:25 +0800] "GET /search.php?_bd_prev_page=https://class.bf1.my/detail.do?58suwzd29002.html&_bdsid=e8edj2.n~BUODK.171657308.176571313&_gz=2.198110775.194159345.177128665-869673475.163667671 HTTP/1.1" 200 154727 "-" "Mozilla/5.0 AppleWebKit/537.36 (KHTML, like Gecko; compatible; GPTBot/1.3; +https://openai.com/gptbot)"
74.7.242.32 - - [16/Dec/2025:21:24:26 +0800] "GET /search.php?q-~57ncxaXXi0qOvn5iGJymlrkAqDstmC3P19400/ HTTP/1.1" 200 156107 "-" "Mozilla/5.0 AppleWebKit/537.36 (KHTML, like Gecko; compatible; GPTBot/1.3; +https://openai.com/gptbot)"
74.7.242.32 - - [16/Dec/2025:21:24:26 +0800] "GET /search.php?_bd_prev_page=https://class.bf1.my/detail.do?299tush1807.html&_bdsid=e8edj2.n~BUODK.171657308.176571313&_gz=2.198110775.194159345.177128665-869673475.163667671 HTTP/1.1" 200 142003 "-" "Mozilla/5.0 AppleWebKit/537.36 (KHTML, like Gecko; compatible; GPTBot/1.3; +https://openai.com/gptbot)"
74.7.242.32 - - [16/Dec/2025:21:24:27 +0800] "GET /search.php?q-~57T8r7qqlQaZA3951A9YCp7dn311IBvi34024/ HTTP/1.1" 200 144988 "-" "Mozilla/5.0 AppleWebKit/537.36 (KHTML, like Gecko; compatible; GPTBot/1.3; +https://openai.com/gptbot)"
74.7.242.32 - - [16/Dec/2025:21:24:28 +0800] "GET /search.php?184vid2392.html HTTP/1.1" 200 185630 "-" "Mozilla/5.0 AppleWebKit/537.36 (KHTML, like Gecko; compatible; GPTBot/1.3; +https://openai.com/gptbot)"
74.7.242.32 - - [16/Dec/2025:21:24:29 +0800] "GET /search.php?95ansr31955.html HTTP/1.1" 200 146971 "-" "Mozilla/5.0 AppleWebKit/537.36 (KHTML, like Gecko; compatible; GPTBot/1.3; +https://openai.com/gptbot)"
74.7.242.32 - - [16/Dec/2025:21:24:30 +0800] "GET /search.php?_bd_prev_page=https://class.bf1.my/detail.do?75mrnap13129.html&_bdsid=e8edj2.n~BUODK.171657308.176571313&_gz=2.198110775.194159345.177128665-869673475.163667671 HTTP/1.1" 200 142808 "-" "Mozilla/5.0 AppleWebKit/537.36 (KHTML, like Gecko; compatible; GPTBot/1.3; +https://openai.com/gptbot)"
74.7.242.32 - - [16/Dec/2025:21:24:30 +0800] "GET /search.php?_bd_prev_page=https://class.bf1.my/detail.do?86focw42514.html&_bdsid=e8edj2.n~BUODK.171657308.176571313&_gz=2.198110775.194159345.177128665-869673475.163667671 HTTP/1.1" 200 141534 "-" "Mozilla/5.0 AppleWebKit/537.36 (KHTML, like Gecko; compatible; GPTBot/1.3; +https://openai.com/gptbot)"
43.173.180.88 - - [16/Dec/2025:21:24:31 +0800] "GET /search.php?q-~61xQso7pm8tkHg26Msr2l970KxVAlBfJ20068 HTTP/1.1" 200 144363 "-" "Mozilla/5.0 (Windows NT 6.1; Win64; x64) AppleWebKit/537.36 (KHTML, like Gecko) Chrome/126.0.6478.114 Safari/537.36"
74.7.242.32 - - [16/Dec/2025:21:24:31 +0800] "GET /search.php?_bd_prev_page=https://class.bf1.my/detail.do?122aolpx10294.html&_bdsid=e8edj2.n~BUODK.171657308.176571313&_gz=2.198110775.194159345.177128665-869673475.163667671 HTTP/1.1" 200 158823 "-" "Mozilla/5.0 AppleWebKit/537.36 (KHTML, like Gecko; compatible; GPTBot/1.3; +https://openai.com/gptbot)"
74.7.242.32 - - [16/Dec/2025:21:24:32 +0800] "GET /search.php?t1113076967 HTTP/1.1" 200 152154 "-" "Mozilla/5.0 AppleWebKit/537.36 (KHTML, like Gecko; compatible; GPTBot/1.3; +https://openai.com/gptbot)"
52.167.144.169 - - [16/Dec/2025:21:24:33 +0800] "GET /?shopdetail/MzMzMjg0Mg HTTP/1.1" 200 134982 "-" "Mozilla/5.0 AppleWebKit/537.36 (KHTML, like Gecko; compatible; bingbot/2.0; +http://www.bing.com/bingbot.htm) Chrome/116.0.1938.76 Safari/537.36"
74.7.242.32 - - [16/Dec/2025:21:24:33 +0800] "GET /search.php?q-~165hmKL9vGwf43Ki73AjL0x5mOfPZM7aZ23666/ HTTP/1.1" 200 139712 "-" "Mozilla/5.0 AppleWebKit/537.36 (KHTML, like Gecko; compatible; GPTBot/1.3; +https://openai.com/gptbot)"
74.7.242.32 - - [16/Dec/2025:21:24:34 +0800] "GET /search.php?q-~170uW9m3v6doc9x7jfL8I91Smq8PdlMoT37241/ HTTP/1.1" 200 141044 "-" "Mozilla/5.0 AppleWebKit/537.36 (KHTML, like Gecko; compatible; GPTBot/1.3; +https://openai.com/gptbot)"
74.7.242.32 - - [16/Dec/2025:21:24:34 +0800] "GET /search.php?299tush1807.html HTTP/1.1" 200 142349 "-" "Mozilla/5.0 AppleWebKit/537.36 (KHTML, like Gecko; compatible; GPTBot/1.3; +https://openai.com/gptbot)"
74.7.242.32 - - [16/Dec/2025:21:24:35 +0800] "GET /search.php?q-~181XQX55inWzGbPXcNX9Ypmg2AAkXbwai7888/ HTTP/1.1" 200 141930 "-" "Mozilla/5.0 AppleWebKit/537.36 (KHTML, like Gecko; compatible; GPTBot/1.3; +https://openai.com/gptbot)"
74.7.242.32 - - [16/Dec/2025:21:24:36 +0800] "GET /search.php?q-~98jawob5iiABxPfRgWFt3CmmiSoSDI1V47267/ HTTP/1.1" 200 150355 "-" "Mozilla/5.0 AppleWebKit/537.36 (KHTML, like Gecko; compatible; GPTBot/1.3; +https://openai.com/gptbot)"
74.7.242.32 - - [16/Dec/2025:21:24:36 +0800] "GET /search.php?_bd_prev_page=https://class.bf1.my/detail.do?246ovpel16446.html&_bdsid=e8edj2.n~BUODK.171657308.176571313&_gz=2.198110775.194159345.177128665-869673475.163667671 HTTP/1.1" 200 141723 "-" "Mozilla/5.0 AppleWebKit/537.36 (KHTML, like Gecko; compatible; GPTBot/1.3; +https://openai.com/gptbot)"
74.7.242.32 - - [16/Dec/2025:21:24:37 +0800] "GET /search.php?87eur42851.html HTTP/1.1" 200 141631 "-" "Mozilla/5.0 AppleWebKit/537.36 (KHTML, like Gecko; compatible; GPTBot/1.3; +https://openai.com/gptbot)"
66.249.73.230 - - [16/Dec/2025:21:24:37 +0800] "GET /search.php?14msj17572.html HTTP/1.1" 200 144758 "-" "Mozilla/5.0 (compatible; Googlebot/2.1; +http://www.google.com/bot.html)"
74.7.242.32 - - [16/Dec/2025:21:24:38 +0800] "GET /search.php?_bd_prev_page=https://class.bf1.my/detail.do?181noekj17033.html&_bdsid=e8edj2.n~BUODK.171657308.176571313&_gz=2.198110775.194159345.177128665-869673475.163667671 HTTP/1.1" 200 148212 "-" "Mozilla/5.0 AppleWebKit/537.36 (KHTML, like Gecko; compatible; GPTBot/1.3; +https://openai.com/gptbot)"
74.7.242.32 - - [16/Dec/2025:21:24:39 +0800] "GET /search.php?q-~51gnwEgMofDYmjc2bfiz4qCLe5IRXDlv25540/ HTTP/1.1" 200 143262 "-" "Mozilla/5.0 AppleWebKit/537.36 (KHTML, like Gecko; compatible; GPTBot/1.3; +https://openai.com/gptbot)"
74.7.242.32 - - [16/Dec/2025:21:24:40 +0800] "GET /search.php?107wogo26193.html HTTP/1.1" 200 148251 "-" "Mozilla/5.0 AppleWebKit/537.36 (KHTML, like Gecko; compatible; GPTBot/1.3; +https://openai.com/gptbot)"
52.167.144.169 - - [16/Dec/2025:21:24:40 +0800] "GET /?shopdetail/NTc1Mzk4Ng HTTP/1.1" 200 136950 "-" "Mozilla/5.0 AppleWebKit/537.36 (KHTML, like Gecko; compatible; bingbot/2.0; +http://www.bing.com/bingbot.htm) Chrome/116.0.1938.76 Safari/537.36"
74.7.242.32 - - [16/Dec/2025:21:24:40 +0800] "GET /search.php?212tfqf7114.html HTTP/1.1" 200 145230 "-" "Mozilla/5.0 AppleWebKit/537.36 (KHTML, like Gecko; compatible; GPTBot/1.3; +https://openai.com/gptbot)"
74.7.242.32 - - [16/Dec/2025:21:24:41 +0800] "GET /search.php?153dmug42701.html HTTP/1.1" 200 147367 "-" "Mozilla/5.0 AppleWebKit/537.36 (KHTML, like Gecko; compatible; GPTBot/1.3; +https://openai.com/gptbot)"
74.7.242.32 - - [16/Dec/2025:21:24:42 +0800] "GET /search.php?89eee49899.html HTTP/1.1" 200 142066 "-" "Mozilla/5.0 AppleWebKit/537.36 (KHTML, like Gecko; compatible; GPTBot/1.3; +https://openai.com/gptbot)"
74.7.242.32 - - [16/Dec/2025:21:24:42 +0800] "GET /search.php?_bd_prev_page=https://class.bf1.my/detail.do?215lqu35605.html&_bdsid=e8edj2.n~BUODK.171657308.176571313&_gz=2.198110775.194159345.177128665-869673475.163667671 HTTP/1.1" 200 156162 "-" "Mozilla/5.0 AppleWebKit/537.36 (KHTML, like Gecko; compatible; GPTBot/1.3; +https://openai.com/gptbot)"
74.7.242.32 - - [16/Dec/2025:21:24:43 +0800] "GET /search.php?q-~97ykWlI4nS1ebfUOycG7IQWTIanRmWmB46750/ HTTP/1.1" 200 155357 "-" "Mozilla/5.0 AppleWebKit/537.36 (KHTML, like Gecko; compatible; GPTBot/1.3; +https://openai.com/gptbot)"
74.7.242.32 - - [16/Dec/2025:21:24:43 +0800] "GET /search.php?246ovpel16446.html HTTP/1.1" 200 142167 "-" "Mozilla/5.0 AppleWebKit/537.36 (KHTML, like Gecko; compatible; GPTBot/1.3; +https://openai.com/gptbot)"
74.7.242.32 - - [16/Dec/2025:21:24:44 +0800] "GET /search.php?82mpppl34.html HTTP/1.1" 200 140958 "-" "Mozilla/5.0 AppleWebKit/537.36 (KHTML, like Gecko; compatible; GPTBot/1.3; +https://openai.com/gptbot)"
74.7.242.32 - - [16/Dec/2025:21:24:45 +0800] "GET /search.php?_bd_prev_page=https://class.bf1.my/detail.do?70yfuhy6238.html&_bdsid=e8edj2.n~BUODK.171657308.176571313&_gz=2.198110775.194159345.177128665-869673475.163667671 HTTP/1.1" 200 147464 "-" "Mozilla/5.0 AppleWebKit/537.36 (KHTML, like Gecko; compatible; GPTBot/1.3; +https://openai.com/gptbot)"
74.7.242.32 - - [16/Dec/2025:21:24:45 +0800] "GET /search.php?q-~117lJFjWmzzizbDtjN1BqcS3qoDm4wkJa7498/ HTTP/1.1" 200 154530 "-" "Mozilla/5.0 AppleWebKit/537.36 (KHTML, like Gecko; compatible; GPTBot/1.3; +https://openai.com/gptbot)"
74.7.242.32 - - [16/Dec/2025:21:24:46 +0800] "GET /search.php?q-~222xUkjP66uD8Oz4X0K1f5YLu8LRwlEsf41717/ HTTP/1.1" 200 152446 "-" "Mozilla/5.0 AppleWebKit/537.36 (KHTML, like Gecko; compatible; GPTBot/1.3; +https://openai.com/gptbot)"
74.7.242.32 - - [16/Dec/2025:21:24:47 +0800] "GET /search.php?q-~111VdZ7618zH7zq6TbZadAB7Pr3TyVSZM47660/ HTTP/1.1" 200 146498 "-" "Mozilla/5.0 AppleWebKit/537.36 (KHTML, like Gecko; compatible; GPTBot/1.3; +https://openai.com/gptbot)"
74.7.242.32 - - [16/Dec/2025:21:24:48 +0800] "GET /search.php?_bd_prev_page=https://class.bf1.my/detail.do?74lmrf14396.html&_bdsid=e8edj2.n~BUODK.171657308.176571313&_gz=2.198110775.194159345.177128665-869673475.163667671 HTTP/1.1" 200 139790 "-" "Mozilla/5.0 AppleWebKit/537.36 (KHTML, like Gecko; compatible; GPTBot/1.3; +https://openai.com/gptbot)"
74.7.242.32 - - [16/Dec/2025:21:24:48 +0800] "GET /search.php?q-~52NfAQZw92qRX95S06iDw0HZeqzR9Nbb22207/ HTTP/1.1" 200 152043 "-" "Mozilla/5.0 AppleWebKit/537.36 (KHTML, like Gecko; compatible; GPTBot/1.3; +https://openai.com/gptbot)"
74.7.242.32 - - [16/Dec/2025:21:24:49 +0800] "GET /search.php?q-~115z09q1QxqHihFYG2NeEQGB343h8kHTp37000/ HTTP/1.1" 200 143334 "-" "Mozilla/5.0 AppleWebKit/537.36 (KHTML, like Gecko; compatible; GPTBot/1.3; +https://openai.com/gptbot)"
74.7.242.32 - - [16/Dec/2025:21:24:49 +0800] "GET /search.php?85ftpp48893.html HTTP/1.1" 200 140519 "-" "Mozilla/5.0 AppleWebKit/537.36 (KHTML, like Gecko; compatible; GPTBot/1.3; +https://openai.com/gptbot)"
74.7.242.32 - - [16/Dec/2025:21:24:50 +0800] "GET /search.php?62lsff41064.html HTTP/1.1" 200 148870 "-" "Mozilla/5.0 AppleWebKit/537.36 (KHTML, like Gecko; compatible; GPTBot/1.3; +https://openai.com/gptbot)"
74.7.242.32 - - [16/Dec/2025:21:24:51 +0800] "GET /search.php?wondertec-hb_650118_00_02 HTTP/1.1" 200 144373 "-" "Mozilla/5.0 AppleWebKit/537.36 (KHTML, like Gecko; compatible; GPTBot/1.3; +https://openai.com/gptbot)"
74.7.242.32 - - [16/Dec/2025:21:24:51 +0800] "GET /search.php?_bd_prev_page=https://class.bf1.my/detail.do?190qovf23560.html&_bdsid=e8edj2.n~BUODK.171657308.176571313&_gz=2.198110775.194159345.177128665-869673475.163667671 HTTP/1.1" 200 142396 "-" "Mozilla/5.0 AppleWebKit/537.36 (KHTML, like Gecko; compatible; GPTBot/1.3; +https://openai.com/gptbot)"
74.7.242.32 - - [16/Dec/2025:21:24:52 +0800] "GET /search.php?_bd_prev_page=https://class.bf1.my/detail.do?245jpw25211.html&_bdsid=e8edj2.n~BUODK.171657308.176571313&_gz=2.198110775.194159345.177128665-869673475.163667671 HTTP/1.1" 200 163786 "-" "Mozilla/5.0 AppleWebKit/537.36 (KHTML, like Gecko; compatible; GPTBot/1.3; +https://openai.com/gptbot)"
74.7.242.32 - - [16/Dec/2025:21:24:52 +0800] "GET /search.php?_bd_prev_page=https://class.bf1.my/detail.do?221iqa37343.html&_bdsid=e8edj2.n~BUODK.171657308.176571313&_gz=2.198110775.194159345.177128665-869673475.163667671 HTTP/1.1" 200 142206 "-" "Mozilla/5.0 AppleWebKit/537.36 (KHTML, like Gecko; compatible; GPTBot/1.3; +https://openai.com/gptbot)"
74.7.242.32 - - [16/Dec/2025:21:24:53 +0800] "GET /search.php?q-~54NfAQZw92qRX95S06iDw0HZeqzR9Nbb22205/ HTTP/1.1" 200 146746 "-" "Mozilla/5.0 AppleWebKit/537.36 (KHTML, like Gecko; compatible; GPTBot/1.3; +https://openai.com/gptbot)"
74.7.242.32 - - [16/Dec/2025:21:24:54 +0800] "GET /search.php?q-~147Dg2imky6yy6T7PU8biM9qEwl52Vokx39666/ HTTP/1.1" 200 139365 "-" "Mozilla/5.0 AppleWebKit/537.36 (KHTML, like Gecko; compatible; GPTBot/1.3; +https://openai.com/gptbot)"
74.7.242.32 - - [16/Dec/2025:21:24:54 +0800] "GET /search.php?q-~266ziKVNd2fhm92NmSVMw79K8m7w5IRJG37111/ HTTP/1.1" 200 150009 "-" "Mozilla/5.0 AppleWebKit/537.36 (KHTML, like Gecko; compatible; GPTBot/1.3; +https://openai.com/gptbot)"
74.7.242.32 - - [16/Dec/2025:21:24:55 +0800] "GET /search.php?q-~291Vj9lgVcmja30h4DqWJD25cvdK1Ft8n27770/ HTTP/1.1" 200 147543 "-" "Mozilla/5.0 AppleWebKit/537.36 (KHTML, like Gecko; compatible; GPTBot/1.3; +https://openai.com/gptbot)"
74.7.242.32 - - [16/Dec/2025:21:24:56 +0800] "GET /search.php?281mdnwx44401.html HTTP/1.1" 200 141367 "-" "Mozilla/5.0 AppleWebKit/537.36 (KHTML, like Gecko; compatible; GPTBot/1.3; +https://openai.com/gptbot)"
74.7.242.32 - - [16/Dec/2025:21:24:57 +0800] "GET /search.php?5toj1291.html HTTP/1.1" 200 143171 "-" "Mozilla/5.0 AppleWebKit/537.36 (KHTML, like Gecko; compatible; GPTBot/1.3; +https://openai.com/gptbot)"
74.7.242.32 - - [16/Dec/2025:21:24:58 +0800] "GET /search.php?category/56_4524_12825/1/listing HTTP/1.1" 200 145256 "-" "Mozilla/5.0 AppleWebKit/537.36 (KHTML, like Gecko; compatible; GPTBot/1.3; +https://openai.com/gptbot)"
74.7.242.32 - - [16/Dec/2025:21:24:58 +0800] "GET /search.php?164ielht45518.html HTTP/1.1" 200 147108 "-" "Mozilla/5.0 AppleWebKit/537.36 (KHTML, like Gecko; compatible; GPTBot/1.3; +https://openai.com/gptbot)"
74.7.242.32 - - [16/Dec/2025:21:24:59 +0800] "GET /search.php?_bd_prev_page=https://class.bf1.my/detail.do?16qwrpd22908.html&_bdsid=e8edj2.n~BUODK.171657308.176571313&_gz=2.198110775.194159345.177128665-869673475.163667671 HTTP/1.1" 200 146888 "-" "Mozilla/5.0 AppleWebKit/537.36 (KHTML, like Gecko; compatible; GPTBot/1.3; +https://openai.com/gptbot)"
157.55.39.11 - - [16/Dec/2025:21:25:00 +0800] "GET /?shopdetail/MjUwNTYyNQ HTTP/1.1" 200 178047 "-" "Mozilla/5.0 AppleWebKit/537.36 (KHTML, like Gecko; compatible; bingbot/2.0; +http://www.bing.com/bingbot.htm) Chrome/116.0.1938.76 Safari/537.36"
74.7.242.32 - - [16/Dec/2025:21:25:00 +0800] "GET /search.php?_bd_prev_page=https://class.bf1.my/detail.do?271ujo38437.html&_bdsid=e8edj2.n~BUODK.171657308.176571313&_gz=2.198110775.194159345.177128665-869673475.163667671 HTTP/1.1" 200 145181 "-" "Mozilla/5.0 AppleWebKit/537.36 (KHTML, like Gecko; compatible; GPTBot/1.3; +https://openai.com/gptbot)"
74.7.242.32 - - [16/Dec/2025:21:25:01 +0800] "GET /search.php?_bd_prev_page=https://class.bf1.my/detail.do?8nuf38316.html&_bdsid=e8edj2.n~BUODK.171657308.176571313&_gz=2.198110775.194159345.177128665-869673475.163667671 HTTP/1.1" 200 154155 "-" "Mozilla/5.0 AppleWebKit/537.36 (KHTML, like Gecko; compatible; GPTBot/1.3; +https://openai.com/gptbot)"
74.7.242.32 - - [16/Dec/2025:21:25:02 +0800] "GET /search.php?q-~158Z10M9vVawM9JaKIVKAy0h6A7g0r0EF40317/ HTTP/1.1" 200 147833 "-" "Mozilla/5.0 AppleWebKit/537.36 (KHTML, like Gecko; compatible; GPTBot/1.3; +https://openai.com/gptbot)"
74.7.242.32 - - [16/Dec/2025:21:25:03 +0800] "GET /search.php?_bd_prev_page=https://class.bf1.my/detail.do?287ddcc5211.html&_bdsid=e8edj2.n~BUODK.171657308.176571313&_gz=2.198110775.194159345.177128665-869673475.163667671 HTTP/1.1" 200 167396 "-" "Mozilla/5.0 AppleWebKit/537.36 (KHTML, like Gecko; compatible; GPTBot/1.3; +https://openai.com/gptbot)"
74.7.242.32 - - [16/Dec/2025:21:25:03 +0800] "GET /search.php?_bd_prev_page=https://class.bf1.my/detail.do?90oqc43416.html&_bdsid=e8edj2.n~BUODK.171657308.176571313&_gz=2.198110775.194159345.177128665-869673475.163667671 HTTP/1.1" 200 148233 "-" "Mozilla/5.0 AppleWebKit/537.36 (KHTML, like Gecko; compatible; GPTBot/1.3; +https://openai.com/gptbot)"
74.7.242.32 - - [16/Dec/2025:21:25:04 +0800] "GET /search.php?q-~299ReqMZArUdcfeqmnOhFjr7iSsB5P8eR9844/ HTTP/1.1" 200 141214 "-" "Mozilla/5.0 AppleWebKit/537.36 (KHTML, like Gecko; compatible; GPTBot/1.3; +https://openai.com/gptbot)"
74.7.242.32 - - [16/Dec/2025:21:25:05 +0800] "GET /search.php?_bd_prev_page=https://class.bf1.my/detail.do?18tuwfj31430.html&_bdsid=e8edj2.n~BUODK.171657308.176571313&_gz=2.198110775.194159345.177128665-869673475.163667671 HTTP/1.1" 200 142035 "-" "Mozilla/5.0 AppleWebKit/537.36 (KHTML, like Gecko; compatible; GPTBot/1.3; +https://openai.com/gptbot)"
74.7.242.32 - - [16/Dec/2025:21:25:05 +0800] "GET /search.php?tss-shop-nnq32011 HTTP/1.1" 200 143222 "-" "Mozilla/5.0 AppleWebKit/537.36 (KHTML, like Gecko; compatible; GPTBot/1.3; +https://openai.com/gptbot)"
74.7.242.32 - - [16/Dec/2025:21:25:06 +0800] "GET /search.php?51yea6419.html HTTP/1.1" 200 143483 "-" "Mozilla/5.0 AppleWebKit/537.36 (KHTML, like Gecko; compatible; GPTBot/1.3; +https://openai.com/gptbot)"
74.7.242.32 - - [16/Dec/2025:21:25:07 +0800] "GET /search.php?20hzlk49770.html HTTP/1.1" 200 153296 "-" "Mozilla/5.0 AppleWebKit/537.36 (KHTML, like Gecko; compatible; GPTBot/1.3; +https://openai.com/gptbot)"
52.167.144.210 - - [16/Dec/2025:21:25:07 +0800] "GET /?shopdetail/MzkwNjMzNA HTTP/1.1" 200 161190 "-" "Mozilla/5.0 AppleWebKit/537.36 (KHTML, like Gecko; compatible; bingbot/2.0; +http://www.bing.com/bingbot.htm) Chrome/116.0.1938.76 Safari/537.36"
74.7.242.32 - - [16/Dec/2025:21:25:08 +0800] "GET /search.php?4unjyg9684.html HTTP/1.1" 200 144005 "-" "Mozilla/5.0 AppleWebKit/537.36 (KHTML, like Gecko; compatible; GPTBot/1.3; +https://openai.com/gptbot)"
