74.7.227.43 - - [17/Dec/2025:21:08:20 +0800] "GET /pages.php?later/z244?pid=133 HTTP/1.1" 200 154485 "-" "Mozilla/5.0 AppleWebKit/537.36 (KHTML, like Gecko; compatible; GPTBot/1.3; +https://openai.com/gptbot)"
74.7.227.43 - - [17/Dec/2025:21:08:20 +0800] "GET /pages.php?vaccine/q244?pid=69 HTTP/1.1" 200 159301 "-" "Mozilla/5.0 AppleWebKit/537.36 (KHTML, like Gecko; compatible; GPTBot/1.3; +https://openai.com/gptbot)"
66.249.74.160 - - [17/Dec/2025:21:08:21 +0800] "GET /?products/20943863 HTTP/1.1" 200 151248 "-" "Mozilla/5.0 (Linux; Android 6.0.1; Nexus 5X Build/MMB29P) AppleWebKit/537.36 (KHTML, like Gecko) Chrome/141.0.7390.122 Mobile Safari/537.36 (compatible; GoogleOther)"
74.7.227.43 - - [17/Dec/2025:21:08:21 +0800] "GET /pages.php?specify/v244?pid=79 HTTP/1.1" 200 153451 "-" "Mozilla/5.0 AppleWebKit/537.36 (KHTML, like Gecko; compatible; GPTBot/1.3; +https://openai.com/gptbot)"
74.7.227.43 - - [17/Dec/2025:21:08:22 +0800] "GET /pages.php?speaker/w36?pid=33821 HTTP/1.1" 200 143644 "-" "Mozilla/5.0 AppleWebKit/537.36 (KHTML, like Gecko; compatible; GPTBot/1.3; +https://openai.com/gptbot)"
74.7.227.43 - - [17/Dec/2025:21:08:23 +0800] "GET /pages.php?suppose/y204?pid=87 HTTP/1.1" 200 153521 "-" "Mozilla/5.0 AppleWebKit/537.36 (KHTML, like Gecko; compatible; GPTBot/1.3; +https://openai.com/gptbot)"
74.7.227.43 - - [17/Dec/2025:21:08:24 +0800] "GET /pages.php?theater/q244?pid=69 HTTP/1.1" 200 158786 "-" "Mozilla/5.0 AppleWebKit/537.36 (KHTML, like Gecko; compatible; GPTBot/1.3; +https://openai.com/gptbot)"
74.7.227.43 - - [17/Dec/2025:21:08:24 +0800] "GET /pages.php?conflict/u218?pid=6557 HTTP/1.1" 200 142953 "-" "Mozilla/5.0 AppleWebKit/537.36 (KHTML, like Gecko; compatible; GPTBot/1.3; +https://openai.com/gptbot)"
74.7.227.43 - - [17/Dec/2025:21:08:25 +0800] "GET /pages.php?historian/i53?pid=730 HTTP/1.1" 200 161113 "-" "Mozilla/5.0 AppleWebKit/537.36 (KHTML, like Gecko; compatible; GPTBot/1.3; +https://openai.com/gptbot)"
74.7.227.43 - - [17/Dec/2025:21:08:26 +0800] "GET /pages.php?biography/f244?pid=191 HTTP/1.1" 200 161785 "-" "Mozilla/5.0 AppleWebKit/537.36 (KHTML, like Gecko; compatible; GPTBot/1.3; +https://openai.com/gptbot)"
74.7.227.43 - - [17/Dec/2025:21:08:27 +0800] "GET /pages.php?spend/v9?pid=32378 HTTP/1.1" 200 151410 "-" "Mozilla/5.0 AppleWebKit/537.36 (KHTML, like Gecko; compatible; GPTBot/1.3; +https://openai.com/gptbot)"
74.7.227.43 - - [17/Dec/2025:21:08:28 +0800] "GET /pages.php?define/a244?pid=27 HTTP/1.1" 200 153118 "-" "Mozilla/5.0 AppleWebKit/537.36 (KHTML, like Gecko; compatible; GPTBot/1.3; +https://openai.com/gptbot)"
74.7.227.43 - - [17/Dec/2025:21:08:29 +0800] "GET /pages.php?office/v244?pid=79 HTTP/1.1" 200 153566 "-" "Mozilla/5.0 AppleWebKit/537.36 (KHTML, like Gecko; compatible; GPTBot/1.3; +https://openai.com/gptbot)"
74.7.227.43 - - [17/Dec/2025:21:08:30 +0800] "GET /pages.php?valley/q244?pid=69 HTTP/1.1" 200 157625 "-" "Mozilla/5.0 AppleWebKit/537.36 (KHTML, like Gecko; compatible; GPTBot/1.3; +https://openai.com/gptbot)"
66.249.74.169 - - [17/Dec/2025:21:08:31 +0800] "GET /?products/13506930 HTTP/1.1" 200 148841 "-" "Mozilla/5.0 (Linux; Android 6.0.1; Nexus 5X Build/MMB29P) AppleWebKit/537.36 (KHTML, like Gecko) Chrome/141.0.7390.122 Mobile Safari/537.36 (compatible; GoogleOther)"
74.7.227.43 - - [17/Dec/2025:21:08:31 +0800] "GET /pages.php?generate/w36?pid=33821 HTTP/1.1" 200 143648 "-" "Mozilla/5.0 AppleWebKit/537.36 (KHTML, like Gecko; compatible; GPTBot/1.3; +https://openai.com/gptbot)"
74.7.227.43 - - [17/Dec/2025:21:08:32 +0800] "GET /pages.php?manipulate/u244?pid=843 HTTP/1.1" 200 153029 "-" "Mozilla/5.0 AppleWebKit/537.36 (KHTML, like Gecko; compatible; GPTBot/1.3; +https://openai.com/gptbot)"
74.7.227.43 - - [17/Dec/2025:21:08:32 +0800] "GET /pages.php?6518020 HTTP/1.1" 200 150142 "-" "Mozilla/5.0 AppleWebKit/537.36 (KHTML, like Gecko; compatible; GPTBot/1.3; +https://openai.com/gptbot)"
74.7.227.43 - - [17/Dec/2025:21:08:33 +0800] "GET /pages.php?framework/u218?pid=6557 HTTP/1.1" 200 143260 "-" "Mozilla/5.0 AppleWebKit/537.36 (KHTML, like Gecko; compatible; GPTBot/1.3; +https://openai.com/gptbot)"
74.7.227.43 - - [17/Dec/2025:21:08:34 +0800] "GET /pages.php?expected/d50?pid=14527 HTTP/1.1" 200 147697 "-" "Mozilla/5.0 AppleWebKit/537.36 (KHTML, like Gecko; compatible; GPTBot/1.3; +https://openai.com/gptbot)"
74.7.227.43 - - [17/Dec/2025:21:08:34 +0800] "GET /pages.php?dust/t204?pid=141 HTTP/1.1" 200 152264 "-" "Mozilla/5.0 AppleWebKit/537.36 (KHTML, like Gecko; compatible; GPTBot/1.3; +https://openai.com/gptbot)"
74.7.227.43 - - [17/Dec/2025:21:08:35 +0800] "GET /pages.php?ownership/k217?pid=238 HTTP/1.1" 200 142221 "-" "Mozilla/5.0 AppleWebKit/537.36 (KHTML, like Gecko; compatible; GPTBot/1.3; +https://openai.com/gptbot)"
74.7.227.43 - - [17/Dec/2025:21:08:36 +0800] "GET /pages.php?such/o244?pid=563 HTTP/1.1" 200 155545 "-" "Mozilla/5.0 AppleWebKit/537.36 (KHTML, like Gecko; compatible; GPTBot/1.3; +https://openai.com/gptbot)"
74.7.227.43 - - [17/Dec/2025:21:08:37 +0800] "GET /pages.php?dessert/a244?pid=27 HTTP/1.1" 200 154041 "-" "Mozilla/5.0 AppleWebKit/537.36 (KHTML, like Gecko; compatible; GPTBot/1.3; +https://openai.com/gptbot)"
74.7.227.43 - - [17/Dec/2025:21:08:38 +0800] "GET /pages.php?diverse/w36?pid=33821 HTTP/1.1" 200 143507 "-" "Mozilla/5.0 AppleWebKit/537.36 (KHTML, like Gecko; compatible; GPTBot/1.3; +https://openai.com/gptbot)"
74.7.227.43 - - [17/Dec/2025:21:08:39 +0800] "GET /pages.php?item/u123/37219/ HTTP/1.1" 200 141538 "-" "Mozilla/5.0 AppleWebKit/537.36 (KHTML, like Gecko; compatible; GPTBot/1.3; +https://openai.com/gptbot)"
74.7.227.43 - - [17/Dec/2025:21:08:40 +0800] "GET /pages.php?enhance/b4?pid=3793 HTTP/1.1" 200 147728 "-" "Mozilla/5.0 AppleWebKit/537.36 (KHTML, like Gecko; compatible; GPTBot/1.3; +https://openai.com/gptbot)"
74.7.227.43 - - [17/Dec/2025:21:08:40 +0800] "GET /pages.php?passing/y204?pid=87 HTTP/1.1" 200 153850 "-" "Mozilla/5.0 AppleWebKit/537.36 (KHTML, like Gecko; compatible; GPTBot/1.3; +https://openai.com/gptbot)"
66.249.74.169 - - [17/Dec/2025:21:08:41 +0800] "GET /?products/19829229 HTTP/1.1" 200 146241 "-" "Mozilla/5.0 (Linux; Android 6.0.1; Nexus 5X Build/MMB29P) AppleWebKit/537.36 (KHTML, like Gecko) Chrome/141.0.7390.122 Mobile Safari/537.36 (compatible; GoogleOther)"
204.12.208.18 - - [17/Dec/2025:21:08:41 +0800] "GET /wp-content/imdf7b91/index.php HTTP/1.1" 200 - "https://minyakwangi.bf1.my/wp-content/imdf7b91/index.php" "Mozilla/5.0 (compatible; MSIE 10.0; Windows NT 6.2; WOW64; Trident/6.0)"
74.7.227.43 - - [17/Dec/2025:21:08:41 +0800] "GET /pages.php?problem/s244?pid=49 HTTP/1.1" 200 168877 "-" "Mozilla/5.0 AppleWebKit/537.36 (KHTML, like Gecko; compatible; GPTBot/1.3; +https://openai.com/gptbot)"
74.7.227.43 - - [17/Dec/2025:21:08:42 +0800] "GET /pages.php?threshold/t204?pid=141 HTTP/1.1" 200 152680 "-" "Mozilla/5.0 AppleWebKit/537.36 (KHTML, like Gecko; compatible; GPTBot/1.3; +https://openai.com/gptbot)"
74.7.227.43 - - [17/Dec/2025:21:08:42 +0800] "GET /pages.php?fever/t204?pid=141 HTTP/1.1" 200 152864 "-" "Mozilla/5.0 AppleWebKit/537.36 (KHTML, like Gecko; compatible; GPTBot/1.3; +https://openai.com/gptbot)"
74.7.227.43 - - [17/Dec/2025:21:08:43 +0800] "GET /pages.php?pair/o244?pid=563 HTTP/1.1" 200 154921 "-" "Mozilla/5.0 AppleWebKit/537.36 (KHTML, like Gecko; compatible; GPTBot/1.3; +https://openai.com/gptbot)"
74.7.227.43 - - [17/Dec/2025:21:08:44 +0800] "GET /pages.php?grief/q244?pid=557 HTTP/1.1" 200 153927 "-" "Mozilla/5.0 AppleWebKit/537.36 (KHTML, like Gecko; compatible; GPTBot/1.3; +https://openai.com/gptbot)"
74.7.227.43 - - [17/Dec/2025:21:08:44 +0800] "GET /pages.php?shape/w99?pid=7652 HTTP/1.1" 200 146797 "-" "Mozilla/5.0 AppleWebKit/537.36 (KHTML, like Gecko; compatible; GPTBot/1.3; +https://openai.com/gptbot)"
74.7.227.43 - - [17/Dec/2025:21:08:45 +0800] "GET /pages.php?slide/o244?pid=503 HTTP/1.1" 200 155904 "-" "Mozilla/5.0 AppleWebKit/537.36 (KHTML, like Gecko; compatible; GPTBot/1.3; +https://openai.com/gptbot)"
74.7.227.43 - - [17/Dec/2025:21:08:46 +0800] "GET /pages.php?colonial/z197?pid=3440 HTTP/1.1" 200 148737 "-" "Mozilla/5.0 AppleWebKit/537.36 (KHTML, like Gecko; compatible; GPTBot/1.3; +https://openai.com/gptbot)"
74.7.227.43 - - [17/Dec/2025:21:08:46 +0800] "GET /pages.php?salt/f204?pid=285 HTTP/1.1" 200 154783 "-" "Mozilla/5.0 AppleWebKit/537.36 (KHTML, like Gecko; compatible; GPTBot/1.3; +https://openai.com/gptbot)"
74.7.227.43 - - [17/Dec/2025:21:08:47 +0800] "GET /pages.php?attention/r244?pid=235 HTTP/1.1" 200 154234 "-" "Mozilla/5.0 AppleWebKit/537.36 (KHTML, like Gecko; compatible; GPTBot/1.3; +https://openai.com/gptbot)"
74.7.227.43 - - [17/Dec/2025:21:08:48 +0800] "GET /pages.php?rush/b4?pid=42715 HTTP/1.1" 200 148548 "-" "Mozilla/5.0 AppleWebKit/537.36 (KHTML, like Gecko; compatible; GPTBot/1.3; +https://openai.com/gptbot)"
74.7.227.43 - - [17/Dec/2025:21:08:48 +0800] "GET /pages.php?election/n62?pid=12905 HTTP/1.1" 200 143142 "-" "Mozilla/5.0 AppleWebKit/537.36 (KHTML, like Gecko; compatible; GPTBot/1.3; +https://openai.com/gptbot)"
74.7.227.43 - - [17/Dec/2025:21:08:49 +0800] "GET /pages.php?therapy/a244?pid=27 HTTP/1.1" 200 153900 "-" "Mozilla/5.0 AppleWebKit/537.36 (KHTML, like Gecko; compatible; GPTBot/1.3; +https://openai.com/gptbot)"
74.7.227.43 - - [17/Dec/2025:21:08:50 +0800] "GET /pages.php?third/e244?pid=431 HTTP/1.1" 200 155433 "-" "Mozilla/5.0 AppleWebKit/537.36 (KHTML, like Gecko; compatible; GPTBot/1.3; +https://openai.com/gptbot)"
66.249.74.169 - - [17/Dec/2025:21:08:51 +0800] "GET /?products/9371018 HTTP/1.1" 200 146906 "-" "Mozilla/5.0 (Linux; Android 6.0.1; Nexus 5X Build/MMB29P) AppleWebKit/537.36 (KHTML, like Gecko) Chrome/141.0.7390.122 Mobile Safari/537.36 (compatible; GoogleOther)"
66.249.74.169 - - [17/Dec/2025:21:08:51 +0800] "GET /item/x659/6179462 HTTP/1.1" 200 149362 "-" "Mozilla/5.0 (Linux; Android 6.0.1; Nexus 5X Build/MMB29P) AppleWebKit/537.36 (KHTML, like Gecko) Chrome/141.0.7390.122 Mobile Safari/537.36 (compatible; Googlebot/2.1; +http://www.google.com/bot.html)"
74.7.227.43 - - [17/Dec/2025:21:08:51 +0800] "GET /pages.php?third/o244?pid=385 HTTP/1.1" 200 160034 "-" "Mozilla/5.0 AppleWebKit/537.36 (KHTML, like Gecko; compatible; GPTBot/1.3; +https://openai.com/gptbot)"
74.7.227.43 - - [17/Dec/2025:21:08:52 +0800] "GET /pages.php?filter/y45?pid=45924 HTTP/1.1" 200 149527 "-" "Mozilla/5.0 AppleWebKit/537.36 (KHTML, like Gecko; compatible; GPTBot/1.3; +https://openai.com/gptbot)"
74.7.227.43 - - [17/Dec/2025:21:08:53 +0800] "GET /pages.php?build/u244?pid=843 HTTP/1.1" 200 153729 "-" "Mozilla/5.0 AppleWebKit/537.36 (KHTML, like Gecko; compatible; GPTBot/1.3; +https://openai.com/gptbot)"
74.7.227.43 - - [17/Dec/2025:21:08:53 +0800] "GET /pages.php?mystery/a244?pid=27 HTTP/1.1" 200 153643 "-" "Mozilla/5.0 AppleWebKit/537.36 (KHTML, like Gecko; compatible; GPTBot/1.3; +https://openai.com/gptbot)"
66.249.74.169 - - [17/Dec/2025:21:08:54 +0800] "GET /item/w648/6271685 HTTP/1.1" 200 175428 "-" "Mozilla/5.0 (Linux; Android 6.0.1; Nexus 5X Build/MMB29P) AppleWebKit/537.36 (KHTML, like Gecko) Chrome/141.0.7390.122 Mobile Safari/537.36 (compatible; Googlebot/2.1; +http://www.google.com/bot.html)"
74.7.227.43 - - [17/Dec/2025:21:08:54 +0800] "GET /pages.php?bicycle/s244?pid=49 HTTP/1.1" 200 169360 "-" "Mozilla/5.0 AppleWebKit/537.36 (KHTML, like Gecko; compatible; GPTBot/1.3; +https://openai.com/gptbot)"
74.7.227.43 - - [17/Dec/2025:21:08:55 +0800] "GET /pages.php?terms/k252?pid=12673 HTTP/1.1" 200 168030 "-" "Mozilla/5.0 AppleWebKit/537.36 (KHTML, like Gecko; compatible; GPTBot/1.3; +https://openai.com/gptbot)"
74.7.227.43 - - [17/Dec/2025:21:08:56 +0800] "GET /pages.php?opinion/u77?pid=16534 HTTP/1.1" 200 150357 "-" "Mozilla/5.0 AppleWebKit/537.36 (KHTML, like Gecko; compatible; GPTBot/1.3; +https://openai.com/gptbot)"
74.7.227.43 - - [17/Dec/2025:21:08:57 +0800] "GET /pages.php?7473387 HTTP/1.1" 200 148066 "-" "Mozilla/5.0 AppleWebKit/537.36 (KHTML, like Gecko; compatible; GPTBot/1.3; +https://openai.com/gptbot)"
74.7.227.43 - - [17/Dec/2025:21:08:57 +0800] "GET /pages.php?childhood/e244?pid=431 HTTP/1.1" 200 155883 "-" "Mozilla/5.0 AppleWebKit/537.36 (KHTML, like Gecko; compatible; GPTBot/1.3; +https://openai.com/gptbot)"
74.7.227.43 - - [17/Dec/2025:21:08:58 +0800] "GET /pages.php?athletic/m103?pid=44874 HTTP/1.1" 200 145058 "-" "Mozilla/5.0 AppleWebKit/537.36 (KHTML, like Gecko; compatible; GPTBot/1.3; +https://openai.com/gptbot)"
74.7.227.43 - - [17/Dec/2025:21:08:59 +0800] "GET /pages.php?biography/p244?pid=345 HTTP/1.1" 200 160269 "-" "Mozilla/5.0 AppleWebKit/537.36 (KHTML, like Gecko; compatible; GPTBot/1.3; +https://openai.com/gptbot)"
74.7.227.43 - - [17/Dec/2025:21:09:00 +0800] "GET /pages.php?civilian/v174?pid=4701 HTTP/1.1" 200 142502 "-" "Mozilla/5.0 AppleWebKit/537.36 (KHTML, like Gecko; compatible; GPTBot/1.3; +https://openai.com/gptbot)"
66.249.74.169 - - [17/Dec/2025:21:09:01 +0800] "GET /?products/8748085 HTTP/1.1" 200 178666 "-" "Mozilla/5.0 (Linux; Android 6.0.1; Nexus 5X Build/MMB29P) AppleWebKit/537.36 (KHTML, like Gecko) Chrome/141.0.7390.122 Mobile Safari/537.36 (compatible; GoogleOther)"
74.7.227.43 - - [17/Dec/2025:21:09:01 +0800] "GET /pages.php?disorder/r244?pid=235 HTTP/1.1" 200 153740 "-" "Mozilla/5.0 AppleWebKit/537.36 (KHTML, like Gecko; compatible; GPTBot/1.3; +https://openai.com/gptbot)"
74.7.227.43 - - [17/Dec/2025:21:09:01 +0800] "GET /pages.php?inherent/e72?pid=22597 HTTP/1.1" 200 158455 "-" "Mozilla/5.0 AppleWebKit/537.36 (KHTML, like Gecko; compatible; GPTBot/1.3; +https://openai.com/gptbot)"
74.7.227.43 - - [17/Dec/2025:21:09:02 +0800] "GET /pages.php?panel/i244?pid=465 HTTP/1.1" 200 153394 "-" "Mozilla/5.0 AppleWebKit/537.36 (KHTML, like Gecko; compatible; GPTBot/1.3; +https://openai.com/gptbot)"
74.7.227.43 - - [17/Dec/2025:21:09:03 +0800] "GET /pages.php?proud/p244?pid=345 HTTP/1.1" 200 159384 "-" "Mozilla/5.0 AppleWebKit/537.36 (KHTML, like Gecko; compatible; GPTBot/1.3; +https://openai.com/gptbot)"
74.7.227.43 - - [17/Dec/2025:21:09:04 +0800] "GET /pages.php?opposed/v244?pid=79 HTTP/1.1" 200 153959 "-" "Mozilla/5.0 AppleWebKit/537.36 (KHTML, like Gecko; compatible; GPTBot/1.3; +https://openai.com/gptbot)"
74.7.227.43 - - [17/Dec/2025:21:09:05 +0800] "GET /pages.php?progress/e244?pid=789 HTTP/1.1" 200 153859 "-" "Mozilla/5.0 AppleWebKit/537.36 (KHTML, like Gecko; compatible; GPTBot/1.3; +https://openai.com/gptbot)"
74.7.227.43 - - [17/Dec/2025:21:09:05 +0800] "GET /pages.php?tonight/v244?pid=79 HTTP/1.1" 200 153724 "-" "Mozilla/5.0 AppleWebKit/537.36 (KHTML, like Gecko; compatible; GPTBot/1.3; +https://openai.com/gptbot)"
74.7.227.43 - - [17/Dec/2025:21:09:06 +0800] "GET /pages.php?apart/p244?pid=345 HTTP/1.1" 200 158611 "-" "Mozilla/5.0 AppleWebKit/537.36 (KHTML, like Gecko; compatible; GPTBot/1.3; +https://openai.com/gptbot)"
74.7.227.43 - - [17/Dec/2025:21:09:07 +0800] "GET /pages.php?sympathy/v174?pid=4701 HTTP/1.1" 200 142839 "-" "Mozilla/5.0 AppleWebKit/537.36 (KHTML, like Gecko; compatible; GPTBot/1.3; +https://openai.com/gptbot)"
74.7.227.43 - - [17/Dec/2025:21:09:07 +0800] "GET /pages.php?increased/r244?pid=235 HTTP/1.1" 200 154535 "-" "Mozilla/5.0 AppleWebKit/537.36 (KHTML, like Gecko; compatible; GPTBot/1.3; +https://openai.com/gptbot)"
74.7.227.43 - - [17/Dec/2025:21:09:08 +0800] "GET /pages.php?tourist/e72?pid=22597 HTTP/1.1" 200 157760 "-" "Mozilla/5.0 AppleWebKit/537.36 (KHTML, like Gecko; compatible; GPTBot/1.3; +https://openai.com/gptbot)"
74.7.227.43 - - [17/Dec/2025:21:09:08 +0800] "GET /pages.php?amendment/e244?pid=431 HTTP/1.1" 200 155404 "-" "Mozilla/5.0 AppleWebKit/537.36 (KHTML, like Gecko; compatible; GPTBot/1.3; +https://openai.com/gptbot)"
74.7.227.43 - - [17/Dec/2025:21:09:09 +0800] "GET /pages.php?product/r82?pid=13827 HTTP/1.1" 200 148553 "-" "Mozilla/5.0 AppleWebKit/537.36 (KHTML, like Gecko; compatible; GPTBot/1.3; +https://openai.com/gptbot)"
74.7.227.43 - - [17/Dec/2025:21:09:09 +0800] "GET /pages.php?politics/i244?pid=465 HTTP/1.1" 200 152736 "-" "Mozilla/5.0 AppleWebKit/537.36 (KHTML, like Gecko; compatible; GPTBot/1.3; +https://openai.com/gptbot)"
74.7.227.43 - - [17/Dec/2025:21:09:10 +0800] "GET /pages.php?fund/n71?pid=2186 HTTP/1.1" 200 146055 "-" "Mozilla/5.0 AppleWebKit/537.36 (KHTML, like Gecko; compatible; GPTBot/1.3; +https://openai.com/gptbot)"
66.249.74.160 - - [17/Dec/2025:21:09:11 +0800] "GET /?products/9336107 HTTP/1.1" 200 162822 "-" "Mozilla/5.0 (Linux; Android 6.0.1; Nexus 5X Build/MMB29P) AppleWebKit/537.36 (KHTML, like Gecko) Chrome/141.0.7390.122 Mobile Safari/537.36 (compatible; GoogleOther)"
74.7.227.43 - - [17/Dec/2025:21:09:11 +0800] "GET /pages.php?equal/i244?pid=545 HTTP/1.1" 200 153564 "-" "Mozilla/5.0 AppleWebKit/537.36 (KHTML, like Gecko; compatible; GPTBot/1.3; +https://openai.com/gptbot)"
74.7.227.43 - - [17/Dec/2025:21:09:11 +0800] "GET /pages.php?examine/s244?pid=83 HTTP/1.1" 200 167968 "-" "Mozilla/5.0 AppleWebKit/537.36 (KHTML, like Gecko; compatible; GPTBot/1.3; +https://openai.com/gptbot)"
74.7.227.43 - - [17/Dec/2025:21:09:12 +0800] "GET /pages.php?vehicle/v244?pid=79 HTTP/1.1" 200 153388 "-" "Mozilla/5.0 AppleWebKit/537.36 (KHTML, like Gecko; compatible; GPTBot/1.3; +https://openai.com/gptbot)"
74.7.227.43 - - [17/Dec/2025:21:09:13 +0800] "GET /pages.php?require/v244?pid=79 HTTP/1.1" 200 154339 "-" "Mozilla/5.0 AppleWebKit/537.36 (KHTML, like Gecko; compatible; GPTBot/1.3; +https://openai.com/gptbot)"
74.7.227.43 - - [17/Dec/2025:21:09:13 +0800] "GET /pages.php?workshop/e72?pid=22597 HTTP/1.1" 200 157744 "-" "Mozilla/5.0 AppleWebKit/537.36 (KHTML, like Gecko; compatible; GPTBot/1.3; +https://openai.com/gptbot)"
74.7.227.43 - - [17/Dec/2025:21:09:14 +0800] "GET /pages.php?hero/i244?pid=223 HTTP/1.1" 200 156557 "-" "Mozilla/5.0 AppleWebKit/537.36 (KHTML, like Gecko; compatible; GPTBot/1.3; +https://openai.com/gptbot)"
74.7.227.43 - - [17/Dec/2025:21:09:14 +0800] "GET /pages.php?natural/a244?pid=27 HTTP/1.1" 200 154323 "-" "Mozilla/5.0 AppleWebKit/537.36 (KHTML, like Gecko; compatible; GPTBot/1.3; +https://openai.com/gptbot)"
74.7.227.43 - - [17/Dec/2025:21:09:15 +0800] "GET /pages.php?ready/z244?pid=133 HTTP/1.1" 200 153844 "-" "Mozilla/5.0 AppleWebKit/537.36 (KHTML, like Gecko; compatible; GPTBot/1.3; +https://openai.com/gptbot)"
74.7.227.43 - - [17/Dec/2025:21:09:15 +0800] "GET /pages.php?prior/f244?pid=143 HTTP/1.1" 200 154303 "-" "Mozilla/5.0 AppleWebKit/537.36 (KHTML, like Gecko; compatible; GPTBot/1.3; +https://openai.com/gptbot)"
74.7.227.43 - - [17/Dec/2025:21:09:16 +0800] "GET /pages.php?physical/f244?pid=143 HTTP/1.1" 200 154216 "-" "Mozilla/5.0 AppleWebKit/537.36 (KHTML, like Gecko; compatible; GPTBot/1.3; +https://openai.com/gptbot)"
74.7.227.43 - - [17/Dec/2025:21:09:16 +0800] "GET /pages.php?yesterday/s244?pid=83 HTTP/1.1" 200 166204 "-" "Mozilla/5.0 AppleWebKit/537.36 (KHTML, like Gecko; compatible; GPTBot/1.3; +https://openai.com/gptbot)"
74.7.227.43 - - [17/Dec/2025:21:09:17 +0800] "GET /pages.php?magnitude/s244?pid=645 HTTP/1.1" 200 153158 "-" "Mozilla/5.0 AppleWebKit/537.36 (KHTML, like Gecko; compatible; GPTBot/1.3; +https://openai.com/gptbot)"
74.7.227.43 - - [17/Dec/2025:21:09:18 +0800] "GET /pages.php?identify/e13?pid=5152 HTTP/1.1" 200 149850 "-" "Mozilla/5.0 AppleWebKit/537.36 (KHTML, like Gecko; compatible; GPTBot/1.3; +https://openai.com/gptbot)"
74.7.227.43 - - [17/Dec/2025:21:09:18 +0800] "GET /pages.php?perceive/o87?pid=14866 HTTP/1.1" 200 143003 "-" "Mozilla/5.0 AppleWebKit/537.36 (KHTML, like Gecko; compatible; GPTBot/1.3; +https://openai.com/gptbot)"
74.7.227.43 - - [17/Dec/2025:21:09:19 +0800] "GET /pages.php?flood/k244?pid=647 HTTP/1.1" 200 154647 "-" "Mozilla/5.0 AppleWebKit/537.36 (KHTML, like Gecko; compatible; GPTBot/1.3; +https://openai.com/gptbot)"
74.7.227.43 - - [17/Dec/2025:21:09:19 +0800] "GET /pages.php?liability/e244?pid=499 HTTP/1.1" 200 153818 "-" "Mozilla/5.0 AppleWebKit/537.36 (KHTML, like Gecko; compatible; GPTBot/1.3; +https://openai.com/gptbot)"
74.7.227.43 - - [17/Dec/2025:21:09:20 +0800] "GET /pages.php?rack/t12?pid=5315 HTTP/1.1" 200 141903 "-" "Mozilla/5.0 AppleWebKit/537.36 (KHTML, like Gecko; compatible; GPTBot/1.3; +https://openai.com/gptbot)"
66.249.74.169 - - [17/Dec/2025:21:09:21 +0800] "GET /?products/4642396 HTTP/1.1" 200 155717 "-" "Mozilla/5.0 (Linux; Android 6.0.1; Nexus 5X Build/MMB29P) AppleWebKit/537.36 (KHTML, like Gecko) Chrome/141.0.7390.122 Mobile Safari/537.36 (compatible; GoogleOther)"
74.7.227.43 - - [17/Dec/2025:21:09:21 +0800] "GET /pages.php?soar/e244?pid=789 HTTP/1.1" 200 154147 "-" "Mozilla/5.0 AppleWebKit/537.36 (KHTML, like Gecko; compatible; GPTBot/1.3; +https://openai.com/gptbot)"
74.7.227.43 - - [17/Dec/2025:21:09:21 +0800] "GET /pages.php?interfere/i244?pid=223 HTTP/1.1" 200 155499 "-" "Mozilla/5.0 AppleWebKit/537.36 (KHTML, like Gecko; compatible; GPTBot/1.3; +https://openai.com/gptbot)"
74.7.227.43 - - [17/Dec/2025:21:09:22 +0800] "GET /pages.php?amendment/e244?pid=703 HTTP/1.1" 200 153141 "-" "Mozilla/5.0 AppleWebKit/537.36 (KHTML, like Gecko; compatible; GPTBot/1.3; +https://openai.com/gptbot)"
74.7.227.43 - - [17/Dec/2025:21:09:23 +0800] "GET /pages.php?training/f244?pid=143 HTTP/1.1" 200 153411 "-" "Mozilla/5.0 AppleWebKit/537.36 (KHTML, like Gecko; compatible; GPTBot/1.3; +https://openai.com/gptbot)"
74.7.227.43 - - [17/Dec/2025:21:09:24 +0800] "GET /pages.php?capital/s189?pid=8030 HTTP/1.1" 200 142091 "-" "Mozilla/5.0 AppleWebKit/537.36 (KHTML, like Gecko; compatible; GPTBot/1.3; +https://openai.com/gptbot)"
74.7.227.43 - - [17/Dec/2025:21:09:24 +0800] "GET /pages.php?shuttle/v244?pid=79 HTTP/1.1" 200 153515 "-" "Mozilla/5.0 AppleWebKit/537.36 (KHTML, like Gecko; compatible; GPTBot/1.3; +https://openai.com/gptbot)"
74.7.227.43 - - [17/Dec/2025:21:09:25 +0800] "GET /pages.php?attempt/q84?pid=9983 HTTP/1.1" 200 142917 "-" "Mozilla/5.0 AppleWebKit/537.36 (KHTML, like Gecko; compatible; GPTBot/1.3; +https://openai.com/gptbot)"
74.7.227.43 - - [17/Dec/2025:21:09:26 +0800] "GET /pages.php?suspicion/k244?pid=647 HTTP/1.1" 200 153871 "-" "Mozilla/5.0 AppleWebKit/537.36 (KHTML, like Gecko; compatible; GPTBot/1.3; +https://openai.com/gptbot)"
74.7.227.43 - - [17/Dec/2025:21:09:27 +0800] "GET /pages.php?cool/t12?pid=5315 HTTP/1.1" 200 142496 "-" "Mozilla/5.0 AppleWebKit/537.36 (KHTML, like Gecko; compatible; GPTBot/1.3; +https://openai.com/gptbot)"
74.7.227.43 - - [17/Dec/2025:21:09:28 +0800] "GET /pages.php?pretend/i53?pid=730 HTTP/1.1" 200 161381 "-" "Mozilla/5.0 AppleWebKit/537.36 (KHTML, like Gecko; compatible; GPTBot/1.3; +https://openai.com/gptbot)"
52.167.144.229 - - [17/Dec/2025:21:09:29 +0800] "GET /?m=319509124 HTTP/1.1" 200 144950 "-" "Mozilla/5.0 AppleWebKit/537.36 (KHTML, like Gecko; compatible; bingbot/2.0; +http://www.bing.com/bingbot.htm) Chrome/116.0.1938.76 Safari/537.36"
74.7.227.43 - - [17/Dec/2025:21:09:29 +0800] "GET /pages.php?sign/i244?pid=223 HTTP/1.1" 200 155612 "-" "Mozilla/5.0 AppleWebKit/537.36 (KHTML, like Gecko; compatible; GPTBot/1.3; +https://openai.com/gptbot)"
66.249.74.169 - - [17/Dec/2025:21:09:31 +0800] "GET /?products/10822207 HTTP/1.1" 200 149889 "-" "Mozilla/5.0 (Linux; Android 6.0.1; Nexus 5X Build/MMB29P) AppleWebKit/537.36 (KHTML, like Gecko) Chrome/141.0.7390.122 Mobile Safari/537.36 (compatible; GoogleOther)"
74.7.227.43 - - [17/Dec/2025:21:09:31 +0800] "GET /pages.php?community/q244?pid=317 HTTP/1.1" 200 153505 "-" "Mozilla/5.0 AppleWebKit/537.36 (KHTML, like Gecko; compatible; GPTBot/1.3; +https://openai.com/gptbot)"
74.7.227.43 - - [17/Dec/2025:21:09:32 +0800] "GET /pages.php?hero/o244?pid=385 HTTP/1.1" 200 161024 "-" "Mozilla/5.0 AppleWebKit/537.36 (KHTML, like Gecko; compatible; GPTBot/1.3; +https://openai.com/gptbot)"
74.7.227.43 - - [17/Dec/2025:21:09:33 +0800] "GET /pages.php?provide/h26?pid=46995 HTTP/1.1" 200 150782 "-" "Mozilla/5.0 AppleWebKit/537.36 (KHTML, like Gecko; compatible; GPTBot/1.3; +https://openai.com/gptbot)"
74.7.227.43 - - [17/Dec/2025:21:09:33 +0800] "GET /pages.php?development/v244?pid=79 HTTP/1.1" 200 153848 "-" "Mozilla/5.0 AppleWebKit/537.36 (KHTML, like Gecko; compatible; GPTBot/1.3; +https://openai.com/gptbot)"
74.7.227.43 - - [17/Dec/2025:21:09:34 +0800] "GET /pages.php?material/p244?pid=345 HTTP/1.1" 200 159020 "-" "Mozilla/5.0 AppleWebKit/537.36 (KHTML, like Gecko; compatible; GPTBot/1.3; +https://openai.com/gptbot)"
74.7.227.43 - - [17/Dec/2025:21:09:35 +0800] "GET /pages.php?channel=110e08&from=https://minyakwangi.bf1.my/cart.cgi?sheet/v244?pid=79&y=2908815002796 HTTP/1.1" 200 153607 "-" "Mozilla/5.0 AppleWebKit/537.36 (KHTML, like Gecko; compatible; GPTBot/1.3; +https://openai.com/gptbot)"
74.7.227.43 - - [17/Dec/2025:21:09:36 +0800] "GET /pages.php?laser/q84?pid=9983 HTTP/1.1" 200 143306 "-" "Mozilla/5.0 AppleWebKit/537.36 (KHTML, like Gecko; compatible; GPTBot/1.3; +https://openai.com/gptbot)"
74.7.227.43 - - [17/Dec/2025:21:09:36 +0800] "GET /pages.php?bull/f244?pid=281 HTTP/1.1" 200 158403 "-" "Mozilla/5.0 AppleWebKit/537.36 (KHTML, like Gecko; compatible; GPTBot/1.3; +https://openai.com/gptbot)"
74.7.227.43 - - [17/Dec/2025:21:09:37 +0800] "GET /pages.php?realize/v244?pid=79 HTTP/1.1" 200 154290 "-" "Mozilla/5.0 AppleWebKit/537.36 (KHTML, like Gecko; compatible; GPTBot/1.3; +https://openai.com/gptbot)"
74.7.227.43 - - [17/Dec/2025:21:09:38 +0800] "GET /pages.php?developer/r244?pid=235 HTTP/1.1" 200 154651 "-" "Mozilla/5.0 AppleWebKit/537.36 (KHTML, like Gecko; compatible; GPTBot/1.3; +https://openai.com/gptbot)"
74.7.227.43 - - [17/Dec/2025:21:09:39 +0800] "GET /pages.php?flood/e244?pid=499 HTTP/1.1" 200 152653 "-" "Mozilla/5.0 AppleWebKit/537.36 (KHTML, like Gecko; compatible; GPTBot/1.3; +https://openai.com/gptbot)"
74.7.227.43 - - [17/Dec/2025:21:09:39 +0800] "GET /pages.php?carefully/o244?pid=385 HTTP/1.1" 200 159927 "-" "Mozilla/5.0 AppleWebKit/537.36 (KHTML, like Gecko; compatible; GPTBot/1.3; +https://openai.com/gptbot)"
74.7.227.43 - - [17/Dec/2025:21:09:40 +0800] "GET /pages.php?producer/i284?pid=8121 HTTP/1.1" 200 147744 "-" "Mozilla/5.0 AppleWebKit/537.36 (KHTML, like Gecko; compatible; GPTBot/1.3; +https://openai.com/gptbot)"
74.7.227.43 - - [17/Dec/2025:21:09:40 +0800] "GET /pages.php?secular/s244?pid=49 HTTP/1.1" 200 167736 "-" "Mozilla/5.0 AppleWebKit/537.36 (KHTML, like Gecko; compatible; GPTBot/1.3; +https://openai.com/gptbot)"
66.249.74.169 - - [17/Dec/2025:21:09:41 +0800] "GET /?products/20430396 HTTP/1.1" 200 159063 "-" "Mozilla/5.0 (Linux; Android 6.0.1; Nexus 5X Build/MMB29P) AppleWebKit/537.36 (KHTML, like Gecko) Chrome/141.0.7390.122 Mobile Safari/537.36 (compatible; GoogleOther)"
74.7.227.43 - - [17/Dec/2025:21:09:41 +0800] "GET /pages.php?personnel/e244?pid=737 HTTP/1.1" 200 153472 "-" "Mozilla/5.0 AppleWebKit/537.36 (KHTML, like Gecko; compatible; GPTBot/1.3; +https://openai.com/gptbot)"
74.7.227.43 - - [17/Dec/2025:21:09:42 +0800] "GET /pages.php?estimate/p244?pid=345 HTTP/1.1" 200 160479 "-" "Mozilla/5.0 AppleWebKit/537.36 (KHTML, like Gecko; compatible; GPTBot/1.3; +https://openai.com/gptbot)"
74.7.227.43 - - [17/Dec/2025:21:09:42 +0800] "GET /pages.php?channel=110e08&from=https://minyakwangi.bf1.my/cart.cgi?item/u239/12175/&y=2908815002796 HTTP/1.1" 200 142774 "-" "Mozilla/5.0 AppleWebKit/537.36 (KHTML, like Gecko; compatible; GPTBot/1.3; +https://openai.com/gptbot)"
74.7.227.43 - - [17/Dec/2025:21:09:43 +0800] "GET /pages.php?earth/v244?pid=229 HTTP/1.1" 200 153346 "-" "Mozilla/5.0 AppleWebKit/537.36 (KHTML, like Gecko; compatible; GPTBot/1.3; +https://openai.com/gptbot)"
74.7.227.43 - - [17/Dec/2025:21:09:43 +0800] "GET /pages.php?explode/f75?pid=450 HTTP/1.1" 200 145590 "-" "Mozilla/5.0 AppleWebKit/537.36 (KHTML, like Gecko; compatible; GPTBot/1.3; +https://openai.com/gptbot)"
74.7.227.43 - - [17/Dec/2025:21:09:44 +0800] "GET /pages.php?channel=110e08&from=https://minyakwangi.bf1.my/cart.cgi?quest/e244?pid=499&y=2908815002796 HTTP/1.1" 200 153894 "-" "Mozilla/5.0 AppleWebKit/537.36 (KHTML, like Gecko; compatible; GPTBot/1.3; +https://openai.com/gptbot)"
74.7.227.43 - - [17/Dec/2025:21:09:45 +0800] "GET /pages.php?estimate/e273?pid=4562 HTTP/1.1" 200 143991 "-" "Mozilla/5.0 AppleWebKit/537.36 (KHTML, like Gecko; compatible; GPTBot/1.3; +https://openai.com/gptbot)"
74.7.227.43 - - [17/Dec/2025:21:09:45 +0800] "GET /pages.php?most/i244?pid=465 HTTP/1.1" 200 153154 "-" "Mozilla/5.0 AppleWebKit/537.36 (KHTML, like Gecko; compatible; GPTBot/1.3; +https://openai.com/gptbot)"
74.7.227.43 - - [17/Dec/2025:21:09:46 +0800] "GET /pages.php?fool/e244?pid=703 HTTP/1.1" 200 153516 "-" "Mozilla/5.0 AppleWebKit/537.36 (KHTML, like Gecko; compatible; GPTBot/1.3; +https://openai.com/gptbot)"
74.7.227.43 - - [17/Dec/2025:21:09:47 +0800] "GET /pages.php?guard/z244?pid=133 HTTP/1.1" 200 153227 "-" "Mozilla/5.0 AppleWebKit/537.36 (KHTML, like Gecko; compatible; GPTBot/1.3; +https://openai.com/gptbot)"
74.7.227.43 - - [17/Dec/2025:21:09:47 +0800] "GET /pages.php?there/e244?pid=499 HTTP/1.1" 200 152327 "-" "Mozilla/5.0 AppleWebKit/537.36 (KHTML, like Gecko; compatible; GPTBot/1.3; +https://openai.com/gptbot)"
74.7.227.43 - - [17/Dec/2025:21:09:48 +0800] "GET /pages.php?genetic/o7?pid=9176 HTTP/1.1" 200 143601 "-" "Mozilla/5.0 AppleWebKit/537.36 (KHTML, like Gecko; compatible; GPTBot/1.3; +https://openai.com/gptbot)"
74.7.227.43 - - [17/Dec/2025:21:09:49 +0800] "GET /pages.php?lonely/e78?pid=34623 HTTP/1.1" 200 143595 "-" "Mozilla/5.0 AppleWebKit/537.36 (KHTML, like Gecko; compatible; GPTBot/1.3; +https://openai.com/gptbot)"
74.7.227.43 - - [17/Dec/2025:21:09:49 +0800] "GET /pages.php?aircraft/i244?pid=465 HTTP/1.1" 200 153995 "-" "Mozilla/5.0 AppleWebKit/537.36 (KHTML, like Gecko; compatible; GPTBot/1.3; +https://openai.com/gptbot)"
66.249.74.169 - - [17/Dec/2025:21:09:50 +0800] "GET /?products/7523274 HTTP/1.1" 200 154989 "-" "Mozilla/5.0 (Linux; Android 6.0.1; Nexus 5X Build/MMB29P) AppleWebKit/537.36 (KHTML, like Gecko) Chrome/141.0.7390.122 Mobile Safari/537.36 (compatible; GoogleOther)"
74.7.227.43 - - [17/Dec/2025:21:09:50 +0800] "GET /pages.php?behavior/p19?pid=19598 HTTP/1.1" 200 150703 "-" "Mozilla/5.0 AppleWebKit/537.36 (KHTML, like Gecko; compatible; GPTBot/1.3; +https://openai.com/gptbot)"
74.7.227.43 - - [17/Dec/2025:21:09:51 +0800] "GET /pages.php?lots/p244?pid=345 HTTP/1.1" 200 159021 "-" "Mozilla/5.0 AppleWebKit/537.36 (KHTML, like Gecko; compatible; GPTBot/1.3; +https://openai.com/gptbot)"
74.7.227.43 - - [17/Dec/2025:21:09:52 +0800] "GET /pages.php?palm/j1?pid=31516 HTTP/1.1" 200 141283 "-" "Mozilla/5.0 AppleWebKit/537.36 (KHTML, like Gecko; compatible; GPTBot/1.3; +https://openai.com/gptbot)"
74.7.227.43 - - [17/Dec/2025:21:09:53 +0800] "GET /pages.php?fund/e244?pid=703 HTTP/1.1" 200 153277 "-" "Mozilla/5.0 AppleWebKit/537.36 (KHTML, like Gecko; compatible; GPTBot/1.3; +https://openai.com/gptbot)"
74.7.227.43 - - [17/Dec/2025:21:09:53 +0800] "GET /pages.php?statistics/f244?pid=143 HTTP/1.1" 200 152774 "-" "Mozilla/5.0 AppleWebKit/537.36 (KHTML, like Gecko; compatible; GPTBot/1.3; +https://openai.com/gptbot)"
74.7.227.43 - - [17/Dec/2025:21:09:54 +0800] "GET /pages.php?everyone/z93?pid=43072 HTTP/1.1" 200 145642 "-" "Mozilla/5.0 AppleWebKit/537.36 (KHTML, like Gecko; compatible; GPTBot/1.3; +https://openai.com/gptbot)"
74.7.227.43 - - [17/Dec/2025:21:09:55 +0800] "GET /pages.php?impress/l239?pid=66 HTTP/1.1" 200 142475 "-" "Mozilla/5.0 AppleWebKit/537.36 (KHTML, like Gecko; compatible; GPTBot/1.3; +https://openai.com/gptbot)"
74.7.227.43 - - [17/Dec/2025:21:09:56 +0800] "GET /pages.php?vaccine/s27?pid=544 HTTP/1.1" 200 141147 "-" "Mozilla/5.0 AppleWebKit/537.36 (KHTML, like Gecko; compatible; GPTBot/1.3; +https://openai.com/gptbot)"
74.7.227.43 - - [17/Dec/2025:21:09:56 +0800] "GET /pages.php?shit/i244?pid=465 HTTP/1.1" 200 153475 "-" "Mozilla/5.0 AppleWebKit/537.36 (KHTML, like Gecko; compatible; GPTBot/1.3; +https://openai.com/gptbot)"
74.7.227.43 - - [17/Dec/2025:21:09:57 +0800] "GET /pages.php?ecosystem/p19?pid=19598 HTTP/1.1" 200 150931 "-" "Mozilla/5.0 AppleWebKit/537.36 (KHTML, like Gecko; compatible; GPTBot/1.3; +https://openai.com/gptbot)"
74.7.227.43 - - [17/Dec/2025:21:09:58 +0800] "GET /pages.php?resource/p244?pid=345 HTTP/1.1" 200 160836 "-" "Mozilla/5.0 AppleWebKit/537.36 (KHTML, like Gecko; compatible; GPTBot/1.3; +https://openai.com/gptbot)"
66.249.74.169 - - [17/Dec/2025:21:09:59 +0800] "GET /?products/15578785 HTTP/1.1" 200 158372 "-" "Mozilla/5.0 (Linux; Android 6.0.1; Nexus 5X Build/MMB29P) AppleWebKit/537.36 (KHTML, like Gecko) Chrome/141.0.7390.122 Mobile Safari/537.36 (compatible; GoogleOther)"
74.7.227.43 - - [17/Dec/2025:21:09:59 +0800] "GET /pages.php?n_654spd5214 HTTP/1.1" 200 143669 "-" "Mozilla/5.0 AppleWebKit/537.36 (KHTML, like Gecko; compatible; GPTBot/1.3; +https://openai.com/gptbot)"
74.7.227.43 - - [17/Dec/2025:21:10:00 +0800] "GET /pages.php?forum/w244?pid=39 HTTP/1.1" 200 157896 "-" "Mozilla/5.0 AppleWebKit/537.36 (KHTML, like Gecko; compatible; GPTBot/1.3; +https://openai.com/gptbot)"
66.249.74.169 - - [17/Dec/2025:21:10:00 +0800] "GET /?products/5273718 HTTP/1.1" 200 178561 "-" "Mozilla/5.0 (Linux; Android 6.0.1; Nexus 5X Build/MMB29P) AppleWebKit/537.36 (KHTML, like Gecko) Chrome/141.0.7390.122 Mobile Safari/537.36 (compatible; GoogleOther)"
74.7.227.43 - - [17/Dec/2025:21:10:00 +0800] "GET /pages.php?abuse/e244?pid=499 HTTP/1.1" 200 154246 "-" "Mozilla/5.0 AppleWebKit/537.36 (KHTML, like Gecko; compatible; GPTBot/1.3; +https://openai.com/gptbot)"
74.7.227.43 - - [17/Dec/2025:21:10:01 +0800] "GET /pages.php?cite/t244?pid=129 HTTP/1.1" 200 154682 "-" "Mozilla/5.0 AppleWebKit/537.36 (KHTML, like Gecko; compatible; GPTBot/1.3; +https://openai.com/gptbot)"
74.7.227.43 - - [17/Dec/2025:21:10:02 +0800] "GET /pages.php?aisle/l244?pid=435 HTTP/1.1" 200 153926 "-" "Mozilla/5.0 AppleWebKit/537.36 (KHTML, like Gecko; compatible; GPTBot/1.3; +https://openai.com/gptbot)"
74.7.227.43 - - [17/Dec/2025:21:10:03 +0800] "GET /pages.php?terrorism/e73?pid=6868 HTTP/1.1" 200 143956 "-" "Mozilla/5.0 AppleWebKit/537.36 (KHTML, like Gecko; compatible; GPTBot/1.3; +https://openai.com/gptbot)"
74.7.227.43 - - [17/Dec/2025:21:10:04 +0800] "GET /pages.php?recipe/s27?pid=544 HTTP/1.1" 200 141101 "-" "Mozilla/5.0 AppleWebKit/537.36 (KHTML, like Gecko; compatible; GPTBot/1.3; +https://openai.com/gptbot)"
66.249.74.161 - - [17/Dec/2025:21:10:05 +0800] "GET /item/w856/5857401 HTTP/1.1" 200 151643 "-" "Mozilla/5.0 (Linux; Android 6.0.1; Nexus 5X Build/MMB29P) AppleWebKit/537.36 (KHTML, like Gecko) Chrome/141.0.7390.122 Mobile Safari/537.36 (compatible; Googlebot/2.1; +http://www.google.com/bot.html)"
74.7.227.43 - - [17/Dec/2025:21:10:05 +0800] "GET /pages.php?purchase/o24?pid=15959 HTTP/1.1" 200 146340 "-" "Mozilla/5.0 AppleWebKit/537.36 (KHTML, like Gecko; compatible; GPTBot/1.3; +https://openai.com/gptbot)"
74.7.227.43 - - [17/Dec/2025:21:10:06 +0800] "GET /pages.php?awful/i244?pid=465 HTTP/1.1" 200 153303 "-" "Mozilla/5.0 AppleWebKit/537.36 (KHTML, like Gecko; compatible; GPTBot/1.3; +https://openai.com/gptbot)"
74.7.227.43 - - [17/Dec/2025:21:10:06 +0800] "GET /pages.php?pass/j1?pid=31516 HTTP/1.1" 200 140998 "-" "Mozilla/5.0 AppleWebKit/537.36 (KHTML, like Gecko; compatible; GPTBot/1.3; +https://openai.com/gptbot)"
74.7.227.43 - - [17/Dec/2025:21:10:07 +0800] "GET /pages.php?personally/s244?pid=645 HTTP/1.1" 200 154700 "-" "Mozilla/5.0 AppleWebKit/537.36 (KHTML, like Gecko; compatible; GPTBot/1.3; +https://openai.com/gptbot)"
74.7.227.43 - - [17/Dec/2025:21:10:08 +0800] "GET /pages.php?revenue/q244?pid=69 HTTP/1.1" 200 159170 "-" "Mozilla/5.0 AppleWebKit/537.36 (KHTML, like Gecko; compatible; GPTBot/1.3; +https://openai.com/gptbot)"
74.7.227.43 - - [17/Dec/2025:21:10:08 +0800] "GET /pages.php?mission/a22?pid=577 HTTP/1.1" 200 143173 "-" "Mozilla/5.0 AppleWebKit/537.36 (KHTML, like Gecko; compatible; GPTBot/1.3; +https://openai.com/gptbot)"
74.7.227.43 - - [17/Dec/2025:21:10:09 +0800] "GET /pages.php?standing/l244?pid=435 HTTP/1.1" 200 152765 "-" "Mozilla/5.0 AppleWebKit/537.36 (KHTML, like Gecko; compatible; GPTBot/1.3; +https://openai.com/gptbot)"
74.7.227.43 - - [17/Dec/2025:21:10:10 +0800] "GET /pages.php?plus/e73?pid=6868 HTTP/1.1" 200 143773 "-" "Mozilla/5.0 AppleWebKit/537.36 (KHTML, like Gecko; compatible; GPTBot/1.3; +https://openai.com/gptbot)"
66.249.74.169 - - [17/Dec/2025:21:10:11 +0800] "GET /?products/24736363 HTTP/1.1" 200 176011 "-" "Mozilla/5.0 (Linux; Android 6.0.1; Nexus 5X Build/MMB29P) AppleWebKit/537.36 (KHTML, like Gecko) Chrome/141.0.7390.122 Mobile Safari/537.36 (compatible; GoogleOther)"
74.7.227.43 - - [17/Dec/2025:21:10:10 +0800] "GET /pages.php?evident/w244?pid=39 HTTP/1.1" 200 158600 "-" "Mozilla/5.0 AppleWebKit/537.36 (KHTML, like Gecko; compatible; GPTBot/1.3; +https://openai.com/gptbot)"
74.7.227.43 - - [17/Dec/2025:21:10:11 +0800] "GET /pages.php?healthy/y204?pid=87 HTTP/1.1" 200 154016 "-" "Mozilla/5.0 AppleWebKit/537.36 (KHTML, like Gecko; compatible; GPTBot/1.3; +https://openai.com/gptbot)"
74.7.227.43 - - [17/Dec/2025:21:10:12 +0800] "GET /pages.php?when/i244?pid=465 HTTP/1.1" 200 152968 "-" "Mozilla/5.0 AppleWebKit/537.36 (KHTML, like Gecko; compatible; GPTBot/1.3; +https://openai.com/gptbot)"
66.249.74.160 - - [17/Dec/2025:21:10:12 +0800] "GET /item/h690/5104735 HTTP/1.1" 200 150819 "-" "Mozilla/5.0 (Linux; Android 6.0.1; Nexus 5X Build/MMB29P) AppleWebKit/537.36 (KHTML, like Gecko) Chrome/141.0.7390.122 Mobile Safari/537.36 (compatible; Googlebot/2.1; +http://www.google.com/bot.html)"
74.7.227.43 - - [17/Dec/2025:21:10:13 +0800] "GET /pages.php?inner/j1?pid=31516 HTTP/1.1" 200 141702 "-" "Mozilla/5.0 AppleWebKit/537.36 (KHTML, like Gecko; compatible; GPTBot/1.3; +https://openai.com/gptbot)"
74.7.227.43 - - [17/Dec/2025:21:10:13 +0800] "GET /pages.php?convince/s244?pid=645 HTTP/1.1" 200 153455 "-" "Mozilla/5.0 AppleWebKit/537.36 (KHTML, like Gecko; compatible; GPTBot/1.3; +https://openai.com/gptbot)"
74.7.227.43 - - [17/Dec/2025:21:10:14 +0800] "GET /pages.php?regard/q244?pid=69 HTTP/1.1" 200 158596 "-" "Mozilla/5.0 AppleWebKit/537.36 (KHTML, like Gecko; compatible; GPTBot/1.3; +https://openai.com/gptbot)"
74.7.227.43 - - [17/Dec/2025:21:10:14 +0800] "GET /pages.php?item/u166/9870/ HTTP/1.1" 200 149160 "-" "Mozilla/5.0 AppleWebKit/537.36 (KHTML, like Gecko; compatible; GPTBot/1.3; +https://openai.com/gptbot)"
74.7.227.43 - - [17/Dec/2025:21:10:15 +0800] "GET /pages.php?district/q244?pid=69 HTTP/1.1" 200 159096 "-" "Mozilla/5.0 AppleWebKit/537.36 (KHTML, like Gecko; compatible; GPTBot/1.3; +https://openai.com/gptbot)"
74.7.227.43 - - [17/Dec/2025:21:10:16 +0800] "GET /pages.php?read/z280?pid=47747 HTTP/1.1" 200 154610 "-" "Mozilla/5.0 AppleWebKit/537.36 (KHTML, like Gecko; compatible; GPTBot/1.3; +https://openai.com/gptbot)"
66.249.74.169 - - [17/Dec/2025:21:10:16 +0800] "GET /item/o569/4158386 HTTP/1.1" 200 151769 "-" "Mozilla/5.0 (Linux; Android 6.0.1; Nexus 5X Build/MMB29P) AppleWebKit/537.36 (KHTML, like Gecko) Chrome/141.0.7390.122 Mobile Safari/537.36 (compatible; Googlebot/2.1; +http://www.google.com/bot.html)"
74.7.227.43 - - [17/Dec/2025:21:10:16 +0800] "GET /pages.php?electrical/e244?pid=431 HTTP/1.1" 200 155030 "-" "Mozilla/5.0 AppleWebKit/537.36 (KHTML, like Gecko; compatible; GPTBot/1.3; +https://openai.com/gptbot)"
74.7.227.43 - - [17/Dec/2025:21:10:17 +0800] "GET /pages.php?word/l244?pid=435 HTTP/1.1" 200 153409 "-" "Mozilla/5.0 AppleWebKit/537.36 (KHTML, like Gecko; compatible; GPTBot/1.3; +https://openai.com/gptbot)"
74.7.227.43 - - [17/Dec/2025:21:10:17 +0800] "GET /pages.php?wait/k244?pid=647 HTTP/1.1" 200 154501 "-" "Mozilla/5.0 AppleWebKit/537.36 (KHTML, like Gecko; compatible; GPTBot/1.3; +https://openai.com/gptbot)"
74.7.227.43 - - [17/Dec/2025:21:10:18 +0800] "GET /pages.php?adopt/i244?pid=223 HTTP/1.1" 200 155931 "-" "Mozilla/5.0 AppleWebKit/537.36 (KHTML, like Gecko; compatible; GPTBot/1.3; +https://openai.com/gptbot)"
74.7.227.43 - - [17/Dec/2025:21:10:19 +0800] "GET /pages.php?added/o244?pid=563 HTTP/1.1" 200 155582 "-" "Mozilla/5.0 AppleWebKit/537.36 (KHTML, like Gecko; compatible; GPTBot/1.3; +https://openai.com/gptbot)"
74.7.227.43 - - [17/Dec/2025:21:10:19 +0800] "GET /pages.php?stock/s244?pid=645 HTTP/1.1" 200 153443 "-" "Mozilla/5.0 AppleWebKit/537.36 (KHTML, like Gecko; compatible; GPTBot/1.3; +https://openai.com/gptbot)"
74.7.227.43 - - [17/Dec/2025:21:10:20 +0800] "GET /pages.php?promote/s244?pid=83 HTTP/1.1" 200 166292 "-" "Mozilla/5.0 AppleWebKit/537.36 (KHTML, like Gecko; compatible; GPTBot/1.3; +https://openai.com/gptbot)"
66.249.74.169 - - [17/Dec/2025:21:10:20 +0800] "GET /?products/9742341 HTTP/1.1" 200 147056 "-" "Mozilla/5.0 (Linux; Android 6.0.1; Nexus 5X Build/MMB29P) AppleWebKit/537.36 (KHTML, like Gecko) Chrome/141.0.7390.122 Mobile Safari/537.36 (compatible; GoogleOther)"
74.7.227.43 - - [17/Dec/2025:21:10:21 +0800] "GET /pages.php?mushroom/e244?pid=431 HTTP/1.1" 200 154233 "-" "Mozilla/5.0 AppleWebKit/537.36 (KHTML, like Gecko; compatible; GPTBot/1.3; +https://openai.com/gptbot)"
74.7.227.43 - - [17/Dec/2025:21:10:21 +0800] "GET /pages.php?sculpture/r5?pid=12502 HTTP/1.1" 200 144556 "-" "Mozilla/5.0 AppleWebKit/537.36 (KHTML, like Gecko; compatible; GPTBot/1.3; +https://openai.com/gptbot)"
74.7.227.43 - - [17/Dec/2025:21:10:22 +0800] "GET /pages.php?rider/e244?pid=431 HTTP/1.1" 200 154978 "-" "Mozilla/5.0 AppleWebKit/537.36 (KHTML, like Gecko; compatible; GPTBot/1.3; +https://openai.com/gptbot)"
74.7.227.43 - - [17/Dec/2025:21:10:23 +0800] "GET /pages.php?elect/l244?pid=435 HTTP/1.1" 200 154047 "-" "Mozilla/5.0 AppleWebKit/537.36 (KHTML, like Gecko; compatible; GPTBot/1.3; +https://openai.com/gptbot)"
74.7.227.43 - - [17/Dec/2025:21:10:24 +0800] "GET /pages.php?rose/k244?pid=647 HTTP/1.1" 200 154256 "-" "Mozilla/5.0 AppleWebKit/537.36 (KHTML, like Gecko; compatible; GPTBot/1.3; +https://openai.com/gptbot)"
74.7.227.43 - - [17/Dec/2025:21:10:25 +0800] "GET /pages.php?blend/l244?pid=435 HTTP/1.1" 200 154647 "-" "Mozilla/5.0 AppleWebKit/537.36 (KHTML, like Gecko; compatible; GPTBot/1.3; +https://openai.com/gptbot)"
74.7.227.43 - - [17/Dec/2025:21:10:26 +0800] "GET /pages.php?craft/f244?pid=281 HTTP/1.1" 200 158675 "-" "Mozilla/5.0 AppleWebKit/537.36 (KHTML, like Gecko; compatible; GPTBot/1.3; +https://openai.com/gptbot)"
74.7.227.43 - - [17/Dec/2025:21:10:27 +0800] "GET /pages.php?gathering/s244?pid=645 HTTP/1.1" 200 153904 "-" "Mozilla/5.0 AppleWebKit/537.36 (KHTML, like Gecko; compatible; GPTBot/1.3; +https://openai.com/gptbot)"
74.7.227.43 - - [17/Dec/2025:21:10:29 +0800] "GET /pages.php?authorize/p244?pid=575 HTTP/1.1" 200 152224 "-" "Mozilla/5.0 AppleWebKit/537.36 (KHTML, like Gecko; compatible; GPTBot/1.3; +https://openai.com/gptbot)"
74.7.227.43 - - [17/Dec/2025:21:10:30 +0800] "GET /pages.php?butterfly/e244?pid=789 HTTP/1.1" 200 154057 "-" "Mozilla/5.0 AppleWebKit/537.36 (KHTML, like Gecko; compatible; GPTBot/1.3; +https://openai.com/gptbot)"
66.249.74.169 - - [17/Dec/2025:21:10:30 +0800] "GET /?products/28121474 HTTP/1.1" 200 147271 "-" "Mozilla/5.0 (Linux; Android 6.0.1; Nexus 5X Build/MMB29P) AppleWebKit/537.36 (KHTML, like Gecko) Chrome/141.0.7390.122 Mobile Safari/537.36 (compatible; GoogleOther)"
74.7.227.43 - - [17/Dec/2025:21:10:31 +0800] "GET /pages.php?road/r5?pid=12502 HTTP/1.1" 200 143887 "-" "Mozilla/5.0 AppleWebKit/537.36 (KHTML, like Gecko; compatible; GPTBot/1.3; +https://openai.com/gptbot)"
74.7.227.43 - - [17/Dec/2025:21:10:32 +0800] "GET /pages.php?fair/e244?pid=431 HTTP/1.1" 200 154851 "-" "Mozilla/5.0 AppleWebKit/537.36 (KHTML, like Gecko; compatible; GPTBot/1.3; +https://openai.com/gptbot)"
74.7.227.43 - - [17/Dec/2025:21:10:32 +0800] "GET /pages.php?split/o244?pid=385 HTTP/1.1" 200 160010 "-" "Mozilla/5.0 AppleWebKit/537.36 (KHTML, like Gecko; compatible; GPTBot/1.3; +https://openai.com/gptbot)"
74.7.227.43 - - [17/Dec/2025:21:10:33 +0800] "GET /pages.php?opposition/l244?pid=435 HTTP/1.1" 200 154671 "-" "Mozilla/5.0 AppleWebKit/537.36 (KHTML, like Gecko; compatible; GPTBot/1.3; +https://openai.com/gptbot)"
74.7.227.43 - - [17/Dec/2025:21:10:34 +0800] "GET /pages.php?approve/g37?pid=26642 HTTP/1.1" 200 152361 "-" "Mozilla/5.0 AppleWebKit/537.36 (KHTML, like Gecko; compatible; GPTBot/1.3; +https://openai.com/gptbot)"
74.7.227.43 - - [17/Dec/2025:21:10:35 +0800] "GET /pages.php?split/i244?pid=465 HTTP/1.1" 200 155454 "-" "Mozilla/5.0 AppleWebKit/537.36 (KHTML, like Gecko; compatible; GPTBot/1.3; +https://openai.com/gptbot)"
74.7.227.43 - - [17/Dec/2025:21:10:36 +0800] "GET /pages.php?exhibition/p244?pid=345 HTTP/1.1" 200 158986 "-" "Mozilla/5.0 AppleWebKit/537.36 (KHTML, like Gecko; compatible; GPTBot/1.3; +https://openai.com/gptbot)"
74.7.227.43 - - [17/Dec/2025:21:10:37 +0800] "GET /pages.php?grasp/f244?pid=143 HTTP/1.1" 200 151933 "-" "Mozilla/5.0 AppleWebKit/537.36 (KHTML, like Gecko; compatible; GPTBot/1.3; +https://openai.com/gptbot)"
66.249.74.169 - - [17/Dec/2025:21:10:37 +0800] "GET /?products/7167741 HTTP/1.1" 200 146399 "-" "Mozilla/5.0 (Linux; Android 6.0.1; Nexus 5X Build/MMB29P) AppleWebKit/537.36 (KHTML, like Gecko) Chrome/141.0.7390.122 Mobile Safari/537.36 (compatible; GoogleOther)"
74.7.227.43 - - [17/Dec/2025:21:10:38 +0800] "GET /pages.php?steal/p244?pid=575 HTTP/1.1" 200 153348 "-" "Mozilla/5.0 AppleWebKit/537.36 (KHTML, like Gecko; compatible; GPTBot/1.3; +https://openai.com/gptbot)"
74.7.227.43 - - [17/Dec/2025:21:10:38 +0800] "GET /pages.php?clerk/p244?pid=575 HTTP/1.1" 200 153991 "-" "Mozilla/5.0 AppleWebKit/537.36 (KHTML, like Gecko; compatible; GPTBot/1.3; +https://openai.com/gptbot)"
74.7.227.43 - - [17/Dec/2025:21:10:39 +0800] "GET /pages.php?pause/o244?pid=563 HTTP/1.1" 200 155398 "-" "Mozilla/5.0 AppleWebKit/537.36 (KHTML, like Gecko; compatible; GPTBot/1.3; +https://openai.com/gptbot)"
66.249.74.169 - - [17/Dec/2025:21:10:40 +0800] "GET /?products/21469629 HTTP/1.1" 200 150174 "-" "Mozilla/5.0 (Linux; Android 6.0.1; Nexus 5X Build/MMB29P) AppleWebKit/537.36 (KHTML, like Gecko) Chrome/141.0.7390.122 Mobile Safari/537.36 (compatible; GoogleOther)"
74.7.227.43 - - [17/Dec/2025:21:10:40 +0800] "GET /pages.php?shore/r5?pid=12502 HTTP/1.1" 200 144227 "-" "Mozilla/5.0 AppleWebKit/537.36 (KHTML, like Gecko; compatible; GPTBot/1.3; +https://openai.com/gptbot)"
74.7.227.43 - - [17/Dec/2025:21:10:41 +0800] "GET /pages.php?elderly/a244?pid=27 HTTP/1.1" 200 153599 "-" "Mozilla/5.0 AppleWebKit/537.36 (KHTML, like Gecko; compatible; GPTBot/1.3; +https://openai.com/gptbot)"
74.7.227.43 - - [17/Dec/2025:21:10:42 +0800] "GET /pages.php?inquiry/w24?pid=10231 HTTP/1.1" 200 149445 "-" "Mozilla/5.0 AppleWebKit/537.36 (KHTML, like Gecko; compatible; GPTBot/1.3; +https://openai.com/gptbot)"
74.7.227.43 - - [17/Dec/2025:21:10:42 +0800] "GET /pages.php?lesson/s244?pid=49 HTTP/1.1" 200 168852 "-" "Mozilla/5.0 AppleWebKit/537.36 (KHTML, like Gecko; compatible; GPTBot/1.3; +https://openai.com/gptbot)"
74.7.227.43 - - [17/Dec/2025:21:10:43 +0800] "GET /pages.php?swimming/z244?pid=133 HTTP/1.1" 200 153711 "-" "Mozilla/5.0 AppleWebKit/537.36 (KHTML, like Gecko; compatible; GPTBot/1.3; +https://openai.com/gptbot)"
74.7.227.43 - - [17/Dec/2025:21:10:43 +0800] "GET /pages.php?retirement/k68?pid=48629 HTTP/1.1" 200 146873 "-" "Mozilla/5.0 AppleWebKit/537.36 (KHTML, like Gecko; compatible; GPTBot/1.3; +https://openai.com/gptbot)"
74.7.227.43 - - [17/Dec/2025:21:10:44 +0800] "GET /pages.php?minimal/q244?pid=69 HTTP/1.1" 200 159727 "-" "Mozilla/5.0 AppleWebKit/537.36 (KHTML, like Gecko; compatible; GPTBot/1.3; +https://openai.com/gptbot)"
74.7.227.43 - - [17/Dec/2025:21:10:45 +0800] "GET /pages.php?endorse/v244?pid=79 HTTP/1.1" 200 154564 "-" "Mozilla/5.0 AppleWebKit/537.36 (KHTML, like Gecko; compatible; GPTBot/1.3; +https://openai.com/gptbot)"
74.7.227.43 - - [17/Dec/2025:21:10:45 +0800] "GET /pages.php?portrait/h31?pid=37752 HTTP/1.1" 200 161203 "-" "Mozilla/5.0 AppleWebKit/537.36 (KHTML, like Gecko; compatible; GPTBot/1.3; +https://openai.com/gptbot)"
74.7.227.43 - - [17/Dec/2025:21:10:46 +0800] "GET /pages.php?awake/d8?pid=11483 HTTP/1.1" 200 150253 "-" "Mozilla/5.0 AppleWebKit/537.36 (KHTML, like Gecko; compatible; GPTBot/1.3; +https://openai.com/gptbot)"
74.7.227.43 - - [17/Dec/2025:21:10:47 +0800] "GET /pages.php?fist/z244?pid=643 HTTP/1.1" 200 153848 "-" "Mozilla/5.0 AppleWebKit/537.36 (KHTML, like Gecko; compatible; GPTBot/1.3; +https://openai.com/gptbot)"
74.7.227.43 - - [17/Dec/2025:21:10:47 +0800] "GET /pages.php?because/a244?pid=27 HTTP/1.1" 200 153343 "-" "Mozilla/5.0 AppleWebKit/537.36 (KHTML, like Gecko; compatible; GPTBot/1.3; +https://openai.com/gptbot)"
74.7.227.43 - - [17/Dec/2025:21:10:48 +0800] "GET /pages.php?illness/q244?pid=69 HTTP/1.1" 200 159127 "-" "Mozilla/5.0 AppleWebKit/537.36 (KHTML, like Gecko; compatible; GPTBot/1.3; +https://openai.com/gptbot)"
74.7.227.43 - - [17/Dec/2025:21:10:49 +0800] "GET /pages.php?generate/g96?pid=28469 HTTP/1.1" 200 162145 "-" "Mozilla/5.0 AppleWebKit/537.36 (KHTML, like Gecko; compatible; GPTBot/1.3; +https://openai.com/gptbot)"
74.7.227.43 - - [17/Dec/2025:21:10:49 +0800] "GET /pages.php?fame/j65?pid=7950 HTTP/1.1" 200 144291 "-" "Mozilla/5.0 AppleWebKit/537.36 (KHTML, like Gecko; compatible; GPTBot/1.3; +https://openai.com/gptbot)"
66.249.74.169 - - [17/Dec/2025:21:10:50 +0800] "GET /?products/2582485 HTTP/1.1" 200 143994 "-" "Mozilla/5.0 (Linux; Android 6.0.1; Nexus 5X Build/MMB29P) AppleWebKit/537.36 (KHTML, like Gecko) Chrome/141.0.7390.122 Mobile Safari/537.36 (compatible; GoogleOther)"
74.7.227.43 - - [17/Dec/2025:21:10:50 +0800] "GET /pages.php?vast/w244?pid=151 HTTP/1.1" 200 154314 "-" "Mozilla/5.0 AppleWebKit/537.36 (KHTML, like Gecko; compatible; GPTBot/1.3; +https://openai.com/gptbot)"
74.7.227.43 - - [17/Dec/2025:21:10:51 +0800] "GET /pages.php?session/v244?pid=79 HTTP/1.1" 200 154455 "-" "Mozilla/5.0 AppleWebKit/537.36 (KHTML, like Gecko; compatible; GPTBot/1.3; +https://openai.com/gptbot)"
