D7net
Home
Console
Upload
information
Create File
Create Folder
About
Tools
:
/
home
/
mybf1
/
access-logs
/
Filename :
minyakwangi.bf1.my-ssl_log
back
Copy
66.249.74.161 - - [17/Dec/2025:20:13:01 +0800] "GET /?products/14875985 HTTP/1.1" 200 156394 "-" "Mozilla/5.0 (Linux; Android 6.0.1; Nexus 5X Build/MMB29P) AppleWebKit/537.36 (KHTML, like Gecko) Chrome/141.0.7390.122 Mobile Safari/537.36 (compatible; GoogleOther)"
66.249.74.160 - - [17/Dec/2025:20:13:01 +0800] "GET /?products/4558241 HTTP/1.1" 200 176273 "-" "Mozilla/5.0 (Linux; Android 6.0.1; Nexus 5X Build/MMB29P) AppleWebKit/537.36 (KHTML, like Gecko) Chrome/141.0.7390.122 Mobile Safari/537.36 (compatible; GoogleOther)"
66.249.74.169 - - [17/Dec/2025:20:13:01 +0800] "GET /?products/1135429 HTTP/1.1" 200 148700 "-" "Mozilla/5.0 (Linux; Android 6.0.1; Nexus 5X Build/MMB29P) AppleWebKit/537.36 (KHTML, like Gecko) Chrome/141.0.7390.122 Mobile Safari/537.36 (compatible; GoogleOther)"
74.7.227.43 - - [17/Dec/2025:20:13:01 +0800] "GET /pages.php?shark/z13?pid=7032 HTTP/1.1" 200 143257 "-" "Mozilla/5.0 AppleWebKit/537.36 (KHTML, like Gecko; compatible; GPTBot/1.3; +https://openai.com/gptbot)"
66.249.74.161 - - [17/Dec/2025:20:13:02 +0800] "GET /?products/21548063 HTTP/1.1" 200 151045 "-" "Mozilla/5.0 (Linux; Android 6.0.1; Nexus 5X Build/MMB29P) AppleWebKit/537.36 (KHTML, like Gecko) Chrome/141.0.7390.122 Mobile Safari/537.36 (compatible; GoogleOther)"
66.249.74.160 - - [17/Dec/2025:20:13:02 +0800] "GET /?products/9948785 HTTP/1.1" 200 155792 "-" "Mozilla/5.0 (Linux; Android 6.0.1; Nexus 5X Build/MMB29P) AppleWebKit/537.36 (KHTML, like Gecko) Chrome/141.0.7390.122 Mobile Safari/537.36 (compatible; GoogleOther)"
74.7.227.43 - - [17/Dec/2025:20:13:02 +0800] "GET /pages.php?make/q244?pid=317 HTTP/1.1" 200 154272 "-" "Mozilla/5.0 AppleWebKit/537.36 (KHTML, like Gecko; compatible; GPTBot/1.3; +https://openai.com/gptbot)"
66.249.74.164 - - [17/Dec/2025:20:13:03 +0800] "GET /?products/15078529 HTTP/1.1" 200 144483 "-" "Mozilla/5.0 (Linux; Android 6.0.1; Nexus 5X Build/MMB29P) AppleWebKit/537.36 (KHTML, like Gecko) Chrome/141.0.7390.122 Mobile Safari/537.36 (compatible; GoogleOther)"
66.249.74.160 - - [17/Dec/2025:20:13:03 +0800] "GET /?products/5387118 HTTP/1.1" 200 164585 "-" "Mozilla/5.0 (Linux; Android 6.0.1; Nexus 5X Build/MMB29P) AppleWebKit/537.36 (KHTML, like Gecko) Chrome/141.0.7390.122 Mobile Safari/537.36 (compatible; GoogleOther)"
74.7.227.43 - - [17/Dec/2025:20:13:03 +0800] "GET /pages.php?soul/z244?pid=133 HTTP/1.1" 200 153469 "-" "Mozilla/5.0 AppleWebKit/537.36 (KHTML, like Gecko; compatible; GPTBot/1.3; +https://openai.com/gptbot)"
74.7.227.43 - - [17/Dec/2025:20:13:04 +0800] "GET /pages.php?wild/q244?pid=317 HTTP/1.1" 200 153585 "-" "Mozilla/5.0 AppleWebKit/537.36 (KHTML, like Gecko; compatible; GPTBot/1.3; +https://openai.com/gptbot)"
66.249.74.160 - - [17/Dec/2025:20:13:04 +0800] "GET /?products/13788707 HTTP/1.1" 200 153962 "-" "Mozilla/5.0 (Linux; Android 6.0.1; Nexus 5X Build/MMB29P) AppleWebKit/537.36 (KHTML, like Gecko) Chrome/141.0.7390.122 Mobile Safari/537.36 (compatible; GoogleOther)"
74.7.227.43 - - [17/Dec/2025:20:13:05 +0800] "GET /pages.php?story/o27?pid=38638 HTTP/1.1" 200 149611 "-" "Mozilla/5.0 AppleWebKit/537.36 (KHTML, like Gecko; compatible; GPTBot/1.3; +https://openai.com/gptbot)"
66.249.74.163 - - [17/Dec/2025:20:13:06 +0800] "GET /?products/15562018 HTTP/1.1" 200 143633 "-" "Mozilla/5.0 (Linux; Android 6.0.1; Nexus 5X Build/MMB29P) AppleWebKit/537.36 (KHTML, like Gecko) Chrome/141.0.7390.122 Mobile Safari/537.36 (compatible; GoogleOther)"
74.7.227.43 - - [17/Dec/2025:20:13:05 +0800] "GET /pages.php?terrorist/e244?pid=789 HTTP/1.1" 200 153811 "-" "Mozilla/5.0 AppleWebKit/537.36 (KHTML, like Gecko; compatible; GPTBot/1.3; +https://openai.com/gptbot)"
74.7.227.43 - - [17/Dec/2025:20:13:06 +0800] "GET /pages.php?hand/r244?pid=235 HTTP/1.1" 200 154117 "-" "Mozilla/5.0 AppleWebKit/537.36 (KHTML, like Gecko; compatible; GPTBot/1.3; +https://openai.com/gptbot)"
66.249.74.163 - - [17/Dec/2025:20:13:07 +0800] "GET /?products/9104518 HTTP/1.1" 200 147062 "-" "Mozilla/5.0 (Linux; Android 6.0.1; Nexus 5X Build/MMB29P) AppleWebKit/537.36 (KHTML, like Gecko) Chrome/141.0.7390.122 Mobile Safari/537.36 (compatible; GoogleOther)"
74.7.227.43 - - [17/Dec/2025:20:13:07 +0800] "GET /pages.php?headache/i244?pid=465 HTTP/1.1" 200 154325 "-" "Mozilla/5.0 AppleWebKit/537.36 (KHTML, like Gecko; compatible; GPTBot/1.3; +https://openai.com/gptbot)"
74.7.227.43 - - [17/Dec/2025:20:13:08 +0800] "GET /pages.php?calendar/w248?pid=7155 HTTP/1.1" 200 156678 "-" "Mozilla/5.0 AppleWebKit/537.36 (KHTML, like Gecko; compatible; GPTBot/1.3; +https://openai.com/gptbot)"
66.249.74.161 - - [17/Dec/2025:20:13:08 +0800] "GET /?products/1874363 HTTP/1.1" 200 149912 "-" "Mozilla/5.0 (Linux; Android 6.0.1; Nexus 5X Build/MMB29P) AppleWebKit/537.36 (KHTML, like Gecko) Chrome/141.0.7390.122 Mobile Safari/537.36 (compatible; GoogleOther)"
74.7.227.43 - - [17/Dec/2025:20:13:08 +0800] "GET /pages.php?channel=110e08&from=https://minyakwangi.bf1.my/cart.cgi?item/u210/9232/&y=2908815002796 HTTP/1.1" 200 161885 "-" "Mozilla/5.0 AppleWebKit/537.36 (KHTML, like Gecko; compatible; GPTBot/1.3; +https://openai.com/gptbot)"
66.249.74.162 - - [17/Dec/2025:20:13:10 +0800] "GET /?products/12314107 HTTP/1.1" 200 167437 "-" "Mozilla/5.0 (Linux; Android 6.0.1; Nexus 5X Build/MMB29P) AppleWebKit/537.36 (KHTML, like Gecko) Chrome/141.0.7390.122 Mobile Safari/537.36 (compatible; GoogleOther)"
74.7.227.43 - - [17/Dec/2025:20:13:09 +0800] "GET /pages.php?coffee/r250?pid=4889 HTTP/1.1" 200 149146 "-" "Mozilla/5.0 AppleWebKit/537.36 (KHTML, like Gecko; compatible; GPTBot/1.3; +https://openai.com/gptbot)"
74.7.227.43 - - [17/Dec/2025:20:13:10 +0800] "GET /pages.php?handsome/v244?pid=229 HTTP/1.1" 200 153423 "-" "Mozilla/5.0 AppleWebKit/537.36 (KHTML, like Gecko; compatible; GPTBot/1.3; +https://openai.com/gptbot)"
66.249.74.169 - - [17/Dec/2025:20:13:11 +0800] "GET /?products/7953541 HTTP/1.1" 200 177455 "-" "Mozilla/5.0 (Linux; Android 6.0.1; Nexus 5X Build/MMB29P) AppleWebKit/537.36 (KHTML, like Gecko) Chrome/141.0.7390.122 Mobile Safari/537.36 (compatible; GoogleOther)"
74.7.227.43 - - [17/Dec/2025:20:13:11 +0800] "GET /pages.php?satellite/f244?pid=281 HTTP/1.1" 200 159477 "-" "Mozilla/5.0 AppleWebKit/537.36 (KHTML, like Gecko; compatible; GPTBot/1.3; +https://openai.com/gptbot)"
66.249.74.161 - - [17/Dec/2025:20:13:12 +0800] "GET /?products/30332296 HTTP/1.1" 200 150772 "-" "Mozilla/5.0 (Linux; Android 6.0.1; Nexus 5X Build/MMB29P) AppleWebKit/537.36 (KHTML, like Gecko) Chrome/141.0.7390.122 Mobile Safari/537.36 (compatible; GoogleOther)"
74.7.227.43 - - [17/Dec/2025:20:13:12 +0800] "GET /pages.php?attractive/i244?pid=545 HTTP/1.1" 200 153888 "-" "Mozilla/5.0 AppleWebKit/537.36 (KHTML, like Gecko; compatible; GPTBot/1.3; +https://openai.com/gptbot)"
66.249.74.160 - - [17/Dec/2025:20:13:12 +0800] "GET /?products/21227452 HTTP/1.1" 200 150458 "-" "Mozilla/5.0 (Linux; Android 6.0.1; Nexus 5X Build/MMB29P) AppleWebKit/537.36 (KHTML, like Gecko) Chrome/141.0.7390.122 Mobile Safari/537.36 (compatible; GoogleOther)"
74.7.227.43 - - [17/Dec/2025:20:13:13 +0800] "GET /pages.php?depression/s244?pid=645 HTTP/1.1" 200 153753 "-" "Mozilla/5.0 AppleWebKit/537.36 (KHTML, like Gecko; compatible; GPTBot/1.3; +https://openai.com/gptbot)"
66.249.74.160 - - [17/Dec/2025:20:13:14 +0800] "GET /?products/3443663 HTTP/1.1" 200 144161 "-" "Mozilla/5.0 (Linux; Android 6.0.1; Nexus 5X Build/MMB29P) AppleWebKit/537.36 (KHTML, like Gecko) Chrome/141.0.7390.122 Mobile Safari/537.36 (compatible; GoogleOther)"
74.7.227.43 - - [17/Dec/2025:20:13:13 +0800] "GET /pages.php?homeland/e244?pid=431 HTTP/1.1" 200 154871 "-" "Mozilla/5.0 AppleWebKit/537.36 (KHTML, like Gecko; compatible; GPTBot/1.3; +https://openai.com/gptbot)"
74.7.227.43 - - [17/Dec/2025:20:13:14 +0800] "GET /pages.php?denial/s244?pid=83 HTTP/1.1" 200 166451 "-" "Mozilla/5.0 AppleWebKit/537.36 (KHTML, like Gecko; compatible; GPTBot/1.3; +https://openai.com/gptbot)"
74.7.227.43 - - [17/Dec/2025:20:13:15 +0800] "GET /pages.php?appointment/v244?pid=79 HTTP/1.1" 200 153973 "-" "Mozilla/5.0 AppleWebKit/537.36 (KHTML, like Gecko; compatible; GPTBot/1.3; +https://openai.com/gptbot)"
66.249.74.162 - - [17/Dec/2025:20:13:15 +0800] "GET /?products/13618263 HTTP/1.1" 200 145763 "-" "Mozilla/5.0 (Linux; Android 6.0.1; Nexus 5X Build/MMB29P) AppleWebKit/537.36 (KHTML, like Gecko) Chrome/141.0.7390.122 Mobile Safari/537.36 (compatible; GoogleOther)"
74.7.227.43 - - [17/Dec/2025:20:13:15 +0800] "GET /pages.php?evening/n210?pid=9107 HTTP/1.1" 200 153097 "-" "Mozilla/5.0 AppleWebKit/537.36 (KHTML, like Gecko; compatible; GPTBot/1.3; +https://openai.com/gptbot)"
66.249.74.161 - - [17/Dec/2025:20:13:16 +0800] "GET /?products/19562129 HTTP/1.1" 200 153226 "-" "Mozilla/5.0 (Linux; Android 6.0.1; Nexus 5X Build/MMB29P) AppleWebKit/537.36 (KHTML, like Gecko) Chrome/141.0.7390.122 Mobile Safari/537.36 (compatible; GoogleOther)"
74.7.227.43 - - [17/Dec/2025:20:13:16 +0800] "GET /pages.php?shopbrand/o244?pid=385 HTTP/1.1" 200 160678 "-" "Mozilla/5.0 AppleWebKit/537.36 (KHTML, like Gecko; compatible; GPTBot/1.3; +https://openai.com/gptbot)"
74.7.227.43 - - [17/Dec/2025:20:13:17 +0800] "GET /pages.php?increasing/i244?pid=545 HTTP/1.1" 200 153957 "-" "Mozilla/5.0 AppleWebKit/537.36 (KHTML, like Gecko; compatible; GPTBot/1.3; +https://openai.com/gptbot)"
66.249.74.161 - - [17/Dec/2025:20:13:18 +0800] "GET /?products/22659007 HTTP/1.1" 200 149128 "-" "Mozilla/5.0 (Linux; Android 6.0.1; Nexus 5X Build/MMB29P) AppleWebKit/537.36 (KHTML, like Gecko) Chrome/141.0.7390.122 Mobile Safari/537.36 (compatible; GoogleOther)"
74.7.227.43 - - [17/Dec/2025:20:13:17 +0800] "GET /pages.php?purchase/f244?pid=281 HTTP/1.1" 200 159071 "-" "Mozilla/5.0 AppleWebKit/537.36 (KHTML, like Gecko; compatible; GPTBot/1.3; +https://openai.com/gptbot)"
74.7.227.43 - - [17/Dec/2025:20:13:18 +0800] "GET /pages.php?different/q244?pid=557 HTTP/1.1" 200 153986 "-" "Mozilla/5.0 AppleWebKit/537.36 (KHTML, like Gecko; compatible; GPTBot/1.3; +https://openai.com/gptbot)"
66.249.74.161 - - [17/Dec/2025:20:13:19 +0800] "GET /?products/15749496 HTTP/1.1" 200 176631 "-" "Mozilla/5.0 (Linux; Android 6.0.1; Nexus 5X Build/MMB29P) AppleWebKit/537.36 (KHTML, like Gecko) Chrome/141.0.7390.122 Mobile Safari/537.36 (compatible; GoogleOther)"
74.7.227.43 - - [17/Dec/2025:20:13:19 +0800] "GET /pages.php?exercise/z244?pid=133 HTTP/1.1" 200 152995 "-" "Mozilla/5.0 AppleWebKit/537.36 (KHTML, like Gecko; compatible; GPTBot/1.3; +https://openai.com/gptbot)"
74.7.227.43 - - [17/Dec/2025:20:13:19 +0800] "GET /pages.php?gathering/z134?pid=9993 HTTP/1.1" 200 141690 "-" "Mozilla/5.0 AppleWebKit/537.36 (KHTML, like Gecko; compatible; GPTBot/1.3; +https://openai.com/gptbot)"
74.7.227.43 - - [17/Dec/2025:20:13:20 +0800] "GET /pages.php?whole/r244?pid=235 HTTP/1.1" 200 153516 "-" "Mozilla/5.0 AppleWebKit/537.36 (KHTML, like Gecko; compatible; GPTBot/1.3; +https://openai.com/gptbot)"
66.249.74.161 - - [17/Dec/2025:20:13:20 +0800] "GET /?products/23546041 HTTP/1.1" 200 173759 "-" "Mozilla/5.0 (Linux; Android 6.0.1; Nexus 5X Build/MMB29P) AppleWebKit/537.36 (KHTML, like Gecko) Chrome/141.0.7390.122 Mobile Safari/537.36 (compatible; GoogleOther)"
74.7.227.43 - - [17/Dec/2025:20:13:20 +0800] "GET /pages.php?window/v244?pid=79 HTTP/1.1" 200 154595 "-" "Mozilla/5.0 AppleWebKit/537.36 (KHTML, like Gecko; compatible; GPTBot/1.3; +https://openai.com/gptbot)"
74.7.227.43 - - [17/Dec/2025:20:13:21 +0800] "GET /pages.php?president/a210?pid=9103 HTTP/1.1" 200 154256 "-" "Mozilla/5.0 AppleWebKit/537.36 (KHTML, like Gecko; compatible; GPTBot/1.3; +https://openai.com/gptbot)"
66.249.74.161 - - [17/Dec/2025:20:13:22 +0800] "GET /?products/12858107 HTTP/1.1" 200 146071 "-" "Mozilla/5.0 (Linux; Android 6.0.1; Nexus 5X Build/MMB29P) AppleWebKit/537.36 (KHTML, like Gecko) Chrome/141.0.7390.122 Mobile Safari/537.36 (compatible; GoogleOther)"
74.7.227.43 - - [17/Dec/2025:20:13:21 +0800] "GET /pages.php?grape/q244?pid=557 HTTP/1.1" 200 152931 "-" "Mozilla/5.0 AppleWebKit/537.36 (KHTML, like Gecko; compatible; GPTBot/1.3; +https://openai.com/gptbot)"
66.249.74.160 - - [17/Dec/2025:20:13:22 +0800] "GET /?products/13854363 HTTP/1.1" 200 166285 "-" "Mozilla/5.0 (Linux; Android 6.0.1; Nexus 5X Build/MMB29P) AppleWebKit/537.36 (KHTML, like Gecko) Chrome/141.0.7390.122 Mobile Safari/537.36 (compatible; GoogleOther)"
74.7.227.43 - - [17/Dec/2025:20:13:22 +0800] "GET /pages.php?dear/r75?pid=2160 HTTP/1.1" 200 145562 "-" "Mozilla/5.0 AppleWebKit/537.36 (KHTML, like Gecko; compatible; GPTBot/1.3; +https://openai.com/gptbot)"
66.249.74.160 - - [17/Dec/2025:20:13:23 +0800] "GET /?products/7722830 HTTP/1.1" 200 150606 "-" "Mozilla/5.0 (Linux; Android 6.0.1; Nexus 5X Build/MMB29P) AppleWebKit/537.36 (KHTML, like Gecko) Chrome/141.0.7390.122 Mobile Safari/537.36 (compatible; GoogleOther)"
74.7.227.43 - - [17/Dec/2025:20:13:23 +0800] "GET /pages.php?text/l244?pid=435 HTTP/1.1" 200 154342 "-" "Mozilla/5.0 AppleWebKit/537.36 (KHTML, like Gecko; compatible; GPTBot/1.3; +https://openai.com/gptbot)"
74.7.227.43 - - [17/Dec/2025:20:13:23 +0800] "GET /pages.php?initiative/q244?pid=557 HTTP/1.1" 200 153147 "-" "Mozilla/5.0 AppleWebKit/537.36 (KHTML, like Gecko; compatible; GPTBot/1.3; +https://openai.com/gptbot)"
66.249.74.160 - - [17/Dec/2025:20:13:24 +0800] "GET /?products/30593141 HTTP/1.1" 200 150646 "-" "Mozilla/5.0 (Linux; Android 6.0.1; Nexus 5X Build/MMB29P) AppleWebKit/537.36 (KHTML, like Gecko) Chrome/141.0.7390.122 Mobile Safari/537.36 (compatible; GoogleOther)"
74.7.227.43 - - [17/Dec/2025:20:13:24 +0800] "GET /pages.php?innovation/f244?pid=143 HTTP/1.1" 200 153154 "-" "Mozilla/5.0 AppleWebKit/537.36 (KHTML, like Gecko; compatible; GPTBot/1.3; +https://openai.com/gptbot)"
74.7.227.43 - - [17/Dec/2025:20:13:25 +0800] "GET /pages.php?ally/x1?pid=14662 HTTP/1.1" 200 153802 "-" "Mozilla/5.0 AppleWebKit/537.36 (KHTML, like Gecko; compatible; GPTBot/1.3; +https://openai.com/gptbot)"
66.249.74.161 - - [17/Dec/2025:20:13:26 +0800] "GET /?products/17512107 HTTP/1.1" 200 144167 "-" "Mozilla/5.0 (Linux; Android 6.0.1; Nexus 5X Build/MMB29P) AppleWebKit/537.36 (KHTML, like Gecko) Chrome/141.0.7390.122 Mobile Safari/537.36 (compatible; GoogleOther)"
74.7.227.43 - - [17/Dec/2025:20:13:26 +0800] "GET /pages.php?deadline/n43?pid=36416 HTTP/1.1" 200 142882 "-" "Mozilla/5.0 AppleWebKit/537.36 (KHTML, like Gecko; compatible; GPTBot/1.3; +https://openai.com/gptbot)"
74.7.227.43 - - [17/Dec/2025:20:13:26 +0800] "GET /pages.php?soak/i244?pid=223 HTTP/1.1" 200 155211 "-" "Mozilla/5.0 AppleWebKit/537.36 (KHTML, like Gecko; compatible; GPTBot/1.3; +https://openai.com/gptbot)"
66.249.74.169 - - [17/Dec/2025:20:13:27 +0800] "GET /?products/5336107 HTTP/1.1" 200 164993 "-" "Mozilla/5.0 (Linux; Android 6.0.1; Nexus 5X Build/MMB29P) AppleWebKit/537.36 (KHTML, like Gecko) Chrome/141.0.7390.122 Mobile Safari/537.36 (compatible; GoogleOther)"
74.7.227.43 - - [17/Dec/2025:20:13:27 +0800] "GET /pages.php?position/z18?pid=22889 HTTP/1.1" 200 141395 "-" "Mozilla/5.0 AppleWebKit/537.36 (KHTML, like Gecko; compatible; GPTBot/1.3; +https://openai.com/gptbot)"
66.249.74.161 - - [17/Dec/2025:20:13:28 +0800] "GET /?products/20461830 HTTP/1.1" 200 145221 "-" "Mozilla/5.0 (Linux; Android 6.0.1; Nexus 5X Build/MMB29P) AppleWebKit/537.36 (KHTML, like Gecko) Chrome/141.0.7390.122 Mobile Safari/537.36 (compatible; GoogleOther)"
74.7.227.43 - - [17/Dec/2025:20:13:28 +0800] "GET /pages.php?sword/z244?pid=643 HTTP/1.1" 200 153415 "-" "Mozilla/5.0 AppleWebKit/537.36 (KHTML, like Gecko; compatible; GPTBot/1.3; +https://openai.com/gptbot)"
66.249.74.161 - - [17/Dec/2025:20:13:30 +0800] "GET /?products/13529963 HTTP/1.1" 200 164391 "-" "Mozilla/5.0 (Linux; Android 6.0.1; Nexus 5X Build/MMB29P) AppleWebKit/537.36 (KHTML, like Gecko) Chrome/141.0.7390.122 Mobile Safari/537.36 (compatible; GoogleOther)"
74.7.227.43 - - [17/Dec/2025:20:13:29 +0800] "GET /pages.php?landscape/r75?pid=2160 HTTP/1.1" 200 144931 "-" "Mozilla/5.0 AppleWebKit/537.36 (KHTML, like Gecko; compatible; GPTBot/1.3; +https://openai.com/gptbot)"
74.7.227.43 - - [17/Dec/2025:20:13:30 +0800] "GET /pages.php?into/l244?pid=435 HTTP/1.1" 200 153449 "-" "Mozilla/5.0 AppleWebKit/537.36 (KHTML, like Gecko; compatible; GPTBot/1.3; +https://openai.com/gptbot)"
66.249.74.160 - - [17/Dec/2025:20:13:31 +0800] "GET /?products/13792685 HTTP/1.1" 200 146048 "-" "Mozilla/5.0 (Linux; Android 6.0.1; Nexus 5X Build/MMB29P) AppleWebKit/537.36 (KHTML, like Gecko) Chrome/141.0.7390.122 Mobile Safari/537.36 (compatible; GoogleOther)"
74.7.227.43 - - [17/Dec/2025:20:13:31 +0800] "GET /pages.php?fair/i244?pid=223 HTTP/1.1" 200 155015 "-" "Mozilla/5.0 AppleWebKit/537.36 (KHTML, like Gecko; compatible; GPTBot/1.3; +https://openai.com/gptbot)"
66.249.74.160 - - [17/Dec/2025:20:13:32 +0800] "GET /?products/21722430 HTTP/1.1" 200 147817 "-" "Mozilla/5.0 (Linux; Android 6.0.1; Nexus 5X Build/MMB29P) AppleWebKit/537.36 (KHTML, like Gecko) Chrome/141.0.7390.122 Mobile Safari/537.36 (compatible; GoogleOther)"
74.7.227.43 - - [17/Dec/2025:20:13:32 +0800] "GET /pages.php?draw/v244?pid=229 HTTP/1.1" 200 152918 "-" "Mozilla/5.0 AppleWebKit/537.36 (KHTML, like Gecko; compatible; GPTBot/1.3; +https://openai.com/gptbot)"
66.249.74.161 - - [17/Dec/2025:20:13:32 +0800] "GET /?products/27703130 HTTP/1.1" 200 148805 "-" "Mozilla/5.0 (Linux; Android 6.0.1; Nexus 5X Build/MMB29P) AppleWebKit/537.36 (KHTML, like Gecko) Chrome/141.0.7390.122 Mobile Safari/537.36 (compatible; GoogleOther)"
74.7.227.43 - - [17/Dec/2025:20:13:32 +0800] "GET /pages.php?pass/l244?pid=435 HTTP/1.1" 200 154272 "-" "Mozilla/5.0 AppleWebKit/537.36 (KHTML, like Gecko; compatible; GPTBot/1.3; +https://openai.com/gptbot)"
66.249.74.161 - - [17/Dec/2025:20:13:34 +0800] "GET /?products/14973852 HTTP/1.1" 200 155523 "-" "Mozilla/5.0 (Linux; Android 6.0.1; Nexus 5X Build/MMB29P) AppleWebKit/537.36 (KHTML, like Gecko) Chrome/141.0.7390.122 Mobile Safari/537.36 (compatible; GoogleOther)"
74.7.227.43 - - [17/Dec/2025:20:13:33 +0800] "GET /pages.php?deep/w244?pid=151 HTTP/1.1" 200 153971 "-" "Mozilla/5.0 AppleWebKit/537.36 (KHTML, like Gecko; compatible; GPTBot/1.3; +https://openai.com/gptbot)"
74.7.227.43 - - [17/Dec/2025:20:13:34 +0800] "GET /pages.php?apologize/p244?pid=575 HTTP/1.1" 200 153017 "-" "Mozilla/5.0 AppleWebKit/537.36 (KHTML, like Gecko; compatible; GPTBot/1.3; +https://openai.com/gptbot)"
66.249.74.162 - - [17/Dec/2025:20:13:35 +0800] "GET /?products/18199218 HTTP/1.1" 200 174873 "-" "Mozilla/5.0 (Linux; Android 6.0.1; Nexus 5X Build/MMB29P) AppleWebKit/537.36 (KHTML, like Gecko) Chrome/141.0.7390.122 Mobile Safari/537.36 (compatible; GoogleOther)"
66.249.74.162 - - [17/Dec/2025:20:13:35 +0800] "GET /?m=456617524 HTTP/1.1" 200 164638 "-" "Mozilla/5.0 (Linux; Android 6.0.1; Nexus 5X Build/MMB29P) AppleWebKit/537.36 (KHTML, like Gecko) Chrome/141.0.7390.122 Mobile Safari/537.36 (compatible; Googlebot/2.1; +http://www.google.com/bot.html)"
74.7.227.43 - - [17/Dec/2025:20:13:35 +0800] "GET /pages.php?conference/i244?pid=223 HTTP/1.1" 200 157308 "-" "Mozilla/5.0 AppleWebKit/537.36 (KHTML, like Gecko; compatible; GPTBot/1.3; +https://openai.com/gptbot)"
74.7.227.43 - - [17/Dec/2025:20:13:35 +0800] "GET /pages.php?shoe/p244?pid=345 HTTP/1.1" 200 158730 "-" "Mozilla/5.0 AppleWebKit/537.36 (KHTML, like Gecko; compatible; GPTBot/1.3; +https://openai.com/gptbot)"
66.249.74.161 - - [17/Dec/2025:20:13:36 +0800] "GET /?products/21999263 HTTP/1.1" 200 192412 "-" "Mozilla/5.0 (Linux; Android 6.0.1; Nexus 5X Build/MMB29P) AppleWebKit/537.36 (KHTML, like Gecko) Chrome/141.0.7390.122 Mobile Safari/537.36 (compatible; GoogleOther)"
74.7.227.43 - - [17/Dec/2025:20:13:36 +0800] "GET /pages.php?placement/o162?pid=23335 HTTP/1.1" 200 161649 "-" "Mozilla/5.0 AppleWebKit/537.36 (KHTML, like Gecko; compatible; GPTBot/1.3; +https://openai.com/gptbot)"
74.7.227.43 - - [17/Dec/2025:20:13:37 +0800] "GET /pages.php?maximum/f244?pid=281 HTTP/1.1" 200 159314 "-" "Mozilla/5.0 AppleWebKit/537.36 (KHTML, like Gecko; compatible; GPTBot/1.3; +https://openai.com/gptbot)"
66.249.74.161 - - [17/Dec/2025:20:13:38 +0800] "GET /?products/4686507 HTTP/1.1" 200 160481 "-" "Mozilla/5.0 (Linux; Android 6.0.1; Nexus 5X Build/MMB29P) AppleWebKit/537.36 (KHTML, like Gecko) Chrome/141.0.7390.122 Mobile Safari/537.36 (compatible; GoogleOther)"
74.7.227.43 - - [17/Dec/2025:20:13:38 +0800] "GET /pages.php?software/y276?pid=5049 HTTP/1.1" 200 148172 "-" "Mozilla/5.0 AppleWebKit/537.36 (KHTML, like Gecko; compatible; GPTBot/1.3; +https://openai.com/gptbot)"
74.7.227.43 - - [17/Dec/2025:20:13:38 +0800] "GET /pages.php?employ/q11?pid=122 HTTP/1.1" 200 142652 "-" "Mozilla/5.0 AppleWebKit/537.36 (KHTML, like Gecko; compatible; GPTBot/1.3; +https://openai.com/gptbot)"
66.249.74.162 - - [17/Dec/2025:20:13:39 +0800] "GET /?m=47953524 HTTP/1.1" 200 150948 "-" "Mozilla/5.0 (Linux; Android 6.0.1; Nexus 5X Build/MMB29P) AppleWebKit/537.36 (KHTML, like Gecko) Chrome/141.0.7390.122 Mobile Safari/537.36 (compatible; Googlebot/2.1; +http://www.google.com/bot.html)"
66.249.74.161 - - [17/Dec/2025:20:13:39 +0800] "GET /?products/18236629 HTTP/1.1" 200 182870 "-" "Mozilla/5.0 (Linux; Android 6.0.1; Nexus 5X Build/MMB29P) AppleWebKit/537.36 (KHTML, like Gecko) Chrome/141.0.7390.122 Mobile Safari/537.36 (compatible; GoogleOther)"
74.7.227.43 - - [17/Dec/2025:20:13:39 +0800] "GET /pages.php?telephone/t244?pid=129 HTTP/1.1" 200 153560 "-" "Mozilla/5.0 AppleWebKit/537.36 (KHTML, like Gecko; compatible; GPTBot/1.3; +https://openai.com/gptbot)"
74.7.227.43 - - [17/Dec/2025:20:13:40 +0800] "GET /pages.php?attract/t106?pid=2239 HTTP/1.1" 200 149763 "-" "Mozilla/5.0 AppleWebKit/537.36 (KHTML, like Gecko; compatible; GPTBot/1.3; +https://openai.com/gptbot)"
66.249.74.162 - - [17/Dec/2025:20:13:40 +0800] "GET /?products/21846252 HTTP/1.1" 200 186221 "-" "Mozilla/5.0 (Linux; Android 6.0.1; Nexus 5X Build/MMB29P) AppleWebKit/537.36 (KHTML, like Gecko) Chrome/141.0.7390.122 Mobile Safari/537.36 (compatible; GoogleOther)"
74.7.227.43 - - [17/Dec/2025:20:13:40 +0800] "GET /pages.php?doubt/r75?pid=2160 HTTP/1.1" 200 144782 "-" "Mozilla/5.0 AppleWebKit/537.36 (KHTML, like Gecko; compatible; GPTBot/1.3; +https://openai.com/gptbot)"
74.7.227.43 - - [17/Dec/2025:20:13:41 +0800] "GET /pages.php?unfair/s244?pid=83 HTTP/1.1" 200 167831 "-" "Mozilla/5.0 AppleWebKit/537.36 (KHTML, like Gecko; compatible; GPTBot/1.3; +https://openai.com/gptbot)"
66.249.74.169 - - [17/Dec/2025:20:13:42 +0800] "GET /?products/26635963 HTTP/1.1" 200 144744 "-" "Mozilla/5.0 (Linux; Android 6.0.1; Nexus 5X Build/MMB29P) AppleWebKit/537.36 (KHTML, like Gecko) Chrome/141.0.7390.122 Mobile Safari/537.36 (compatible; GoogleOther)"
66.249.74.160 - - [17/Dec/2025:20:13:42 +0800] "GET /?products/14632052 HTTP/1.1" 200 160637 "-" "Mozilla/5.0 (Linux; Android 6.0.1; Nexus 5X Build/MMB29P) AppleWebKit/537.36 (KHTML, like Gecko) Chrome/141.0.7390.122 Mobile Safari/537.36 (compatible; GoogleOther)"
74.7.227.43 - - [17/Dec/2025:20:13:42 +0800] "GET /pages.php?surround/p244?pid=345 HTTP/1.1" 200 159488 "-" "Mozilla/5.0 AppleWebKit/537.36 (KHTML, like Gecko; compatible; GPTBot/1.3; +https://openai.com/gptbot)"
66.249.74.160 - - [17/Dec/2025:20:13:43 +0800] "GET /?products/29352029 HTTP/1.1" 200 144492 "-" "Mozilla/5.0 (Linux; Android 6.0.1; Nexus 5X Build/MMB29P) AppleWebKit/537.36 (KHTML, like Gecko) Chrome/141.0.7390.122 Mobile Safari/537.36 (compatible; GoogleOther)"
74.7.227.43 - - [17/Dec/2025:20:13:43 +0800] "GET /pages.php?intensity/k29?pid=29976 HTTP/1.1" 200 142642 "-" "Mozilla/5.0 AppleWebKit/537.36 (KHTML, like Gecko; compatible; GPTBot/1.3; +https://openai.com/gptbot)"
74.7.227.43 - - [17/Dec/2025:20:13:43 +0800] "GET /pages.php?classify/f244?pid=143 HTTP/1.1" 200 153548 "-" "Mozilla/5.0 AppleWebKit/537.36 (KHTML, like Gecko; compatible; GPTBot/1.3; +https://openai.com/gptbot)"
66.249.74.160 - - [17/Dec/2025:20:13:44 +0800] "GET /?products/12782596 HTTP/1.1" 200 157408 "-" "Mozilla/5.0 (Linux; Android 6.0.1; Nexus 5X Build/MMB29P) AppleWebKit/537.36 (KHTML, like Gecko) Chrome/141.0.7390.122 Mobile Safari/537.36 (compatible; GoogleOther)"
74.7.227.43 - - [17/Dec/2025:20:13:44 +0800] "GET /pages.php?pause/e244?pid=499 HTTP/1.1" 200 153110 "-" "Mozilla/5.0 AppleWebKit/537.36 (KHTML, like Gecko; compatible; GPTBot/1.3; +https://openai.com/gptbot)"
74.7.227.43 - - [17/Dec/2025:20:13:45 +0800] "GET /pages.php?slip/i244?pid=545 HTTP/1.1" 200 153694 "-" "Mozilla/5.0 AppleWebKit/537.36 (KHTML, like Gecko; compatible; GPTBot/1.3; +https://openai.com/gptbot)"
66.249.74.163 - - [17/Dec/2025:20:13:46 +0800] "GET /?products/12307707 HTTP/1.1" 200 167782 "-" "Mozilla/5.0 (Linux; Android 6.0.1; Nexus 5X Build/MMB29P) AppleWebKit/537.36 (KHTML, like Gecko) Chrome/141.0.7390.122 Mobile Safari/537.36 (compatible; GoogleOther)"
74.7.227.43 - - [17/Dec/2025:20:13:45 +0800] "GET /pages.php?official/s244?pid=645 HTTP/1.1" 200 155310 "-" "Mozilla/5.0 AppleWebKit/537.36 (KHTML, like Gecko; compatible; GPTBot/1.3; +https://openai.com/gptbot)"
66.249.74.163 - - [17/Dec/2025:20:13:46 +0800] "GET /?m=279010124 HTTP/1.1" 200 169222 "-" "Mozilla/5.0 (Linux; Android 6.0.1; Nexus 5X Build/MMB29P) AppleWebKit/537.36 (KHTML, like Gecko) Chrome/141.0.7390.122 Mobile Safari/537.36 (compatible; Googlebot/2.1; +http://www.google.com/bot.html)"
74.7.227.43 - - [17/Dec/2025:20:13:46 +0800] "GET /pages.php?after/t244?pid=129 HTTP/1.1" 200 153262 "-" "Mozilla/5.0 AppleWebKit/537.36 (KHTML, like Gecko; compatible; GPTBot/1.3; +https://openai.com/gptbot)"
66.249.74.164 - - [17/Dec/2025:20:13:47 +0800] "GET /?products/1424352 HTTP/1.1" 200 151916 "-" "Mozilla/5.0 (Linux; Android 6.0.1; Nexus 5X Build/MMB29P) AppleWebKit/537.36 (KHTML, like Gecko) Chrome/141.0.7390.122 Mobile Safari/537.36 (compatible; GoogleOther)"
74.7.227.43 - - [17/Dec/2025:20:13:47 +0800] "GET /pages.php?weigh/i244?pid=223 HTTP/1.1" 200 155678 "-" "Mozilla/5.0 AppleWebKit/537.36 (KHTML, like Gecko; compatible; GPTBot/1.3; +https://openai.com/gptbot)"
74.7.227.43 - - [17/Dec/2025:20:13:48 +0800] "GET /pages.php?effort/s244?pid=83 HTTP/1.1" 200 167174 "-" "Mozilla/5.0 AppleWebKit/537.36 (KHTML, like Gecko; compatible; GPTBot/1.3; +https://openai.com/gptbot)"
74.7.227.43 - - [17/Dec/2025:20:13:49 +0800] "GET /pages.php?reliable/p244?pid=345 HTTP/1.1" 200 159888 "-" "Mozilla/5.0 AppleWebKit/537.36 (KHTML, like Gecko; compatible; GPTBot/1.3; +https://openai.com/gptbot)"
66.249.74.162 - - [17/Dec/2025:20:13:49 +0800] "GET /?products/8072552 HTTP/1.1" 200 197509 "-" "Mozilla/5.0 (Linux; Android 6.0.1; Nexus 5X Build/MMB29P) AppleWebKit/537.36 (KHTML, like Gecko) Chrome/141.0.7390.122 Mobile Safari/537.36 (compatible; GoogleOther)"
74.7.227.43 - - [17/Dec/2025:20:13:49 +0800] "GET /pages.php?acceptable/i244?pid=223 HTTP/1.1" 200 155343 "-" "Mozilla/5.0 AppleWebKit/537.36 (KHTML, like Gecko; compatible; GPTBot/1.3; +https://openai.com/gptbot)"
66.249.74.169 - - [17/Dec/2025:20:13:50 +0800] "GET /?products/23612218 HTTP/1.1" 200 150496 "-" "Mozilla/5.0 (Linux; Android 6.0.1; Nexus 5X Build/MMB29P) AppleWebKit/537.36 (KHTML, like Gecko) Chrome/141.0.7390.122 Mobile Safari/537.36 (compatible; GoogleOther)"
74.7.227.43 - - [17/Dec/2025:20:13:50 +0800] "GET /pages.php?Iraqi/j261?pid=44466 HTTP/1.1" 200 147533 "-" "Mozilla/5.0 AppleWebKit/537.36 (KHTML, like Gecko; compatible; GPTBot/1.3; +https://openai.com/gptbot)"
66.249.74.162 - - [17/Dec/2025:20:13:51 +0800] "GET /?products/7044918 HTTP/1.1" 200 170753 "-" "Mozilla/5.0 (Linux; Android 6.0.1; Nexus 5X Build/MMB29P) AppleWebKit/537.36 (KHTML, like Gecko) Chrome/141.0.7390.122 Mobile Safari/537.36 (compatible; GoogleOther)"
74.7.227.43 - - [17/Dec/2025:20:13:51 +0800] "GET /pages.php?sometime/o244?pid=385 HTTP/1.1" 200 161412 "-" "Mozilla/5.0 AppleWebKit/537.36 (KHTML, like Gecko; compatible; GPTBot/1.3; +https://openai.com/gptbot)"
74.7.227.43 - - [17/Dec/2025:20:13:52 +0800] "GET /pages.php?together/x9?pid=19660 HTTP/1.1" 200 149709 "-" "Mozilla/5.0 AppleWebKit/537.36 (KHTML, like Gecko; compatible; GPTBot/1.3; +https://openai.com/gptbot)"
66.249.74.160 - - [17/Dec/2025:20:13:52 +0800] "GET /?products/28865418 HTTP/1.1" 200 149183 "-" "Mozilla/5.0 (Linux; Android 6.0.1; Nexus 5X Build/MMB29P) AppleWebKit/537.36 (KHTML, like Gecko) Chrome/141.0.7390.122 Mobile Safari/537.36 (compatible; GoogleOther)"
66.249.74.161 - - [17/Dec/2025:20:13:52 +0800] "GET /?products/22361174 HTTP/1.1" 200 153084 "-" "Mozilla/5.0 (Linux; Android 6.0.1; Nexus 5X Build/MMB29P) AppleWebKit/537.36 (KHTML, like Gecko) Chrome/141.0.7390.122 Mobile Safari/537.36 (compatible; GoogleOther)"
74.7.227.43 - - [17/Dec/2025:20:13:52 +0800] "GET /pages.php?terrific/f244?pid=191 HTTP/1.1" 200 161412 "-" "Mozilla/5.0 AppleWebKit/537.36 (KHTML, like Gecko; compatible; GPTBot/1.3; +https://openai.com/gptbot)"
66.249.74.160 - - [17/Dec/2025:20:13:53 +0800] "GET /?products/15423441 HTTP/1.1" 200 153837 "-" "Mozilla/5.0 (Linux; Android 6.0.1; Nexus 5X Build/MMB29P) AppleWebKit/537.36 (KHTML, like Gecko) Chrome/141.0.7390.122 Mobile Safari/537.36 (compatible; GoogleOther)"
74.7.227.43 - - [17/Dec/2025:20:13:53 +0800] "GET /pages.php?president/q244?pid=317 HTTP/1.1" 200 153143 "-" "Mozilla/5.0 AppleWebKit/537.36 (KHTML, like Gecko; compatible; GPTBot/1.3; +https://openai.com/gptbot)"
74.7.227.43 - - [17/Dec/2025:20:13:54 +0800] "GET /pages.php?straw/f244?pid=191 HTTP/1.1" 200 161026 "-" "Mozilla/5.0 AppleWebKit/537.36 (KHTML, like Gecko; compatible; GPTBot/1.3; +https://openai.com/gptbot)"
74.7.227.43 - - [17/Dec/2025:20:13:55 +0800] "GET /pages.php?elect/t244?pid=129 HTTP/1.1" 200 154351 "-" "Mozilla/5.0 AppleWebKit/537.36 (KHTML, like Gecko; compatible; GPTBot/1.3; +https://openai.com/gptbot)"
74.7.227.43 - - [17/Dec/2025:20:13:55 +0800] "GET /pages.php?happy/e244?pid=431 HTTP/1.1" 200 155240 "-" "Mozilla/5.0 AppleWebKit/537.36 (KHTML, like Gecko; compatible; GPTBot/1.3; +https://openai.com/gptbot)"
74.7.227.43 - - [17/Dec/2025:20:13:56 +0800] "GET /pages.php?poke/i244?pid=545 HTTP/1.1" 200 153748 "-" "Mozilla/5.0 AppleWebKit/537.36 (KHTML, like Gecko; compatible; GPTBot/1.3; +https://openai.com/gptbot)"
74.7.227.43 - - [17/Dec/2025:20:13:57 +0800] "GET /pages.php?ahead/i244?pid=465 HTTP/1.1" 200 153712 "-" "Mozilla/5.0 AppleWebKit/537.36 (KHTML, like Gecko; compatible; GPTBot/1.3; +https://openai.com/gptbot)"
66.249.74.162 - - [17/Dec/2025:20:13:57 +0800] "GET /?products/7234896 HTTP/1.1" 200 149455 "-" "Mozilla/5.0 (Linux; Android 6.0.1; Nexus 5X Build/MMB29P) AppleWebKit/537.36 (KHTML, like Gecko) Chrome/141.0.7390.122 Mobile Safari/537.36 (compatible; GoogleOther)"
74.7.227.43 - - [17/Dec/2025:20:13:58 +0800] "GET /pages.php?horror/a244?pid=27 HTTP/1.1" 200 152437 "-" "Mozilla/5.0 AppleWebKit/537.36 (KHTML, like Gecko; compatible; GPTBot/1.3; +https://openai.com/gptbot)"
74.7.227.43 - - [17/Dec/2025:20:13:59 +0800] "GET /pages.php?peak/i244?pid=545 HTTP/1.1" 200 153990 "-" "Mozilla/5.0 AppleWebKit/537.36 (KHTML, like Gecko; compatible; GPTBot/1.3; +https://openai.com/gptbot)"
66.249.74.162 - - [17/Dec/2025:20:14:00 +0800] "GET /?products/2398063 HTTP/1.1" 200 159371 "-" "Mozilla/5.0 (Linux; Android 6.0.1; Nexus 5X Build/MMB29P) AppleWebKit/537.36 (KHTML, like Gecko) Chrome/141.0.7390.122 Mobile Safari/537.36 (compatible; GoogleOther)"
74.7.227.43 - - [17/Dec/2025:20:14:00 +0800] "GET /pages.php?account/f244?pid=191 HTTP/1.1" 200 160657 "-" "Mozilla/5.0 AppleWebKit/537.36 (KHTML, like Gecko; compatible; GPTBot/1.3; +https://openai.com/gptbot)"
66.249.74.160 - - [17/Dec/2025:20:14:01 +0800] "GET /?products/16910274 HTTP/1.1" 200 147417 "-" "Mozilla/5.0 (Linux; Android 6.0.1; Nexus 5X Build/MMB29P) AppleWebKit/537.36 (KHTML, like Gecko) Chrome/141.0.7390.122 Mobile Safari/537.36 (compatible; GoogleOther)"
66.249.74.162 - - [17/Dec/2025:20:14:01 +0800] "GET /?products/10123685 HTTP/1.1" 200 158577 "-" "Mozilla/5.0 (Linux; Android 6.0.1; Nexus 5X Build/MMB29P) AppleWebKit/537.36 (KHTML, like Gecko) Chrome/141.0.7390.122 Mobile Safari/537.36 (compatible; GoogleOther)"
74.7.227.43 - - [17/Dec/2025:20:14:01 +0800] "GET /pages.php?vegetable/a244?pid=593 HTTP/1.1" 200 154815 "-" "Mozilla/5.0 AppleWebKit/537.36 (KHTML, like Gecko; compatible; GPTBot/1.3; +https://openai.com/gptbot)"
66.249.74.161 - - [17/Dec/2025:20:14:02 +0800] "GET /?products/21789474 HTTP/1.1" 200 151881 "-" "Mozilla/5.0 (Linux; Android 6.0.1; Nexus 5X Build/MMB29P) AppleWebKit/537.36 (KHTML, like Gecko) Chrome/141.0.7390.122 Mobile Safari/537.36 (compatible; GoogleOther)"
74.7.227.43 - - [17/Dec/2025:20:14:02 +0800] "GET /pages.php?detailed/i244?pid=545 HTTP/1.1" 200 153446 "-" "Mozilla/5.0 AppleWebKit/537.36 (KHTML, like Gecko; compatible; GPTBot/1.3; +https://openai.com/gptbot)"
66.249.74.163 - - [17/Dec/2025:20:14:02 +0800] "GET /?products/1901396 HTTP/1.1" 200 160614 "-" "Mozilla/5.0 (Linux; Android 6.0.1; Nexus 5X Build/MMB29P) AppleWebKit/537.36 (KHTML, like Gecko) Chrome/141.0.7390.122 Mobile Safari/537.36 (compatible; GoogleOther)"
66.249.74.160 - - [17/Dec/2025:20:14:03 +0800] "GET /?products/25601230 HTTP/1.1" 200 164959 "-" "Mozilla/5.0 (Linux; Android 6.0.1; Nexus 5X Build/MMB29P) AppleWebKit/537.36 (KHTML, like Gecko) Chrome/141.0.7390.122 Mobile Safari/537.36 (compatible; GoogleOther)"
74.7.227.43 - - [17/Dec/2025:20:14:03 +0800] "GET /pages.php?sofa/f244?pid=143 HTTP/1.1" 200 153010 "-" "Mozilla/5.0 AppleWebKit/537.36 (KHTML, like Gecko; compatible; GPTBot/1.3; +https://openai.com/gptbot)"
66.249.74.161 - - [17/Dec/2025:20:14:03 +0800] "GET /?products/18604730 HTTP/1.1" 200 169425 "-" "Mozilla/5.0 (Linux; Android 6.0.1; Nexus 5X Build/MMB29P) AppleWebKit/537.36 (KHTML, like Gecko) Chrome/141.0.7390.122 Mobile Safari/537.36 (compatible; GoogleOther)"
74.7.227.43 - - [17/Dec/2025:20:14:03 +0800] "GET /pages.php?testimony/s244?pid=645 HTTP/1.1" 200 154655 "-" "Mozilla/5.0 AppleWebKit/537.36 (KHTML, like Gecko; compatible; GPTBot/1.3; +https://openai.com/gptbot)"
66.249.74.165 - - [17/Dec/2025:20:14:04 +0800] "GET /?products/21281674 HTTP/1.1" 200 186224 "-" "Mozilla/5.0 (Linux; Android 6.0.1; Nexus 5X Build/MMB29P) AppleWebKit/537.36 (KHTML, like Gecko) Chrome/141.0.7390.122 Mobile Safari/537.36 (compatible; GoogleOther)"
74.7.227.43 - - [17/Dec/2025:20:14:04 +0800] "GET /pages.php?item/u96/25680/ HTTP/1.1" 200 151471 "-" "Mozilla/5.0 AppleWebKit/537.36 (KHTML, like Gecko; compatible; GPTBot/1.3; +https://openai.com/gptbot)"
66.249.74.163 - - [17/Dec/2025:20:14:05 +0800] "GET /?products/2069841 HTTP/1.1" 200 196847 "-" "Mozilla/5.0 (Linux; Android 6.0.1; Nexus 5X Build/MMB29P) AppleWebKit/537.36 (KHTML, like Gecko) Chrome/141.0.7390.122 Mobile Safari/537.36 (compatible; GoogleOther)"
74.7.227.43 - - [17/Dec/2025:20:14:05 +0800] "GET /pages.php?operation/i244?pid=545 HTTP/1.1" 200 154188 "-" "Mozilla/5.0 AppleWebKit/537.36 (KHTML, like Gecko; compatible; GPTBot/1.3; +https://openai.com/gptbot)"
66.249.74.160 - - [17/Dec/2025:20:14:07 +0800] "GET /?products/20443618 HTTP/1.1" 200 146145 "-" "Mozilla/5.0 (Linux; Android 6.0.1; Nexus 5X Build/MMB29P) AppleWebKit/537.36 (KHTML, like Gecko) Chrome/141.0.7390.122 Mobile Safari/537.36 (compatible; GoogleOther)"
74.7.227.43 - - [17/Dec/2025:20:14:06 +0800] "GET /pages.php?standard/e244?pid=737 HTTP/1.1" 200 153163 "-" "Mozilla/5.0 AppleWebKit/537.36 (KHTML, like Gecko; compatible; GPTBot/1.3; +https://openai.com/gptbot)"
74.7.227.43 - - [17/Dec/2025:20:14:07 +0800] "GET /pages.php?candy/i244?pid=545 HTTP/1.1" 200 154348 "-" "Mozilla/5.0 AppleWebKit/537.36 (KHTML, like Gecko; compatible; GPTBot/1.3; +https://openai.com/gptbot)"
66.249.74.169 - - [17/Dec/2025:20:14:08 +0800] "GET /?products/29363474 HTTP/1.1" 200 163194 "-" "Mozilla/5.0 (Linux; Android 6.0.1; Nexus 5X Build/MMB29P) AppleWebKit/537.36 (KHTML, like Gecko) Chrome/141.0.7390.122 Mobile Safari/537.36 (compatible; GoogleOther)"
74.7.227.43 - - [17/Dec/2025:20:14:08 +0800] "GET /pages.php?fame/v244?pid=229 HTTP/1.1" 200 153135 "-" "Mozilla/5.0 AppleWebKit/537.36 (KHTML, like Gecko; compatible; GPTBot/1.3; +https://openai.com/gptbot)"
66.249.74.163 - - [17/Dec/2025:20:14:09 +0800] "GET /?products/16333618 HTTP/1.1" 200 156427 "-" "Mozilla/5.0 (Linux; Android 6.0.1; Nexus 5X Build/MMB29P) AppleWebKit/537.36 (KHTML, like Gecko) Chrome/141.0.7390.122 Mobile Safari/537.36 (compatible; GoogleOther)"
74.7.227.43 - - [17/Dec/2025:20:14:09 +0800] "GET /pages.php?belt/k244?pid=647 HTTP/1.1" 200 153270 "-" "Mozilla/5.0 AppleWebKit/537.36 (KHTML, like Gecko; compatible; GPTBot/1.3; +https://openai.com/gptbot)"
74.7.227.43 - - [17/Dec/2025:20:14:10 +0800] "GET /pages.php?influence/k244?pid=647 HTTP/1.1" 200 153806 "-" "Mozilla/5.0 AppleWebKit/537.36 (KHTML, like Gecko; compatible; GPTBot/1.3; +https://openai.com/gptbot)"
66.249.74.169 - - [17/Dec/2025:20:14:11 +0800] "GET /?products/19766974 HTTP/1.1" 200 147504 "-" "Mozilla/5.0 (Linux; Android 6.0.1; Nexus 5X Build/MMB29P) AppleWebKit/537.36 (KHTML, like Gecko) Chrome/141.0.7390.122 Mobile Safari/537.36 (compatible; GoogleOther)"
66.249.74.162 - - [17/Dec/2025:20:14:11 +0800] "GET /?m=413256424 HTTP/1.1" 200 149436 "-" "Mozilla/5.0 (Linux; Android 6.0.1; Nexus 5X Build/MMB29P) AppleWebKit/537.36 (KHTML, like Gecko) Chrome/141.0.7390.122 Mobile Safari/537.36 (compatible; Googlebot/2.1; +http://www.google.com/bot.html)"
74.7.227.43 - - [17/Dec/2025:20:14:11 +0800] "GET /pages.php?occasion/z244?pid=643 HTTP/1.1" 200 154484 "-" "Mozilla/5.0 AppleWebKit/537.36 (KHTML, like Gecko; compatible; GPTBot/1.3; +https://openai.com/gptbot)"
66.249.74.160 - - [17/Dec/2025:20:14:12 +0800] "GET /?products/8084741 HTTP/1.1" 200 146035 "-" "Mozilla/5.0 (Linux; Android 6.0.1; Nexus 5X Build/MMB29P) AppleWebKit/537.36 (KHTML, like Gecko) Chrome/141.0.7390.122 Mobile Safari/537.36 (compatible; GoogleOther)"
74.7.227.43 - - [17/Dec/2025:20:14:12 +0800] "GET /pages.php?director/e244?pid=499 HTTP/1.1" 200 153564 "-" "Mozilla/5.0 AppleWebKit/537.36 (KHTML, like Gecko; compatible; GPTBot/1.3; +https://openai.com/gptbot)"
66.249.74.162 - - [17/Dec/2025:20:14:12 +0800] "GET /?products/28120229 HTTP/1.1" 200 169445 "-" "Mozilla/5.0 (Linux; Android 6.0.1; Nexus 5X Build/MMB29P) AppleWebKit/537.36 (KHTML, like Gecko) Chrome/141.0.7390.122 Mobile Safari/537.36 (compatible; GoogleOther)"
74.7.227.43 - - [17/Dec/2025:20:14:12 +0800] "GET /pages.php?privilege/o67?pid=43070 HTTP/1.1" 200 141325 "-" "Mozilla/5.0 AppleWebKit/537.36 (KHTML, like Gecko; compatible; GPTBot/1.3; +https://openai.com/gptbot)"
74.7.227.43 - - [17/Dec/2025:20:14:13 +0800] "GET /pages.php?stair/u244?pid=843 HTTP/1.1" 200 153124 "-" "Mozilla/5.0 AppleWebKit/537.36 (KHTML, like Gecko; compatible; GPTBot/1.3; +https://openai.com/gptbot)"
66.249.74.162 - - [17/Dec/2025:20:14:13 +0800] "GET /?products/23522529 HTTP/1.1" 200 160690 "-" "Mozilla/5.0 (Linux; Android 6.0.1; Nexus 5X Build/MMB29P) AppleWebKit/537.36 (KHTML, like Gecko) Chrome/141.0.7390.122 Mobile Safari/537.36 (compatible; GoogleOther)"
74.7.227.43 - - [17/Dec/2025:20:14:14 +0800] "GET /pages.php?tray/h244?pid=867 HTTP/1.1" 200 153681 "-" "Mozilla/5.0 AppleWebKit/537.36 (KHTML, like Gecko; compatible; GPTBot/1.3; +https://openai.com/gptbot)"
66.249.74.160 - - [17/Dec/2025:20:14:15 +0800] "GET /?products/25326529 HTTP/1.1" 200 154036 "-" "Mozilla/5.0 (Linux; Android 6.0.1; Nexus 5X Build/MMB29P) AppleWebKit/537.36 (KHTML, like Gecko) Chrome/141.0.7390.122 Mobile Safari/537.36 (compatible; GoogleOther)"
74.7.227.43 - - [17/Dec/2025:20:14:15 +0800] "GET /pages.php?beat/o244?pid=385 HTTP/1.1" 200 160025 "-" "Mozilla/5.0 AppleWebKit/537.36 (KHTML, like Gecko; compatible; GPTBot/1.3; +https://openai.com/gptbot)"
74.7.227.43 - - [17/Dec/2025:20:14:16 +0800] "GET /pages.php?along/x99?pid=2428 HTTP/1.1" 200 154646 "-" "Mozilla/5.0 AppleWebKit/537.36 (KHTML, like Gecko; compatible; GPTBot/1.3; +https://openai.com/gptbot)"
66.249.74.161 - - [17/Dec/2025:20:14:16 +0800] "GET /?products/7158241 HTTP/1.1" 200 145705 "-" "Mozilla/5.0 (Linux; Android 6.0.1; Nexus 5X Build/MMB29P) AppleWebKit/537.36 (KHTML, like Gecko) Chrome/141.0.7390.122 Mobile Safari/537.36 (compatible; GoogleOther)"
74.7.227.43 - - [17/Dec/2025:20:14:16 +0800] "GET /pages.php?five/q244?pid=317 HTTP/1.1" 200 153651 "-" "Mozilla/5.0 AppleWebKit/537.36 (KHTML, like Gecko; compatible; GPTBot/1.3; +https://openai.com/gptbot)"
66.249.74.160 - - [17/Dec/2025:20:14:17 +0800] "GET /?products/29279196 HTTP/1.1" 200 145456 "-" "Mozilla/5.0 (Linux; Android 6.0.1; Nexus 5X Build/MMB29P) AppleWebKit/537.36 (KHTML, like Gecko) Chrome/141.0.7390.122 Mobile Safari/537.36 (compatible; GoogleOther)"
74.7.227.43 - - [17/Dec/2025:20:14:17 +0800] "GET /pages.php?menu/k244?pid=647 HTTP/1.1" 200 153637 "-" "Mozilla/5.0 AppleWebKit/537.36 (KHTML, like Gecko; compatible; GPTBot/1.3; +https://openai.com/gptbot)"
74.7.227.43 - - [17/Dec/2025:20:14:18 +0800] "GET /pages.php?tribe/g59?pid=9884 HTTP/1.1" 200 141865 "-" "Mozilla/5.0 AppleWebKit/537.36 (KHTML, like Gecko; compatible; GPTBot/1.3; +https://openai.com/gptbot)"
66.249.74.169 - - [17/Dec/2025:20:14:19 +0800] "GET /?products/1817707 HTTP/1.1" 200 150765 "-" "Mozilla/5.0 (Linux; Android 6.0.1; Nexus 5X Build/MMB29P) AppleWebKit/537.36 (KHTML, like Gecko) Chrome/141.0.7390.122 Mobile Safari/537.36 (compatible; GoogleOther)"
74.7.227.43 - - [17/Dec/2025:20:14:19 +0800] "GET /pages.php?typically/p244?pid=345 HTTP/1.1" 200 159020 "-" "Mozilla/5.0 AppleWebKit/537.36 (KHTML, like Gecko; compatible; GPTBot/1.3; +https://openai.com/gptbot)"
74.7.227.43 - - [17/Dec/2025:20:14:20 +0800] "GET /pages.php?also/o244?pid=563 HTTP/1.1" 200 155276 "-" "Mozilla/5.0 AppleWebKit/537.36 (KHTML, like Gecko; compatible; GPTBot/1.3; +https://openai.com/gptbot)"
66.249.74.160 - - [17/Dec/2025:20:14:20 +0800] "GET /?products/9248830 HTTP/1.1" 200 148569 "-" "Mozilla/5.0 (Linux; Android 6.0.1; Nexus 5X Build/MMB29P) AppleWebKit/537.36 (KHTML, like Gecko) Chrome/141.0.7390.122 Mobile Safari/537.36 (compatible; GoogleOther)"
74.7.227.43 - - [17/Dec/2025:20:14:20 +0800] "GET /pages.php?panic/t244?pid=129 HTTP/1.1" 200 154343 "-" "Mozilla/5.0 AppleWebKit/537.36 (KHTML, like Gecko; compatible; GPTBot/1.3; +https://openai.com/gptbot)"
74.7.227.43 - - [17/Dec/2025:20:14:21 +0800] "GET /pages.php?armed/h244?pid=867 HTTP/1.1" 200 152409 "-" "Mozilla/5.0 AppleWebKit/537.36 (KHTML, like Gecko; compatible; GPTBot/1.3; +https://openai.com/gptbot)"
66.249.74.161 - - [17/Dec/2025:20:14:22 +0800] "GET /?products/21318118 HTTP/1.1" 200 147917 "-" "Mozilla/5.0 (Linux; Android 6.0.1; Nexus 5X Build/MMB29P) AppleWebKit/537.36 (KHTML, like Gecko) Chrome/141.0.7390.122 Mobile Safari/537.36 (compatible; GoogleOther)"
66.249.74.160 - - [17/Dec/2025:20:14:22 +0800] "GET /?products/11555341 HTTP/1.1" 200 146607 "-" "Mozilla/5.0 (Linux; Android 6.0.1; Nexus 5X Build/MMB29P) AppleWebKit/537.36 (KHTML, like Gecko) Chrome/141.0.7390.122 Mobile Safari/537.36 (compatible; GoogleOther)"
74.7.227.43 - - [17/Dec/2025:20:14:22 +0800] "GET /pages.php?root/x7?pid=36886 HTTP/1.1" 200 141788 "-" "Mozilla/5.0 AppleWebKit/537.36 (KHTML, like Gecko; compatible; GPTBot/1.3; +https://openai.com/gptbot)"
66.249.74.169 - - [17/Dec/2025:20:14:23 +0800] "GET /?products/26596896 HTTP/1.1" 200 153360 "-" "Mozilla/5.0 (Linux; Android 6.0.1; Nexus 5X Build/MMB29P) AppleWebKit/537.36 (KHTML, like Gecko) Chrome/141.0.7390.122 Mobile Safari/537.36 (compatible; GoogleOther)"
74.7.227.43 - - [17/Dec/2025:20:14:22 +0800] "GET /pages.php?disc/e244?pid=431 HTTP/1.1" 200 155782 "-" "Mozilla/5.0 AppleWebKit/537.36 (KHTML, like Gecko; compatible; GPTBot/1.3; +https://openai.com/gptbot)"
74.7.227.43 - - [17/Dec/2025:20:14:23 +0800] "GET /pages.php?media/q244?pid=317 HTTP/1.1" 200 154043 "-" "Mozilla/5.0 AppleWebKit/537.36 (KHTML, like Gecko; compatible; GPTBot/1.3; +https://openai.com/gptbot)"
66.249.74.160 - - [17/Dec/2025:20:14:24 +0800] "GET /?products/30857974 HTTP/1.1" 200 164635 "-" "Mozilla/5.0 (Linux; Android 6.0.1; Nexus 5X Build/MMB29P) AppleWebKit/537.36 (KHTML, like Gecko) Chrome/141.0.7390.122 Mobile Safari/537.36 (compatible; GoogleOther)"
74.7.227.43 - - [17/Dec/2025:20:14:24 +0800] "GET /pages.php?certainly/k244?pid=647 HTTP/1.1" 200 154177 "-" "Mozilla/5.0 AppleWebKit/537.36 (KHTML, like Gecko; compatible; GPTBot/1.3; +https://openai.com/gptbot)"
66.249.74.169 - - [17/Dec/2025:20:14:25 +0800] "GET /?products/16325541 HTTP/1.1" 200 159976 "-" "Mozilla/5.0 (Linux; Android 6.0.1; Nexus 5X Build/MMB29P) AppleWebKit/537.36 (KHTML, like Gecko) Chrome/141.0.7390.122 Mobile Safari/537.36 (compatible; GoogleOther)"
74.7.227.43 - - [17/Dec/2025:20:14:25 +0800] "GET /pages.php?creative/g59?pid=9884 HTTP/1.1" 200 141572 "-" "Mozilla/5.0 AppleWebKit/537.36 (KHTML, like Gecko; compatible; GPTBot/1.3; +https://openai.com/gptbot)"
74.7.227.43 - - [17/Dec/2025:20:14:26 +0800] "GET /pages.php?complete/v244?pid=229 HTTP/1.1" 200 152861 "-" "Mozilla/5.0 AppleWebKit/537.36 (KHTML, like Gecko; compatible; GPTBot/1.3; +https://openai.com/gptbot)"
66.249.74.169 - - [17/Dec/2025:20:14:27 +0800] "GET /?products/9482696 HTTP/1.1" 200 149709 "-" "Mozilla/5.0 (Linux; Android 6.0.1; Nexus 5X Build/MMB29P) AppleWebKit/537.36 (KHTML, like Gecko) Chrome/141.0.7390.122 Mobile Safari/537.36 (compatible; GoogleOther)"
74.7.227.43 - - [17/Dec/2025:20:14:27 +0800] "GET /pages.php?diplomat/i244?pid=465 HTTP/1.1" 200 152987 "-" "Mozilla/5.0 AppleWebKit/537.36 (KHTML, like Gecko; compatible; GPTBot/1.3; +https://openai.com/gptbot)"
74.7.227.43 - - [17/Dec/2025:20:14:27 +0800] "GET /pages.php?relevant/v244?pid=229 HTTP/1.1" 200 153000 "-" "Mozilla/5.0 AppleWebKit/537.36 (KHTML, like Gecko; compatible; GPTBot/1.3; +https://openai.com/gptbot)"
66.249.74.161 - - [17/Dec/2025:20:14:28 +0800] "GET /?products/22570652 HTTP/1.1" 200 149730 "-" "Mozilla/5.0 (Linux; Android 6.0.1; Nexus 5X Build/MMB29P) AppleWebKit/537.36 (KHTML, like Gecko) Chrome/141.0.7390.122 Mobile Safari/537.36 (compatible; GoogleOther)"
74.7.227.43 - - [17/Dec/2025:20:14:28 +0800] "GET /pages.php?happiness/a244?pid=593 HTTP/1.1" 200 153814 "-" "Mozilla/5.0 AppleWebKit/537.36 (KHTML, like Gecko; compatible; GPTBot/1.3; +https://openai.com/gptbot)"
74.7.227.43 - - [17/Dec/2025:20:14:29 +0800] "GET /pages.php?collector/r244?pid=235 HTTP/1.1" 200 154735 "-" "Mozilla/5.0 AppleWebKit/537.36 (KHTML, like Gecko; compatible; GPTBot/1.3; +https://openai.com/gptbot)"
66.249.74.160 - - [17/Dec/2025:20:14:29 +0800] "GET /?products/28423118 HTTP/1.1" 200 156721 "-" "Mozilla/5.0 (Linux; Android 6.0.1; Nexus 5X Build/MMB29P) AppleWebKit/537.36 (KHTML, like Gecko) Chrome/141.0.7390.122 Mobile Safari/537.36 (compatible; GoogleOther)"
74.7.227.43 - - [17/Dec/2025:20:14:30 +0800] "GET /pages.php?doubt/e244?pid=431 HTTP/1.1" 200 154535 "-" "Mozilla/5.0 AppleWebKit/537.36 (KHTML, like Gecko; compatible; GPTBot/1.3; +https://openai.com/gptbot)"
66.249.74.160 - - [17/Dec/2025:20:14:31 +0800] "GET /?products/23889274 HTTP/1.1" 200 191656 "-" "Mozilla/5.0 (Linux; Android 6.0.1; Nexus 5X Build/MMB29P) AppleWebKit/537.36 (KHTML, like Gecko) Chrome/141.0.7390.122 Mobile Safari/537.36 (compatible; GoogleOther)"
74.7.227.43 - - [17/Dec/2025:20:14:30 +0800] "GET /pages.php?bring/t244?pid=129 HTTP/1.1" 200 153794 "-" "Mozilla/5.0 AppleWebKit/537.36 (KHTML, like Gecko; compatible; GPTBot/1.3; +https://openai.com/gptbot)"
74.7.227.43 - - [17/Dec/2025:20:14:31 +0800] "GET /pages.php?superior/w244?pid=151 HTTP/1.1" 200 152829 "-" "Mozilla/5.0 AppleWebKit/537.36 (KHTML, like Gecko; compatible; GPTBot/1.3; +https://openai.com/gptbot)"
66.249.74.169 - - [17/Dec/2025:20:14:32 +0800] "GET /?products/13779085 HTTP/1.1" 200 148067 "-" "Mozilla/5.0 (Linux; Android 6.0.1; Nexus 5X Build/MMB29P) AppleWebKit/537.36 (KHTML, like Gecko) Chrome/141.0.7390.122 Mobile Safari/537.36 (compatible; GoogleOther)"
66.249.74.160 - - [17/Dec/2025:20:14:32 +0800] "GET /?products/5565407 HTTP/1.1" 200 151433 "-" "Mozilla/5.0 (Linux; Android 6.0.1; Nexus 5X Build/MMB29P) AppleWebKit/537.36 (KHTML, like Gecko) Chrome/141.0.7390.122 Mobile Safari/537.36 (compatible; GoogleOther)"
74.7.227.43 - - [17/Dec/2025:20:14:32 +0800] "GET /pages.php?testimony/g59?pid=9884 HTTP/1.1" 200 142242 "-" "Mozilla/5.0 AppleWebKit/537.36 (KHTML, like Gecko; compatible; GPTBot/1.3; +https://openai.com/gptbot)"
74.7.227.43 - - [17/Dec/2025:20:14:33 +0800] "GET /pages.php?stair/o38?pid=3911 HTTP/1.1" 200 150864 "-" "Mozilla/5.0 AppleWebKit/537.36 (KHTML, like Gecko; compatible; GPTBot/1.3; +https://openai.com/gptbot)"
66.249.74.169 - - [17/Dec/2025:20:14:33 +0800] "GET /?products/23364352 HTTP/1.1" 200 151996 "-" "Mozilla/5.0 (Linux; Android 6.0.1; Nexus 5X Build/MMB29P) AppleWebKit/537.36 (KHTML, like Gecko) Chrome/141.0.7390.122 Mobile Safari/537.36 (compatible; GoogleOther)"
74.7.227.43 - - [17/Dec/2025:20:14:34 +0800] "GET /pages.php?train/k244?pid=647 HTTP/1.1" 200 153732 "-" "Mozilla/5.0 AppleWebKit/537.36 (KHTML, like Gecko; compatible; GPTBot/1.3; +https://openai.com/gptbot)"
66.249.74.160 - - [17/Dec/2025:20:14:35 +0800] "GET /?products/15753385 HTTP/1.1" 200 156307 "-" "Mozilla/5.0 (Linux; Android 6.0.1; Nexus 5X Build/MMB29P) AppleWebKit/537.36 (KHTML, like Gecko) Chrome/141.0.7390.122 Mobile Safari/537.36 (compatible; GoogleOther)"
74.7.227.43 - - [17/Dec/2025:20:14:35 +0800] "GET /pages.php?freshman/e244?pid=737 HTTP/1.1" 200 154111 "-" "Mozilla/5.0 AppleWebKit/537.36 (KHTML, like Gecko; compatible; GPTBot/1.3; +https://openai.com/gptbot)"
74.7.227.43 - - [17/Dec/2025:20:14:36 +0800] "GET /pages.php?arrival/z191?pid=3300 HTTP/1.1" 200 152576 "-" "Mozilla/5.0 AppleWebKit/537.36 (KHTML, like Gecko; compatible; GPTBot/1.3; +https://openai.com/gptbot)"
