66.249.74.162 - - [17/Dec/2025:20:14:36 +0800] "GET /?m=68772624 HTTP/1.1" 200 163138 "-" "Mozilla/5.0 (Linux; Android 6.0.1; Nexus 5X Build/MMB29P) AppleWebKit/537.36 (KHTML, like Gecko) Chrome/141.0.7390.122 Mobile Safari/537.36 (compatible; Googlebot/2.1; +http://www.google.com/bot.html)"
66.249.74.162 - - [17/Dec/2025:20:14:36 +0800] "GET /?products/14210330 HTTP/1.1" 200 146823 "-" "Mozilla/5.0 (Linux; Android 6.0.1; Nexus 5X Build/MMB29P) AppleWebKit/537.36 (KHTML, like Gecko) Chrome/141.0.7390.122 Mobile Safari/537.36 (compatible; GoogleOther)"
74.7.227.43 - - [17/Dec/2025:20:14:36 +0800] "GET /pages.php?opinion/v178?pid=12515 HTTP/1.1" 200 145524 "-" "Mozilla/5.0 AppleWebKit/537.36 (KHTML, like Gecko; compatible; GPTBot/1.3; +https://openai.com/gptbot)"
66.249.74.161 - - [17/Dec/2025:20:14:37 +0800] "GET /?products/28555974 HTTP/1.1" 200 156305 "-" "Mozilla/5.0 (Linux; Android 6.0.1; Nexus 5X Build/MMB29P) AppleWebKit/537.36 (KHTML, like Gecko) Chrome/141.0.7390.122 Mobile Safari/537.36 (compatible; GoogleOther)"
74.7.227.43 - - [17/Dec/2025:20:14:37 +0800] "GET /pages.php?negative/e244?pid=789 HTTP/1.1" 200 154678 "-" "Mozilla/5.0 AppleWebKit/537.36 (KHTML, like Gecko; compatible; GPTBot/1.3; +https://openai.com/gptbot)"
74.7.227.43 - - [17/Dec/2025:20:14:38 +0800] "GET /pages.php?soap/r244?pid=235 HTTP/1.1" 200 154090 "-" "Mozilla/5.0 AppleWebKit/537.36 (KHTML, like Gecko; compatible; GPTBot/1.3; +https://openai.com/gptbot)"
66.249.74.162 - - [17/Dec/2025:20:14:39 +0800] "GET /?products/22909441 HTTP/1.1" 200 145843 "-" "Mozilla/5.0 (Linux; Android 6.0.1; Nexus 5X Build/MMB29P) AppleWebKit/537.36 (KHTML, like Gecko) Chrome/141.0.7390.122 Mobile Safari/537.36 (compatible; GoogleOther)"
74.7.227.43 - - [17/Dec/2025:20:14:39 +0800] "GET /pages.php?watch/k244?pid=647 HTTP/1.1" 200 154252 "-" "Mozilla/5.0 AppleWebKit/537.36 (KHTML, like Gecko; compatible; GPTBot/1.3; +https://openai.com/gptbot)"
66.249.74.160 - - [17/Dec/2025:20:14:40 +0800] "GET /?products/19880041 HTTP/1.1" 200 153476 "-" "Mozilla/5.0 (Linux; Android 6.0.1; Nexus 5X Build/MMB29P) AppleWebKit/537.36 (KHTML, like Gecko) Chrome/141.0.7390.122 Mobile Safari/537.36 (compatible; GoogleOther)"
74.7.227.43 - - [17/Dec/2025:20:14:40 +0800] "GET /pages.php?supplier/m198?pid=8601 HTTP/1.1" 200 141906 "-" "Mozilla/5.0 AppleWebKit/537.36 (KHTML, like Gecko; compatible; GPTBot/1.3; +https://openai.com/gptbot)"
74.7.227.43 - - [17/Dec/2025:20:14:41 +0800] "GET /pages.php?tray/p244?pid=575 HTTP/1.1" 200 154160 "-" "Mozilla/5.0 AppleWebKit/537.36 (KHTML, like Gecko; compatible; GPTBot/1.3; +https://openai.com/gptbot)"
74.7.227.43 - - [17/Dec/2025:20:14:41 +0800] "GET /pages.php?tire/v244?pid=229 HTTP/1.1" 200 153665 "-" "Mozilla/5.0 AppleWebKit/537.36 (KHTML, like Gecko; compatible; GPTBot/1.3; +https://openai.com/gptbot)"
66.249.74.169 - - [17/Dec/2025:20:14:41 +0800] "GET /?products/16405107 HTTP/1.1" 200 154698 "-" "Mozilla/5.0 (Linux; Android 6.0.1; Nexus 5X Build/MMB29P) AppleWebKit/537.36 (KHTML, like Gecko) Chrome/141.0.7390.122 Mobile Safari/537.36 (compatible; GoogleOther)"
66.249.74.169 - - [17/Dec/2025:20:14:42 +0800] "GET /?products/12431918 HTTP/1.1" 200 168664 "-" "Mozilla/5.0 (Linux; Android 6.0.1; Nexus 5X Build/MMB29P) AppleWebKit/537.36 (KHTML, like Gecko) Chrome/141.0.7390.122 Mobile Safari/537.36 (compatible; GoogleOther)"
74.7.227.43 - - [17/Dec/2025:20:14:42 +0800] "GET /pages.php?neighbor/e244?pid=737 HTTP/1.1" 200 153606 "-" "Mozilla/5.0 AppleWebKit/537.36 (KHTML, like Gecko; compatible; GPTBot/1.3; +https://openai.com/gptbot)"
74.7.227.43 - - [17/Dec/2025:20:14:42 +0800] "GET /pages.php?5050762 HTTP/1.1" 200 148945 "-" "Mozilla/5.0 AppleWebKit/537.36 (KHTML, like Gecko; compatible; GPTBot/1.3; +https://openai.com/gptbot)"
66.249.74.163 - - [17/Dec/2025:20:14:43 +0800] "GET /?products/5580629 HTTP/1.1" 200 165498 "-" "Mozilla/5.0 (Linux; Android 6.0.1; Nexus 5X Build/MMB29P) AppleWebKit/537.36 (KHTML, like Gecko) Chrome/141.0.7390.122 Mobile Safari/537.36 (compatible; GoogleOther)"
74.7.227.43 - - [17/Dec/2025:20:14:43 +0800] "GET /pages.php?stake/o244?pid=503 HTTP/1.1" 200 155668 "-" "Mozilla/5.0 AppleWebKit/537.36 (KHTML, like Gecko; compatible; GPTBot/1.3; +https://openai.com/gptbot)"
66.249.74.161 - - [17/Dec/2025:20:14:44 +0800] "GET /?products/4602285 HTTP/1.1" 200 154551 "-" "Mozilla/5.0 (Linux; Android 6.0.1; Nexus 5X Build/MMB29P) AppleWebKit/537.36 (KHTML, like Gecko) Chrome/141.0.7390.122 Mobile Safari/537.36 (compatible; GoogleOther)"
74.7.227.43 - - [17/Dec/2025:20:14:44 +0800] "GET /pages.php?idea/e244?pid=789 HTTP/1.1" 200 153807 "-" "Mozilla/5.0 AppleWebKit/537.36 (KHTML, like Gecko; compatible; GPTBot/1.3; +https://openai.com/gptbot)"
74.7.227.43 - - [17/Dec/2025:20:14:44 +0800] "GET /pages.php?beat/r244?pid=235 HTTP/1.1" 200 153348 "-" "Mozilla/5.0 AppleWebKit/537.36 (KHTML, like Gecko; compatible; GPTBot/1.3; +https://openai.com/gptbot)"
66.249.74.164 - - [17/Dec/2025:20:14:45 +0800] "GET /?products/17436652 HTTP/1.1" 200 151281 "-" "Mozilla/5.0 (Linux; Android 6.0.1; Nexus 5X Build/MMB29P) AppleWebKit/537.36 (KHTML, like Gecko) Chrome/141.0.7390.122 Mobile Safari/537.36 (compatible; GoogleOther)"
74.7.227.43 - - [17/Dec/2025:20:14:45 +0800] "GET /pages.php?press/k244?pid=647 HTTP/1.1" 200 154147 "-" "Mozilla/5.0 AppleWebKit/537.36 (KHTML, like Gecko; compatible; GPTBot/1.3; +https://openai.com/gptbot)"
74.7.227.43 - - [17/Dec/2025:20:14:46 +0800] "GET /pages.php?changing/m198?pid=8601 HTTP/1.1" 200 141806 "-" "Mozilla/5.0 AppleWebKit/537.36 (KHTML, like Gecko; compatible; GPTBot/1.3; +https://openai.com/gptbot)"
66.249.74.164 - - [17/Dec/2025:20:14:47 +0800] "GET /?products/26872518 HTTP/1.1" 200 156823 "-" "Mozilla/5.0 (Linux; Android 6.0.1; Nexus 5X Build/MMB29P) AppleWebKit/537.36 (KHTML, like Gecko) Chrome/141.0.7390.122 Mobile Safari/537.36 (compatible; GoogleOther)"
74.7.227.43 - - [17/Dec/2025:20:14:47 +0800] "GET /pages.php?sweat/p244?pid=575 HTTP/1.1" 200 154470 "-" "Mozilla/5.0 AppleWebKit/537.36 (KHTML, like Gecko; compatible; GPTBot/1.3; +https://openai.com/gptbot)"
74.7.227.43 - - [17/Dec/2025:20:14:47 +0800] "GET /pages.php?item/u102/8876/ HTTP/1.1" 200 153359 "-" "Mozilla/5.0 AppleWebKit/537.36 (KHTML, like Gecko; compatible; GPTBot/1.3; +https://openai.com/gptbot)"
66.249.74.164 - - [17/Dec/2025:20:14:48 +0800] "GET /?products/8201341 HTTP/1.1" 200 162628 "-" "Mozilla/5.0 (Linux; Android 6.0.1; Nexus 5X Build/MMB29P) AppleWebKit/537.36 (KHTML, like Gecko) Chrome/141.0.7390.122 Mobile Safari/537.36 (compatible; GoogleOther)"
74.7.227.43 - - [17/Dec/2025:20:14:48 +0800] "GET /pages.php?river/v244?pid=229 HTTP/1.1" 200 152970 "-" "Mozilla/5.0 AppleWebKit/537.36 (KHTML, like Gecko; compatible; GPTBot/1.3; +https://openai.com/gptbot)"
74.7.227.43 - - [17/Dec/2025:20:14:49 +0800] "GET /pages.php?devil/g59?pid=3810 HTTP/1.1" 200 147764 "-" "Mozilla/5.0 AppleWebKit/537.36 (KHTML, like Gecko; compatible; GPTBot/1.3; +https://openai.com/gptbot)"
66.249.74.169 - - [17/Dec/2025:20:14:49 +0800] "GET /?products/20655330 HTTP/1.1" 200 158712 "-" "Mozilla/5.0 (Linux; Android 6.0.1; Nexus 5X Build/MMB29P) AppleWebKit/537.36 (KHTML, like Gecko) Chrome/141.0.7390.122 Mobile Safari/537.36 (compatible; GoogleOther)"
74.7.227.43 - - [17/Dec/2025:20:14:49 +0800] "GET /pages.php?sauce/e244?pid=499 HTTP/1.1" 200 153623 "-" "Mozilla/5.0 AppleWebKit/537.36 (KHTML, like Gecko; compatible; GPTBot/1.3; +https://openai.com/gptbot)"
74.7.227.43 - - [17/Dec/2025:20:14:50 +0800] "GET /pages.php?rally/y3?pid=34046 HTTP/1.1" 200 143245 "-" "Mozilla/5.0 AppleWebKit/537.36 (KHTML, like Gecko; compatible; GPTBot/1.3; +https://openai.com/gptbot)"
74.7.227.43 - - [17/Dec/2025:20:14:51 +0800] "GET /pages.php?join/r244?pid=235 HTTP/1.1" 200 154453 "-" "Mozilla/5.0 AppleWebKit/537.36 (KHTML, like Gecko; compatible; GPTBot/1.3; +https://openai.com/gptbot)"
66.249.74.169 - - [17/Dec/2025:20:14:52 +0800] "GET /?products/9069607 HTTP/1.1" 200 149631 "-" "Mozilla/5.0 (Linux; Android 6.0.1; Nexus 5X Build/MMB29P) AppleWebKit/537.36 (KHTML, like Gecko) Chrome/141.0.7390.122 Mobile Safari/537.36 (compatible; GoogleOther)"
74.7.227.43 - - [17/Dec/2025:20:14:52 +0800] "GET /pages.php?ahead/k74?pid=6873 HTTP/1.1" 200 146125 "-" "Mozilla/5.0 AppleWebKit/537.36 (KHTML, like Gecko; compatible; GPTBot/1.3; +https://openai.com/gptbot)"
66.249.74.163 - - [17/Dec/2025:20:14:52 +0800] "GET /?products/12318952 HTTP/1.1" 200 150718 "-" "Mozilla/5.0 (Linux; Android 6.0.1; Nexus 5X Build/MMB29P) AppleWebKit/537.36 (KHTML, like Gecko) Chrome/141.0.7390.122 Mobile Safari/537.36 (compatible; GoogleOther)"
74.7.227.43 - - [17/Dec/2025:20:14:52 +0800] "GET /pages.php?mask/e244?pid=703 HTTP/1.1" 200 154420 "-" "Mozilla/5.0 AppleWebKit/537.36 (KHTML, like Gecko; compatible; GPTBot/1.3; +https://openai.com/gptbot)"
74.7.227.43 - - [17/Dec/2025:20:14:53 +0800] "GET /pages.php?initiate/i244?pid=223 HTTP/1.1" 200 157303 "-" "Mozilla/5.0 AppleWebKit/537.36 (KHTML, like Gecko; compatible; GPTBot/1.3; +https://openai.com/gptbot)"
74.7.227.43 - - [17/Dec/2025:20:14:54 +0800] "GET /pages.php?knife/e244?pid=499 HTTP/1.1" 200 154361 "-" "Mozilla/5.0 AppleWebKit/537.36 (KHTML, like Gecko; compatible; GPTBot/1.3; +https://openai.com/gptbot)"
74.7.227.43 - - [17/Dec/2025:20:14:55 +0800] "GET /pages.php?gender/b4?pid=5901 HTTP/1.1" 200 146697 "-" "Mozilla/5.0 AppleWebKit/537.36 (KHTML, like Gecko; compatible; GPTBot/1.3; +https://openai.com/gptbot)"
74.7.227.43 - - [17/Dec/2025:20:14:55 +0800] "GET /pages.php?wrap/z244?pid=133 HTTP/1.1" 200 154529 "-" "Mozilla/5.0 AppleWebKit/537.36 (KHTML, like Gecko; compatible; GPTBot/1.3; +https://openai.com/gptbot)"
66.249.74.162 - - [17/Dec/2025:20:14:56 +0800] "GET /?products/5704607 HTTP/1.1" 200 145630 "-" "Mozilla/5.0 (Linux; Android 6.0.1; Nexus 5X Build/MMB29P) AppleWebKit/537.36 (KHTML, like Gecko) Chrome/141.0.7390.122 Mobile Safari/537.36 (compatible; GoogleOther)"
66.249.74.162 - - [17/Dec/2025:20:14:57 +0800] "GET /?products/10875263 HTTP/1.1" 200 151266 "-" "Mozilla/5.0 (Linux; Android 6.0.1; Nexus 5X Build/MMB29P) AppleWebKit/537.36 (KHTML, like Gecko) Chrome/141.0.7390.122 Mobile Safari/537.36 (compatible; GoogleOther)"
74.7.227.43 - - [17/Dec/2025:20:14:56 +0800] "GET /pages.php?soap/z244?pid=643 HTTP/1.1" 200 153675 "-" "Mozilla/5.0 AppleWebKit/537.36 (KHTML, like Gecko; compatible; GPTBot/1.3; +https://openai.com/gptbot)"
74.7.227.43 - - [17/Dec/2025:20:14:57 +0800] "GET /pages.php?6059528 HTTP/1.1" 200 142581 "-" "Mozilla/5.0 AppleWebKit/537.36 (KHTML, like Gecko; compatible; GPTBot/1.3; +https://openai.com/gptbot)"
74.7.227.43 - - [17/Dec/2025:20:14:58 +0800] "GET /pages.php?massive/h224?pid=3703 HTTP/1.1" 200 153856 "-" "Mozilla/5.0 AppleWebKit/537.36 (KHTML, like Gecko; compatible; GPTBot/1.3; +https://openai.com/gptbot)"
66.249.74.165 - - [17/Dec/2025:20:15:00 +0800] "GET /?products/9101463 HTTP/1.1" 200 156140 "-" "Mozilla/5.0 (Linux; Android 6.0.1; Nexus 5X Build/MMB29P) AppleWebKit/537.36 (KHTML, like Gecko) Chrome/141.0.7390.122 Mobile Safari/537.36 (compatible; GoogleOther)"
74.7.227.43 - - [17/Dec/2025:20:15:00 +0800] "GET /pages.php?8578797 HTTP/1.1" 200 145098 "-" "Mozilla/5.0 AppleWebKit/537.36 (KHTML, like Gecko; compatible; GPTBot/1.3; +https://openai.com/gptbot)"
66.249.74.169 - - [17/Dec/2025:20:15:01 +0800] "GET /?products/27036841 HTTP/1.1" 200 173220 "-" "Mozilla/5.0 (Linux; Android 6.0.1; Nexus 5X Build/MMB29P) AppleWebKit/537.36 (KHTML, like Gecko) Chrome/141.0.7390.122 Mobile Safari/537.36 (compatible; GoogleOther)"
66.249.74.160 - - [17/Dec/2025:20:15:01 +0800] "GET /?products/4779385 HTTP/1.1" 200 158141 "-" "Mozilla/5.0 (Linux; Android 6.0.1; Nexus 5X Build/MMB29P) AppleWebKit/537.36 (KHTML, like Gecko) Chrome/141.0.7390.122 Mobile Safari/537.36 (compatible; GoogleOther)"
74.7.227.43 - - [17/Dec/2025:20:15:01 +0800] "GET /pages.php?evolve/w244?pid=39 HTTP/1.1" 200 158137 "-" "Mozilla/5.0 AppleWebKit/537.36 (KHTML, like Gecko; compatible; GPTBot/1.3; +https://openai.com/gptbot)"
66.249.74.161 - - [17/Dec/2025:20:15:02 +0800] "GET /?products/29819829 HTTP/1.1" 200 143097 "-" "Mozilla/5.0 (Linux; Android 6.0.1; Nexus 5X Build/MMB29P) AppleWebKit/537.36 (KHTML, like Gecko) Chrome/141.0.7390.122 Mobile Safari/537.36 (compatible; GoogleOther)"
66.249.74.165 - - [17/Dec/2025:20:15:02 +0800] "GET /?products/28848163 HTTP/1.1" 200 148197 "-" "Mozilla/5.0 (Linux; Android 6.0.1; Nexus 5X Build/MMB29P) AppleWebKit/537.36 (KHTML, like Gecko) Chrome/141.0.7390.122 Mobile Safari/537.36 (compatible; GoogleOther)"
66.249.74.160 - - [17/Dec/2025:20:15:03 +0800] "GET /?products/22975496 HTTP/1.1" 200 165730 "-" "Mozilla/5.0 (Linux; Android 6.0.1; Nexus 5X Build/MMB29P) AppleWebKit/537.36 (KHTML, like Gecko) Chrome/141.0.7390.122 Mobile Safari/537.36 (compatible; GoogleOther)"
74.7.227.43 - - [17/Dec/2025:20:15:02 +0800] "GET /pages.php?estimated/s244?pid=49 HTTP/1.1" 200 167842 "-" "Mozilla/5.0 AppleWebKit/537.36 (KHTML, like Gecko; compatible; GPTBot/1.3; +https://openai.com/gptbot)"
66.249.74.164 - - [17/Dec/2025:20:15:03 +0800] "GET /?products/12703829 HTTP/1.1" 200 168548 "-" "Mozilla/5.0 (Linux; Android 6.0.1; Nexus 5X Build/MMB29P) AppleWebKit/537.36 (KHTML, like Gecko) Chrome/141.0.7390.122 Mobile Safari/537.36 (compatible; GoogleOther)"
74.7.227.43 - - [17/Dec/2025:20:15:03 +0800] "GET /pages.php?suspend/m132?pid=14475 HTTP/1.1" 200 152300 "-" "Mozilla/5.0 AppleWebKit/537.36 (KHTML, like Gecko; compatible; GPTBot/1.3; +https://openai.com/gptbot)"
66.249.74.163 - - [17/Dec/2025:20:15:04 +0800] "GET /?products/4537818 HTTP/1.1" 200 148416 "-" "Mozilla/5.0 (Linux; Android 6.0.1; Nexus 5X Build/MMB29P) AppleWebKit/537.36 (KHTML, like Gecko) Chrome/141.0.7390.122 Mobile Safari/537.36 (compatible; GoogleOther)"
74.7.227.43 - - [17/Dec/2025:20:15:04 +0800] "GET /pages.php?competitor/i244?pid=223 HTTP/1.1" 200 156359 "-" "Mozilla/5.0 AppleWebKit/537.36 (KHTML, like Gecko; compatible; GPTBot/1.3; +https://openai.com/gptbot)"
74.7.227.43 - - [17/Dec/2025:20:15:05 +0800] "GET /pages.php?steam/f244?pid=191 HTTP/1.1" 200 161958 "-" "Mozilla/5.0 AppleWebKit/537.36 (KHTML, like Gecko; compatible; GPTBot/1.3; +https://openai.com/gptbot)"
66.249.74.161 - - [17/Dec/2025:20:15:05 +0800] "GET /?products/7628352 HTTP/1.1" 200 171417 "-" "Mozilla/5.0 (Linux; Android 6.0.1; Nexus 5X Build/MMB29P) AppleWebKit/537.36 (KHTML, like Gecko) Chrome/141.0.7390.122 Mobile Safari/537.36 (compatible; GoogleOther)"
74.7.227.43 - - [17/Dec/2025:20:15:05 +0800] "GET /pages.php?midnight/n22?pid=17823 HTTP/1.1" 200 150623 "-" "Mozilla/5.0 AppleWebKit/537.36 (KHTML, like Gecko; compatible; GPTBot/1.3; +https://openai.com/gptbot)"
66.249.74.162 - - [17/Dec/2025:20:15:07 +0800] "GET /?products/13534963 HTTP/1.1" 200 145528 "-" "Mozilla/5.0 (Linux; Android 6.0.1; Nexus 5X Build/MMB29P) AppleWebKit/537.36 (KHTML, like Gecko) Chrome/141.0.7390.122 Mobile Safari/537.36 (compatible; GoogleOther)"
74.7.227.43 - - [17/Dec/2025:20:15:06 +0800] "GET /pages.php?disabled/w244?pid=151 HTTP/1.1" 200 154246 "-" "Mozilla/5.0 AppleWebKit/537.36 (KHTML, like Gecko; compatible; GPTBot/1.3; +https://openai.com/gptbot)"
74.7.227.43 - - [17/Dec/2025:20:15:07 +0800] "GET /pages.php?search/h224?pid=3703 HTTP/1.1" 200 153279 "-" "Mozilla/5.0 AppleWebKit/537.36 (KHTML, like Gecko; compatible; GPTBot/1.3; +https://openai.com/gptbot)"
66.249.74.163 - - [17/Dec/2025:20:15:08 +0800] "GET /?products/14849396 HTTP/1.1" 200 170484 "-" "Mozilla/5.0 (Linux; Android 6.0.1; Nexus 5X Build/MMB29P) AppleWebKit/537.36 (KHTML, like Gecko) Chrome/141.0.7390.122 Mobile Safari/537.36 (compatible; GoogleOther)"
74.7.227.43 - - [17/Dec/2025:20:15:08 +0800] "GET /pages.php?homeless/z244?pid=133 HTTP/1.1" 200 154147 "-" "Mozilla/5.0 AppleWebKit/537.36 (KHTML, like Gecko; compatible; GPTBot/1.3; +https://openai.com/gptbot)"
74.7.227.43 - - [17/Dec/2025:20:15:09 +0800] "GET /pages.php?everyday/p222?pid=5525 HTTP/1.1" 200 141764 "-" "Mozilla/5.0 AppleWebKit/537.36 (KHTML, like Gecko; compatible; GPTBot/1.3; +https://openai.com/gptbot)"
66.249.74.163 - - [17/Dec/2025:20:15:09 +0800] "GET /?products/16454418 HTTP/1.1" 200 155637 "-" "Mozilla/5.0 (Linux; Android 6.0.1; Nexus 5X Build/MMB29P) AppleWebKit/537.36 (KHTML, like Gecko) Chrome/141.0.7390.122 Mobile Safari/537.36 (compatible; GoogleOther)"
74.7.227.43 - - [17/Dec/2025:20:15:09 +0800] "GET /pages.php?armed/y3?pid=34046 HTTP/1.1" 200 143276 "-" "Mozilla/5.0 AppleWebKit/537.36 (KHTML, like Gecko; compatible; GPTBot/1.3; +https://openai.com/gptbot)"
74.7.227.43 - - [17/Dec/2025:20:15:10 +0800] "GET /pages.php?rough/z244?pid=133 HTTP/1.1" 200 153467 "-" "Mozilla/5.0 AppleWebKit/537.36 (KHTML, like Gecko; compatible; GPTBot/1.3; +https://openai.com/gptbot)"
66.249.74.169 - - [17/Dec/2025:20:15:11 +0800] "GET /?products/17247830 HTTP/1.1" 200 162393 "-" "Mozilla/5.0 (Linux; Android 6.0.1; Nexus 5X Build/MMB29P) AppleWebKit/537.36 (KHTML, like Gecko) Chrome/141.0.7390.122 Mobile Safari/537.36 (compatible; GoogleOther)"
74.7.227.43 - - [17/Dec/2025:20:15:11 +0800] "GET /pages.php?threat/a244?pid=27 HTTP/1.1" 200 153493 "-" "Mozilla/5.0 AppleWebKit/537.36 (KHTML, like Gecko; compatible; GPTBot/1.3; +https://openai.com/gptbot)"
66.249.74.169 - - [17/Dec/2025:20:15:11 +0800] "GET /?products/2946496 HTTP/1.1" 200 151681 "-" "Mozilla/5.0 (Linux; Android 6.0.1; Nexus 5X Build/MMB29P) AppleWebKit/537.36 (KHTML, like Gecko) Chrome/141.0.7390.122 Mobile Safari/537.36 (compatible; GoogleOther)"
66.249.74.169 - - [17/Dec/2025:20:15:12 +0800] "GET /?products/20799074 HTTP/1.1" 200 163678 "-" "Mozilla/5.0 (Linux; Android 6.0.1; Nexus 5X Build/MMB29P) AppleWebKit/537.36 (KHTML, like Gecko) Chrome/141.0.7390.122 Mobile Safari/537.36 (compatible; GoogleOther)"
74.7.227.43 - - [17/Dec/2025:20:15:11 +0800] "GET /pages.php?dough/e244?pid=499 HTTP/1.1" 200 153583 "-" "Mozilla/5.0 AppleWebKit/537.36 (KHTML, like Gecko; compatible; GPTBot/1.3; +https://openai.com/gptbot)"
74.7.227.43 - - [17/Dec/2025:20:15:12 +0800] "GET /pages.php?solve/o244?pid=503 HTTP/1.1" 200 155972 "-" "Mozilla/5.0 AppleWebKit/537.36 (KHTML, like Gecko; compatible; GPTBot/1.3; +https://openai.com/gptbot)"
66.249.74.169 - - [17/Dec/2025:20:15:13 +0800] "GET /?products/21160163 HTTP/1.1" 200 143221 "-" "Mozilla/5.0 (Linux; Android 6.0.1; Nexus 5X Build/MMB29P) AppleWebKit/537.36 (KHTML, like Gecko) Chrome/141.0.7390.122 Mobile Safari/537.36 (compatible; GoogleOther)"
74.7.227.43 - - [17/Dec/2025:20:15:13 +0800] "GET /pages.php?movie/i244?pid=545 HTTP/1.1" 200 154178 "-" "Mozilla/5.0 AppleWebKit/537.36 (KHTML, like Gecko; compatible; GPTBot/1.3; +https://openai.com/gptbot)"
74.7.227.43 - - [17/Dec/2025:20:15:14 +0800] "GET /pages.php?ring/z244?pid=643 HTTP/1.1" 200 154250 "-" "Mozilla/5.0 AppleWebKit/537.36 (KHTML, like Gecko; compatible; GPTBot/1.3; +https://openai.com/gptbot)"
66.249.74.160 - - [17/Dec/2025:20:15:15 +0800] "GET /?products/2562674 HTTP/1.1" 200 151684 "-" "Mozilla/5.0 (Linux; Android 6.0.1; Nexus 5X Build/MMB29P) AppleWebKit/537.36 (KHTML, like Gecko) Chrome/141.0.7390.122 Mobile Safari/537.36 (compatible; GoogleOther)"
74.7.227.43 - - [17/Dec/2025:20:15:14 +0800] "GET /pages.php?sport/o244?pid=385 HTTP/1.1" 200 161563 "-" "Mozilla/5.0 AppleWebKit/537.36 (KHTML, like Gecko; compatible; GPTBot/1.3; +https://openai.com/gptbot)"
74.7.227.43 - - [17/Dec/2025:20:15:15 +0800] "GET /pages.php?physically/i23?pid=3506 HTTP/1.1" 200 146636 "-" "Mozilla/5.0 AppleWebKit/537.36 (KHTML, like Gecko; compatible; GPTBot/1.3; +https://openai.com/gptbot)"
66.249.74.160 - - [17/Dec/2025:20:15:16 +0800] "GET /?products/27772430 HTTP/1.1" 200 161680 "-" "Mozilla/5.0 (Linux; Android 6.0.1; Nexus 5X Build/MMB29P) AppleWebKit/537.36 (KHTML, like Gecko) Chrome/141.0.7390.122 Mobile Safari/537.36 (compatible; GoogleOther)"
74.7.227.43 - - [17/Dec/2025:20:15:16 +0800] "GET /pages.php?elect/y3?pid=34046 HTTP/1.1" 200 142770 "-" "Mozilla/5.0 AppleWebKit/537.36 (KHTML, like Gecko; compatible; GPTBot/1.3; +https://openai.com/gptbot)"
74.7.227.43 - - [17/Dec/2025:20:15:16 +0800] "GET /pages.php?syndrome/t67?pid=36110 HTTP/1.1" 200 152060 "-" "Mozilla/5.0 AppleWebKit/537.36 (KHTML, like Gecko; compatible; GPTBot/1.3; +https://openai.com/gptbot)"
66.249.74.161 - - [17/Dec/2025:20:15:17 +0800] "GET /?products/12505985 HTTP/1.1" 200 156867 "-" "Mozilla/5.0 (Linux; Android 6.0.1; Nexus 5X Build/MMB29P) AppleWebKit/537.36 (KHTML, like Gecko) Chrome/141.0.7390.122 Mobile Safari/537.36 (compatible; GoogleOther)"
74.7.227.43 - - [17/Dec/2025:20:15:17 +0800] "GET /pages.php?entirely/t63?pid=41398 HTTP/1.1" 200 144998 "-" "Mozilla/5.0 AppleWebKit/537.36 (KHTML, like Gecko; compatible; GPTBot/1.3; +https://openai.com/gptbot)"
74.7.227.43 - - [17/Dec/2025:20:15:18 +0800] "GET /pages.php?lamp/i244?pid=545 HTTP/1.1" 200 155389 "-" "Mozilla/5.0 AppleWebKit/537.36 (KHTML, like Gecko; compatible; GPTBot/1.3; +https://openai.com/gptbot)"
66.249.74.161 - - [17/Dec/2025:20:15:18 +0800] "GET /?products/4471152 HTTP/1.1" 200 152305 "-" "Mozilla/5.0 (Linux; Android 6.0.1; Nexus 5X Build/MMB29P) AppleWebKit/537.36 (KHTML, like Gecko) Chrome/141.0.7390.122 Mobile Safari/537.36 (compatible; GoogleOther)"
74.7.227.43 - - [17/Dec/2025:20:15:18 +0800] "GET /pages.php?these/p244?pid=345 HTTP/1.1" 200 158822 "-" "Mozilla/5.0 AppleWebKit/537.36 (KHTML, like Gecko; compatible; GPTBot/1.3; +https://openai.com/gptbot)"
74.7.227.43 - - [17/Dec/2025:20:15:19 +0800] "GET /pages.php?according/l244?pid=435 HTTP/1.1" 200 152916 "-" "Mozilla/5.0 AppleWebKit/537.36 (KHTML, like Gecko; compatible; GPTBot/1.3; +https://openai.com/gptbot)"
66.249.74.160 - - [17/Dec/2025:20:15:20 +0800] "GET /?products/10706996 HTTP/1.1" 200 148750 "-" "Mozilla/5.0 (Linux; Android 6.0.1; Nexus 5X Build/MMB29P) AppleWebKit/537.36 (KHTML, like Gecko) Chrome/141.0.7390.122 Mobile Safari/537.36 (compatible; GoogleOther)"
74.7.227.43 - - [17/Dec/2025:20:15:20 +0800] "GET /pages.php?alive/i244?pid=545 HTTP/1.1" 200 154491 "-" "Mozilla/5.0 AppleWebKit/537.36 (KHTML, like Gecko; compatible; GPTBot/1.3; +https://openai.com/gptbot)"
74.7.227.43 - - [17/Dec/2025:20:15:20 +0800] "GET /pages.php?heal/i244?pid=465 HTTP/1.1" 200 154421 "-" "Mozilla/5.0 AppleWebKit/537.36 (KHTML, like Gecko; compatible; GPTBot/1.3; +https://openai.com/gptbot)"
66.249.74.169 - - [17/Dec/2025:20:15:21 +0800] "GET /?products/11797052 HTTP/1.1" 200 155852 "-" "Mozilla/5.0 (Linux; Android 6.0.1; Nexus 5X Build/MMB29P) AppleWebKit/537.36 (KHTML, like Gecko) Chrome/141.0.7390.122 Mobile Safari/537.36 (compatible; GoogleOther)"
66.249.74.160 - - [17/Dec/2025:20:15:22 +0800] "GET /?products/22754518 HTTP/1.1" 200 163149 "-" "Mozilla/5.0 (Linux; Android 6.0.1; Nexus 5X Build/MMB29P) AppleWebKit/537.36 (KHTML, like Gecko) Chrome/141.0.7390.122 Mobile Safari/537.36 (compatible; GoogleOther)"
74.7.227.43 - - [17/Dec/2025:20:15:21 +0800] "GET /pages.php?smile/i23?pid=3506 HTTP/1.1" 200 147085 "-" "Mozilla/5.0 AppleWebKit/537.36 (KHTML, like Gecko; compatible; GPTBot/1.3; +https://openai.com/gptbot)"
74.7.227.43 - - [17/Dec/2025:20:15:22 +0800] "GET /pages.php?emission/y3?pid=34046 HTTP/1.1" 200 143560 "-" "Mozilla/5.0 AppleWebKit/537.36 (KHTML, like Gecko; compatible; GPTBot/1.3; +https://openai.com/gptbot)"
66.249.74.160 - - [17/Dec/2025:20:15:22 +0800] "GET /?products/14055785 HTTP/1.1" 200 151348 "-" "Mozilla/5.0 (Linux; Android 6.0.1; Nexus 5X Build/MMB29P) AppleWebKit/537.36 (KHTML, like Gecko) Chrome/141.0.7390.122 Mobile Safari/537.36 (compatible; GoogleOther)"
74.7.227.43 - - [17/Dec/2025:20:15:23 +0800] "GET /pages.php?slam/e244?pid=431 HTTP/1.1" 200 154559 "-" "Mozilla/5.0 AppleWebKit/537.36 (KHTML, like Gecko; compatible; GPTBot/1.3; +https://openai.com/gptbot)"
74.7.227.43 - - [17/Dec/2025:20:15:23 +0800] "GET /pages.php?swear/z244?pid=643 HTTP/1.1" 200 153799 "-" "Mozilla/5.0 AppleWebKit/537.36 (KHTML, like Gecko; compatible; GPTBot/1.3; +https://openai.com/gptbot)"
66.249.74.161 - - [17/Dec/2025:20:15:24 +0800] "GET /?products/19056429 HTTP/1.1" 200 159344 "-" "Mozilla/5.0 (Linux; Android 6.0.1; Nexus 5X Build/MMB29P) AppleWebKit/537.36 (KHTML, like Gecko) Chrome/141.0.7390.122 Mobile Safari/537.36 (compatible; GoogleOther)"
74.7.227.43 - - [17/Dec/2025:20:15:24 +0800] "GET /pages.php?banana/m191?pid=45956 HTTP/1.1" 200 143243 "-" "Mozilla/5.0 AppleWebKit/537.36 (KHTML, like Gecko; compatible; GPTBot/1.3; +https://openai.com/gptbot)"
66.249.74.169 - - [17/Dec/2025:20:15:25 +0800] "GET /?products/27151541 HTTP/1.1" 200 191525 "-" "Mozilla/5.0 (Linux; Android 6.0.1; Nexus 5X Build/MMB29P) AppleWebKit/537.36 (KHTML, like Gecko) Chrome/141.0.7390.122 Mobile Safari/537.36 (compatible; GoogleOther)"
74.7.227.43 - - [17/Dec/2025:20:15:25 +0800] "GET /pages.php?rain/k244?pid=647 HTTP/1.1" 200 153773 "-" "Mozilla/5.0 AppleWebKit/537.36 (KHTML, like Gecko; compatible; GPTBot/1.3; +https://openai.com/gptbot)"
66.249.74.161 - - [17/Dec/2025:20:15:27 +0800] "GET /?products/15744963 HTTP/1.1" 200 152072 "-" "Mozilla/5.0 (Linux; Android 6.0.1; Nexus 5X Build/MMB29P) AppleWebKit/537.36 (KHTML, like Gecko) Chrome/141.0.7390.122 Mobile Safari/537.36 (compatible; GoogleOther)"
74.7.227.43 - - [17/Dec/2025:20:15:26 +0800] "GET /pages.php?especially/z244?pid=133 HTTP/1.1" 200 152498 "-" "Mozilla/5.0 AppleWebKit/537.36 (KHTML, like Gecko; compatible; GPTBot/1.3; +https://openai.com/gptbot)"
74.7.227.43 - - [17/Dec/2025:20:15:27 +0800] "GET /pages.php?selected/w244?pid=151 HTTP/1.1" 200 152976 "-" "Mozilla/5.0 AppleWebKit/537.36 (KHTML, like Gecko; compatible; GPTBot/1.3; +https://openai.com/gptbot)"
66.249.74.161 - - [17/Dec/2025:20:15:28 +0800] "GET /?products/8549474 HTTP/1.1" 200 161906 "-" "Mozilla/5.0 (Linux; Android 6.0.1; Nexus 5X Build/MMB29P) AppleWebKit/537.36 (KHTML, like Gecko) Chrome/141.0.7390.122 Mobile Safari/537.36 (compatible; GoogleOther)"
74.7.227.43 - - [17/Dec/2025:20:15:28 +0800] "GET /pages.php?friendship/i244?pid=465 HTTP/1.1" 200 153965 "-" "Mozilla/5.0 AppleWebKit/537.36 (KHTML, like Gecko; compatible; GPTBot/1.3; +https://openai.com/gptbot)"
66.249.74.169 - - [17/Dec/2025:20:15:29 +0800] "GET /?products/9301530 HTTP/1.1" 200 146039 "-" "Mozilla/5.0 (Linux; Android 6.0.1; Nexus 5X Build/MMB29P) AppleWebKit/537.36 (KHTML, like Gecko) Chrome/141.0.7390.122 Mobile Safari/537.36 (compatible; GoogleOther)"
74.7.227.43 - - [17/Dec/2025:20:15:29 +0800] "GET /pages.php?forehead/f244?pid=143 HTTP/1.1" 200 152834 "-" "Mozilla/5.0 AppleWebKit/537.36 (KHTML, like Gecko; compatible; GPTBot/1.3; +https://openai.com/gptbot)"
74.7.227.43 - - [17/Dec/2025:20:15:30 +0800] "GET /pages.php?clinical/f244?pid=191 HTTP/1.1" 200 161326 "-" "Mozilla/5.0 AppleWebKit/537.36 (KHTML, like Gecko; compatible; GPTBot/1.3; +https://openai.com/gptbot)"
66.249.74.162 - - [17/Dec/2025:20:15:31 +0800] "GET /?products/11854485 HTTP/1.1" 200 164708 "-" "Mozilla/5.0 (Linux; Android 6.0.1; Nexus 5X Build/MMB29P) AppleWebKit/537.36 (KHTML, like Gecko) Chrome/141.0.7390.122 Mobile Safari/537.36 (compatible; GoogleOther)"
74.7.227.43 - - [17/Dec/2025:20:15:31 +0800] "GET /pages.php?driveway/i244?pid=545 HTTP/1.1" 200 153643 "-" "Mozilla/5.0 AppleWebKit/537.36 (KHTML, like Gecko; compatible; GPTBot/1.3; +https://openai.com/gptbot)"
66.249.74.161 - - [17/Dec/2025:20:15:31 +0800] "GET /?products/24891663 HTTP/1.1" 200 158268 "-" "Mozilla/5.0 (Linux; Android 6.0.1; Nexus 5X Build/MMB29P) AppleWebKit/537.36 (KHTML, like Gecko) Chrome/141.0.7390.122 Mobile Safari/537.36 (compatible; GoogleOther)"
74.7.227.43 - - [17/Dec/2025:20:15:31 +0800] "GET /pages.php?condition/e244?pid=703 HTTP/1.1" 200 152581 "-" "Mozilla/5.0 AppleWebKit/537.36 (KHTML, like Gecko; compatible; GPTBot/1.3; +https://openai.com/gptbot)"
114.119.135.232 - - [17/Dec/2025:20:15:33 +0800] "GET /sitemap326.xml HTTP/1.1" 403 - "-" "Mozilla/5.0 (Linux; Android 7.0;) AppleWebKit/537.36 (KHTML, like Gecko) Mobile Safari/537.36 (compatible; PetalBot;+https://webmaster.petalsearch.com/site/petalbot)"
74.7.227.43 - - [17/Dec/2025:20:15:32 +0800] "GET /pages.php?rail/y31?pid=1442 HTTP/1.1" 200 156787 "-" "Mozilla/5.0 AppleWebKit/537.36 (KHTML, like Gecko; compatible; GPTBot/1.3; +https://openai.com/gptbot)"
66.249.74.161 - - [17/Dec/2025:20:15:34 +0800] "GET /?products/11377018 HTTP/1.1" 200 163119 "-" "Mozilla/5.0 (Linux; Android 6.0.1; Nexus 5X Build/MMB29P) AppleWebKit/537.36 (KHTML, like Gecko) Chrome/141.0.7390.122 Mobile Safari/537.36 (compatible; GoogleOther)"
74.7.227.43 - - [17/Dec/2025:20:15:33 +0800] "GET /pages.php?until/i244?pid=545 HTTP/1.1" 200 154797 "-" "Mozilla/5.0 AppleWebKit/537.36 (KHTML, like Gecko; compatible; GPTBot/1.3; +https://openai.com/gptbot)"
74.7.227.43 - - [17/Dec/2025:20:15:34 +0800] "GET /pages.php?care/r9?pid=30084 HTTP/1.1" 200 157946 "-" "Mozilla/5.0 AppleWebKit/537.36 (KHTML, like Gecko; compatible; GPTBot/1.3; +https://openai.com/gptbot)"
74.7.227.43 - - [17/Dec/2025:20:15:35 +0800] "GET /pages.php?generation/a144?pid=679 HTTP/1.1" 200 142532 "-" "Mozilla/5.0 AppleWebKit/537.36 (KHTML, like Gecko; compatible; GPTBot/1.3; +https://openai.com/gptbot)"
66.249.74.161 - - [17/Dec/2025:20:15:36 +0800] "GET /?products/9590441 HTTP/1.1" 200 153974 "-" "Mozilla/5.0 (Linux; Android 6.0.1; Nexus 5X Build/MMB29P) AppleWebKit/537.36 (KHTML, like Gecko) Chrome/141.0.7390.122 Mobile Safari/537.36 (compatible; GoogleOther)"
74.7.227.43 - - [17/Dec/2025:20:15:36 +0800] "GET /pages.php?really/z5?pid=3632 HTTP/1.1" 200 141545 "-" "Mozilla/5.0 AppleWebKit/537.36 (KHTML, like Gecko; compatible; GPTBot/1.3; +https://openai.com/gptbot)"
66.249.74.162 - - [17/Dec/2025:20:15:36 +0800] "GET /?products/8481118 HTTP/1.1" 200 176121 "-" "Mozilla/5.0 (Linux; Android 6.0.1; Nexus 5X Build/MMB29P) AppleWebKit/537.36 (KHTML, like Gecko) Chrome/141.0.7390.122 Mobile Safari/537.36 (compatible; GoogleOther)"
66.249.74.162 - - [17/Dec/2025:20:15:37 +0800] "GET /?products/21868530 HTTP/1.1" 200 146985 "-" "Mozilla/5.0 (Linux; Android 6.0.1; Nexus 5X Build/MMB29P) AppleWebKit/537.36 (KHTML, like Gecko) Chrome/141.0.7390.122 Mobile Safari/537.36 (compatible; GoogleOther)"
74.7.227.43 - - [17/Dec/2025:20:15:37 +0800] "GET /pages.php?phone/z244?pid=643 HTTP/1.1" 200 154998 "-" "Mozilla/5.0 AppleWebKit/537.36 (KHTML, like Gecko; compatible; GPTBot/1.3; +https://openai.com/gptbot)"
66.249.74.169 - - [17/Dec/2025:20:15:38 +0800] "GET /?products/14113785 HTTP/1.1" 200 190826 "-" "Mozilla/5.0 (Linux; Android 6.0.1; Nexus 5X Build/MMB29P) AppleWebKit/537.36 (KHTML, like Gecko) Chrome/141.0.7390.122 Mobile Safari/537.36 (compatible; GoogleOther)"
66.249.74.162 - - [17/Dec/2025:20:15:38 +0800] "GET /?products/6204941 HTTP/1.1" 200 154118 "-" "Mozilla/5.0 (Linux; Android 6.0.1; Nexus 5X Build/MMB29P) AppleWebKit/537.36 (KHTML, like Gecko) Chrome/141.0.7390.122 Mobile Safari/537.36 (compatible; GoogleOther)"
74.7.227.43 - - [17/Dec/2025:20:15:38 +0800] "GET /pages.php?coast/z244?pid=643 HTTP/1.1" 200 154522 "-" "Mozilla/5.0 AppleWebKit/537.36 (KHTML, like Gecko; compatible; GPTBot/1.3; +https://openai.com/gptbot)"
66.249.74.161 - - [17/Dec/2025:20:15:39 +0800] "GET /?products/29451729 HTTP/1.1" 200 167979 "-" "Mozilla/5.0 (Linux; Android 6.0.1; Nexus 5X Build/MMB29P) AppleWebKit/537.36 (KHTML, like Gecko) Chrome/141.0.7390.122 Mobile Safari/537.36 (compatible; GoogleOther)"
74.7.227.43 - - [17/Dec/2025:20:15:39 +0800] "GET /pages.php?kind/z244?pid=643 HTTP/1.1" 200 154575 "-" "Mozilla/5.0 AppleWebKit/537.36 (KHTML, like Gecko; compatible; GPTBot/1.3; +https://openai.com/gptbot)"
74.7.227.43 - - [17/Dec/2025:20:15:40 +0800] "GET /pages.php?item/u34/13656/ HTTP/1.1" 200 142667 "-" "Mozilla/5.0 AppleWebKit/537.36 (KHTML, like Gecko; compatible; GPTBot/1.3; +https://openai.com/gptbot)"
74.7.227.43 - - [17/Dec/2025:20:15:40 +0800] "GET /pages.php?dynamics/x32?pid=22623 HTTP/1.1" 200 142354 "-" "Mozilla/5.0 AppleWebKit/537.36 (KHTML, like Gecko; compatible; GPTBot/1.3; +https://openai.com/gptbot)"
66.249.74.161 - - [17/Dec/2025:20:15:41 +0800] "GET /?products/24739241 HTTP/1.1" 200 164132 "-" "Mozilla/5.0 (Linux; Android 6.0.1; Nexus 5X Build/MMB29P) AppleWebKit/537.36 (KHTML, like Gecko) Chrome/141.0.7390.122 Mobile Safari/537.36 (compatible; GoogleOther)"
74.7.227.43 - - [17/Dec/2025:20:15:41 +0800] "GET /pages.php?feeling/z243?pid=4354 HTTP/1.1" 200 145300 "-" "Mozilla/5.0 AppleWebKit/537.36 (KHTML, like Gecko; compatible; GPTBot/1.3; +https://openai.com/gptbot)"
66.249.74.161 - - [17/Dec/2025:20:15:42 +0800] "GET /?products/30073863 HTTP/1.1" 200 147763 "-" "Mozilla/5.0 (Linux; Android 6.0.1; Nexus 5X Build/MMB29P) AppleWebKit/537.36 (KHTML, like Gecko) Chrome/141.0.7390.122 Mobile Safari/537.36 (compatible; GoogleOther)"
66.249.74.162 - - [17/Dec/2025:20:15:42 +0800] "GET /?products/23066485 HTTP/1.1" 200 149996 "-" "Mozilla/5.0 (Linux; Android 6.0.1; Nexus 5X Build/MMB29P) AppleWebKit/537.36 (KHTML, like Gecko) Chrome/141.0.7390.122 Mobile Safari/537.36 (compatible; GoogleOther)"
74.7.227.43 - - [17/Dec/2025:20:15:42 +0800] "GET /pages.php?journal/m160?pid=27009 HTTP/1.1" 200 163671 "-" "Mozilla/5.0 AppleWebKit/537.36 (KHTML, like Gecko; compatible; GPTBot/1.3; +https://openai.com/gptbot)"
66.249.74.161 - - [17/Dec/2025:20:15:43 +0800] "GET /?products/19942407 HTTP/1.1" 200 151577 "-" "Mozilla/5.0 (Linux; Android 6.0.1; Nexus 5X Build/MMB29P) AppleWebKit/537.36 (KHTML, like Gecko) Chrome/141.0.7390.122 Mobile Safari/537.36 (compatible; GoogleOther)"
74.7.227.43 - - [17/Dec/2025:20:15:43 +0800] "GET /pages.php?appointment/q244?pid=69 HTTP/1.1" 200 159311 "-" "Mozilla/5.0 AppleWebKit/537.36 (KHTML, like Gecko; compatible; GPTBot/1.3; +https://openai.com/gptbot)"
74.7.227.43 - - [17/Dec/2025:20:15:43 +0800] "GET /pages.php?item/u3/2113/ HTTP/1.1" 200 146177 "-" "Mozilla/5.0 AppleWebKit/537.36 (KHTML, like Gecko; compatible; GPTBot/1.3; +https://openai.com/gptbot)"
66.249.74.163 - - [17/Dec/2025:20:15:44 +0800] "GET /?products/28270952 HTTP/1.1" 200 149412 "-" "Mozilla/5.0 (Linux; Android 6.0.1; Nexus 5X Build/MMB29P) AppleWebKit/537.36 (KHTML, like Gecko) Chrome/141.0.7390.122 Mobile Safari/537.36 (compatible; GoogleOther)"
74.7.227.43 - - [17/Dec/2025:20:15:44 +0800] "GET /pages.php?increasing/z244?pid=643 HTTP/1.1" 200 153875 "-" "Mozilla/5.0 AppleWebKit/537.36 (KHTML, like Gecko; compatible; GPTBot/1.3; +https://openai.com/gptbot)"
66.249.74.162 - - [17/Dec/2025:20:15:45 +0800] "GET /?products/25169774 HTTP/1.1" 200 179030 "-" "Mozilla/5.0 (Linux; Android 6.0.1; Nexus 5X Build/MMB29P) AppleWebKit/537.36 (KHTML, like Gecko) Chrome/141.0.7390.122 Mobile Safari/537.36 (compatible; GoogleOther)"
74.7.227.43 - - [17/Dec/2025:20:15:45 +0800] "GET /pages.php?membership/e244?pid=789 HTTP/1.1" 200 154945 "-" "Mozilla/5.0 AppleWebKit/537.36 (KHTML, like Gecko; compatible; GPTBot/1.3; +https://openai.com/gptbot)"
74.7.227.43 - - [17/Dec/2025:20:15:46 +0800] "GET /pages.php?upstairs/a144?pid=679 HTTP/1.1" 200 142772 "-" "Mozilla/5.0 AppleWebKit/537.36 (KHTML, like Gecko; compatible; GPTBot/1.3; +https://openai.com/gptbot)"
66.249.74.163 - - [17/Dec/2025:20:15:46 +0800] "GET /?products/23916074 HTTP/1.1" 200 163728 "-" "Mozilla/5.0 (Linux; Android 6.0.1; Nexus 5X Build/MMB29P) AppleWebKit/537.36 (KHTML, like Gecko) Chrome/141.0.7390.122 Mobile Safari/537.36 (compatible; GoogleOther)"
74.7.227.43 - - [17/Dec/2025:20:15:47 +0800] "GET /pages.php?negative/z244?pid=643 HTTP/1.1" 200 154303 "-" "Mozilla/5.0 AppleWebKit/537.36 (KHTML, like Gecko; compatible; GPTBot/1.3; +https://openai.com/gptbot)"
66.249.74.160 - - [17/Dec/2025:20:15:48 +0800] "GET /?products/21485130 HTTP/1.1" 200 149175 "-" "Mozilla/5.0 (Linux; Android 6.0.1; Nexus 5X Build/MMB29P) AppleWebKit/537.36 (KHTML, like Gecko) Chrome/141.0.7390.122 Mobile Safari/537.36 (compatible; GoogleOther)"
74.7.227.43 - - [17/Dec/2025:20:15:48 +0800] "GET /pages.php?virtually/q244?pid=317 HTTP/1.1" 200 152460 "-" "Mozilla/5.0 AppleWebKit/537.36 (KHTML, like Gecko; compatible; GPTBot/1.3; +https://openai.com/gptbot)"
66.249.74.162 - - [17/Dec/2025:20:15:49 +0800] "GET /?m=269934324 HTTP/1.1" 200 150255 "-" "Mozilla/5.0 (Linux; Android 6.0.1; Nexus 5X Build/MMB29P) AppleWebKit/537.36 (KHTML, like Gecko) Chrome/141.0.7390.122 Mobile Safari/537.36 (compatible; Googlebot/2.1; +http://www.google.com/bot.html)"
74.7.227.43 - - [17/Dec/2025:20:15:49 +0800] "GET /pages.php?filter/q113?pid=27578 HTTP/1.1" 200 146221 "-" "Mozilla/5.0 AppleWebKit/537.36 (KHTML, like Gecko; compatible; GPTBot/1.3; +https://openai.com/gptbot)"
66.249.74.163 - - [17/Dec/2025:20:15:49 +0800] "GET /?products/6507641 HTTP/1.1" 200 144806 "-" "Mozilla/5.0 (Linux; Android 6.0.1; Nexus 5X Build/MMB29P) AppleWebKit/537.36 (KHTML, like Gecko) Chrome/141.0.7390.122 Mobile Safari/537.36 (compatible; GoogleOther)"
74.7.227.43 - - [17/Dec/2025:20:15:49 +0800] "GET /pages.php?perceived/i222?pid=3829 HTTP/1.1" 200 145079 "-" "Mozilla/5.0 AppleWebKit/537.36 (KHTML, like Gecko; compatible; GPTBot/1.3; +https://openai.com/gptbot)"
66.249.74.164 - - [17/Dec/2025:20:15:50 +0800] "GET /?products/15650174 HTTP/1.1" 200 157072 "-" "Mozilla/5.0 (Linux; Android 6.0.1; Nexus 5X Build/MMB29P) AppleWebKit/537.36 (KHTML, like Gecko) Chrome/141.0.7390.122 Mobile Safari/537.36 (compatible; GoogleOther)"
74.7.227.43 - - [17/Dec/2025:20:15:50 +0800] "GET /pages.php?host/e244?pid=703 HTTP/1.1" 200 153236 "-" "Mozilla/5.0 AppleWebKit/537.36 (KHTML, like Gecko; compatible; GPTBot/1.3; +https://openai.com/gptbot)"
74.7.227.43 - - [17/Dec/2025:20:15:51 +0800] "GET /pages.php?9168536 HTTP/1.1" 200 143588 "-" "Mozilla/5.0 AppleWebKit/537.36 (KHTML, like Gecko; compatible; GPTBot/1.3; +https://openai.com/gptbot)"
66.249.74.164 - - [17/Dec/2025:20:15:51 +0800] "GET /?products/14208874 HTTP/1.1" 200 144615 "-" "Mozilla/5.0 (Linux; Android 6.0.1; Nexus 5X Build/MMB29P) AppleWebKit/537.36 (KHTML, like Gecko) Chrome/141.0.7390.122 Mobile Safari/537.36 (compatible; GoogleOther)"
74.7.227.43 - - [17/Dec/2025:20:15:52 +0800] "GET /pages.php?developing/s244?pid=83 HTTP/1.1" 200 167060 "-" "Mozilla/5.0 AppleWebKit/537.36 (KHTML, like Gecko; compatible; GPTBot/1.3; +https://openai.com/gptbot)"
66.249.74.161 - - [17/Dec/2025:20:15:52 +0800] "GET /?m=330057024 HTTP/1.1" 200 158678 "-" "Mozilla/5.0 (Linux; Android 6.0.1; Nexus 5X Build/MMB29P) AppleWebKit/537.36 (KHTML, like Gecko) Chrome/141.0.7390.122 Mobile Safari/537.36 (compatible; Googlebot/2.1; +http://www.google.com/bot.html)"
74.7.227.43 - - [17/Dec/2025:20:15:52 +0800] "GET /pages.php?fall/i244?pid=223 HTTP/1.1" 200 156230 "-" "Mozilla/5.0 AppleWebKit/537.36 (KHTML, like Gecko; compatible; GPTBot/1.3; +https://openai.com/gptbot)"
66.249.74.160 - - [17/Dec/2025:20:15:53 +0800] "GET /?products/30419141 HTTP/1.1" 200 164190 "-" "Mozilla/5.0 (Linux; Android 6.0.1; Nexus 5X Build/MMB29P) AppleWebKit/537.36 (KHTML, like Gecko) Chrome/141.0.7390.122 Mobile Safari/537.36 (compatible; GoogleOther)"
66.249.74.162 - - [17/Dec/2025:20:15:54 +0800] "GET /?products/1705485 HTTP/1.1" 200 161057 "-" "Mozilla/5.0 (Linux; Android 6.0.1; Nexus 5X Build/MMB29P) AppleWebKit/537.36 (KHTML, like Gecko) Chrome/141.0.7390.122 Mobile Safari/537.36 (compatible; GoogleOther)"
74.7.227.43 - - [17/Dec/2025:20:15:53 +0800] "GET /pages.php?total/e244?pid=789 HTTP/1.1" 200 154102 "-" "Mozilla/5.0 AppleWebKit/537.36 (KHTML, like Gecko; compatible; GPTBot/1.3; +https://openai.com/gptbot)"
66.249.74.160 - - [17/Dec/2025:20:15:54 +0800] "GET /?products/27584230 HTTP/1.1" 200 146471 "-" "Mozilla/5.0 (Linux; Android 6.0.1; Nexus 5X Build/MMB29P) AppleWebKit/537.36 (KHTML, like Gecko) Chrome/141.0.7390.122 Mobile Safari/537.36 (compatible; GoogleOther)"
74.7.227.43 - - [17/Dec/2025:20:15:54 +0800] "GET /pages.php?brief/i244?pid=223 HTTP/1.1" 200 156231 "-" "Mozilla/5.0 AppleWebKit/537.36 (KHTML, like Gecko; compatible; GPTBot/1.3; +https://openai.com/gptbot)"
74.7.227.43 - - [17/Dec/2025:20:15:55 +0800] "GET /pages.php?plan/f244?pid=191 HTTP/1.1" 200 161067 "-" "Mozilla/5.0 AppleWebKit/537.36 (KHTML, like Gecko; compatible; GPTBot/1.3; +https://openai.com/gptbot)"
66.249.74.164 - - [17/Dec/2025:20:15:56 +0800] "GET /?products/15281152 HTTP/1.1" 200 180836 "-" "Mozilla/5.0 (Linux; Android 6.0.1; Nexus 5X Build/MMB29P) AppleWebKit/537.36 (KHTML, like Gecko) Chrome/141.0.7390.122 Mobile Safari/537.36 (compatible; GoogleOther)"
66.249.74.161 - - [17/Dec/2025:20:15:56 +0800] "GET /?m=179857224 HTTP/1.1" 200 146157 "-" "Mozilla/5.0 (Linux; Android 6.0.1; Nexus 5X Build/MMB29P) AppleWebKit/537.36 (KHTML, like Gecko) Chrome/141.0.7390.122 Mobile Safari/537.36 (compatible; Googlebot/2.1; +http://www.google.com/bot.html)"
74.7.227.43 - - [17/Dec/2025:20:15:56 +0800] "GET /pages.php?rough/e244?pid=431 HTTP/1.1" 200 155043 "-" "Mozilla/5.0 AppleWebKit/537.36 (KHTML, like Gecko; compatible; GPTBot/1.3; +https://openai.com/gptbot)"
74.7.227.43 - - [17/Dec/2025:20:15:57 +0800] "GET /pages.php?evil/i244?pid=545 HTTP/1.1" 200 154311 "-" "Mozilla/5.0 AppleWebKit/537.36 (KHTML, like Gecko; compatible; GPTBot/1.3; +https://openai.com/gptbot)"
74.7.227.43 - - [17/Dec/2025:20:15:57 +0800] "GET /pages.php?cute/p244?pid=345 HTTP/1.1" 200 158880 "-" "Mozilla/5.0 AppleWebKit/537.36 (KHTML, like Gecko; compatible; GPTBot/1.3; +https://openai.com/gptbot)"
74.7.227.43 - - [17/Dec/2025:20:15:58 +0800] "GET /pages.php?behave/t91?pid=892 HTTP/1.1" 200 143935 "-" "Mozilla/5.0 AppleWebKit/537.36 (KHTML, like Gecko; compatible; GPTBot/1.3; +https://openai.com/gptbot)"
74.7.227.43 - - [17/Dec/2025:20:15:59 +0800] "GET /pages.php?ambassador/s244?pid=83 HTTP/1.1" 200 165763 "-" "Mozilla/5.0 AppleWebKit/537.36 (KHTML, like Gecko; compatible; GPTBot/1.3; +https://openai.com/gptbot)"
74.7.227.43 - - [17/Dec/2025:20:16:00 +0800] "GET /pages.php?detect/k257?pid=35342 HTTP/1.1" 200 142771 "-" "Mozilla/5.0 AppleWebKit/537.36 (KHTML, like Gecko; compatible; GPTBot/1.3; +https://openai.com/gptbot)"
66.249.74.160 - - [17/Dec/2025:20:16:01 +0800] "GET /?products/18208941 HTTP/1.1" 200 144591 "-" "Mozilla/5.0 (Linux; Android 6.0.1; Nexus 5X Build/MMB29P) AppleWebKit/537.36 (KHTML, like Gecko) Chrome/141.0.7390.122 Mobile Safari/537.36 (compatible; GoogleOther)"
66.249.74.160 - - [17/Dec/2025:20:16:01 +0800] "GET /?products/20903896 HTTP/1.1" 200 167451 "-" "Mozilla/5.0 (Linux; Android 6.0.1; Nexus 5X Build/MMB29P) AppleWebKit/537.36 (KHTML, like Gecko) Chrome/141.0.7390.122 Mobile Safari/537.36 (compatible; GoogleOther)"
74.7.227.43 - - [17/Dec/2025:20:16:01 +0800] "GET /pages.php?item/u19/389/ HTTP/1.1" 200 144219 "-" "Mozilla/5.0 AppleWebKit/537.36 (KHTML, like Gecko; compatible; GPTBot/1.3; +https://openai.com/gptbot)"
66.249.74.161 - - [17/Dec/2025:20:16:02 +0800] "GET /?products/10353441 HTTP/1.1" 200 149146 "-" "Mozilla/5.0 (Linux; Android 6.0.1; Nexus 5X Build/MMB29P) AppleWebKit/537.36 (KHTML, like Gecko) Chrome/141.0.7390.122 Mobile Safari/537.36 (compatible; GoogleOther)"
74.7.227.43 - - [17/Dec/2025:20:16:02 +0800] "GET /pages.php?influence/e244?pid=789 HTTP/1.1" 200 153484 "-" "Mozilla/5.0 AppleWebKit/537.36 (KHTML, like Gecko; compatible; GPTBot/1.3; +https://openai.com/gptbot)"
66.249.74.164 - - [17/Dec/2025:20:16:02 +0800] "GET /?products/9504774 HTTP/1.1" 200 153760 "-" "Mozilla/5.0 (Linux; Android 6.0.1; Nexus 5X Build/MMB29P) AppleWebKit/537.36 (KHTML, like Gecko) Chrome/141.0.7390.122 Mobile Safari/537.36 (compatible; GoogleOther)"
66.249.74.165 - - [17/Dec/2025:20:16:03 +0800] "GET /?products/27511129 HTTP/1.1" 200 155260 "-" "Mozilla/5.0 (Linux; Android 6.0.1; Nexus 5X Build/MMB29P) AppleWebKit/537.36 (KHTML, like Gecko) Chrome/141.0.7390.122 Mobile Safari/537.36 (compatible; GoogleOther)"
74.7.227.43 - - [17/Dec/2025:20:16:03 +0800] "GET /pages.php?hear/e244?pid=789 HTTP/1.1" 200 153486 "-" "Mozilla/5.0 AppleWebKit/537.36 (KHTML, like Gecko; compatible; GPTBot/1.3; +https://openai.com/gptbot)"
66.249.74.164 - - [17/Dec/2025:20:16:03 +0800] "GET /?products/4014529 HTTP/1.1" 200 157969 "-" "Mozilla/5.0 (Linux; Android 6.0.1; Nexus 5X Build/MMB29P) AppleWebKit/537.36 (KHTML, like Gecko) Chrome/141.0.7390.122 Mobile Safari/537.36 (compatible; GoogleOther)"
74.7.227.43 - - [17/Dec/2025:20:16:04 +0800] "GET /pages.php?regulator/z29?pid=41658 HTTP/1.1" 200 149172 "-" "Mozilla/5.0 AppleWebKit/537.36 (KHTML, like Gecko; compatible; GPTBot/1.3; +https://openai.com/gptbot)"
66.249.74.169 - - [17/Dec/2025:20:16:04 +0800] "GET /?products/9871107 HTTP/1.1" 200 164114 "-" "Mozilla/5.0 (Linux; Android 6.0.1; Nexus 5X Build/MMB29P) AppleWebKit/537.36 (KHTML, like Gecko) Chrome/141.0.7390.122 Mobile Safari/537.36 (compatible; GoogleOther)"
74.7.227.43 - - [17/Dec/2025:20:16:04 +0800] "GET /pages.php?striking/e244?pid=431 HTTP/1.1" 200 155468 "-" "Mozilla/5.0 AppleWebKit/537.36 (KHTML, like Gecko; compatible; GPTBot/1.3; +https://openai.com/gptbot)"
66.249.74.161 - - [17/Dec/2025:20:16:05 +0800] "GET /?products/21366818 HTTP/1.1" 200 178557 "-" "Mozilla/5.0 (Linux; Android 6.0.1; Nexus 5X Build/MMB29P) AppleWebKit/537.36 (KHTML, like Gecko) Chrome/141.0.7390.122 Mobile Safari/537.36 (compatible; GoogleOther)"
74.7.227.43 - - [17/Dec/2025:20:16:05 +0800] "GET /pages.php?generally/p244?pid=345 HTTP/1.1" 200 158601 "-" "Mozilla/5.0 AppleWebKit/537.36 (KHTML, like Gecko; compatible; GPTBot/1.3; +https://openai.com/gptbot)"
66.249.74.169 - - [17/Dec/2025:20:16:06 +0800] "GET /?products/30061929 HTTP/1.1" 200 151779 "-" "Mozilla/5.0 (Linux; Android 6.0.1; Nexus 5X Build/MMB29P) AppleWebKit/537.36 (KHTML, like Gecko) Chrome/141.0.7390.122 Mobile Safari/537.36 (compatible; GoogleOther)"
74.7.227.43 - - [17/Dec/2025:20:16:06 +0800] "GET /pages.php?expedition/t91?pid=892 HTTP/1.1" 200 144226 "-" "Mozilla/5.0 AppleWebKit/537.36 (KHTML, like Gecko; compatible; GPTBot/1.3; +https://openai.com/gptbot)"
74.7.227.43 - - [17/Dec/2025:20:16:07 +0800] "GET /pages.php?chapter/s84?pid=22301 HTTP/1.1" 200 144154 "-" "Mozilla/5.0 AppleWebKit/537.36 (KHTML, like Gecko; compatible; GPTBot/1.3; +https://openai.com/gptbot)"
66.249.74.162 - - [17/Dec/2025:20:16:08 +0800] "GET /?products/18396596 HTTP/1.1" 200 167765 "-" "Mozilla/5.0 (Linux; Android 6.0.1; Nexus 5X Build/MMB29P) AppleWebKit/537.36 (KHTML, like Gecko) Chrome/141.0.7390.122 Mobile Safari/537.36 (compatible; GoogleOther)"
74.7.227.43 - - [17/Dec/2025:20:16:07 +0800] "GET /pages.php?per/o244?pid=563 HTTP/1.1" 200 154743 "-" "Mozilla/5.0 AppleWebKit/537.36 (KHTML, like Gecko; compatible; GPTBot/1.3; +https://openai.com/gptbot)"
66.249.74.169 - - [17/Dec/2025:20:16:09 +0800] "GET /?products/26415974 HTTP/1.1" 200 153244 "-" "Mozilla/5.0 (Linux; Android 6.0.1; Nexus 5X Build/MMB29P) AppleWebKit/537.36 (KHTML, like Gecko) Chrome/141.0.7390.122 Mobile Safari/537.36 (compatible; GoogleOther)"
74.7.227.43 - - [17/Dec/2025:20:16:09 +0800] "GET /pages.php?predator/p71?pid=33850 HTTP/1.1" 200 143806 "-" "Mozilla/5.0 AppleWebKit/537.36 (KHTML, like Gecko; compatible; GPTBot/1.3; +https://openai.com/gptbot)"
74.7.227.43 - - [17/Dec/2025:20:16:09 +0800] "GET /pages.php?view/e244?pid=789 HTTP/1.1" 200 153166 "-" "Mozilla/5.0 AppleWebKit/537.36 (KHTML, like Gecko; compatible; GPTBot/1.3; +https://openai.com/gptbot)"
74.7.227.43 - - [17/Dec/2025:20:16:10 +0800] "GET /pages.php?mission/n88?pid=24989 HTTP/1.1" 200 152333 "-" "Mozilla/5.0 AppleWebKit/537.36 (KHTML, like Gecko; compatible; GPTBot/1.3; +https://openai.com/gptbot)"
66.249.74.160 - - [17/Dec/2025:20:16:10 +0800] "GET /?products/22017063 HTTP/1.1" 200 194285 "-" "Mozilla/5.0 (Linux; Android 6.0.1; Nexus 5X Build/MMB29P) AppleWebKit/537.36 (KHTML, like Gecko) Chrome/141.0.7390.122 Mobile Safari/537.36 (compatible; GoogleOther)"
74.7.227.43 - - [17/Dec/2025:20:16:11 +0800] "GET /pages.php?wood/o244?pid=385 HTTP/1.1" 200 160264 "-" "Mozilla/5.0 AppleWebKit/537.36 (KHTML, like Gecko; compatible; GPTBot/1.3; +https://openai.com/gptbot)"
66.249.74.169 - - [17/Dec/2025:20:16:11 +0800] "GET /?products/22009929 HTTP/1.1" 200 146558 "-" "Mozilla/5.0 (Linux; Android 6.0.1; Nexus 5X Build/MMB29P) AppleWebKit/537.36 (KHTML, like Gecko) Chrome/141.0.7390.122 Mobile Safari/537.36 (compatible; GoogleOther)"
66.249.74.169 - - [17/Dec/2025:20:16:12 +0800] "GET /?products/30756230 HTTP/1.1" 200 142783 "-" "Mozilla/5.0 (Linux; Android 6.0.1; Nexus 5X Build/MMB29P) AppleWebKit/537.36 (KHTML, like Gecko) Chrome/141.0.7390.122 Mobile Safari/537.36 (compatible; GoogleOther)"
74.7.227.43 - - [17/Dec/2025:20:16:11 +0800] "GET /pages.php?naval/p244?pid=345 HTTP/1.1" 200 159078 "-" "Mozilla/5.0 AppleWebKit/537.36 (KHTML, like Gecko; compatible; GPTBot/1.3; +https://openai.com/gptbot)"
114.119.151.131 - - [17/Dec/2025:20:16:12 +0800] "GET /sitemap396.xml HTTP/1.1" 403 - "-" "Mozilla/5.0 (Linux; Android 7.0;) AppleWebKit/537.36 (KHTML, like Gecko) Mobile Safari/537.36 (compatible; PetalBot;+https://webmaster.petalsearch.com/site/petalbot)"
74.7.227.43 - - [17/Dec/2025:20:16:12 +0800] "GET /pages.php?defender/o244?pid=503 HTTP/1.1" 200 156264 "-" "Mozilla/5.0 AppleWebKit/537.36 (KHTML, like Gecko; compatible; GPTBot/1.3; +https://openai.com/gptbot)"
66.249.74.169 - - [17/Dec/2025:20:16:13 +0800] "GET /?products/7511407 HTTP/1.1" 200 154459 "-" "Mozilla/5.0 (Linux; Android 6.0.1; Nexus 5X Build/MMB29P) AppleWebKit/537.36 (KHTML, like Gecko) Chrome/141.0.7390.122 Mobile Safari/537.36 (compatible; GoogleOther)"
74.7.227.43 - - [17/Dec/2025:20:16:13 +0800] "GET /pages.php?content/t91?pid=892 HTTP/1.1" 200 144217 "-" "Mozilla/5.0 AppleWebKit/537.36 (KHTML, like Gecko; compatible; GPTBot/1.3; +https://openai.com/gptbot)"
74.7.227.43 - - [17/Dec/2025:20:16:14 +0800] "GET /pages.php?boast/p244?pid=575 HTTP/1.1" 200 153104 "-" "Mozilla/5.0 AppleWebKit/537.36 (KHTML, like Gecko; compatible; GPTBot/1.3; +https://openai.com/gptbot)"
66.249.74.169 - - [17/Dec/2025:20:16:14 +0800] "GET /?products/5792507 HTTP/1.1" 200 144256 "-" "Mozilla/5.0 (Linux; Android 6.0.1; Nexus 5X Build/MMB29P) AppleWebKit/537.36 (KHTML, like Gecko) Chrome/141.0.7390.122 Mobile Safari/537.36 (compatible; GoogleOther)"
