34.195.248.30 - - [17/Dec/2025:23:58:26 +0800] "GET /wp-json/oembed/1.0/embed?format=xml&url=https://rambut.bf1.my/rambut-malaysia/a-brief-history-of-napoleon-the-new-bold-charismatic-emperor-away-from-france-howstuffworks/ HTTP/1.1" 200 2832 "-" "Mozilla/5.0 AppleWebKit/537.36 (KHTML, like Gecko; compatible; Amazonbot/0.1; +https://developer.amazon.com/support/amazonbot) Chrome/119.0.6045.214 Safari/537.36"
52.205.113.104 - - [17/Dec/2025:23:58:32 +0800] "GET /wp-json/oembed/1.0/embed?url=https://rambut.bf1.my/rambut-malaysia/principality-out-of-casino-tiki-torch-zeon-fandom/ HTTP/1.1" 200 2530 "-" "Mozilla/5.0 AppleWebKit/537.36 (KHTML, like Gecko; compatible; Amazonbot/0.1; +https://developer.amazon.com/support/amazonbot) Chrome/119.0.6045.214 Safari/537.36"
44.215.210.112 - - [17/Dec/2025:23:58:33 +0800] "GET /wp-json/wp/v2/posts/%22https:/www.falandodeviagem.com.br/casinopuertomadero05.jpg/%22 HTTP/1.1" 404 114 "-" "Mozilla/5.0 AppleWebKit/537.36 (KHTML, like Gecko; compatible; Amazonbot/0.1; +https://developer.amazon.com/support/amazonbot) Chrome/119.0.6045.214 Safari/537.36"
57.141.6.9 - - [17/Dec/2025:23:59:07 +0800] "GET /rambut-malaysia/top-ten-sites-to-play-on-the-web-blackjack-for-real-profit-2025/ HTTP/1.1" 200 41344 "-" "meta-externalagent/1.1 (+https://developers.facebook.com/docs/sharing/webmasters/crawler)"
72.18.130.250 - - [17/Dec/2025:23:59:08 +0800] "POST /wp-cron.php?doing_wp_cron=1765987148.5014801025390625000000 HTTP/1.1" 200 - "https://rambut.bf1.my/wp-cron.php?doing_wp_cron=1765987148.5014801025390625000000" "WordPress/5.7.14; https://rambut.bf1.my"
57.141.6.16 - - [17/Dec/2025:23:58:58 +0800] "GET /rambut-malaysia/super-pertumbuhan-rambut-tonik-125ml/Anti-Bac-Household-Perfume-Sanitizing-Spray-Non-Alcohol-ABHP-Daisy-500ml-p209243309 HTTP/1.1" 200 37965 "-" "meta-externalagent/1.1 (+https://developers.facebook.com/docs/sharing/webmasters/crawler)"
72.18.130.250 - - [18/Dec/2025:00:01:54 +0800] "POST /wp-cron.php?doing_wp_cron=1765987314.4679889678955078125000 HTTP/1.1" 200 - "https://rambut.bf1.my/wp-cron.php?doing_wp_cron=1765987314.4679889678955078125000" "WordPress/5.7.14; https://rambut.bf1.my"
57.141.6.9 - - [18/Dec/2025:00:01:53 +0800] "GET /rambut-malaysia/super-pertumbuhan-rambut-tonik-125ml/Aromatic-Fragrance-Oil-AFO-Bidara-50ml-p153770646 HTTP/1.1" 200 37965 "-" "meta-externalagent/1.1 (+https://developers.facebook.com/docs/sharing/webmasters/crawler)"
72.18.130.250 - - [18/Dec/2025:00:02:09 +0800] "POST /wp-cron.php?doing_wp_cron=1765987329.6290879249572753906250 HTTP/1.1" 200 - "https://rambut.bf1.my/wp-cron.php?doing_wp_cron=1765987329.6290879249572753906250" "WordPress/5.7.14; https://rambut.bf1.my"
57.141.6.6 - - [18/Dec/2025:00:02:09 +0800] "GET /rambut-malaysia/realistic-online-casinos-to-own-baccarat-expert-25-free-no-deposit-casinos-collection-low-limitation-on-the-internet-genuine-currency-professionals/feed/ HTTP/1.1" 200 2099 "-" "meta-externalagent/1.1 (+https://developers.facebook.com/docs/sharing/webmasters/crawler)"
57.141.6.16 - - [18/Dec/2025:00:02:00 +0800] "GET /rambut-malaysia/super-pertumbuhan-rambut-tonik-125ml/DS-Giorgio-Armani-Sensi-Deodorant-Spray-100L-%E5%A5%B3%E5%A6%96-p318186671 HTTP/1.1" 200 37965 "-" "meta-externalagent/1.1 (+https://developers.facebook.com/docs/sharing/webmasters/crawler)"
57.141.6.5 - - [18/Dec/2025:00:02:34 +0800] "GET /rambut-malaysia/wink-harbors-gambling-establishment-opinion-mobile-app/ HTTP/1.1" 200 41169 "-" "meta-externalagent/1.1 (+https://developers.facebook.com/docs/sharing/webmasters/crawler)"
72.18.130.250 - - [18/Dec/2025:00:03:50 +0800] "POST /wp-cron.php?doing_wp_cron=1765987430.7117218971252441406250 HTTP/1.1" 200 - "https://rambut.bf1.my/wp-cron.php?doing_wp_cron=1765987430.7117218971252441406250" "WordPress/5.7.14; https://rambut.bf1.my"
57.141.6.17 - - [18/Dec/2025:00:03:50 +0800] "GET /rambut-malaysia/pertumbuhan-rambut-tonik-semburan/DS-Al-Rehab-One-Secret-Deodorant-Spray-5L-%E7%94%B7%E7%A5%9E-p316545483 HTTP/1.1" 200 37745 "-" "meta-externalagent/1.1 (+https://developers.facebook.com/docs/sharing/webmasters/crawler)"
72.18.130.250 - - [18/Dec/2025:00:04:19 +0800] "POST /wp-cron.php?doing_wp_cron=1765987459.4441308975219726562500 HTTP/1.1" 200 - "https://rambut.bf1.my/wp-cron.php?doing_wp_cron=1765987459.4441308975219726562500" "WordPress/5.7.14; https://rambut.bf1.my"
57.141.6.37 - - [18/Dec/2025:00:04:18 +0800] "GET /rambut-malaysia/online-poker-fur-nusse-auffuhren-kostenfrei-pokerspiele-im-netz/ HTTP/1.1" 200 41975 "-" "meta-externalagent/1.1 (+https://developers.facebook.com/docs/sharing/webmasters/crawler)"
57.141.6.8 - - [18/Dec/2025:00:05:52 +0800] "GET /rambut-malaysia/top-bitcoin-casinos-online-inside-the-2025-greatest-btc-incentives/ HTTP/1.1" 200 41275 "-" "meta-externalagent/1.1 (+https://developers.facebook.com/docs/sharing/webmasters/crawler)"
72.18.130.250 - - [18/Dec/2025:00:05:52 +0800] "POST /wp-cron.php?doing_wp_cron=1765987552.6498410701751708984375 HTTP/1.1" 200 - "https://rambut.bf1.my/wp-cron.php?doing_wp_cron=1765987552.6498410701751708984375" "WordPress/5.7.14; https://rambut.bf1.my"
72.18.130.250 - - [18/Dec/2025:00:06:11 +0800] "POST /wp-cron.php?doing_wp_cron=1765987571.8672089576721191406250 HTTP/1.1" 200 - "https://rambut.bf1.my/wp-cron.php?doing_wp_cron=1765987571.8672089576721191406250" "WordPress/5.7.14; https://rambut.bf1.my"
66.249.65.74 - - [18/Dec/2025:00:06:11 +0800] "GET /rambut-malaysia/melbet-fribet-vyshe-registratsiyu-vne-depozita-tsveten-2025-kak-poluchit-vdobavok-zadeystvovat/feed/ HTTP/1.1" 200 2017 "-" "Mozilla/5.0 (Linux; Android 6.0.1; Nexus 5X Build/MMB29P) AppleWebKit/537.36 (KHTML, like Gecko) Chrome/141.0.7390.122 Mobile Safari/537.36 (compatible; GoogleOther)"
57.141.6.28 - - [18/Dec/2025:00:06:37 +0800] "GET /category/pinco-ikayet/ HTTP/1.1" 200 34438 "-" "meta-externalagent/1.1 (+https://developers.facebook.com/docs/sharing/webmasters/crawler)"
57.141.6.35 - - [18/Dec/2025:00:06:38 +0800] "GET /rambut-malaysia/super-pertumbuhan-rambut-kulit-kepala-gel-250ml/CP-Buddy-Aromatic-Car-Perfume-Oil-250ml-p474743200 HTTP/1.1" 200 38635 "-" "meta-externalagent/1.1 (+https://developers.facebook.com/docs/sharing/webmasters/crawler)"
57.141.6.2 - - [18/Dec/2025:00:07:46 +0800] "GET /category/best-country-for-mail-order-bride-reddit-2/ HTTP/1.1" 200 34836 "-" "meta-externalagent/1.1 (+https://developers.facebook.com/docs/sharing/webmasters/crawler)"
72.18.130.250 - - [18/Dec/2025:00:07:47 +0800] "POST /wp-cron.php?doing_wp_cron=1765987666.9984359741210937500000 HTTP/1.1" 200 - "https://rambut.bf1.my/wp-cron.php?doing_wp_cron=1765987666.9984359741210937500000" "WordPress/5.7.14; https://rambut.bf1.my"
72.18.130.250 - - [18/Dec/2025:00:09:54 +0800] "POST /wp-cron.php?doing_wp_cron=1765987794.1772639751434326171875 HTTP/1.1" 200 - "https://rambut.bf1.my/wp-cron.php?doing_wp_cron=1765987794.1772639751434326171875" "WordPress/5.7.14; https://rambut.bf1.my"
114.119.151.168 - - [18/Dec/2025:00:09:53 +0800] "GET /sitemap.rss HTTP/1.1" 200 20842 "-" "Mozilla/5.0 (Linux; Android 7.0;) AppleWebKit/537.36 (KHTML, like Gecko) Mobile Safari/537.36 (compatible; PetalBot;+https://webmaster.petalsearch.com/site/petalbot)"
57.141.6.4 - - [18/Dec/2025:00:10:38 +0800] "GET /rambut-malaysia/melbet-luchnik-oformlenie-veb-obozrenie-sayta-melbet/ HTTP/1.1" 200 50670 "-" "meta-externalagent/1.1 (+https://developers.facebook.com/docs/sharing/webmasters/crawler)"
72.18.130.250 - - [18/Dec/2025:00:10:39 +0800] "POST /wp-cron.php?doing_wp_cron=1765987839.5237300395965576171875 HTTP/1.1" 200 - "https://rambut.bf1.my/wp-cron.php?doing_wp_cron=1765987839.5237300395965576171875" "WordPress/5.7.14; https://rambut.bf1.my"
72.18.130.250 - - [18/Dec/2025:00:11:14 +0800] "POST /wp-cron.php?doing_wp_cron=1765987874.6690700054168701171875 HTTP/1.1" 200 - "https://rambut.bf1.my/wp-cron.php?doing_wp_cron=1765987874.6690700054168701171875" "WordPress/5.7.14; https://rambut.bf1.my"
57.141.6.2 - - [18/Dec/2025:00:11:14 +0800] "GET /rambut-malaysia/super-pertumbuhan-rambut-tonik-125ml/Aromatic-Fragrance-Oil-AFO-Vietnamese-Mint-250ml-p154332452 HTTP/1.1" 200 37965 "-" "meta-externalagent/1.1 (+https://developers.facebook.com/docs/sharing/webmasters/crawler)"
107.189.5.145 - - [18/Dec/2025:00:11:40 +0800] "GET /wp-login.php HTTP/1.1" 200 8039 "https://www.yahoo.com/" "Mozilla/5.0 (Macintosh; Intel Mac OS X 10_15_7) AppleWebKit/605.1.15 (KHTML, like Gecko) Version/16.6 Safari/605.1.15"
107.189.5.145 - - [18/Dec/2025:00:11:54 +0800] "POST /wp-login.php HTTP/1.1" 200 8472 "https://www.yahoo.com/" "Mozilla/5.0 (Macintosh; Intel Mac OS X 10_15_7) AppleWebKit/605.1.15 (KHTML, like Gecko) Version/16.6 Safari/605.1.15"
57.141.6.23 - - [18/Dec/2025:00:12:16 +0800] "GET /rambut-malaysia/jack-scoop-2-slot-partie-testbericht-freispiele-unter-anderem-provision/ HTTP/1.1" 200 41973 "-" "meta-externalagent/1.1 (+https://developers.facebook.com/docs/sharing/webmasters/crawler)"
72.18.130.250 - - [18/Dec/2025:00:12:16 +0800] "POST /wp-cron.php?doing_wp_cron=1765987936.8870620727539062500000 HTTP/1.1" 200 - "https://rambut.bf1.my/wp-cron.php?doing_wp_cron=1765987936.8870620727539062500000" "WordPress/5.7.14; https://rambut.bf1.my"
57.141.6.36 - - [18/Dec/2025:00:12:38 +0800] "GET /rambut-malaysia/jogue-zeus-rush-fever-agora-o-melhor-dos-jogos-puerilidade-cassino-online/ HTTP/1.1" 200 42309 "-" "meta-externalagent/1.1 (+https://developers.facebook.com/docs/sharing/webmasters/crawler)"
57.141.6.8 - - [18/Dec/2025:00:14:34 +0800] "GET /wp-json/oembed/1.0/embed?url=https%3A%2F%2Frambut.bf1.my%2Frambut-malaysia%2F7-piggies-position-play-for-free-otherwise-full-moon-romance-mobile-a-real-income%2F HTTP/1.1" 200 2690 "-" "meta-externalagent/1.1 (+https://developers.facebook.com/docs/sharing/webmasters/crawler)"
72.18.130.250 - - [18/Dec/2025:00:14:35 +0800] "POST /wp-cron.php?doing_wp_cron=1765988075.4796199798583984375000 HTTP/1.1" 200 - "https://rambut.bf1.my/wp-cron.php?doing_wp_cron=1765988075.4796199798583984375000" "WordPress/5.7.14; https://rambut.bf1.my"
57.141.6.11 - - [18/Dec/2025:00:15:11 +0800] "GET /rambut-malaysia/crazy-fortune-added-bonus-rules-and-no-deposit-also-offers-upgraded-2024/ HTTP/1.1" 200 41688 "-" "meta-externalagent/1.1 (+https://developers.facebook.com/docs/sharing/webmasters/crawler)"
72.18.130.250 - - [18/Dec/2025:00:15:12 +0800] "POST /wp-cron.php?doing_wp_cron=1765988112.4314310550689697265625 HTTP/1.1" 200 - "https://rambut.bf1.my/wp-cron.php?doing_wp_cron=1765988112.4314310550689697265625" "WordPress/5.7.14; https://rambut.bf1.my"
57.141.6.13 - - [18/Dec/2025:00:15:18 +0800] "GET /rambut-malaysia/super-pertumbuhan-rambut-set-499/Aromatic-Fragrance-Oil-AFO-Coffee-5L-p155433027 HTTP/1.1" 200 37779 "-" "meta-externalagent/1.1 (+https://developers.facebook.com/docs/sharing/webmasters/crawler)"
57.141.6.15 - - [18/Dec/2025:00:15:36 +0800] "GET /category/sites-web-de-la-meilleure-vente-par-correspondance-2/ HTTP/1.1" 200 34978 "-" "meta-externalagent/1.1 (+https://developers.facebook.com/docs/sharing/webmasters/crawler)"
72.18.130.250 - - [18/Dec/2025:00:16:06 +0800] "POST /wp-cron.php?doing_wp_cron=1765988166.3109691143035888671875 HTTP/1.1" 200 - "https://rambut.bf1.my/wp-cron.php?doing_wp_cron=1765988166.3109691143035888671875" "WordPress/5.7.14; https://rambut.bf1.my"
57.141.6.8 - - [18/Dec/2025:00:16:05 +0800] "GET /rambut-malaysia/super-pertumbuhan-rambut-ampul-125ml/EDP-One-Direction-One-Moment-W-55ml-p164466324 HTTP/1.1" 200 37965 "-" "meta-externalagent/1.1 (+https://developers.facebook.com/docs/sharing/webmasters/crawler)"
193.36.38.94 - - [18/Dec/2025:00:16:39 +0800] "GET /wp-login.php HTTP/1.1" 200 8039 "-" "Mozilla/5.0 (Windows NT 10.0; Win64; x64) AppleWebKit/537.36 (KHTML, like Gecko) Chrome/114.0.0.0 Safari/537.36"
193.36.38.94 - - [18/Dec/2025:00:16:40 +0800] "POST /wp-login.php HTTP/1.1" 200 8466 "-" "Mozilla/5.0 (Windows NT 10.0; Win64; x64) AppleWebKit/537.36 (KHTML, like Gecko) Chrome/114.0.0.0 Safari/537.36"
57.141.6.7 - - [18/Dec/2025:00:17:14 +0800] "GET /rambut-malaysia/giropay-casinos-2024-dies-beste-angeschlossen-spielsaal-qua-giropay-im-untersuchung/ HTTP/1.1" 200 42537 "-" "meta-externalagent/1.1 (+https://developers.facebook.com/docs/sharing/webmasters/crawler)"
72.18.130.250 - - [18/Dec/2025:00:17:14 +0800] "POST /wp-cron.php?doing_wp_cron=1765988234.6765549182891845703125 HTTP/1.1" 200 - "https://rambut.bf1.my/wp-cron.php?doing_wp_cron=1765988234.6765549182891845703125" "WordPress/5.7.14; https://rambut.bf1.my"
212.8.248.108 - - [18/Dec/2025:00:18:54 +0800] "GET /thehighrollercasinos-com/the-high-roller-online-casino-uk-15 HTTP/1.0" 301 - "-" "Mozilla/5.0 (Windows NT 10.0; Win64; x64) AppleWebKit/537.36 (KHTML, like Gecko) Chrome/118.0.0.0 Safari/537.36"
72.18.130.250 - - [18/Dec/2025:00:18:55 +0800] "POST /wp-cron.php?doing_wp_cron=1765988335.4717009067535400390625 HTTP/1.1" 200 - "https://rambut.bf1.my/wp-cron.php?doing_wp_cron=1765988335.4717009067535400390625" "WordPress/5.7.14; https://rambut.bf1.my"
212.8.248.108 - - [18/Dec/2025:00:18:57 +0800] "GET /thehighrollercasinos-com/the-high-roller-online-casino-uk-15/ HTTP/1.0" 200 41041 "-" "Mozilla/5.0 (Windows NT 10.0; Win64; x64) AppleWebKit/537.36 (KHTML, like Gecko) Chrome/118.0.0.0 Safari/537.36"
57.141.6.21 - - [18/Dec/2025:00:18:57 +0800] "GET /rambut-malaysia/angeschlossen-kasino-spiele-fur-nusse/ HTTP/1.1" 200 41650 "-" "meta-externalagent/1.1 (+https://developers.facebook.com/docs/sharing/webmasters/crawler)"
190.123.212.208 - - [18/Dec/2025:00:18:58 +0800] "GET /pinupbangla/exploring-the-vibrant-world-of-pin-up-bangladesh-0/ HTTP/1.1" 200 40961 "https://rambut.bf1.my/" "Mozilla/5.0 (Macintosh; Intel Mac OS X 12_5) AppleWebKit/537.36 (KHTML, like Gecko) Chrome/114.0.0.0 Safari/537.36 Vivaldi/5.3.2679.68"
190.123.212.208 - - [18/Dec/2025:00:19:00 +0800] "GET /wp-login.php?action=register HTTP/1.1" 302 - "https://rambut.bf1.my/pinupbangla/exploring-the-vibrant-world-of-pin-up-bangladesh-0/" "Mozilla/5.0 (Windows NT 6.3; Win64; x64) AppleWebKit/537.36 (KHTML, like Gecko) Chrome/103.0.0.0 Safari/537.36"
190.123.212.208 - - [18/Dec/2025:00:19:02 +0800] "GET /wp-login.php?registration=disabled HTTP/1.1" 200 8181 "https://rambut.bf1.my/wp-login.php?action=register" "Mozilla/5.0 (Windows NT 6.3; Win64; x64) AppleWebKit/537.36 (KHTML, like Gecko) Chrome/103.0.0.0 Safari/537.36"
57.141.6.1 - - [18/Dec/2025:00:19:07 +0800] "GET /rambut-malaysia/kosteloos-spins-te-garage-120-gratis-spins-nederlands-casinos-april-2025/ HTTP/1.1" 200 41997 "-" "meta-externalagent/1.1 (+https://developers.facebook.com/docs/sharing/webmasters/crawler)"
72.18.130.250 - - [18/Dec/2025:00:19:08 +0800] "POST /wp-cron.php?doing_wp_cron=1765988348.4932639598846435546875 HTTP/1.1" 200 - "https://rambut.bf1.my/wp-cron.php?doing_wp_cron=1765988348.4932639598846435546875" "WordPress/5.7.14; https://rambut.bf1.my"
146.70.185.32 - - [18/Dec/2025:00:20:35 +0800] "HEAD / HTTP/1.1" 200 - "-" "Mozilla/5.0 (Windows NT 10.0; Win64; x64) AppleWebKit/537.36 (KHTML, like Gecko) Chrome/58.0.3029.110 Safari/537.3"
72.18.130.250 - - [18/Dec/2025:00:20:36 +0800] "POST /wp-cron.php?doing_wp_cron=1765988436.2136690616607666015625 HTTP/1.1" 200 - "https://rambut.bf1.my/wp-cron.php?doing_wp_cron=1765988436.2136690616607666015625" "WordPress/5.7.14; https://rambut.bf1.my"
57.141.6.13 - - [18/Dec/2025:00:20:49 +0800] "GET /rambut-malaysia/super-pertumbuhan-rambut-ampul-125ml/DS-Giorgio-Armani-Armani-Code-Profumo-Deodorant-Spray-100L-%E7%94%B7%E7%A5%9E-p317054198 HTTP/1.1" 200 37965 "-" "meta-externalagent/1.1 (+https://developers.facebook.com/docs/sharing/webmasters/crawler)"
57.141.6.8 - - [18/Dec/2025:00:20:49 +0800] "GET /rambut-malaysia/super-pertumbuhan-rambut-tonik-125ml/Aromatic-Fragrance-Oil-AFO-Lavandula-5L-p155458005 HTTP/1.1" 200 37965 "-" "meta-externalagent/1.1 (+https://developers.facebook.com/docs/sharing/webmasters/crawler)"
57.141.6.31 - - [18/Dec/2025:00:22:03 +0800] "GET /rambut-malaysia/crazy-moment-app-ultimate-guide-to-live-casino-at-redbet-entertaining-anywhere/ HTTP/1.1" 200 41627 "-" "meta-externalagent/1.1 (+https://developers.facebook.com/docs/sharing/webmasters/crawler)"
72.18.130.250 - - [18/Dec/2025:00:22:03 +0800] "POST /wp-cron.php?doing_wp_cron=1765988523.9518890380859375000000 HTTP/1.1" 200 - "https://rambut.bf1.my/wp-cron.php?doing_wp_cron=1765988523.9518890380859375000000" "WordPress/5.7.14; https://rambut.bf1.my"
72.18.130.250 - - [18/Dec/2025:00:22:11 +0800] "POST /wp-cron.php?doing_wp_cron=1765988531.4895958900451660156250 HTTP/1.1" 200 - "https://rambut.bf1.my/wp-cron.php?doing_wp_cron=1765988531.4895958900451660156250" "WordPress/5.7.14; https://rambut.bf1.my"
192.3.4.171 - - [18/Dec/2025:00:22:10 +0800] "GET /thehighrollercasinos-com/the-high-roller-online-casino-uk-15/ HTTP/1.1" 200 41041 "https://rambut.bf1.my/" "Mozilla/5.0 (X11; Linux i686) AppleWebKit/537.36 (KHTML, like Gecko) Chrome/114.0.0.0 Safari/537.36 Vivaldi/5.3.2679.68"
192.3.4.171 - - [18/Dec/2025:00:22:13 +0800] "GET /wp-login.php?action=register HTTP/1.1" 302 - "https://rambut.bf1.my/thehighrollercasinos-com/the-high-roller-online-casino-uk-15/" "Mozilla/5.0 (Windows NT 6.3; Win64; x64) AppleWebKit/537.36 (KHTML, like Gecko) Chrome/103.0.0.0 Safari/537.36"
192.3.4.171 - - [18/Dec/2025:00:22:15 +0800] "GET /wp-login.php?registration=disabled HTTP/1.1" 200 8181 "https://rambut.bf1.my/wp-login.php?action=register" "Mozilla/5.0 (Windows NT 6.3; Win64; x64) AppleWebKit/537.36 (KHTML, like Gecko) Chrome/103.0.0.0 Safari/537.36"
3.218.103.254 - - [18/Dec/2025:00:22:24 +0800] "GET /rambut-malaysia/rome-take-a-trip-guide-in-the-wikivoyage/feed/ HTTP/1.1" 200 1778 "-" "Mozilla/5.0 AppleWebKit/537.36 (KHTML, like Gecko; compatible; Amazonbot/0.1; +https://developer.amazon.com/support/amazonbot) Chrome/119.0.6045.214 Safari/537.36"
57.141.6.11 - - [18/Dec/2025:00:22:25 +0800] "GET /rambut-malaysia/eastern-dragon-position-remark-by-the-gambling-area/ HTTP/1.1" 200 41079 "-" "meta-externalagent/1.1 (+https://developers.facebook.com/docs/sharing/webmasters/crawler)"
57.141.6.29 - - [18/Dec/2025:00:22:25 +0800] "GET /rambut-malaysia/best-us-bingo-sites-2025-play-legal-real-money-bingo-game/ HTTP/1.1" 200 41151 "-" "meta-externalagent/1.1 (+https://developers.facebook.com/docs/sharing/webmasters/crawler)"
44.208.223.68 - - [18/Dec/2025:00:22:28 +0800] "GET /wp-json/oembed/1.0/embed?format=xml&url=https://rambut.bf1.my/rambut-malaysia/chance-opportunities-calculator/ HTTP/1.1" 200 2526 "-" "Mozilla/5.0 AppleWebKit/537.36 (KHTML, like Gecko; compatible; Amazonbot/0.1; +https://developer.amazon.com/support/amazonbot) Chrome/119.0.6045.214 Safari/537.36"
3.221.222.168 - - [18/Dec/2025:00:22:31 +0800] "GET /wp-json/oembed/1.0/embed?format=xml&url=https://rambut.bf1.my/rambut-malaysia/more-than-under-requirements-differences-in-activities-explained/ HTTP/1.1" 200 2691 "-" "Mozilla/5.0 AppleWebKit/537.36 (KHTML, like Gecko; compatible; Amazonbot/0.1; +https://developer.amazon.com/support/amazonbot) Chrome/119.0.6045.214 Safari/537.36"
57.141.6.36 - - [18/Dec/2025:00:22:19 +0800] "GET /rambut-malaysia/rambut-hitam-set-399/Aromatic-Fragrance-Oil-AFO-Wisteria-250ml-p154329307 HTTP/1.1" 200 37137 "-" "meta-externalagent/1.1 (+https://developers.facebook.com/docs/sharing/webmasters/crawler)"
100.29.160.53 - - [18/Dec/2025:00:22:34 +0800] "GET /wp-json/oembed/1.0/embed?format=xml&url=https://rambut.bf1.my/rambut-malaysia/salle-de-jeu-un-brin-en-compagnie-de-argent-parabolique-jouer-gratuite-sur-le-salle-de-jeu/ HTTP/1.1" 200 2827 "-" "Mozilla/5.0 AppleWebKit/537.36 (KHTML, like Gecko; compatible; Amazonbot/0.1; +https://developer.amazon.com/support/amazonbot) Chrome/119.0.6045.214 Safari/537.36"
44.216.172.204 - - [18/Dec/2025:00:22:39 +0800] "GET /wp-json/wp/v2/posts/229622 HTTP/1.1" 200 12649 "-" "Mozilla/5.0 AppleWebKit/537.36 (KHTML, like Gecko; compatible; Amazonbot/0.1; +https://developer.amazon.com/support/amazonbot) Chrome/119.0.6045.214 Safari/537.36"
98.82.66.172 - - [18/Dec/2025:00:22:44 +0800] "GET /wp-json/wp/v2/posts/%22https:/www.business2community.com/wp-content/uploads/2023/01/Coinzino.jpg/%22 HTTP/1.1" 404 114 "-" "Mozilla/5.0 AppleWebKit/537.36 (KHTML, like Gecko; compatible; Amazonbot/0.1; +https://developer.amazon.com/support/amazonbot) Chrome/119.0.6045.214 Safari/537.36"
44.209.89.189 - - [18/Dec/2025:00:22:44 +0800] "GET /rambut-malaysia/principality-out-of-casino-tiki-torch-zeon-fandom/feed/ HTTP/1.1" 200 1805 "-" "Mozilla/5.0 AppleWebKit/537.36 (KHTML, like Gecko; compatible; Amazonbot/0.1; +https://developer.amazon.com/support/amazonbot) Chrome/119.0.6045.214 Safari/537.36"
54.163.136.244 - - [18/Dec/2025:00:22:47 +0800] "GET /rambut-malaysia/melbet-zerkalo-neprazdnichnoe-na-segodnya-pryamo-seychas-bk-melbet-deystvuyushchee-geliostat-segodnya-na-v-dannoe-vremya/ HTTP/1.1" 200 53523 "-" "Mozilla/5.0 AppleWebKit/537.36 (KHTML, like Gecko; compatible; Amazonbot/0.1; +https://developer.amazon.com/support/amazonbot) Chrome/119.0.6045.214 Safari/537.36"
18.207.89.138 - - [18/Dec/2025:00:22:48 +0800] "GET /wp-json/wp/v2/posts/%22https:/qph.cf2.quoracdn.net/main-qimg-43dad1a3d0450c14ea18ec16c3f8d2f5-lq/%22 HTTP/1.1" 404 114 "-" "Mozilla/5.0 AppleWebKit/537.36 (KHTML, like Gecko; compatible; Amazonbot/0.1; +https://developer.amazon.com/support/amazonbot) Chrome/119.0.6045.214 Safari/537.36"
52.203.152.231 - - [18/Dec/2025:00:22:52 +0800] "GET /wp-json/wp/v2/posts/%22https:/www.online-casinos.com/pictures/big/immersive-roulette-jackpot-paradise.jpg/%22 HTTP/1.1" 404 114 "-" "Mozilla/5.0 AppleWebKit/537.36 (KHTML, like Gecko; compatible; Amazonbot/0.1; +https://developer.amazon.com/support/amazonbot) Chrome/119.0.6045.214 Safari/537.36"
40.77.167.61 - - [18/Dec/2025:00:23:23 +0800] "GET /top-5-mail-order-bride-sites-2/an-overview-that-features-this-new-nuts-and-woolly/ HTTP/1.1" 200 41543 "-" "Mozilla/5.0 AppleWebKit/537.36 (KHTML, like Gecko; compatible; bingbot/2.0; +http://www.bing.com/bingbot.htm) Chrome/116.0.1938.76 Safari/537.36"
72.18.130.250 - - [18/Dec/2025:00:23:24 +0800] "POST /wp-cron.php?doing_wp_cron=1765988604.3622720241546630859375 HTTP/1.1" 200 - "https://rambut.bf1.my/wp-cron.php?doing_wp_cron=1765988604.3622720241546630859375" "WordPress/5.7.14; https://rambut.bf1.my"
57.141.6.4 - - [18/Dec/2025:00:23:58 +0800] "GET /rambut-malaysia/rambut-hitam-syampu/DS-Giorgio-Armani-Sensi-Deodorant-Spray-5L-%E5%A5%B3%E5%A6%96-p317928319 HTTP/1.1" 200 37033 "-" "meta-externalagent/1.1 (+https://developers.facebook.com/docs/sharing/webmasters/crawler)"
57.141.6.39 - - [18/Dec/2025:00:24:56 +0800] "GET /rambut-malaysia/mostbet-bd-official-casino-site-in-bangladesh/ HTTP/1.1" 200 41122 "-" "meta-externalagent/1.1 (+https://developers.facebook.com/docs/sharing/webmasters/crawler)"
72.18.130.250 - - [18/Dec/2025:00:24:57 +0800] "POST /wp-cron.php?doing_wp_cron=1765988697.0907340049743652343750 HTTP/1.1" 200 - "https://rambut.bf1.my/wp-cron.php?doing_wp_cron=1765988697.0907340049743652343750" "WordPress/5.7.14; https://rambut.bf1.my"
72.18.130.250 - - [18/Dec/2025:00:25:26 +0800] "POST /wp-cron.php?doing_wp_cron=1765988726.7859261035919189453125 HTTP/1.1" 200 - "https://rambut.bf1.my/wp-cron.php?doing_wp_cron=1765988726.7859261035919189453125" "WordPress/5.7.14; https://rambut.bf1.my"
190.123.210.125 - - [18/Dec/2025:00:25:26 +0800] "GET /italywinnita/scopri-il-fascino-del-winita-slot-in-italia/ HTTP/1.1" 200 41047 "https://rambut.bf1.my/" "Mozilla/5.0 (Windows NT 10.0; Win64; x64) AppleWebKit/537.36 (KHTML, like Gecko) Chrome/114.0.0.0 Safari/537.36 Edg/114.0.1264.71"
190.123.210.125 - - [18/Dec/2025:00:25:29 +0800] "GET /?p=403624 HTTP/1.1" 301 - "https://rambut.bf1.my/italywinnita/scopri-il-fascino-del-winita-slot-in-italia/" "Mozilla/5.0 (Windows NT 10.0; Win64; x64) AppleWebKit/537.36 (KHTML, like Gecko) Chrome/114.0.0.0 Safari/537.36 Edg/114.0.1264.71"
190.123.210.125 - - [18/Dec/2025:00:25:31 +0800] "GET /italywinnita/scopri-il-fascino-del-winita-slot-in-italia/ HTTP/1.1" 500 43488 "https://rambut.bf1.my/?p=403624" "Mozilla/5.0 (Windows NT 10.0; Win64; x64) AppleWebKit/537.36 (KHTML, like Gecko) Chrome/114.0.0.0 Safari/537.36 Edg/114.0.1264.71"
57.141.6.32 - - [18/Dec/2025:00:26:59 +0800] "GET /rambut-malaysia/real-safari-madness-1-deposit-2024-money-gambling-enterprise/ HTTP/1.1" 200 41177 "-" "meta-externalagent/1.1 (+https://developers.facebook.com/docs/sharing/webmasters/crawler)"
72.18.130.250 - - [18/Dec/2025:00:27:00 +0800] "POST /wp-cron.php?doing_wp_cron=1765988820.0212581157684326171875 HTTP/1.1" 200 - "https://rambut.bf1.my/wp-cron.php?doing_wp_cron=1765988820.0212581157684326171875" "WordPress/5.7.14; https://rambut.bf1.my"
72.18.130.250 - - [18/Dec/2025:00:27:22 +0800] "POST /wp-cron.php?doing_wp_cron=1765988842.6514399051666259765625 HTTP/1.1" 200 - "https://rambut.bf1.my/wp-cron.php?doing_wp_cron=1765988842.6514399051666259765625" "WordPress/5.7.14; https://rambut.bf1.my"
57.141.6.34 - - [18/Dec/2025:00:27:22 +0800] "GET /rambut-malaysia/super-pertumbuhan-rambut-tonik-125ml/Dog-Spray-Flea-Buster-DSY-Dog-Orange-500ml-%E2%AD%90%E2%AD%90%E2%AD%90%E2%AD%90%E2%AD%90-p252974519 HTTP/1.1" 200 37965 "-" "meta-externalagent/1.1 (+https://developers.facebook.com/docs/sharing/webmasters/crawler)"
57.141.6.7 - - [18/Dec/2025:00:27:36 +0800] "GET /rambut-malaysia/dunder-casino-fifty-free-spins-to-your-position-cyrus-the-fresh-trojan-the-new-sweet-bonanza-nz/ HTTP/1.1" 200 42067 "-" "meta-externalagent/1.1 (+https://developers.facebook.com/docs/sharing/webmasters/crawler)"
195.154.60.83 - - [18/Dec/2025:00:27:40 +0800] "GET /bcgame-cryptobet-com/discovering-the-future-of-gaming-bc-game-crypto/ HTTP/1.1" 200 41336 "https://rambut.bf1.my/" "Mozilla/5.0 (X11; Ubuntu; Linux i686; rv:114.0) Gecko/20100101 Firefox/114.0"
57.141.6.5 - - [18/Dec/2025:00:27:42 +0800] "GET /rambut-malaysia/emperors-casino-spin-palace-100-free-spins-lawn-get-2-hundred-welcome-extra/ HTTP/1.1" 200 41911 "-" "meta-externalagent/1.1 (+https://developers.facebook.com/docs/sharing/webmasters/crawler)"
195.154.60.83 - - [18/Dec/2025:00:27:52 +0800] "GET /wp-login.php?action=register HTTP/1.1" 302 - "https://rambut.bf1.my/bcgame-cryptobet-com/discovering-the-future-of-gaming-bc-game-crypto/" "Mozilla/5.0 (Windows NT 6.3; Win64; x64) AppleWebKit/537.36 (KHTML, like Gecko) Chrome/103.0.0.0 Safari/537.36"
195.154.60.83 - - [18/Dec/2025:00:27:53 +0800] "GET /wp-login.php?registration=disabled HTTP/1.1" 200 8181 "https://rambut.bf1.my/wp-login.php?action=register" "Mozilla/5.0 (Windows NT 6.3; Win64; x64) AppleWebKit/537.36 (KHTML, like Gecko) Chrome/103.0.0.0 Safari/537.36"
57.141.6.24 - - [18/Dec/2025:00:28:00 +0800] "GET /rambut-malaysia/great-tiger-local-casino-review-2024-step-1-deposit-berryburst-max-discover-1500-added-bonus/ HTTP/1.1" 200 41917 "-" "meta-externalagent/1.1 (+https://developers.facebook.com/docs/sharing/webmasters/crawler)"
57.141.6.8 - - [18/Dec/2025:00:28:05 +0800] "GET /rambut-malaysia/nadprogram-z-brakiem-depozytu-dla-lokalnych-internautow-w-kasynach-2024/ HTTP/1.1" 200 42400 "-" "meta-externalagent/1.1 (+https://developers.facebook.com/docs/sharing/webmasters/crawler)"
57.141.6.13 - - [18/Dec/2025:00:28:39 +0800] "GET /category/kuinka-ostaa-postimyynti-morsiamen/ HTTP/1.1" 200 34732 "-" "meta-externalagent/1.1 (+https://developers.facebook.com/docs/sharing/webmasters/crawler)"
72.18.130.250 - - [18/Dec/2025:00:28:39 +0800] "POST /wp-cron.php?doing_wp_cron=1765988919.6348750591278076171875 HTTP/1.1" 200 - "https://rambut.bf1.my/wp-cron.php?doing_wp_cron=1765988919.6348750591278076171875" "WordPress/5.7.14; https://rambut.bf1.my"
57.141.6.30 - - [18/Dec/2025:00:29:22 +0800] "GET /rambut-malaysia/futuriti-spielbank-top-spiele-bonusangebote-ferner-noch-mehr-lutz-behnke-foto/ HTTP/1.1" 200 42508 "-" "meta-externalagent/1.1 (+https://developers.facebook.com/docs/sharing/webmasters/crawler)"
72.18.130.250 - - [18/Dec/2025:00:29:23 +0800] "POST /wp-cron.php?doing_wp_cron=1765988963.2470879554748535156250 HTTP/1.1" 200 - "https://rambut.bf1.my/wp-cron.php?doing_wp_cron=1765988963.2470879554748535156250" "WordPress/5.7.14; https://rambut.bf1.my"
57.141.6.8 - - [18/Dec/2025:00:29:50 +0800] "GET /rambut-malaysia/yuklab-olish-uchun-1xbet-1xbet-rasmiy-veb-jurnal-bayramini-yuklab-oling/ HTTP/1.1" 200 42628 "-" "meta-externalagent/1.1 (+https://developers.facebook.com/docs/sharing/webmasters/crawler)"
57.141.6.36 - - [18/Dec/2025:00:29:59 +0800] "GET /rambut-malaysia/finest-no-deposit-incentives-in-the-the-fresh-zealand-2025/ HTTP/1.1" 200 41362 "-" "meta-externalagent/1.1 (+https://developers.facebook.com/docs/sharing/webmasters/crawler)"
57.141.6.36 - - [18/Dec/2025:00:29:50 +0800] "GET /rambut-malaysia/rambut-hitam-set-399/DS-Giorgio-Armani-Aqua-Di-Gio-Deodorant-Spray-200ml-%E7%94%B7%E7%A5%9E-p320532964 HTTP/1.1" 200 37137 "-" "meta-externalagent/1.1 (+https://developers.facebook.com/docs/sharing/webmasters/crawler)"
72.18.130.250 - - [18/Dec/2025:00:30:28 +0800] "POST /wp-cron.php?doing_wp_cron=1765989028.3182580471038818359375 HTTP/1.1" 200 - "https://rambut.bf1.my/wp-cron.php?doing_wp_cron=1765989028.3182580471038818359375" "WordPress/5.7.14; https://rambut.bf1.my"
57.141.6.14 - - [18/Dec/2025:00:30:27 +0800] "GET /rambut-malaysia/rambut-hitam-syampu/DS-Adidas-Get-Ready-Deodorant-Spray-5L-%E5%A5%B3%E5%A6%96-p317928182 HTTP/1.1" 200 37033 "-" "meta-externalagent/1.1 (+https://developers.facebook.com/docs/sharing/webmasters/crawler)"
57.141.6.13 - - [18/Dec/2025:00:31:07 +0800] "GET /rambut-malaysia/madnix-casino-prime-en-compagnie-de-100-225-fs-de-appareiller-laventure/ HTTP/1.1" 200 42158 "-" "meta-externalagent/1.1 (+https://developers.facebook.com/docs/sharing/webmasters/crawler)"
72.18.130.250 - - [18/Dec/2025:00:31:08 +0800] "POST /wp-cron.php?doing_wp_cron=1765989068.5522971153259277343750 HTTP/1.1" 200 - "https://rambut.bf1.my/wp-cron.php?doing_wp_cron=1765989068.5522971153259277343750" "WordPress/5.7.14; https://rambut.bf1.my"
57.141.6.35 - - [18/Dec/2025:00:32:03 +0800] "GET /rambut-malaysia/fairytale-tales-hansel-and-you-can-gretel-slot-no-deposit-added-bonus-rules-2025-1/ HTTP/1.1" 200 42019 "-" "meta-externalagent/1.1 (+https://developers.facebook.com/docs/sharing/webmasters/crawler)"
40.77.167.2 - - [18/Dec/2025:00:32:10 +0800] "GET /write-my-essay-for-me-for-cheap-2/get-elite-essay-editors-online-and-ensure-you-get/ HTTP/1.1" 200 41809 "-" "Mozilla/5.0 AppleWebKit/537.36 (KHTML, like Gecko; compatible; bingbot/2.0; +http://www.bing.com/bingbot.htm) Chrome/116.0.1938.76 Safari/537.36"
72.18.130.250 - - [18/Dec/2025:00:32:11 +0800] "POST /wp-cron.php?doing_wp_cron=1765989131.0023450851440429687500 HTTP/1.1" 200 - "https://rambut.bf1.my/wp-cron.php?doing_wp_cron=1765989131.0023450851440429687500" "WordPress/5.7.14; https://rambut.bf1.my"
57.141.6.8 - - [18/Dec/2025:00:32:24 +0800] "GET /9760-sat/igrat-na-licenzirovannom-resurse-virtualnogo-71/ HTTP/1.1" 200 52101 "-" "meta-externalagent/1.1 (+https://developers.facebook.com/docs/sharing/webmasters/crawler)"
57.141.6.16 - - [18/Dec/2025:00:32:36 +0800] "GET /rambut-malaysia/top-slots-uma-vez-que-dinheiro-atual-afinar-brasil-recenseamento-2024/ HTTP/1.1" 200 42115 "-" "meta-externalagent/1.1 (+https://developers.facebook.com/docs/sharing/webmasters/crawler)"
57.141.6.35 - - [18/Dec/2025:00:35:36 +0800] "GET /wp-json/oembed/1.0/embed?url=https%3A%2F%2Frambut.bf1.my%2Frambut-malaysia%2F7-monkeys-slot-remark-pragmatic-bonus-slot-pumpkin-fairy-play%2F HTTP/1.1" 200 2590 "-" "meta-externalagent/1.1 (+https://developers.facebook.com/docs/sharing/webmasters/crawler)"
72.18.130.250 - - [18/Dec/2025:00:35:37 +0800] "POST /wp-cron.php?doing_wp_cron=1765989337.0722260475158691406250 HTTP/1.1" 200 - "https://rambut.bf1.my/wp-cron.php?doing_wp_cron=1765989337.0722260475158691406250" "WordPress/5.7.14; https://rambut.bf1.my"
57.141.6.36 - - [18/Dec/2025:00:35:41 +0800] "GET /rambut-malaysia/rambut-hitam-set-199/DS-Clinique-Happy-for-Men-Deodorant-Spray-25L-%E7%94%B7%E7%A5%9E-p316548550 HTTP/1.1" 200 37137 "-" "meta-externalagent/1.1 (+https://developers.facebook.com/docs/sharing/webmasters/crawler)"
72.18.130.250 - - [18/Dec/2025:00:36:15 +0800] "POST /wp-cron.php?doing_wp_cron=1765989375.7052729129791259765625 HTTP/1.1" 200 - "https://rambut.bf1.my/wp-cron.php?doing_wp_cron=1765989375.7052729129791259765625" "WordPress/5.7.14; https://rambut.bf1.my"
57.141.6.17 - - [18/Dec/2025:00:36:20 +0800] "GET /wp-json/oembed/1.0/embed?url=https%3A%2F%2Frambut.bf1.my%2Frambut-malaysia%2F30-cutesy-pie-casino-gratis-spins-casino-provision-heise-kostenfrei-spins-angebote-enthullt%2F HTTP/1.1" 200 2773 "-" "meta-externalagent/1.1 (+https://developers.facebook.com/docs/sharing/webmasters/crawler)"
57.141.6.9 - - [18/Dec/2025:00:36:15 +0800] "GET /rambut-malaysia/rambut-hitam-serum/Pure-Essential-Oil-EO-Chive-Allium-schoenoprasum-L-Essential-Oil-10ml-p151419540 HTTP/1.1" 200 36971 "-" "meta-externalagent/1.1 (+https://developers.facebook.com/docs/sharing/webmasters/crawler)"
57.141.6.8 - - [18/Dec/2025:00:37:15 +0800] "GET /rambut-malaysia/wheel-out-of-luck-bucks-connect-slot-videos-big-win-lesson/feed/ HTTP/1.1" 200 1833 "-" "meta-externalagent/1.1 (+https://developers.facebook.com/docs/sharing/webmasters/crawler)"
72.18.130.250 - - [18/Dec/2025:00:37:16 +0800] "POST /wp-cron.php?doing_wp_cron=1765989436.3439419269561767578125 HTTP/1.1" 200 - "https://rambut.bf1.my/wp-cron.php?doing_wp_cron=1765989436.3439419269561767578125" "WordPress/5.7.14; https://rambut.bf1.my"
57.141.6.29 - - [18/Dec/2025:00:37:24 +0800] "GET /?p=457892 HTTP/1.1" 301 - "-" "meta-externalagent/1.1 (+https://developers.facebook.com/docs/sharing/webmasters/crawler)"
57.141.6.6 - - [18/Dec/2025:00:37:26 +0800] "GET /rambut-malaysia/les-navaerend-forn-du-oppretter-innskuddskonto/feed/ HTTP/1.1" 200 1798 "-" "meta-externalagent/1.1 (+https://developers.facebook.com/docs/sharing/webmasters/crawler)"
72.18.130.250 - - [18/Dec/2025:00:38:35 +0800] "POST /wp-cron.php?doing_wp_cron=1765989515.8904800415039062500000 HTTP/1.1" 200 - "https://rambut.bf1.my/wp-cron.php?doing_wp_cron=1765989515.8904800415039062500000" "WordPress/5.7.14; https://rambut.bf1.my"
57.141.6.11 - - [18/Dec/2025:00:38:41 +0800] "GET /rambut-malaysia/black-colored-diamond-local-casino-no-deposit-extra-moon-princess-5-deposit-codes-to-possess-december-2024-all-of-the-bonuses/ HTTP/1.1" 200 43330 "-" "meta-externalagent/1.1 (+https://developers.facebook.com/docs/sharing/webmasters/crawler)"
57.141.6.7 - - [18/Dec/2025:00:38:35 +0800] "GET /rambut-malaysia/super-pertumbuhan-rambut-tonik-125ml/Aromatic-Fragrance-Oil-AFO-Lemon-Basil-5L-p155470002 HTTP/1.1" 200 37965 "-" "meta-externalagent/1.1 (+https://developers.facebook.com/docs/sharing/webmasters/crawler)"
57.141.6.8 - - [18/Dec/2025:00:38:58 +0800] "GET /rambut-malaysia/camp-cropper-wikipedia/ HTTP/1.1" 200 40474 "-" "meta-externalagent/1.1 (+https://developers.facebook.com/docs/sharing/webmasters/crawler)"
57.141.6.8 - - [18/Dec/2025:00:39:12 +0800] "GET /wp-json/wp/v2/posts/383425 HTTP/1.1" 200 9648 "-" "meta-externalagent/1.1 (+https://developers.facebook.com/docs/sharing/webmasters/crawler)"
72.18.130.250 - - [18/Dec/2025:00:39:13 +0800] "POST /wp-cron.php?doing_wp_cron=1765989553.3544530868530273437500 HTTP/1.1" 200 - "https://rambut.bf1.my/wp-cron.php?doing_wp_cron=1765989553.3544530868530273437500" "WordPress/5.7.14; https://rambut.bf1.my"
57.141.6.36 - - [18/Dec/2025:00:39:37 +0800] "GET /wp-json/oembed/1.0/embed?url=https%3A%2F%2Frambut.bf1.my%2Frambut-malaysia%2Fsoluciona-tragamonedas-novedosas-regalado-hace-el-trabajo-tragamonedas-para-distraccion%2F HTTP/1.1" 200 2735 "-" "meta-externalagent/1.1 (+https://developers.facebook.com/docs/sharing/webmasters/crawler)"
57.141.6.28 - - [18/Dec/2025:00:39:30 +0800] "GET /rambut-malaysia/rambut-hitam-perapi/DS-Giorgio-Armani-Sensi-Deodorant-Spray-5L-%E5%A5%B3%E5%A6%96-p317928319 HTTP/1.1" 200 37019 "-" "meta-externalagent/1.1 (+https://developers.facebook.com/docs/sharing/webmasters/crawler)"
57.141.6.24 - - [18/Dec/2025:00:39:43 +0800] "GET /rambut-malaysia/ginseng-booster-ampul-semburan-125ml/DS-Britney-Spears-Midnight-Fantasy-Deodorant-Spray-100L-%E5%A5%B3%E5%A6%96-p318186565 HTTP/1.1" 200 37892 "-" "meta-externalagent/1.1 (+https://developers.facebook.com/docs/sharing/webmasters/crawler)"
57.141.6.2 - - [18/Dec/2025:00:39:57 +0800] "GET /rambut-malaysia/online-kienspe-play-regal-bonuscode-optreden-holland-speel-kienspe-alsof-te-10-munt/feed/ HTTP/1.1" 200 1907 "-" "meta-externalagent/1.1 (+https://developers.facebook.com/docs/sharing/webmasters/crawler)"
57.141.6.18 - - [18/Dec/2025:00:41:03 +0800] "GET /rambut-malaysia/legitimate-online-casino-philippines-2025-safer-legitimate-internet-casino-listing/feed/ HTTP/1.1" 200 1911 "-" "meta-externalagent/1.1 (+https://developers.facebook.com/docs/sharing/webmasters/crawler)"
72.18.130.250 - - [18/Dec/2025:00:41:04 +0800] "POST /wp-cron.php?doing_wp_cron=1765989664.2115070819854736328125 HTTP/1.1" 200 - "https://rambut.bf1.my/wp-cron.php?doing_wp_cron=1765989664.2115070819854736328125" "WordPress/5.7.14; https://rambut.bf1.my"
72.18.130.250 - - [18/Dec/2025:00:41:07 +0800] "POST /wp-cron.php?doing_wp_cron=1765989667.5133519172668457031250 HTTP/1.1" 200 - "https://rambut.bf1.my/wp-cron.php?doing_wp_cron=1765989667.5133519172668457031250" "WordPress/5.7.14; https://rambut.bf1.my"
57.141.6.32 - - [18/Dec/2025:00:41:06 +0800] "GET /wp-json/oembed/1.0/embed?url=https%3A%2F%2Frambut.bf1.my%2Frambut-malaysia%2Fbest-online-slots-the-real-deal-money-10-best-gambling-enterprise-internet-sites-mummys-gold-25-free-spins-no-deposit-to-possess-2024%2F HTTP/1.1" 200 2953 "-" "meta-externalagent/1.1 (+https://developers.facebook.com/docs/sharing/webmasters/crawler)"
57.141.6.8 - - [18/Dec/2025:00:41:10 +0800] "GET /wp-json/oembed/1.0/embed?url=https%3A%2F%2Frambut.bf1.my%2Frambut-malaysia%2Fkosteloos-spins-opstrijken-wegens-gelijk-7th-heaven-slot-online-gokhuis-bekijk-onze-casinolijst%2F HTTP/1.1" 200 2766 "-" "meta-externalagent/1.1 (+https://developers.facebook.com/docs/sharing/webmasters/crawler)"
57.141.6.16 - - [18/Dec/2025:00:41:50 +0800] "GET /rambut-malaysia/slot-demonio-fortune-tiger-aparelho-acessivel/ HTTP/1.1" 200 41539 "-" "meta-externalagent/1.1 (+https://developers.facebook.com/docs/sharing/webmasters/crawler)"
57.141.6.13 - - [18/Dec/2025:00:41:54 +0800] "GET /wp-json/wp/v2/posts/263761 HTTP/1.1" 200 10978 "-" "meta-externalagent/1.1 (+https://developers.facebook.com/docs/sharing/webmasters/crawler)"
57.141.6.33 - - [18/Dec/2025:00:42:06 +0800] "GET /wp-json/oembed/1.0/embed?url=https%3A%2F%2Frambut.bf1.my%2Frambut-malaysia%2Famerican-roulette-on-line-exactly-how-and-you-can-where-you-can-play-the-fresh-wheel-marco-polo-win-said%2F HTTP/1.1" 200 2808 "-" "meta-externalagent/1.1 (+https://developers.facebook.com/docs/sharing/webmasters/crawler)"
72.18.130.250 - - [18/Dec/2025:00:42:07 +0800] "POST /wp-cron.php?doing_wp_cron=1765989727.3128058910369873046875 HTTP/1.1" 200 - "https://rambut.bf1.my/wp-cron.php?doing_wp_cron=1765989727.3128058910369873046875" "WordPress/5.7.14; https://rambut.bf1.my"
57.141.6.8 - - [18/Dec/2025:00:41:56 +0800] "GET /rambut-malaysia/rambut-hitam-set-199/DS-Burberry-Brit-Deodorant-Spray-200ml-%E5%A5%B3%E5%A6%96-p321055155 HTTP/1.1" 200 37137 "-" "meta-externalagent/1.1 (+https://developers.facebook.com/docs/sharing/webmasters/crawler)"
57.141.6.15 - - [18/Dec/2025:00:42:38 +0800] "GET /rambut-malaysia/trendy-fresh-fruit-farm-position-review-2024-playtech-video-game/ HTTP/1.1" 200 41709 "-" "meta-externalagent/1.1 (+https://developers.facebook.com/docs/sharing/webmasters/crawler)"
57.141.6.37 - - [18/Dec/2025:00:42:54 +0800] "GET /rambut-malaysia/rambut-hitam-syampu/DS-DKNY-Be-Delicious-Deodorant-Spray-5L-%E5%A5%B3%E5%A6%96-p317928276 HTTP/1.1" 200 37033 "-" "meta-externalagent/1.1 (+https://developers.facebook.com/docs/sharing/webmasters/crawler)"
57.141.6.8 - - [18/Dec/2025:00:43:10 +0800] "GET /rambut-malaysia/millionen-volk-within-gefahr-tornados-koitieren-uber-united-states-stadte-hinweg/ HTTP/1.1" 200 42560 "-" "meta-externalagent/1.1 (+https://developers.facebook.com/docs/sharing/webmasters/crawler)"
72.18.130.250 - - [18/Dec/2025:00:43:11 +0800] "POST /wp-cron.php?doing_wp_cron=1765989791.0619969367980957031250 HTTP/1.1" 200 - "https://rambut.bf1.my/wp-cron.php?doing_wp_cron=1765989791.0619969367980957031250" "WordPress/5.7.14; https://rambut.bf1.my"
57.141.6.13 - - [18/Dec/2025:00:43:39 +0800] "GET /rambut-malaysia/super-pertumbuhan-rambut-set-499/DS-Giorgio-Armani-Acqua-di-Gio-Woman-Deodorant-Spray-500ml-%E5%A5%B3%E5%A6%96-p317394132 HTTP/1.1" 200 37779 "-" "meta-externalagent/1.1 (+https://developers.facebook.com/docs/sharing/webmasters/crawler)"
57.141.6.8 - - [18/Dec/2025:00:44:00 +0800] "GET /rambut-malaysia/online-roulette-sites-uks-best-roulette-casinos-of-2025/ HTTP/1.1" 200 41734 "-" "meta-externalagent/1.1 (+https://developers.facebook.com/docs/sharing/webmasters/crawler)"
104.210.140.130 - - [18/Dec/2025:00:44:12 +0800] "GET /robots.txt HTTP/1.1" 200 266 "-" "Mozilla/5.0 (Macintosh; Intel Mac OS X 10_15_7) AppleWebKit/537.36 (KHTML, like Gecko) Chrome/131.0.0.0 Safari/537.36; compatible; OAI-SearchBot/1.0; +https://openai.com/searchbot"
57.141.6.23 - - [18/Dec/2025:00:44:19 +0800] "GET /rambut-malaysia/better-web-sites-playing-black-jack-for-real-money-in-2025/ HTTP/1.1" 200 41334 "-" "meta-externalagent/1.1 (+https://developers.facebook.com/docs/sharing/webmasters/crawler)"
72.18.130.250 - - [18/Dec/2025:00:44:19 +0800] "POST /wp-cron.php?doing_wp_cron=1765989859.9663519859313964843750 HTTP/1.1" 200 - "https://rambut.bf1.my/wp-cron.php?doing_wp_cron=1765989859.9663519859313964843750" "WordPress/5.7.14; https://rambut.bf1.my"
57.141.6.17 - - [18/Dec/2025:00:44:45 +0800] "GET /rambut-malaysia/spiele-genies-quantchen-verbunden-inside-pokerstars-casino/ HTTP/1.1" 200 41831 "-" "meta-externalagent/1.1 (+https://developers.facebook.com/docs/sharing/webmasters/crawler)"
57.141.6.32 - - [18/Dec/2025:00:44:44 +0800] "GET /rambut-malaysia/rambut-hitam-syampu/DS-Beyonce-Heat-Deodorant-Spray-5L-%E5%A5%B3%E5%A6%96-p317928211 HTTP/1.1" 200 37033 "-" "meta-externalagent/1.1 (+https://developers.facebook.com/docs/sharing/webmasters/crawler)"
57.141.6.36 - - [18/Dec/2025:00:45:00 +0800] "GET /rambut-malaysia/tot-nhat-hoan-toan-mien-phi-vong-quay-khong-can-dat-coc-uu-dai-cho-tien-thang-nam-2024-thu-nhap-thuc-te/ HTTP/1.1" 200 43616 "-" "meta-externalagent/1.1 (+https://developers.facebook.com/docs/sharing/webmasters/crawler)"
57.141.6.28 - - [18/Dec/2025:00:45:09 +0800] "GET /rambut-malaysia/50-freispiele-beach-life-slot-je-echtes-bimbes-abzuglich-einzahlung-fix-zuganglich-kostenfrei-spins/feed/ HTTP/1.1" 200 1957 "-" "meta-externalagent/1.1 (+https://developers.facebook.com/docs/sharing/webmasters/crawler)"
72.18.130.250 - - [18/Dec/2025:00:45:10 +0800] "POST /wp-cron.php?doing_wp_cron=1765989910.5386750698089599609375 HTTP/1.1" 200 - "https://rambut.bf1.my/wp-cron.php?doing_wp_cron=1765989910.5386750698089599609375" "WordPress/5.7.14; https://rambut.bf1.my"
57.141.6.5 - - [18/Dec/2025:00:45:48 +0800] "GET /rambut-malaysia/totally-free-slots-chicago-slot-having-extra-cycles-for-instant-enjoy/ HTTP/1.1" 200 41419 "-" "meta-externalagent/1.1 (+https://developers.facebook.com/docs/sharing/webmasters/crawler)"
57.141.6.37 - - [18/Dec/2025:00:45:53 +0800] "GET /rambut-malaysia/enjoy-secret-romance-casino-us-real-cash-black-jack-on-the-internet-at-best-us-casinos/ HTTP/1.1" 200 42153 "-" "meta-externalagent/1.1 (+https://developers.facebook.com/docs/sharing/webmasters/crawler)"
57.141.6.31 - - [18/Dec/2025:00:46:06 +0800] "GET /?p=263819 HTTP/1.1" 301 - "-" "meta-externalagent/1.1 (+https://developers.facebook.com/docs/sharing/webmasters/crawler)"
57.141.6.39 - - [18/Dec/2025:00:46:08 +0800] "GET /rambut-malaysia/book-of-mort-tours-gratuit-500-payer-par-creneaux-de-facturation-mobiles-free-spins-sans-nul-classe/feed/ HTTP/1.1" 200 1957 "-" "meta-externalagent/1.1 (+https://developers.facebook.com/docs/sharing/webmasters/crawler)"
72.18.130.250 - - [18/Dec/2025:00:46:07 +0800] "POST /wp-cron.php?doing_wp_cron=1765989967.0743548870086669921875 HTTP/1.1" 200 - "https://rambut.bf1.my/wp-cron.php?doing_wp_cron=1765989967.0743548870086669921875" "WordPress/5.7.14; https://rambut.bf1.my"
57.141.6.4 - - [18/Dec/2025:00:46:10 +0800] "GET /?p=463534 HTTP/1.1" 301 - "-" "meta-externalagent/1.1 (+https://developers.facebook.com/docs/sharing/webmasters/crawler)"
57.141.6.29 - - [18/Dec/2025:00:46:15 +0800] "GET /wp-json/wp/v2/posts/271454 HTTP/1.1" 200 13121 "-" "meta-externalagent/1.1 (+https://developers.facebook.com/docs/sharing/webmasters/crawler)"
57.141.6.23 - - [18/Dec/2025:00:46:03 +0800] "GET /rambut-malaysia/super-pertumbuhan-rambut-set-499/Aromatic-Fragrance-Oil-AFO-Turmeric-Leaf-5L-p155479217 HTTP/1.1" 200 37779 "-" "meta-externalagent/1.1 (+https://developers.facebook.com/docs/sharing/webmasters/crawler)"
57.141.6.19 - - [18/Dec/2025:00:46:20 +0800] "GET /?p=402776 HTTP/1.1" 301 - "-" "meta-externalagent/1.1 (+https://developers.facebook.com/docs/sharing/webmasters/crawler)"
57.141.6.34 - - [18/Dec/2025:00:46:24 +0800] "GET /?p=122144 HTTP/1.1" 301 - "-" "meta-externalagent/1.1 (+https://developers.facebook.com/docs/sharing/webmasters/crawler)"
57.141.6.8 - - [18/Dec/2025:00:46:43 +0800] "GET /wp-json/oembed/1.0/embed?url=https%3A%2F%2Frambut.bf1.my%2Frambut-malaysia%2Fofflin-verkrijgen-voldoet-in-kpn-pay%2F HTTP/1.1" 200 2465 "-" "meta-externalagent/1.1 (+https://developers.facebook.com/docs/sharing/webmasters/crawler)"
72.18.130.250 - - [18/Dec/2025:00:48:47 +0800] "POST /wp-cron.php?doing_wp_cron=1765990127.5147221088409423828125 HTTP/1.1" 200 - "https://rambut.bf1.my/wp-cron.php?doing_wp_cron=1765990127.5147221088409423828125" "WordPress/5.7.14; https://rambut.bf1.my"
57.141.6.8 - - [18/Dec/2025:00:48:46 +0800] "GET /rambut-malaysia/super-pertumbuhan-rambut-set-499/Pure-Essential-Oil-EO-Ginger-Essential-Oil-50ml-p152042342 HTTP/1.1" 200 37779 "-" "meta-externalagent/1.1 (+https://developers.facebook.com/docs/sharing/webmasters/crawler)"
74.7.242.61 - - [18/Dec/2025:00:49:47 +0800] "GET /rambut-malaysia/1xbet-%e2%86%91-sport-ning-tikish-uchun-1xbetmd-com-1xbetmd-com-1xbet-1xbet-1xbetmd-com/ HTTP/1.1" 200 43181 "-" "Mozilla/5.0 AppleWebKit/537.36 (KHTML, like Gecko; compatible; GPTBot/1.3; +https://openai.com/gptbot)"
72.18.130.250 - - [18/Dec/2025:00:49:47 +0800] "POST /wp-cron.php?doing_wp_cron=1765990187.9564290046691894531250 HTTP/1.1" 200 - "https://rambut.bf1.my/wp-cron.php?doing_wp_cron=1765990187.9564290046691894531250" "WordPress/5.7.14; https://rambut.bf1.my"
74.7.242.61 - - [18/Dec/2025:00:49:50 +0800] "GET /rambut-malaysia/1xbet-%e2%86%91-sport-ning-tikish-uchun-1xbetmd-com-1xbetmd-com-1xbet-1xbet-1xbetmd-com/feed/ HTTP/1.1" 200 1001 "-" "Mozilla/5.0 AppleWebKit/537.36 (KHTML, like Gecko; compatible; GPTBot/1.3; +https://openai.com/gptbot)"
74.7.242.61 - - [18/Dec/2025:00:49:53 +0800] "GET /?p=448003 HTTP/1.1" 301 - "-" "Mozilla/5.0 AppleWebKit/537.36 (KHTML, like Gecko; compatible; GPTBot/1.3; +https://openai.com/gptbot)"
74.7.242.61 - - [18/Dec/2025:00:49:53 +0800] "GET /rambut-malaysia/1xbet-%e2%86%91-sport-ning-tikish-uchun-1xbetmd-com-1xbetmd-com-1xbet-1xbet-1xbetmd-com/ HTTP/1.1" 500 45622 "-" "Mozilla/5.0 AppleWebKit/537.36 (KHTML, like Gecko; compatible; GPTBot/1.3; +https://openai.com/gptbot)"
74.7.242.61 - - [18/Dec/2025:00:49:55 +0800] "GET /wp-json/oembed/1.0/embed?url=https%3A%2F%2Frambut.bf1.my%2Frambut-malaysia%2F1xbet-%25e2%2586%2591-sport-ning-tikish-uchun-1xbetmd-com-1xbetmd-com-1xbet-1xbet-1xbetmd-com%2F HTTP/1.1" 200 2726 "-" "Mozilla/5.0 AppleWebKit/537.36 (KHTML, like Gecko; compatible; GPTBot/1.3; +https://openai.com/gptbot)"
74.7.242.61 - - [18/Dec/2025:00:50:03 +0800] "GET /wp-json/wp/v2/posts/448003 HTTP/1.1" 200 8847 "-" "Mozilla/5.0 AppleWebKit/537.36 (KHTML, like Gecko; compatible; GPTBot/1.3; +https://openai.com/gptbot)"
57.141.6.2 - - [18/Dec/2025:00:49:55 +0800] "GET /rambut-malaysia/rambut-hitam-syampu/DS-Chanel-Allure-Homme-Sport-Deodorant-Spray-25L-%E7%94%B7%E7%A5%9E-p316548514 HTTP/1.1" 200 37033 "-" "meta-externalagent/1.1 (+https://developers.facebook.com/docs/sharing/webmasters/crawler)"
72.18.130.250 - - [18/Dec/2025:00:50:10 +0800] "POST /wp-cron.php?doing_wp_cron=1765990210.5303440093994140625000 HTTP/1.1" 200 - "https://rambut.bf1.my/wp-cron.php?doing_wp_cron=1765990210.5303440093994140625000" "WordPress/5.7.14; https://rambut.bf1.my"
74.7.242.61 - - [18/Dec/2025:00:50:09 +0800] "GET /wp-json/oembed/1.0/embed?format=xml&url=https%3A%2F%2Frambut.bf1.my%2Frambut-malaysia%2F1xbet-%25e2%2586%2591-sport-ning-tikish-uchun-1xbetmd-com-1xbetmd-com-1xbet-1xbet-1xbetmd-com%2F HTTP/1.1" 200 2818 "-" "Mozilla/5.0 AppleWebKit/537.36 (KHTML, like Gecko; compatible; GPTBot/1.3; +https://openai.com/gptbot)"
57.141.6.35 - - [18/Dec/2025:00:50:10 +0800] "GET /rambut-malaysia/ginseng-booster-ampul-semburan-125ml/DS-Burberry-Tender-Touch-Deodorant-Spray-100L-%E5%A5%B3%E5%A6%96-p318186568 HTTP/1.1" 200 37892 "-" "meta-externalagent/1.1 (+https://developers.facebook.com/docs/sharing/webmasters/crawler)"
98.83.178.66 - - [18/Dec/2025:00:50:55 +0800] "GET /rambut-malaysia/eigene-blog-erstellen-kostenlose-startseite-erzeugen-wix-com/feed/ HTTP/1.1" 200 1838 "-" "Mozilla/5.0 AppleWebKit/537.36 (KHTML, like Gecko; compatible; Amazonbot/0.1; +https://developer.amazon.com/support/amazonbot) Chrome/119.0.6045.214 Safari/537.36"
52.204.37.237 - - [18/Dec/2025:00:51:00 +0800] "GET /wp-json/oembed/1.0/embed?url=https://rambut.bf1.my/compliance/optimize-time-to-first-byte-articles/ HTTP/1.1" 200 2455 "-" "Mozilla/5.0 AppleWebKit/537.36 (KHTML, like Gecko; compatible; Amazonbot/0.1; +https://developer.amazon.com/support/amazonbot) Chrome/119.0.6045.214 Safari/537.36"
