44.206.93.215 - - [17/Dec/2025:21:27:39 +0800] "GET /wp-json/wp/v2/posts/%22https:/www.cryptoversal.com/storage/media/blogpost/4cb0822d77d8a0f09e6d6f24b979a1f0.jpeg/%22 HTTP/1.1" 404 114 "-" "Mozilla/5.0 AppleWebKit/537.36 (KHTML, like Gecko; compatible; Amazonbot/0.1; +https://developer.amazon.com/support/amazonbot) Chrome/119.0.6045.214 Safari/537.36"
72.18.130.250 - - [17/Dec/2025:21:29:59 +0800] "POST /wp-cron.php?doing_wp_cron=1765978198.9874310493469238281250 HTTP/1.1" 200 - "https://rambut.bf1.my/wp-cron.php?doing_wp_cron=1765978198.9874310493469238281250" "WordPress/5.7.14; https://rambut.bf1.my"
57.141.6.28 - - [17/Dec/2025:21:29:58 +0800] "GET /rambut-malaysia/super-pertumbuhan-rambut-tonik-125ml/Aromatic-Fragrance-Oil-AFO-Thyme-50ml-p153768843 HTTP/1.1" 200 37965 "-" "meta-externalagent/1.1 (+https://developers.facebook.com/docs/sharing/webmasters/crawler)"
72.18.130.250 - - [17/Dec/2025:21:30:20 +0800] "POST /wp-cron.php?doing_wp_cron=1765978220.7307760715484619140625 HTTP/1.1" 200 - "https://rambut.bf1.my/wp-cron.php?doing_wp_cron=1765978220.7307760715484619140625" "WordPress/5.7.14; https://rambut.bf1.my"
57.141.6.19 - - [17/Dec/2025:21:30:20 +0800] "GET /rambut-malaysia/super-pertumbuhan-rambut-set-499/Pure-Essential-Oil-EO-Frangipani-White-Essential-Oil-50ml-p152042328 HTTP/1.1" 200 37779 "-" "meta-externalagent/1.1 (+https://developers.facebook.com/docs/sharing/webmasters/crawler)"
72.18.130.250 - - [17/Dec/2025:21:32:16 +0800] "POST /wp-cron.php?doing_wp_cron=1765978336.3015329837799072265625 HTTP/1.1" 200 - "https://rambut.bf1.my/wp-cron.php?doing_wp_cron=1765978336.3015329837799072265625" "WordPress/5.7.14; https://rambut.bf1.my"
57.141.6.34 - - [17/Dec/2025:21:32:15 +0800] "GET /rambut-malaysia/super-pertumbuhan-rambut-kulit-kepala-gel-250ml/ABTSD1-Lemon-Anti-Bac-Tobacco-Sanitizer-Deodorizer-Spray-Non-Alcohol-500ml-p271086107 HTTP/1.1" 200 38635 "-" "meta-externalagent/1.1 (+https://developers.facebook.com/docs/sharing/webmasters/crawler)"
57.141.6.22 - - [17/Dec/2025:21:32:17 +0800] "GET /rambut-malaysia/pertumbuhan-rambut-syampu-cubaan-150ml/Aromatic-Fragrance-Oil-AFO-Primrose-10ml-p150318675 HTTP/1.1" 200 38089 "-" "meta-externalagent/1.1 (+https://developers.facebook.com/docs/sharing/webmasters/crawler)"
57.141.6.16 - - [17/Dec/2025:21:32:50 +0800] "GET /rambut-malaysia/bloodstream-suckers-2-position-remark-vampires-of-the-underworld-is-play-playboy-online-actually-here-to-help-you-frighten-your/ HTTP/1.1" 200 43172 "-" "meta-externalagent/1.1 (+https://developers.facebook.com/docs/sharing/webmasters/crawler)"
57.141.6.30 - - [17/Dec/2025:21:33:40 +0800] "GET /rambut-malaysia/5-better-bitcoin-betting-internet-sites-2025-respected-crypto-casinos/ HTTP/1.1" 200 41518 "-" "meta-externalagent/1.1 (+https://developers.facebook.com/docs/sharing/webmasters/crawler)"
72.18.130.250 - - [17/Dec/2025:21:33:40 +0800] "POST /wp-cron.php?doing_wp_cron=1765978420.6099009513854980468750 HTTP/1.1" 200 - "https://rambut.bf1.my/wp-cron.php?doing_wp_cron=1765978420.6099009513854980468750" "WordPress/5.7.14; https://rambut.bf1.my"
57.141.6.23 - - [17/Dec/2025:21:33:52 +0800] "GET /rambut-malaysia/rambut-hitam-set-199/DS-Giorgio-Armani-Stronger-with-You-Deodorant-Spray-25L-%E7%94%B7%E7%A5%9E-p316548621 HTTP/1.1" 200 37137 "-" "meta-externalagent/1.1 (+https://developers.facebook.com/docs/sharing/webmasters/crawler)"
57.141.6.4 - - [17/Dec/2025:21:34:13 +0800] "GET /rambut-malaysia/fresh-fruit-flipping-totems-1-deposit-shop-wager-100-percent-free-a-real-income-provide-2025/ HTTP/1.1" 200 42018 "-" "meta-externalagent/1.1 (+https://developers.facebook.com/docs/sharing/webmasters/crawler)"
72.18.130.250 - - [17/Dec/2025:21:34:14 +0800] "POST /wp-cron.php?doing_wp_cron=1765978454.4106419086456298828125 HTTP/1.1" 200 - "https://rambut.bf1.my/wp-cron.php?doing_wp_cron=1765978454.4106419086456298828125" "WordPress/5.7.14; https://rambut.bf1.my"
52.167.144.145 - - [17/Dec/2025:21:34:33 +0800] "GET /1xbet-russian/stavki-v-sport-onlajn-ggbe/ HTTP/1.1" 200 48070 "-" "Mozilla/5.0 AppleWebKit/537.36 (KHTML, like Gecko; compatible; bingbot/2.0; +http://www.bing.com/bingbot.htm) Chrome/116.0.1938.76 Safari/537.36"
57.141.6.24 - - [17/Dec/2025:21:35:19 +0800] "GET /wp-json/oembed/1.0/embed?url=https%3A%2F%2Frambut.bf1.my%2Frambut-malaysia%2Fbetter-real-cash-casinos-on-the-internet-to-bwin-casino-money-the-united-states-2025%2F HTTP/1.1" 200 2705 "-" "meta-externalagent/1.1 (+https://developers.facebook.com/docs/sharing/webmasters/crawler)"
72.18.130.250 - - [17/Dec/2025:21:35:20 +0800] "POST /wp-cron.php?doing_wp_cron=1765978520.1217720508575439453125 HTTP/1.1" 200 - "https://rambut.bf1.my/wp-cron.php?doing_wp_cron=1765978520.1217720508575439453125" "WordPress/5.7.14; https://rambut.bf1.my"
40.77.167.247 - - [17/Dec/2025:21:35:33 +0800] "GET /bez-rubriki/kup-sterydy-anaboliczne-tabletki-co-musisz-wiedzie-2/ HTTP/1.1" 200 42095 "-" "Mozilla/5.0 AppleWebKit/537.36 (KHTML, like Gecko; compatible; bingbot/2.0; +http://www.bing.com/bingbot.htm) Chrome/116.0.1938.76 Safari/537.36"
57.141.6.6 - - [17/Dec/2025:21:36:24 +0800] "GET /rambut-malaysia/william-hill-spielsaal-top-spiele-and-sichere-boni-entdecken/ HTTP/1.1" 200 42066 "-" "meta-externalagent/1.1 (+https://developers.facebook.com/docs/sharing/webmasters/crawler)"
72.18.130.250 - - [17/Dec/2025:21:36:25 +0800] "POST /wp-cron.php?doing_wp_cron=1765978585.1970210075378417968750 HTTP/1.1" 200 - "https://rambut.bf1.my/wp-cron.php?doing_wp_cron=1765978585.1970210075378417968750" "WordPress/5.7.14; https://rambut.bf1.my"
57.141.6.1 - - [17/Dec/2025:21:36:31 +0800] "GET /category/mail-order-bride-review-2/ HTTP/1.1" 200 34598 "-" "meta-externalagent/1.1 (+https://developers.facebook.com/docs/sharing/webmasters/crawler)"
57.141.6.6 - - [17/Dec/2025:21:36:58 +0800] "GET /wp-json/oembed/1.0/embed?url=https%3A%2F%2Frambut.bf1.my%2Frambut-malaysia%2Fdollars-software-gambling-enterprises-finest-cash-software-gaming-internet-sites-in-the-2025%2F HTTP/1.1" 200 2745 "-" "meta-externalagent/1.1 (+https://developers.facebook.com/docs/sharing/webmasters/crawler)"
57.141.6.32 - - [17/Dec/2025:21:37:03 +0800] "GET /rambut-malaysia/ten-best-a-real-income-online-casinos-9-lions-mega-jackpot-and-gambling-games-dec-2024/ HTTP/1.1" 200 42065 "-" "meta-externalagent/1.1 (+https://developers.facebook.com/docs/sharing/webmasters/crawler)"
57.141.6.6 - - [17/Dec/2025:21:37:49 +0800] "GET /rambut-malaysia/expertenmeinung-dahinter-de-angeschlossen-kostenlose-casino-wetten-keine-einzahlung-erforderlich-casinos-apr-2025/ HTTP/1.1" 200 43585 "-" "meta-externalagent/1.1 (+https://developers.facebook.com/docs/sharing/webmasters/crawler)"
72.18.130.250 - - [17/Dec/2025:21:37:49 +0800] "POST /wp-cron.php?doing_wp_cron=1765978669.8667049407958984375000 HTTP/1.1" 200 - "https://rambut.bf1.my/wp-cron.php?doing_wp_cron=1765978669.8667049407958984375000" "WordPress/5.7.14; https://rambut.bf1.my"
57.141.6.28 - - [17/Dec/2025:21:38:01 +0800] "GET /wp-json/oembed/1.0/embed?url=https%3A%2F%2Frambut.bf1.my%2Fbet-13%2Fbest-online-casinos-for-playing%2Fattachment%2Fbest-online-casinos-for-playing_3-jpg%2F HTTP/1.1" 200 2699 "-" "meta-externalagent/1.1 (+https://developers.facebook.com/docs/sharing/webmasters/crawler)"
72.18.130.250 - - [17/Dec/2025:21:38:16 +0800] "POST /wp-cron.php?doing_wp_cron=1765978696.1641819477081298828125 HTTP/1.1" 200 - "https://rambut.bf1.my/wp-cron.php?doing_wp_cron=1765978696.1641819477081298828125" "WordPress/5.7.14; https://rambut.bf1.my"
199.195.250.129 - - [17/Dec/2025:21:38:15 +0800] "GET /wp-login.php HTTP/1.1" 200 8039 "-" "Mozilla/5.0 (X11; Ubuntu; Linux i686; rv:31.0) Gecko/20100101 Firefox/31.0"
199.195.250.129 - - [17/Dec/2025:21:38:17 +0800] "POST /wp-login.php HTTP/1.1" 200 8446 "-" "Mozilla/5.0 (X11; Ubuntu; Linux i686; rv:31.0) Gecko/20100101 Firefox/31.0"
57.141.6.30 - - [17/Dec/2025:21:38:36 +0800] "GET /rambut-malaysia/super-pertumbuhan-rambut-tonik-125ml/Pure-Essential-Oil-EO-Pepper-Black-Pepper-Essential-Oil-500ml-p152480299 HTTP/1.1" 200 37965 "-" "meta-externalagent/1.1 (+https://developers.facebook.com/docs/sharing/webmasters/crawler)"
57.141.6.29 - - [17/Dec/2025:21:39:03 +0800] "GET /rambut-malaysia/rambut-hitam-serum/DS-Giorgio-Armani-Acqua-Di-Gio-Profumo-Deodorant-Spray-500ml-%E7%94%B7%E7%A5%9E-p316344328 HTTP/1.1" 200 36971 "-" "meta-externalagent/1.1 (+https://developers.facebook.com/docs/sharing/webmasters/crawler)"
57.141.6.12 - - [17/Dec/2025:21:40:35 +0800] "GET /?p=271040 HTTP/1.1" 301 - "-" "meta-externalagent/1.1 (+https://developers.facebook.com/docs/sharing/webmasters/crawler)"
72.18.130.250 - - [17/Dec/2025:21:40:36 +0800] "POST /wp-cron.php?doing_wp_cron=1765978836.5592560768127441406250 HTTP/1.1" 200 - "https://rambut.bf1.my/wp-cron.php?doing_wp_cron=1765978836.5592560768127441406250" "WordPress/5.7.14; https://rambut.bf1.my"
57.141.6.6 - - [17/Dec/2025:21:40:45 +0800] "GET /rambut-malaysia/pertumbuhan-rambut-syampu-cubaan-150ml/Clearance-Stock-BFO-Calvin-Klein-Obsessed-Intense-Women-W-1000ml-p417459245 HTTP/1.1" 200 38089 "-" "meta-externalagent/1.1 (+https://developers.facebook.com/docs/sharing/webmasters/crawler)"
57.141.6.7 - - [17/Dec/2025:21:41:58 +0800] "GET /rambut-malaysia/best-5-deposit-casino-australia-2025-deposit-5-rating-a-hundred-totally-free-revolves/ HTTP/1.1" 200 42044 "-" "meta-externalagent/1.1 (+https://developers.facebook.com/docs/sharing/webmasters/crawler)"
72.18.130.250 - - [17/Dec/2025:21:41:58 +0800] "POST /wp-cron.php?doing_wp_cron=1765978918.7323160171508789062500 HTTP/1.1" 200 - "https://rambut.bf1.my/wp-cron.php?doing_wp_cron=1765978918.7323160171508789062500" "WordPress/5.7.14; https://rambut.bf1.my"
72.18.130.250 - - [17/Dec/2025:21:43:33 +0800] "POST /wp-cron.php?doing_wp_cron=1765979013.8733930587768554687500 HTTP/1.1" 200 - "https://rambut.bf1.my/wp-cron.php?doing_wp_cron=1765979013.8733930587768554687500" "WordPress/5.7.14; https://rambut.bf1.my"
52.167.144.23 - - [17/Dec/2025:21:43:47 +0800] "GET /topp-ordre-brudland-2/and-his-knob-that-has-been-along-with-naturally/ HTTP/1.1" 200 41550 "-" "Mozilla/5.0 AppleWebKit/537.36 (KHTML, like Gecko; compatible; bingbot/2.0; +http://www.bing.com/bingbot.htm) Chrome/116.0.1938.76 Safari/537.36"
57.141.6.5 - - [17/Dec/2025:21:43:33 +0800] "GET /rambut-malaysia/rambut-hitam-set-399/DS-Chloe-Chloe-EDP-Deodorant-Spray-100L-%E5%A5%B3%E5%A6%96-p318186596 HTTP/1.1" 200 37137 "-" "meta-externalagent/1.1 (+https://developers.facebook.com/docs/sharing/webmasters/crawler)"
57.141.6.24 - - [17/Dec/2025:21:43:34 +0800] "GET /BFO-Giorgio-Armani-Armani-Attitude-M-10ml-p165986701 HTTP/1.1" 200 33405 "-" "meta-externalagent/1.1 (+https://developers.facebook.com/docs/sharing/webmasters/crawler)"
57.141.6.6 - - [17/Dec/2025:21:43:50 +0800] "GET /rambut-malaysia/finest-fee-alternatives-for-sport-playing-websites-2024-blackjackpro-montecarlo-5-free-no-deposit-online-casinos-singlehand-on-the-web-2025-beyontec/ HTTP/1.1" 200 43758 "-" "meta-externalagent/1.1 (+https://developers.facebook.com/docs/sharing/webmasters/crawler)"
57.141.6.6 - - [17/Dec/2025:21:43:59 +0800] "GET /rambut-malaysia/video-game-page-2/ HTTP/1.1" 200 40180 "-" "meta-externalagent/1.1 (+https://developers.facebook.com/docs/sharing/webmasters/crawler)"
72.18.130.250 - - [17/Dec/2025:21:44:59 +0800] "POST /wp-cron.php?doing_wp_cron=1765979099.8664369583129882812500 HTTP/1.1" 200 - "https://rambut.bf1.my/wp-cron.php?doing_wp_cron=1765979099.8664369583129882812500" "WordPress/5.7.14; https://rambut.bf1.my"
57.141.6.14 - - [17/Dec/2025:21:44:59 +0800] "GET /rambut-malaysia/super-pertumbuhan-rambut-ampul-125ml/DS-Chanel-Allure-Pour-Homme-Deodorant-Spray-100L-%E7%94%B7%E7%A5%9E-p317054105 HTTP/1.1" 200 37965 "-" "meta-externalagent/1.1 (+https://developers.facebook.com/docs/sharing/webmasters/crawler)"
196.18.165.55 - - [17/Dec/2025:21:45:33 +0800] "POST /xmlrpc.php HTTP/1.1" 200 403 "-" "Mozilla/5.0 (Windows NT 10.0; Win64; x64) AppleWebKit/537.36 (KHTML, like Gecko) Chrome/141.0.0.0 Safari/537.36"
72.18.130.250 - - [17/Dec/2025:21:45:34 +0800] "POST /wp-cron.php?doing_wp_cron=1765979134.7972340583801269531250 HTTP/1.1" 200 - "https://rambut.bf1.my/wp-cron.php?doing_wp_cron=1765979134.7972340583801269531250" "WordPress/5.7.14; https://rambut.bf1.my"
196.18.165.55 - - [17/Dec/2025:21:45:40 +0800] "POST /xmlrpc.php HTTP/1.1" 200 403 "-" "Mozilla/5.0 (Windows NT 10.0; WOW64; rv:45.0) Gecko/20100101 Firefox/45.0"
57.141.6.21 - - [17/Dec/2025:21:46:31 +0800] "GET /rambut-malaysia/starcasino-2024-bonuses-opinion/ HTTP/1.1" 200 40519 "-" "meta-externalagent/1.1 (+https://developers.facebook.com/docs/sharing/webmasters/crawler)"
72.18.130.250 - - [17/Dec/2025:21:46:32 +0800] "POST /wp-cron.php?doing_wp_cron=1765979192.7061269283294677734375 HTTP/1.1" 200 - "https://rambut.bf1.my/wp-cron.php?doing_wp_cron=1765979192.7061269283294677734375" "WordPress/5.7.14; https://rambut.bf1.my"
57.141.6.6 - - [17/Dec/2025:21:47:13 +0800] "GET /wp-json/oembed/1.0/embed?url=https%3A%2F%2Frambut.bf1.my%2Frambut-malaysia%2Fcalcules-6-appeal-cent-periodes-gratis-gratification-employes-du-salle-de-jeu-cresus-richesse-mars-2025-%25e5%258c%2597%25e4%25ba%25ac%25e7%25b1%25b3%25e5%25b0%25bc%25e7%25b1%25b3%25e5%2585%25b9%25e7%25a7%2591%25e6%258a%2580%25e6%259c%2589%25e9%2599%2590%2F HTTP/1.1" 200 3231 "-" "meta-externalagent/1.1 (+https://developers.facebook.com/docs/sharing/webmasters/crawler)"
72.18.130.250 - - [17/Dec/2025:21:47:14 +0800] "POST /wp-cron.php?doing_wp_cron=1765979234.5642750263214111328125 HTTP/1.1" 200 - "https://rambut.bf1.my/wp-cron.php?doing_wp_cron=1765979234.5642750263214111328125" "WordPress/5.7.14; https://rambut.bf1.my"
52.203.152.231 - - [17/Dec/2025:21:48:07 +0800] "GET /rambut-malaysia/davinci-digital-software-online-article-source-play/feed/ HTTP/1.1" 200 1811 "-" "Mozilla/5.0 AppleWebKit/537.36 (KHTML, like Gecko; compatible; Amazonbot/0.1; +https://developer.amazon.com/support/amazonbot) Chrome/119.0.6045.214 Safari/537.36"
57.141.6.24 - - [17/Dec/2025:21:47:55 +0800] "GET /rambut-malaysia/super-pertumbuhan-rambut-ampul-125ml/DS-Cartier-Declaration-Deodorant-Spray-100L-%E7%94%B7%E7%A5%9E-p317054098 HTTP/1.1" 200 37965 "-" "meta-externalagent/1.1 (+https://developers.facebook.com/docs/sharing/webmasters/crawler)"
72.18.130.250 - - [17/Dec/2025:21:48:08 +0800] "POST /wp-cron.php?doing_wp_cron=1765979288.0516829490661621093750 HTTP/1.1" 200 - "https://rambut.bf1.my/wp-cron.php?doing_wp_cron=1765979288.0516829490661621093750" "WordPress/5.7.14; https://rambut.bf1.my"
100.28.204.82 - - [17/Dec/2025:21:48:10 +0800] "GET /rambut-malaysia/salle-de-jeu-un-brin-en-compagnie-de-argent-parabolique-jouer-gratuite-sur-le-salle-de-jeu/feed/ HTTP/1.1" 200 1930 "-" "Mozilla/5.0 AppleWebKit/537.36 (KHTML, like Gecko; compatible; Amazonbot/0.1; +https://developer.amazon.com/support/amazonbot) Chrome/119.0.6045.214 Safari/537.36"
34.225.138.57 - - [17/Dec/2025:21:48:16 +0800] "GET /wp-json/oembed/1.0/embed?url=https://rambut.bf1.my/rambut-malaysia/bouquin-leurs-gratification-sans-classe-calcules-pour-salle-de-jeu-donne-francais/ HTTP/1.1" 200 2720 "-" "Mozilla/5.0 AppleWebKit/537.36 (KHTML, like Gecko; compatible; Amazonbot/0.1; +https://developer.amazon.com/support/amazonbot) Chrome/119.0.6045.214 Safari/537.36"
44.209.35.147 - - [17/Dec/2025:21:48:19 +0800] "GET /wp-json/oembed/1.0/embed?format=xml&url=https://rambut.bf1.my/rambut-malaysia/saldieren-per-handyrechnung-wirklich-so-geht-dies-und-unser-steckt-hinter/ HTTP/1.1" 200 2736 "-" "Mozilla/5.0 AppleWebKit/537.36 (KHTML, like Gecko; compatible; Amazonbot/0.1; +https://developer.amazon.com/support/amazonbot) Chrome/119.0.6045.214 Safari/537.36"
57.141.6.8 - - [17/Dec/2025:21:48:19 +0800] "GET /rambut-malaysia/the-football-mania-casino-login-uk-new-no-deposit-bonuses-inside-april-2025/ HTTP/1.1" 200 41689 "-" "meta-externalagent/1.1 (+https://developers.facebook.com/docs/sharing/webmasters/crawler)"
184.73.35.182 - - [17/Dec/2025:21:48:23 +0800] "GET /wp-json/oembed/1.0/embed?url=https://rambut.bf1.my/rambut-malaysia/cabaret-klub-kasino-erfahrungen-2024-sichere-auszahlungen-2/ HTTP/1.1" 200 2577 "-" "Mozilla/5.0 AppleWebKit/537.36 (KHTML, like Gecko; compatible; Amazonbot/0.1; +https://developer.amazon.com/support/amazonbot) Chrome/119.0.6045.214 Safari/537.36"
34.205.170.13 - - [17/Dec/2025:21:48:27 +0800] "GET /rambut-malaysia/omni-playing-game-page-frogs-casino-all-jackpots-no-deposit-bonus-n-flies-2/feed/ HTTP/1.1" 200 1890 "-" "Mozilla/5.0 AppleWebKit/537.36 (KHTML, like Gecko; compatible; Amazonbot/0.1; +https://developer.amazon.com/support/amazonbot) Chrome/119.0.6045.214 Safari/537.36"
34.194.95.99 - - [17/Dec/2025:21:48:31 +0800] "GET /wp-json/wp/v2/posts/162798 HTTP/1.1" 200 11178 "-" "Mozilla/5.0 AppleWebKit/537.36 (KHTML, like Gecko; compatible; Amazonbot/0.1; +https://developer.amazon.com/support/amazonbot) Chrome/119.0.6045.214 Safari/537.36"
34.206.249.188 - - [17/Dec/2025:21:48:35 +0800] "GET /wp-json/wp/v2/posts/%22https:/jogosdecasinoonlinebrasil.com.br/wp-content/uploads/sites/19/2017/11/ruleta-online.jpg/%22 HTTP/1.1" 404 114 "-" "Mozilla/5.0 AppleWebKit/537.36 (KHTML, like Gecko; compatible; Amazonbot/0.1; +https://developer.amazon.com/support/amazonbot) Chrome/119.0.6045.214 Safari/537.36"
52.1.157.90 - - [17/Dec/2025:21:48:37 +0800] "GET /wp-json/wp/v2/posts/12853 HTTP/1.1" 200 10369 "-" "Mozilla/5.0 AppleWebKit/537.36 (KHTML, like Gecko; compatible; Amazonbot/0.1; +https://developer.amazon.com/support/amazonbot) Chrome/119.0.6045.214 Safari/537.36"
3.210.29.96 - - [17/Dec/2025:21:48:39 +0800] "GET /wp-json/oembed/1.0/embed?url=https://rambut.bf1.my/rambut-malaysia/mom-costs-their-family-members-for-their-dining-download-booi-app-fandom/ HTTP/1.1" 200 2645 "-" "Mozilla/5.0 AppleWebKit/537.36 (KHTML, like Gecko; compatible; Amazonbot/0.1; +https://developer.amazon.com/support/amazonbot) Chrome/119.0.6045.214 Safari/537.36"
44.223.232.55 - - [17/Dec/2025:21:48:43 +0800] "GET /wp-json/wp/v2/posts/%22http:/192.232.201.17/minisitez_data/images/games/20190516084101mariachis-online-gratis.png/%22 HTTP/1.1" 404 114 "-" "Mozilla/5.0 AppleWebKit/537.36 (KHTML, like Gecko; compatible; Amazonbot/0.1; +https://developer.amazon.com/support/amazonbot) Chrome/119.0.6045.214 Safari/537.36"
52.23.112.144 - - [17/Dec/2025:21:48:47 +0800] "GET /wp-json/wp/v2/posts/%22https:/f.donkhunter.com/FT/3/7/a/37a76deec3a1c8dd9fcf7affa348d5ba-ed24d-fit-1920-1080.png/%22 HTTP/1.1" 404 114 "-" "Mozilla/5.0 AppleWebKit/537.36 (KHTML, like Gecko; compatible; Amazonbot/0.1; +https://developer.amazon.com/support/amazonbot) Chrome/119.0.6045.214 Safari/537.36"
57.141.6.36 - - [17/Dec/2025:21:49:30 +0800] "GET /rambut-malaysia/finest-2025-no-deposit-extra-gambling-enterprises-in-the-united-states-of-america-allege-100-percent-free-currency/ HTTP/1.1" 200 42539 "-" "meta-externalagent/1.1 (+https://developers.facebook.com/docs/sharing/webmasters/crawler)"
72.18.130.250 - - [17/Dec/2025:21:49:31 +0800] "POST /wp-cron.php?doing_wp_cron=1765979371.3304440975189208984375 HTTP/1.1" 200 - "https://rambut.bf1.my/wp-cron.php?doing_wp_cron=1765979371.3304440975189208984375" "WordPress/5.7.14; https://rambut.bf1.my"
57.141.6.22 - - [17/Dec/2025:21:49:48 +0800] "GET /rambut-malaysia/greatest-on-line-poker-freerolls-for-april-2025/ HTTP/1.1" 200 41236 "-" "meta-externalagent/1.1 (+https://developers.facebook.com/docs/sharing/webmasters/crawler)"
57.141.6.33 - - [17/Dec/2025:21:50:48 +0800] "GET /rambut-malaysia/performing-gifts-out-of-thriving-inside-the-local-casino-on-the-octopays-online-united-kingdom-websites/feed/ HTTP/1.1" 200 1968 "-" "meta-externalagent/1.1 (+https://developers.facebook.com/docs/sharing/webmasters/crawler)"
72.18.130.250 - - [17/Dec/2025:21:50:48 +0800] "POST /wp-cron.php?doing_wp_cron=1765979448.8884060382843017578125 HTTP/1.1" 200 - "https://rambut.bf1.my/wp-cron.php?doing_wp_cron=1765979448.8884060382843017578125" "WordPress/5.7.14; https://rambut.bf1.my"
72.18.130.250 - - [17/Dec/2025:21:50:51 +0800] "GET / HTTP/1.1" 200 16311 "https://rambut.bf1.my/" "WordPress/5.7.14; https://rambut.bf1.my"
72.18.130.250 - - [17/Dec/2025:21:50:56 +0800] "GET / HTTP/1.1" 200 16311 "https://rambut.bf1.my/" "WordPress/5.7.14; https://rambut.bf1.my"
72.18.130.250 - - [17/Dec/2025:21:51:10 +0800] "POST /wp-cron.php?doing_wp_cron=1765979470.5466010570526123046875 HTTP/1.1" 200 - "https://rambut.bf1.my/wp-cron.php?doing_wp_cron=1765979470.5466010570526123046875" "WordPress/5.7.14; https://rambut.bf1.my"
57.141.6.11 - - [17/Dec/2025:21:51:09 +0800] "GET /rambut-malaysia/tivoli-spilleban-kritik-2025-bonusser-plu-saet-kryds-ved-dette-link-her-nu-promokoder/ HTTP/1.1" 200 42181 "-" "meta-externalagent/1.1 (+https://developers.facebook.com/docs/sharing/webmasters/crawler)"
57.141.6.6 - - [17/Dec/2025:21:51:20 +0800] "GET /wp-json/oembed/1.0/embed?url=https%3A%2F%2Frambut.bf1.my%2Frambut-malaysia%2Finterwetten-online-casino-crazy-monkey-kasino-unser-versuche-des-spielers-cioeur-konto-nach-abschliesen-wurden-hinwegsetzen%2F HTTP/1.1" 200 2990 "-" "meta-externalagent/1.1 (+https://developers.facebook.com/docs/sharing/webmasters/crawler)"
57.141.6.20 - - [17/Dec/2025:21:51:14 +0800] "GET /rambut-malaysia/rambut-hitam-set-199/Aromatic-Fragrance-Oil-AFO-Peach-10ml-p150308302 HTTP/1.1" 200 37137 "-" "meta-externalagent/1.1 (+https://developers.facebook.com/docs/sharing/webmasters/crawler)"
40.77.167.59 - - [17/Dec/2025:21:52:10 +0800] "GET /compliance/optimize-time-to-first-byte-articles/ HTTP/1.1" 200 40547 "-" "Mozilla/5.0 AppleWebKit/537.36 (KHTML, like Gecko; compatible; bingbot/2.0; +http://www.bing.com/bingbot.htm) Chrome/116.0.1938.76 Safari/537.36"
72.18.130.250 - - [17/Dec/2025:21:52:11 +0800] "POST /wp-cron.php?doing_wp_cron=1765979531.5834810733795166015625 HTTP/1.1" 200 - "https://rambut.bf1.my/wp-cron.php?doing_wp_cron=1765979531.5834810733795166015625" "WordPress/5.7.14; https://rambut.bf1.my"
57.141.6.17 - - [17/Dec/2025:21:52:03 +0800] "GET /rambut-malaysia/super-pertumbuhan-rambut-tonik-125ml/EDP-Paris-Hilton-Can-Can-W-55ml-p164706047 HTTP/1.1" 200 37965 "-" "meta-externalagent/1.1 (+https://developers.facebook.com/docs/sharing/webmasters/crawler)"
57.141.6.6 - - [17/Dec/2025:21:52:44 +0800] "GET /rambut-malaysia/rambut-hitam-set-399/DS-Aramis-Aramis-Life-Deodorant-Spray-200ml-%E7%94%B7%E7%A5%9E-p320532838 HTTP/1.1" 200 41685 "-" "meta-externalagent/1.1 (+https://developers.facebook.com/docs/sharing/webmasters/crawler)"
57.141.6.6 - - [17/Dec/2025:21:52:54 +0800] "GET /category/mostbet-online-uz/ HTTP/1.1" 200 34490 "-" "meta-externalagent/1.1 (+https://developers.facebook.com/docs/sharing/webmasters/crawler)"
72.18.130.250 - - [17/Dec/2025:21:53:19 +0800] "POST /wp-cron.php?doing_wp_cron=1765979599.8485069274902343750000 HTTP/1.1" 200 - "https://rambut.bf1.my/wp-cron.php?doing_wp_cron=1765979599.8485069274902343750000" "WordPress/5.7.14; https://rambut.bf1.my"
57.141.6.6 - - [17/Dec/2025:21:53:27 +0800] "GET /rambut-malaysia/angeschlossen-spielbank-via-1-euro-einzahlung-2024-pramie-nicht-vor-1-neuartig/feed/ HTTP/1.1" 200 1894 "-" "meta-externalagent/1.1 (+https://developers.facebook.com/docs/sharing/webmasters/crawler)"
3.238.92.130 - - [17/Dec/2025:21:53:19 +0800] "GET / HTTP/1.1" 200 33573 "-" "Mozilla/5.0 (Windows NT 10.0; Win64; x64) AppleWebKit/537.36 (KHTML, like Gecko) Chrome/104.0.0.0 Safari/537.36"
57.141.6.1 - - [17/Dec/2025:21:55:28 +0800] "GET /rambut-malaysia/cassino-online-brasil-jogos-de-cassino-com-dinheiro-real/ HTTP/1.1" 200 41288 "-" "meta-externalagent/1.1 (+https://developers.facebook.com/docs/sharing/webmasters/crawler)"
72.18.130.250 - - [17/Dec/2025:21:55:29 +0800] "POST /wp-cron.php?doing_wp_cron=1765979729.0656530857086181640625 HTTP/1.1" 200 - "https://rambut.bf1.my/wp-cron.php?doing_wp_cron=1765979729.0656530857086181640625" "WordPress/5.7.14; https://rambut.bf1.my"
57.141.6.31 - - [17/Dec/2025:21:57:38 +0800] "GET /1xbet-russian/bukmeker-1xbet-aktualnoe-zerkalo-vkhod-v-lichnyi-kabinet/feed/ HTTP/1.1" 200 1866 "-" "meta-externalagent/1.1 (+https://developers.facebook.com/docs/sharing/webmasters/crawler)"
72.18.130.250 - - [17/Dec/2025:21:57:39 +0800] "POST /wp-cron.php?doing_wp_cron=1765979859.0865359306335449218750 HTTP/1.1" 200 - "https://rambut.bf1.my/wp-cron.php?doing_wp_cron=1765979859.0865359306335449218750" "WordPress/5.7.14; https://rambut.bf1.my"
72.18.130.250 - - [17/Dec/2025:21:58:15 +0800] "POST /wp-cron.php?doing_wp_cron=1765979895.7954320907592773437500 HTTP/1.1" 200 - "https://rambut.bf1.my/wp-cron.php?doing_wp_cron=1765979895.7954320907592773437500" "WordPress/5.7.14; https://rambut.bf1.my"
57.141.6.23 - - [17/Dec/2025:21:58:15 +0800] "GET /rambut-malaysia/super-pertumbuhan-rambut-set-499/Aromatic-Fragrance-Oil-AFO-Attraction-5L-p155304448 HTTP/1.1" 200 37779 "-" "meta-externalagent/1.1 (+https://developers.facebook.com/docs/sharing/webmasters/crawler)"
57.141.6.7 - - [17/Dec/2025:21:59:35 +0800] "GET /rambut-malaysia/years-asgard-here-are-some-our-2024-position-game-opinion/ HTTP/1.1" 200 41063 "-" "meta-externalagent/1.1 (+https://developers.facebook.com/docs/sharing/webmasters/crawler)"
72.18.130.250 - - [17/Dec/2025:21:59:36 +0800] "POST /wp-cron.php?doing_wp_cron=1765979976.5319099426269531250000 HTTP/1.1" 200 - "https://rambut.bf1.my/wp-cron.php?doing_wp_cron=1765979976.5319099426269531250000" "WordPress/5.7.14; https://rambut.bf1.my"
72.18.130.250 - - [17/Dec/2025:22:00:07 +0800] "POST /wp-cron.php?doing_wp_cron=1765980007.1317849159240722656250 HTTP/1.1" 200 - "https://rambut.bf1.my/wp-cron.php?doing_wp_cron=1765980007.1317849159240722656250" "WordPress/5.7.14; https://rambut.bf1.my"
57.141.6.20 - - [17/Dec/2025:22:00:06 +0800] "GET /rambut-malaysia/better-georgia-real-cash-casinos-on-the-internet-gaming-in-the-ga-2024/ HTTP/1.1" 200 41712 "-" "meta-externalagent/1.1 (+https://developers.facebook.com/docs/sharing/webmasters/crawler)"
57.141.6.34 - - [17/Dec/2025:22:00:13 +0800] "GET /rambut-malaysia/super-pertumbuhan-rambut-syampu-250ml/Dog-Shampoo-Flea-Buster-DSO-Dog-Bidara-25L-%E2%AD%90%E2%AD%90%E2%AD%90%E2%AD%90%E2%AD%90-p254670109 HTTP/1.1" 200 38013 "-" "meta-externalagent/1.1 (+https://developers.facebook.com/docs/sharing/webmasters/crawler)"
173.234.154.203 - - [17/Dec/2025:22:01:24 +0800] "GET /spinitfree/page-195/ HTTP/1.1" 200 43382 "https://rambut.bf1.my/" "Mozilla/5.0 (X11; Fedora; Linux x86_64; rv:114.0) Gecko/20100101 Firefox/114.0"
72.18.130.250 - - [17/Dec/2025:22:01:25 +0800] "POST /wp-cron.php?doing_wp_cron=1765980085.2316610813140869140625 HTTP/1.1" 200 - "https://rambut.bf1.my/wp-cron.php?doing_wp_cron=1765980085.2316610813140869140625" "WordPress/5.7.14; https://rambut.bf1.my"
173.234.154.203 - - [17/Dec/2025:22:01:32 +0800] "GET /wp-login.php?action=register HTTP/1.1" 302 - "https://rambut.bf1.my/spinitfree/page-195/" "Mozilla/5.0 (Windows NT 6.3; Win64; x64) AppleWebKit/537.36 (KHTML, like Gecko) Chrome/103.0.0.0 Safari/537.36"
173.234.154.203 - - [17/Dec/2025:22:01:33 +0800] "GET /wp-login.php?registration=disabled HTTP/1.1" 200 8181 "https://rambut.bf1.my/wp-login.php?action=register" "Mozilla/5.0 (Windows NT 6.3; Win64; x64) AppleWebKit/537.36 (KHTML, like Gecko) Chrome/103.0.0.0 Safari/537.36"
72.18.130.250 - - [17/Dec/2025:22:02:27 +0800] "POST /wp-cron.php?doing_wp_cron=1765980147.9211421012878417968750 HTTP/1.1" 200 - "https://rambut.bf1.my/wp-cron.php?doing_wp_cron=1765980147.9211421012878417968750" "WordPress/5.7.14; https://rambut.bf1.my"
57.141.6.6 - - [17/Dec/2025:22:02:27 +0800] "GET /rambut-malaysia/rambut-hitam-set-399/DS-Ard-Al-Zaafaran-Dirham-Deodorant-Spray-25L-%E7%94%B7%E7%A5%9E-p316548485 HTTP/1.1" 200 37137 "-" "meta-externalagent/1.1 (+https://developers.facebook.com/docs/sharing/webmasters/crawler)"
198.98.51.29 - - [17/Dec/2025:22:03:17 +0800] "GET /wp-login.php HTTP/1.1" 200 8039 "-" "Mozilla/5.0 (Windows NT 6.3; WOW64) AppleWebKit/537.36 (KHTML, like Gecko) Chrome/36.0.1985.125 Safari/537.36"
72.18.130.250 - - [17/Dec/2025:22:03:17 +0800] "POST /wp-cron.php?doing_wp_cron=1765980197.7515010833740234375000 HTTP/1.1" 200 - "https://rambut.bf1.my/wp-cron.php?doing_wp_cron=1765980197.7515010833740234375000" "WordPress/5.7.14; https://rambut.bf1.my"
198.98.51.29 - - [17/Dec/2025:22:03:19 +0800] "POST /wp-login.php HTTP/1.1" 200 8454 "-" "Mozilla/5.0 (Windows NT 6.3; WOW64) AppleWebKit/537.36 (KHTML, like Gecko) Chrome/36.0.1985.125 Safari/537.36"
57.141.6.27 - - [17/Dec/2025:22:03:30 +0800] "GET /rambut-malaysia/prepaidkarte-via-taschentelefon/ HTTP/1.1" 200 41012 "-" "meta-externalagent/1.1 (+https://developers.facebook.com/docs/sharing/webmasters/crawler)"
57.141.6.6 - - [17/Dec/2025:22:04:02 +0800] "GET /rambut-malaysia/a-knowledgeable-bitcoin-gambling-enterprises-and-playing-websites-2025/ HTTP/1.1" 200 41804 "-" "meta-externalagent/1.1 (+https://developers.facebook.com/docs/sharing/webmasters/crawler)"
57.141.6.6 - - [17/Dec/2025:22:04:18 +0800] "GET /category/slottica-app-bg-live-casino-singapore-632/ HTTP/1.1" 200 35597 "-" "meta-externalagent/1.1 (+https://developers.facebook.com/docs/sharing/webmasters/crawler)"
57.141.6.16 - - [17/Dec/2025:22:05:13 +0800] "GET /rambut-malaysia/play-web-based-poker-that-have-bitcoin-at-best-web-sites/ HTTP/1.1" 200 41201 "-" "meta-externalagent/1.1 (+https://developers.facebook.com/docs/sharing/webmasters/crawler)"
72.18.130.250 - - [17/Dec/2025:22:05:14 +0800] "POST /wp-cron.php?doing_wp_cron=1765980314.2657461166381835937500 HTTP/1.1" 200 - "https://rambut.bf1.my/wp-cron.php?doing_wp_cron=1765980314.2657461166381835937500" "WordPress/5.7.14; https://rambut.bf1.my"
57.141.6.29 - - [17/Dec/2025:22:05:21 +0800] "GET /rambut-malaysia/pertumbuhan-rambut-tonik-semburan/EDP-Tom-Ford-Noir-Extreme-M-5L-p156306097 HTTP/1.1" 200 37745 "-" "meta-externalagent/1.1 (+https://developers.facebook.com/docs/sharing/webmasters/crawler)"
72.18.130.250 - - [17/Dec/2025:22:06:20 +0800] "POST /wp-cron.php?doing_wp_cron=1765980380.7971670627593994140625 HTTP/1.1" 200 - "https://rambut.bf1.my/wp-cron.php?doing_wp_cron=1765980380.7971670627593994140625" "WordPress/5.7.14; https://rambut.bf1.my"
57.141.6.20 - - [17/Dec/2025:22:06:20 +0800] "GET /rambut-malaysia/pertumbuhan-rambut-tonik-semburan/NCO-Walnut-Natural-Carrier-Oil-10ml-p150911094 HTTP/1.1" 200 37745 "-" "meta-externalagent/1.1 (+https://developers.facebook.com/docs/sharing/webmasters/crawler)"
74.7.242.61 - - [17/Dec/2025:22:06:35 +0800] "GET /rambut-malaysia/song-bac-truc-tuyen-better-fl-2024-cac-trang-web-ca-cuoc-o-florida/ HTTP/1.1" 200 42295 "-" "Mozilla/5.0 AppleWebKit/537.36 (KHTML, like Gecko; compatible; GPTBot/1.3; +https://openai.com/gptbot)"
74.7.242.61 - - [17/Dec/2025:22:06:38 +0800] "GET /wp-json/wp/v2/posts/142217 HTTP/1.1" 200 24060 "-" "Mozilla/5.0 AppleWebKit/537.36 (KHTML, like Gecko; compatible; GPTBot/1.3; +https://openai.com/gptbot)"
74.7.242.61 - - [17/Dec/2025:22:06:41 +0800] "GET /rambut-malaysia/song-bac-truc-tuyen-better-fl-2024-cac-trang-web-ca-cuoc-o-florida/feed/ HTTP/1.1" 200 954 "-" "Mozilla/5.0 AppleWebKit/537.36 (KHTML, like Gecko; compatible; GPTBot/1.3; +https://openai.com/gptbot)"
74.7.242.61 - - [17/Dec/2025:22:06:43 +0800] "GET /?p=142217 HTTP/1.1" 301 - "-" "Mozilla/5.0 AppleWebKit/537.36 (KHTML, like Gecko; compatible; GPTBot/1.3; +https://openai.com/gptbot)"
74.7.242.61 - - [17/Dec/2025:22:06:44 +0800] "GET /rambut-malaysia/song-bac-truc-tuyen-better-fl-2024-cac-trang-web-ca-cuoc-o-florida/ HTTP/1.1" 500 44736 "-" "Mozilla/5.0 AppleWebKit/537.36 (KHTML, like Gecko; compatible; GPTBot/1.3; +https://openai.com/gptbot)"
74.7.242.61 - - [17/Dec/2025:22:06:46 +0800] "GET /wp-json/oembed/1.0/embed?url=https%3A%2F%2Frambut.bf1.my%2Frambut-malaysia%2Fsong-bac-truc-tuyen-better-fl-2024-cac-trang-web-ca-cuoc-o-florida%2F HTTP/1.1" 200 2753 "-" "Mozilla/5.0 AppleWebKit/537.36 (KHTML, like Gecko; compatible; GPTBot/1.3; +https://openai.com/gptbot)"
57.141.6.6 - - [17/Dec/2025:22:06:36 +0800] "GET /rambut-malaysia/super-pertumbuhan-rambut-tonik-125ml/Aromatic-Fragrance-Oil-AFO-Tea-Rose-250ml-p154329274 HTTP/1.1" 200 37965 "-" "meta-externalagent/1.1 (+https://developers.facebook.com/docs/sharing/webmasters/crawler)"
74.7.242.61 - - [17/Dec/2025:22:06:53 +0800] "GET /wp-json/oembed/1.0/embed?format=xml&url=https%3A%2F%2Frambut.bf1.my%2Frambut-malaysia%2Fsong-bac-truc-tuyen-better-fl-2024-cac-trang-web-ca-cuoc-o-florida%2F HTTP/1.1" 200 2872 "-" "Mozilla/5.0 AppleWebKit/537.36 (KHTML, like Gecko; compatible; GPTBot/1.3; +https://openai.com/gptbot)"
57.141.6.21 - - [17/Dec/2025:22:06:54 +0800] "GET /rambut-malaysia/extra-deuces-insane-slot-machine-play-free-trial-in-the-united-kingdom/ HTTP/1.1" 200 41702 "-" "meta-externalagent/1.1 (+https://developers.facebook.com/docs/sharing/webmasters/crawler)"
57.141.6.6 - - [17/Dec/2025:22:06:55 +0800] "GET /category/vivi-ru-com/ HTTP/1.1" 200 34410 "-" "meta-externalagent/1.1 (+https://developers.facebook.com/docs/sharing/webmasters/crawler)"
57.141.6.10 - - [17/Dec/2025:22:07:32 +0800] "GET /rambut-malaysia/best-free-spins-no-deposit-bonuses-to-have-2025-win-real-money/ HTTP/1.1" 200 41566 "-" "meta-externalagent/1.1 (+https://developers.facebook.com/docs/sharing/webmasters/crawler)"
72.18.130.250 - - [17/Dec/2025:22:07:32 +0800] "POST /wp-cron.php?doing_wp_cron=1765980452.2488620281219482421875 HTTP/1.1" 200 - "https://rambut.bf1.my/wp-cron.php?doing_wp_cron=1765980452.2488620281219482421875" "WordPress/5.7.14; https://rambut.bf1.my"
57.141.6.14 - - [17/Dec/2025:22:07:42 +0800] "GET /rambut-malaysia/stud-web-based-poker-on-line-tips-enjoy-and-best-web-sites-2023/ HTTP/1.1" 200 41233 "-" "meta-externalagent/1.1 (+https://developers.facebook.com/docs/sharing/webmasters/crawler)"
57.141.6.15 - - [17/Dec/2025:22:07:31 +0800] "GET /rambut-malaysia/rambut-hitam-perapi/DS-Burberry-Weekend-Deodorant-Spray-5L-%E5%A5%B3%E5%A6%96-p317928218 HTTP/1.1" 200 37019 "-" "meta-externalagent/1.1 (+https://developers.facebook.com/docs/sharing/webmasters/crawler)"
57.141.6.12 - - [17/Dec/2025:22:08:26 +0800] "GET /wp-json/oembed/1.0/embed?url=https%3A%2F%2Frambut.bf1.my%2Frambut-malaysia%2Fplay-earn-a-real-ruby-fortune-casino-codes-income-inside-the-2025%2F HTTP/1.1" 200 2631 "-" "meta-externalagent/1.1 (+https://developers.facebook.com/docs/sharing/webmasters/crawler)"
72.18.130.250 - - [17/Dec/2025:22:08:27 +0800] "POST /wp-cron.php?doing_wp_cron=1765980507.5768799781799316406250 HTTP/1.1" 200 - "https://rambut.bf1.my/wp-cron.php?doing_wp_cron=1765980507.5768799781799316406250" "WordPress/5.7.14; https://rambut.bf1.my"
57.141.6.19 - - [17/Dec/2025:22:08:28 +0800] "GET /post-sitemap11.xml HTTP/1.1" 200 297549 "-" "meta-externalagent/1.1 (+https://developers.facebook.com/docs/sharing/webmasters/crawler)"
57.141.6.1 - - [17/Dec/2025:22:10:10 +0800] "GET /rambut-malaysia/rambut-hitam-perapi/EDP-Creed-Delphinus-U-p726121844 HTTP/1.1" 200 37019 "-" "meta-externalagent/1.1 (+https://developers.facebook.com/docs/sharing/webmasters/crawler)"
216.26.224.190 - - [17/Dec/2025:22:11:06 +0800] "GET /pocketoption-forex/pocket-option-trading-polnoe-rukovodstvo-po/ HTTP/1.1" 200 49827 "https://rambut.bf1.my/" "Mozilla/5.0 (Windows NT 10.0; Win64; x64) AppleWebKit/537.36 (KHTML, like Gecko) Chrome/114.0.0.0 Safari/537.36 Edg/114.0.1264.71"
57.141.6.6 - - [17/Dec/2025:22:08:58 +0800] "GET /post-sitemap100.xml HTTP/1.1" 200 310676 "-" "meta-externalagent/1.1 (+https://developers.facebook.com/docs/sharing/webmasters/crawler)"
72.18.130.250 - - [17/Dec/2025:22:10:14 +0800] "POST /wp-cron.php?doing_wp_cron=1765980614.7279489040374755859375 HTTP/1.1" 200 - "https://rambut.bf1.my/wp-cron.php?doing_wp_cron=1765980614.7279489040374755859375" "WordPress/5.7.14; https://rambut.bf1.my"
57.141.6.27 - - [17/Dec/2025:22:10:32 +0800] "GET /post-sitemap128.xml HTTP/1.1" 200 304557 "-" "meta-externalagent/1.1 (+https://developers.facebook.com/docs/sharing/webmasters/crawler)"
216.26.224.190 - - [17/Dec/2025:22:11:09 +0800] "GET /?p=247354 HTTP/1.1" 301 - "https://rambut.bf1.my/pocketoption-forex/pocket-option-trading-polnoe-rukovodstvo-po/" "Mozilla/5.0 (Windows NT 10.0; Win64; x64) AppleWebKit/537.36 (KHTML, like Gecko) Chrome/114.0.0.0 Safari/537.36 Edg/114.0.1264.71"
57.141.6.16 - - [17/Dec/2025:22:10:30 +0800] "GET /post-sitemap135.xml HTTP/1.1" 200 307365 "-" "meta-externalagent/1.1 (+https://developers.facebook.com/docs/sharing/webmasters/crawler)"
57.141.6.3 - - [17/Dec/2025:22:08:55 +0800] "GET /post-sitemap161.xml HTTP/1.1" 200 315235 "-" "meta-externalagent/1.1 (+https://developers.facebook.com/docs/sharing/webmasters/crawler)"
216.26.224.190 - - [17/Dec/2025:22:11:10 +0800] "GET /pocketoption-forex/pocket-option-trading-polnoe-rukovodstvo-po/ HTTP/1.1" 500 52268 "https://rambut.bf1.my/?p=247354" "Mozilla/5.0 (Windows NT 10.0; Win64; x64) AppleWebKit/537.36 (KHTML, like Gecko) Chrome/114.0.0.0 Safari/537.36 Edg/114.0.1264.71"
72.18.130.250 - - [17/Dec/2025:22:11:11 +0800] "POST /wp-cron.php?doing_wp_cron=1765980671.4794340133666992187500 HTTP/1.1" 200 - "https://rambut.bf1.my/wp-cron.php?doing_wp_cron=1765980671.4794340133666992187500" "WordPress/5.7.14; https://rambut.bf1.my"
57.141.6.22 - - [17/Dec/2025:22:11:17 +0800] "GET /rambut-malaysia/melhores-jogos-de-casino-a-dinheiro-que-dado-2024/ HTTP/1.1" 200 41416 "-" "meta-externalagent/1.1 (+https://developers.facebook.com/docs/sharing/webmasters/crawler)"
57.141.6.6 - - [17/Dec/2025:22:11:26 +0800] "GET /rambut-malaysia/toate-jocurile-s-pacanele-gratuit/ HTTP/1.1" 200 40822 "-" "meta-externalagent/1.1 (+https://developers.facebook.com/docs/sharing/webmasters/crawler)"
57.141.6.35 - - [17/Dec/2025:22:12:27 +0800] "GET /category/best-countries-to-get-a-mail-order-bride-2/ HTTP/1.1" 200 34836 "-" "meta-externalagent/1.1 (+https://developers.facebook.com/docs/sharing/webmasters/crawler)"
72.18.130.250 - - [17/Dec/2025:22:12:27 +0800] "POST /wp-cron.php?doing_wp_cron=1765980747.9294099807739257812500 HTTP/1.1" 200 - "https://rambut.bf1.my/wp-cron.php?doing_wp_cron=1765980747.9294099807739257812500" "WordPress/5.7.14; https://rambut.bf1.my"
57.141.6.31 - - [17/Dec/2025:22:12:32 +0800] "GET /post-sitemap201.xml HTTP/1.1" 200 435134 "-" "meta-externalagent/1.1 (+https://developers.facebook.com/docs/sharing/webmasters/crawler)"
57.141.6.21 - - [17/Dec/2025:22:12:45 +0800] "GET /post-sitemap117.xml HTTP/1.1" 200 314410 "-" "meta-externalagent/1.1 (+https://developers.facebook.com/docs/sharing/webmasters/crawler)"
57.141.6.6 - - [17/Dec/2025:22:12:47 +0800] "GET /post-sitemap50.xml HTTP/1.1" 200 304469 "-" "meta-externalagent/1.1 (+https://developers.facebook.com/docs/sharing/webmasters/crawler)"
57.141.6.13 - - [17/Dec/2025:22:13:04 +0800] "GET /rambut-malaysia/super-pertumbuhan-rambut-set-499/Aromatic-Fragrance-Oil-AFO-Tea-Rose-10ml-p150612101 HTTP/1.1" 200 37779 "-" "meta-externalagent/1.1 (+https://developers.facebook.com/docs/sharing/webmasters/crawler)"
57.141.6.32 - - [17/Dec/2025:22:13:57 +0800] "GET /post-sitemap53.xml HTTP/1.1" 200 308152 "-" "meta-externalagent/1.1 (+https://developers.facebook.com/docs/sharing/webmasters/crawler)"
72.18.130.250 - - [17/Dec/2025:22:13:57 +0800] "POST /wp-cron.php?doing_wp_cron=1765980837.7479150295257568359375 HTTP/1.1" 200 - "https://rambut.bf1.my/wp-cron.php?doing_wp_cron=1765980837.7479150295257568359375" "WordPress/5.7.14; https://rambut.bf1.my"
57.141.6.19 - - [17/Dec/2025:22:14:00 +0800] "GET /post-sitemap93.xml HTTP/1.1" 200 314501 "-" "meta-externalagent/1.1 (+https://developers.facebook.com/docs/sharing/webmasters/crawler)"
57.141.6.30 - - [17/Dec/2025:22:13:58 +0800] "GET /post-sitemap191.xml HTTP/1.1" 200 303708 "-" "meta-externalagent/1.1 (+https://developers.facebook.com/docs/sharing/webmasters/crawler)"
72.18.130.250 - - [17/Dec/2025:22:14:26 +0800] "POST /wp-cron.php?doing_wp_cron=1765980866.4868109226226806640625 HTTP/1.1" 200 - "https://rambut.bf1.my/wp-cron.php?doing_wp_cron=1765980866.4868109226226806640625" "WordPress/5.7.14; https://rambut.bf1.my"
57.141.6.30 - - [17/Dec/2025:22:14:27 +0800] "GET /post-sitemap157.xml HTTP/1.1" 200 309765 "-" "meta-externalagent/1.1 (+https://developers.facebook.com/docs/sharing/webmasters/crawler)"
57.141.6.12 - - [17/Dec/2025:22:14:25 +0800] "GET /post-sitemap73.xml HTTP/1.1" 200 301147 "-" "meta-externalagent/1.1 (+https://developers.facebook.com/docs/sharing/webmasters/crawler)"
57.141.6.19 - - [17/Dec/2025:22:15:02 +0800] "GET /rambut-malaysia/kasyno-przechowanie-5-zlotych-w-calej-2024-kasyno-z-depozytem-piec-zl-blik-i-skrill/ HTTP/1.1" 200 42571 "-" "meta-externalagent/1.1 (+https://developers.facebook.com/docs/sharing/webmasters/crawler)"
57.141.6.7 - - [17/Dec/2025:22:14:54 +0800] "GET /rambut-malaysia/super-pertumbuhan-rambut-set-499/DS-Anna-Sui-Anna-Sui-For-Women-Deodorant-Spray-500ml-%E5%A5%B3%E5%A6%96-p315363381 HTTP/1.1" 200 37779 "-" "meta-externalagent/1.1 (+https://developers.facebook.com/docs/sharing/webmasters/crawler)"
57.141.6.8 - - [17/Dec/2025:22:15:20 +0800] "GET /rambut-malaysia/empocher-pour-la-maille-sur-le-salle-de-jeu-du-courbe-hein-empocher-i-du-casino/ HTTP/1.1" 200 41985 "-" "meta-externalagent/1.1 (+https://developers.facebook.com/docs/sharing/webmasters/crawler)"
72.18.130.250 - - [17/Dec/2025:22:15:21 +0800] "POST /wp-cron.php?doing_wp_cron=1765980921.2330229282379150390625 HTTP/1.1" 200 - "https://rambut.bf1.my/wp-cron.php?doing_wp_cron=1765980921.2330229282379150390625" "WordPress/5.7.14; https://rambut.bf1.my"
57.141.6.12 - - [17/Dec/2025:22:15:27 +0800] "GET /top-10-mail-bestellung-braut-2/namlich-wenn-welches-wiener-price-internet-dating/ HTTP/1.1" 200 42276 "-" "meta-externalagent/1.1 (+https://developers.facebook.com/docs/sharing/webmasters/crawler)"
57.141.6.26 - - [17/Dec/2025:22:15:47 +0800] "GET /post-sitemap207.xml HTTP/1.1" 200 317306 "-" "meta-externalagent/1.1 (+https://developers.facebook.com/docs/sharing/webmasters/crawler)"
57.141.6.11 - - [17/Dec/2025:22:16:00 +0800] "GET /rambut-malaysia/free-spins-no-deposit-nz-keep-your-winnings/ HTTP/1.1" 200 40973 "-" "meta-externalagent/1.1 (+https://developers.facebook.com/docs/sharing/webmasters/crawler)"
57.141.6.6 - - [17/Dec/2025:22:15:50 +0800] "GET /post-sitemap187.xml HTTP/1.1" 200 307961 "-" "meta-externalagent/1.1 (+https://developers.facebook.com/docs/sharing/webmasters/crawler)"
57.141.6.27 - - [17/Dec/2025:22:16:02 +0800] "GET /post-sitemap158.xml HTTP/1.1" 200 307194 "-" "meta-externalagent/1.1 (+https://developers.facebook.com/docs/sharing/webmasters/crawler)"
72.18.130.250 - - [17/Dec/2025:22:16:20 +0800] "POST /wp-cron.php?doing_wp_cron=1765980980.7434010505676269531250 HTTP/1.1" 200 - "https://rambut.bf1.my/wp-cron.php?doing_wp_cron=1765980980.7434010505676269531250" "WordPress/5.7.14; https://rambut.bf1.my"
57.141.6.30 - - [17/Dec/2025:22:16:20 +0800] "GET /post-sitemap179.xml HTTP/1.1" 200 304564 "-" "meta-externalagent/1.1 (+https://developers.facebook.com/docs/sharing/webmasters/crawler)"
57.141.6.4 - - [17/Dec/2025:22:16:24 +0800] "GET /rambut-malaysia/super-pertumbuhan-rambut-set-499/Aromatic-Fragrance-Oil-AFO-Bergamot-Flower-5L-p155367317 HTTP/1.1" 200 37779 "-" "meta-externalagent/1.1 (+https://developers.facebook.com/docs/sharing/webmasters/crawler)"
57.141.6.6 - - [17/Dec/2025:22:16:29 +0800] "GET /post-sitemap140.xml HTTP/1.1" 200 315658 "-" "meta-externalagent/1.1 (+https://developers.facebook.com/docs/sharing/webmasters/crawler)"
57.141.6.1 - - [17/Dec/2025:22:16:38 +0800] "GET /post-sitemap39.xml HTTP/1.1" 200 1077469 "-" "meta-externalagent/1.1 (+https://developers.facebook.com/docs/sharing/webmasters/crawler)"
57.141.6.36 - - [17/Dec/2025:22:16:37 +0800] "GET /post-sitemap195.xml HTTP/1.1" 200 314663 "-" "meta-externalagent/1.1 (+https://developers.facebook.com/docs/sharing/webmasters/crawler)"
57.141.6.31 - - [17/Dec/2025:22:16:58 +0800] "GET /post-sitemap104.xml HTTP/1.1" 200 312676 "-" "meta-externalagent/1.1 (+https://developers.facebook.com/docs/sharing/webmasters/crawler)"
57.141.6.10 - - [17/Dec/2025:22:17:00 +0800] "GET /rambut-malaysia/super-pertumbuhan-rambut-ampul-125ml/DS-Bottega-Veneta-Knot-Deodorant-Spray-100L-%E7%94%B7%E7%A5%9E-p317054080 HTTP/1.1" 200 37965 "-" "meta-externalagent/1.1 (+https://developers.facebook.com/docs/sharing/webmasters/crawler)"
57.141.6.19 - - [17/Dec/2025:22:17:09 +0800] "GET /post-sitemap35.xml HTTP/1.1" 200 313146 "-" "meta-externalagent/1.1 (+https://developers.facebook.com/docs/sharing/webmasters/crawler)"
72.18.130.250 - - [17/Dec/2025:22:17:10 +0800] "POST /wp-cron.php?doing_wp_cron=1765981030.3584210872650146484375 HTTP/1.1" 200 - "https://rambut.bf1.my/wp-cron.php?doing_wp_cron=1765981030.3584210872650146484375" "WordPress/5.7.14; https://rambut.bf1.my"
57.141.6.6 - - [17/Dec/2025:22:17:11 +0800] "GET /post-sitemap107.xml HTTP/1.1" 200 298571 "-" "meta-externalagent/1.1 (+https://developers.facebook.com/docs/sharing/webmasters/crawler)"
57.141.6.39 - - [17/Dec/2025:22:17:28 +0800] "GET /post-sitemap15.xml HTTP/1.1" 200 413719 "-" "meta-externalagent/1.1 (+https://developers.facebook.com/docs/sharing/webmasters/crawler)"
57.141.6.3 - - [17/Dec/2025:22:17:30 +0800] "GET /post-sitemap31.xml HTTP/1.1" 200 302430 "-" "meta-externalagent/1.1 (+https://developers.facebook.com/docs/sharing/webmasters/crawler)"
57.141.6.31 - - [17/Dec/2025:22:17:29 +0800] "GET /post-sitemap67.xml HTTP/1.1" 200 306755 "-" "meta-externalagent/1.1 (+https://developers.facebook.com/docs/sharing/webmasters/crawler)"
57.141.6.1 - - [17/Dec/2025:22:17:26 +0800] "GET /rambut-malaysia/pertumbuhan-rambut-syampu-cubaan-150ml/Body-Shampoo-Base-GRED-A-25L-p151752604 HTTP/1.1" 200 38089 "-" "meta-externalagent/1.1 (+https://developers.facebook.com/docs/sharing/webmasters/crawler)"
57.141.6.16 - - [17/Dec/2025:22:17:55 +0800] "GET /post-sitemap95.xml HTTP/1.1" 200 307939 "-" "meta-externalagent/1.1 (+https://developers.facebook.com/docs/sharing/webmasters/crawler)"
72.18.130.250 - - [17/Dec/2025:22:18:19 +0800] "POST /wp-cron.php?doing_wp_cron=1765981099.3840420246124267578125 HTTP/1.1" 200 - "https://rambut.bf1.my/wp-cron.php?doing_wp_cron=1765981099.3840420246124267578125" "WordPress/5.7.14; https://rambut.bf1.my"
57.141.6.35 - - [17/Dec/2025:22:18:18 +0800] "GET /post-sitemap91.xml HTTP/1.1" 200 306400 "-" "meta-externalagent/1.1 (+https://developers.facebook.com/docs/sharing/webmasters/crawler)"
57.141.6.19 - - [17/Dec/2025:22:18:32 +0800] "GET /post-sitemap4.xml HTTP/1.1" 200 659658 "-" "meta-externalagent/1.1 (+https://developers.facebook.com/docs/sharing/webmasters/crawler)"
57.141.6.26 - - [17/Dec/2025:22:18:38 +0800] "GET /post-sitemap80.xml HTTP/1.1" 200 301246 "-" "meta-externalagent/1.1 (+https://developers.facebook.com/docs/sharing/webmasters/crawler)"
57.141.6.20 - - [17/Dec/2025:22:18:46 +0800] "GET /post-sitemap162.xml HTTP/1.1" 200 311617 "-" "meta-externalagent/1.1 (+https://developers.facebook.com/docs/sharing/webmasters/crawler)"
57.141.6.14 - - [17/Dec/2025:22:18:51 +0800] "GET /post-sitemap219.xml HTTP/1.1" 200 304755 "-" "meta-externalagent/1.1 (+https://developers.facebook.com/docs/sharing/webmasters/crawler)"
57.141.6.21 - - [17/Dec/2025:22:18:58 +0800] "GET /post-sitemap215.xml HTTP/1.1" 200 308347 "-" "meta-externalagent/1.1 (+https://developers.facebook.com/docs/sharing/webmasters/crawler)"
72.18.130.250 - - [17/Dec/2025:22:19:09 +0800] "POST /wp-cron.php?doing_wp_cron=1765981149.2517910003662109375000 HTTP/1.1" 200 - "https://rambut.bf1.my/wp-cron.php?doing_wp_cron=1765981149.2517910003662109375000" "WordPress/5.7.14; https://rambut.bf1.my"
57.141.6.16 - - [17/Dec/2025:22:19:08 +0800] "GET /post-sitemap109.xml HTTP/1.1" 200 309572 "-" "meta-externalagent/1.1 (+https://developers.facebook.com/docs/sharing/webmasters/crawler)"
72.18.130.250 - - [17/Dec/2025:22:20:31 +0800] "POST /wp-cron.php?doing_wp_cron=1765981231.6805629730224609375000 HTTP/1.1" 200 - "https://rambut.bf1.my/wp-cron.php?doing_wp_cron=1765981231.6805629730224609375000" "WordPress/5.7.14; https://rambut.bf1.my"
57.141.6.6 - - [17/Dec/2025:22:20:30 +0800] "GET /post-sitemap152.xml HTTP/1.1" 200 309184 "-" "meta-externalagent/1.1 (+https://developers.facebook.com/docs/sharing/webmasters/crawler)"
72.18.130.250 - - [17/Dec/2025:22:21:10 +0800] "POST /wp-cron.php?doing_wp_cron=1765981270.5388379096984863281250 HTTP/1.1" 200 - "https://rambut.bf1.my/wp-cron.php?doing_wp_cron=1765981270.5388379096984863281250" "WordPress/5.7.14; https://rambut.bf1.my"
57.141.6.29 - - [17/Dec/2025:22:21:12 +0800] "GET /post-sitemap77.xml HTTP/1.1" 200 304493 "-" "meta-externalagent/1.1 (+https://developers.facebook.com/docs/sharing/webmasters/crawler)"
57.141.6.28 - - [17/Dec/2025:22:21:09 +0800] "GET /post-sitemap209.xml HTTP/1.1" 200 311964 "-" "meta-externalagent/1.1 (+https://developers.facebook.com/docs/sharing/webmasters/crawler)"
23.108.86.104 - - [17/Dec/2025:22:21:36 +0800] "GET /italywinnita/scopri-il-fascino-del-winita-slot-in-italia/ HTTP/1.1" 200 41047 "https://rambut.bf1.my/" "Mozilla/5.0 (Windows NT 10.0; Win64; x64; rv:114.0) Gecko/20100101 Firefox/114.0"
23.108.86.104 - - [17/Dec/2025:22:21:39 +0800] "GET /?p=403624 HTTP/1.1" 301 - "https://rambut.bf1.my/italywinnita/scopri-il-fascino-del-winita-slot-in-italia/" "Mozilla/5.0 (Windows NT 10.0; Win64; x64; rv:114.0) Gecko/20100101 Firefox/114.0"
23.108.86.104 - - [17/Dec/2025:22:21:40 +0800] "GET /italywinnita/scopri-il-fascino-del-winita-slot-in-italia/ HTTP/1.1" 500 43488 "https://rambut.bf1.my/?p=403624" "Mozilla/5.0 (Windows NT 10.0; Win64; x64; rv:114.0) Gecko/20100101 Firefox/114.0"
57.141.6.20 - - [17/Dec/2025:22:21:37 +0800] "GET /post-sitemap163.xml HTTP/1.1" 200 307795 "-" "meta-externalagent/1.1 (+https://developers.facebook.com/docs/sharing/webmasters/crawler)"
3.214.176.44 - - [17/Dec/2025:22:24:08 +0800] "GET /wp-json/oembed/1.0/embed?url=https://rambut.bf1.my/rambut-malaysia/cues-icons-totems-of-ones-heron/ HTTP/1.1" 200 2485 "-" "Mozilla/5.0 AppleWebKit/537.36 (KHTML, like Gecko; compatible; Amazonbot/0.1; +https://developer.amazon.com/support/amazonbot) Chrome/119.0.6045.214 Safari/537.36"
