57.141.6.34 - - [17/Dec/2025:23:45:26 +0800] "GET /rambut-malaysia/pertumbuhan-rambut-syampu-cubaan-150ml/DS-Ariana-Grande-Sweet-Like-Candy-Deodorant-Spray-25L-%E5%A5%B3%E5%A6%96-p318186073 HTTP/1.1" 200 38089 "-" "meta-externalagent/1.1 (+https://developers.facebook.com/docs/sharing/webmasters/crawler)"
57.141.6.1 - - [17/Dec/2025:23:45:39 +0800] "GET /rambut-malaysia/party-pays-slots-explained-over-book/ HTTP/1.1" 200 40571 "-" "meta-externalagent/1.1 (+https://developers.facebook.com/docs/sharing/webmasters/crawler)"
57.141.6.19 - - [17/Dec/2025:23:45:26 +0800] "GET /rambut-malaysia/super-pertumbuhan-rambut-set-499/DS-Giorgio-Armani-Emporio-Armani-Night-Deodorant-Spray-200ml-%E7%94%B7%E7%A5%9E-p320532973 HTTP/1.1" 200 37779 "-" "meta-externalagent/1.1 (+https://developers.facebook.com/docs/sharing/webmasters/crawler)"
57.141.6.37 - - [17/Dec/2025:23:45:40 +0800] "GET /category/es-ukrainebride4you-opinion-orden-de-correo-novia-2/ HTTP/1.1" 200 34997 "-" "meta-externalagent/1.1 (+https://developers.facebook.com/docs/sharing/webmasters/crawler)"
57.141.6.12 - - [17/Dec/2025:23:45:27 +0800] "GET /rambut-malaysia/super-pertumbuhan-rambut-tonik-125ml/Pure-Essential-Oil-EO-Peach-Essential-Oil-10ml-p151434206 HTTP/1.1" 200 37965 "-" "meta-externalagent/1.1 (+https://developers.facebook.com/docs/sharing/webmasters/crawler)"
57.141.6.12 - - [17/Dec/2025:23:45:41 +0800] "GET /category/mail-order-bride-info-2/ HTTP/1.1" 200 34570 "-" "meta-externalagent/1.1 (+https://developers.facebook.com/docs/sharing/webmasters/crawler)"
57.141.6.7 - - [17/Dec/2025:23:45:28 +0800] "GET /rambut-malaysia/super-pertumbuhan-rambut-set-499/DS-DKNY-Be-Desired-Deodorant-Spray-25L-%E5%A5%B3%E5%A6%96-p318186148 HTTP/1.1" 200 37779 "-" "meta-externalagent/1.1 (+https://developers.facebook.com/docs/sharing/webmasters/crawler)"
57.141.6.7 - - [17/Dec/2025:23:45:28 +0800] "GET /rambut-malaysia/rambut-hitam-set-399/DS-Carolina-Herrera-Herrera-For-Men-Deodorant-Spray-25L-%E7%94%B7%E7%A5%9E-p316548509 HTTP/1.1" 200 37137 "-" "meta-externalagent/1.1 (+https://developers.facebook.com/docs/sharing/webmasters/crawler)"
57.141.6.12 - - [17/Dec/2025:23:45:42 +0800] "GET /category/mail-order-bride-work-2/ HTTP/1.1" 200 34575 "-" "meta-externalagent/1.1 (+https://developers.facebook.com/docs/sharing/webmasters/crawler)"
57.141.6.28 - - [17/Dec/2025:23:45:42 +0800] "GET /rambut-malaysia/more-than-1-5-requirements-gambling-tips-predictions-statistics/ HTTP/1.1" 200 41375 "-" "meta-externalagent/1.1 (+https://developers.facebook.com/docs/sharing/webmasters/crawler)"
57.141.6.28 - - [17/Dec/2025:23:45:42 +0800] "GET /rambut-malaysia/finest-50-free-bee-crazy-hd-the-sun-bingo-casino-position-revolves-no-put-incentives-in-the-the-newest-zealand-2024-disaster-australian-continent/ HTTP/1.1" 200 43769 "-" "meta-externalagent/1.1 (+https://developers.facebook.com/docs/sharing/webmasters/crawler)"
57.141.6.34 - - [17/Dec/2025:23:45:29 +0800] "GET /rambut-malaysia/super-pertumbuhan-rambut-set-499/DS-Aquolina-Pink-Sugar-Deodorant-Spray-25L-%E5%A5%B3%E5%A6%96-p318186072 HTTP/1.1" 200 37779 "-" "meta-externalagent/1.1 (+https://developers.facebook.com/docs/sharing/webmasters/crawler)"
57.141.6.19 - - [17/Dec/2025:23:45:30 +0800] "GET /rambut-malaysia/rambut-hitam-set-399/DS-Chloe-Roses-De-Chloe-Deodorant-Spray-100L-%E5%A5%B3%E5%A6%96-p318186600 HTTP/1.1" 200 37137 "-" "meta-externalagent/1.1 (+https://developers.facebook.com/docs/sharing/webmasters/crawler)"
57.141.6.34 - - [17/Dec/2025:23:45:30 +0800] "GET /rambut-malaysia/rambut-hitam-syampu/DS-Alaia-Alaia-Deodorant-Spray-5L-%E5%A5%B3%E5%A6%96-p317928194 HTTP/1.1" 200 37033 "-" "meta-externalagent/1.1 (+https://developers.facebook.com/docs/sharing/webmasters/crawler)"
57.141.6.39 - - [17/Dec/2025:23:45:44 +0800] "GET /rambut-malaysia/acerca-de-como-aumentar-los-visitas-de-su-e-commerce-30-tacticas-practicas/ HTTP/1.1" 200 42047 "-" "meta-externalagent/1.1 (+https://developers.facebook.com/docs/sharing/webmasters/crawler)"
57.141.6.22 - - [17/Dec/2025:23:45:44 +0800] "GET /rambut-malaysia/mejores-maquinas-tragamonedas-gratuito-listado-2025/ HTTP/1.1" 200 41151 "-" "meta-externalagent/1.1 (+https://developers.facebook.com/docs/sharing/webmasters/crawler)"
57.141.6.9 - - [17/Dec/2025:23:45:31 +0800] "GET /rambut-malaysia/rambut-hitam-syampu/DS-DKNY-Be-Desired-Deodorant-Spray-5L-%E5%A5%B3%E5%A6%96-p317928278 HTTP/1.1" 200 37033 "-" "meta-externalagent/1.1 (+https://developers.facebook.com/docs/sharing/webmasters/crawler)"
209.141.61.93 - - [17/Dec/2025:23:45:45 +0800] "GET ///wp-login.php HTTP/1.1" 200 8039 "-" "Mozilla/5.0 (Macintosh; Intel Mac OS X 10_9_4 AppleWebKit/537.36 (KHTML, like Gecko) Chrome/36.0.1985.125 Safari/537.36"
57.141.6.14 - - [17/Dec/2025:23:45:33 +0800] "GET /rambut-malaysia/rambut-hitam-semburan/DS-Al-Rehab-Superman-Deodorant-Spray-25L-%E7%94%B7%E7%A5%9E-p316548476 HTTP/1.1" 200 37129 "-" "meta-externalagent/1.1 (+https://developers.facebook.com/docs/sharing/webmasters/crawler)"
57.141.6.28 - - [17/Dec/2025:23:45:47 +0800] "GET /rambut-malaysia/pinko-kazino-dolzhnostnoy-zhurnal-pinco-sasino-vo-kazakhstane/ HTTP/1.1" 200 51718 "-" "meta-externalagent/1.1 (+https://developers.facebook.com/docs/sharing/webmasters/crawler)"
57.141.6.3 - - [17/Dec/2025:23:45:47 +0800] "GET /rambut-malaysia/big-777-casino-wixstars-100-free-spins-play-for-100-percent-free-a-real-income-give-2025/ HTTP/1.1" 200 41904 "-" "meta-externalagent/1.1 (+https://developers.facebook.com/docs/sharing/webmasters/crawler)"
57.141.6.31 - - [17/Dec/2025:23:45:35 +0800] "GET /rambut-malaysia/pertumbuhan-rambut-syampu-cubaan-150ml/Aromatic-Fragrance-Oil-AFO-Peach-Blossom-10ml-p150317271 HTTP/1.1" 200 38089 "-" "meta-externalagent/1.1 (+https://developers.facebook.com/docs/sharing/webmasters/crawler)"
57.141.6.18 - - [17/Dec/2025:23:45:48 +0800] "GET /category/essay-writing-service-cheap-24-hours-2/ HTTP/1.1" 200 34782 "-" "meta-externalagent/1.1 (+https://developers.facebook.com/docs/sharing/webmasters/crawler)"
57.141.6.12 - - [17/Dec/2025:23:45:35 +0800] "GET /rambut-malaysia/super-pertumbuhan-rambut-tonik-125ml/Aromatic-Fragrance-Oil-AFO-Spanish-Lavender-250ml-p154329266 HTTP/1.1" 200 37965 "-" "meta-externalagent/1.1 (+https://developers.facebook.com/docs/sharing/webmasters/crawler)"
57.141.6.23 - - [17/Dec/2025:23:45:48 +0800] "GET /rambut-malaysia/100-zl-w-ciagu-rejestracje-w-calej-kasynie-bezplatne-100-zl-z-brakiem-depozytu/ HTTP/1.1" 200 43181 "-" "meta-externalagent/1.1 (+https://developers.facebook.com/docs/sharing/webmasters/crawler)"
57.141.6.32 - - [17/Dec/2025:23:45:50 +0800] "GET /rambut-malaysia/best-free-spins-no-deposit-bonuses-to-have-2025-win-real-money-2/ HTTP/1.1" 200 41548 "-" "meta-externalagent/1.1 (+https://developers.facebook.com/docs/sharing/webmasters/crawler)"
57.141.6.8 - - [17/Dec/2025:23:45:37 +0800] "GET /rambut-malaysia/rambut-hitam-serum/DS-Christian-Dior-Diorissimo-Deodorant-Spray-500ml-%E5%A5%B3%E5%A6%96-p317394070 HTTP/1.1" 200 36971 "-" "meta-externalagent/1.1 (+https://developers.facebook.com/docs/sharing/webmasters/crawler)"
57.141.6.20 - - [17/Dec/2025:23:45:50 +0800] "GET /category/cash-advance-is-2-2/ HTTP/1.1" 200 34513 "-" "meta-externalagent/1.1 (+https://developers.facebook.com/docs/sharing/webmasters/crawler)"
57.141.6.14 - - [17/Dec/2025:23:45:39 +0800] "GET /rambut-malaysia/rambut-hitam-syampu/DS-Al-Rehab-Superman-Deodorant-Spray-25L-%E7%94%B7%E7%A5%9E-p316548476 HTTP/1.1" 200 37033 "-" "meta-externalagent/1.1 (+https://developers.facebook.com/docs/sharing/webmasters/crawler)"
57.141.6.17 - - [17/Dec/2025:23:45:53 +0800] "GET /rambut-malaysia/four-gamble-deuces-nuts-extra-best-choice-on-line-casino/ HTTP/1.1" 200 41297 "-" "meta-externalagent/1.1 (+https://developers.facebook.com/docs/sharing/webmasters/crawler)"
57.141.6.28 - - [17/Dec/2025:23:45:55 +0800] "GET /rambut-malaysia/better-bitcoin-gaming-websites-2025-enjoy-which-have-btc-on-line/ HTTP/1.1" 200 41619 "-" "meta-externalagent/1.1 (+https://developers.facebook.com/docs/sharing/webmasters/crawler)"
57.141.6.11 - - [17/Dec/2025:23:45:55 +0800] "GET /rambut-malaysia/10-totally-free-spins-no-deposit-best-incentives-online-real-money-slots-for-ports-2025/ HTTP/1.1" 200 41991 "-" "meta-externalagent/1.1 (+https://developers.facebook.com/docs/sharing/webmasters/crawler)"
57.141.6.10 - - [17/Dec/2025:23:45:43 +0800] "GET /rambut-malaysia/rambut-hitam-serum/DS-Cacharel-LouLou-Deodorant-Spray-500ml-%E5%A5%B3%E5%A6%96-p317394040 HTTP/1.1" 200 36971 "-" "meta-externalagent/1.1 (+https://developers.facebook.com/docs/sharing/webmasters/crawler)"
57.141.6.23 - - [17/Dec/2025:23:45:43 +0800] "GET /rambut-malaysia/rambut-hitam-set-399/DS-Giorgio-Armani-Armani-Code-Profumo-Deodorant-Spray-200ml-%E7%94%B7%E7%A5%9E-p320532966 HTTP/1.1" 200 37137 "-" "meta-externalagent/1.1 (+https://developers.facebook.com/docs/sharing/webmasters/crawler)"
57.141.6.35 - - [17/Dec/2025:23:45:57 +0800] "GET /rambut-malaysia/free-spins-no-deposit-british-2024-spin-ports-at-50-free-spins-on-castle-builder-ii-no-cost/ HTTP/1.1" 200 42123 "-" "meta-externalagent/1.1 (+https://developers.facebook.com/docs/sharing/webmasters/crawler)"
57.141.6.21 - - [17/Dec/2025:23:45:44 +0800] "GET /rambut-malaysia/rambut-hitam-perapi/DS-Cacharel-Anais-Anais-Premier-Delice-Deodorant-Spray-5L-%E5%A5%B3%E5%A6%96-p317928222 HTTP/1.1" 200 37019 "-" "meta-externalagent/1.1 (+https://developers.facebook.com/docs/sharing/webmasters/crawler)"
57.141.6.21 - - [17/Dec/2025:23:45:46 +0800] "GET /rambut-malaysia/ginseng-booster-ampul-semburan-125ml/DS-Chloe-Chloe-EDP-Deodorant-Spray-100L-%E5%A5%B3%E5%A6%96-p318186596 HTTP/1.1" 200 37892 "-" "meta-externalagent/1.1 (+https://developers.facebook.com/docs/sharing/webmasters/crawler)"
57.141.6.17 - - [17/Dec/2025:23:45:59 +0800] "GET /rambut-malaysia/69-giros-de-balde-carente-deposito-referente-a-de-cualquier-parte-del-mundo/ HTTP/1.1" 200 42126 "-" "meta-externalagent/1.1 (+https://developers.facebook.com/docs/sharing/webmasters/crawler)"
57.141.6.27 - - [17/Dec/2025:23:45:49 +0800] "GET /rambut-malaysia/rambut-hitam-syampu/Pure-Essential-Oil-EO-Lime-Calamansi-Lime-Essential-Oil-50ml-p152171040 HTTP/1.1" 200 37033 "-" "meta-externalagent/1.1 (+https://developers.facebook.com/docs/sharing/webmasters/crawler)"
57.141.6.9 - - [17/Dec/2025:23:46:03 +0800] "GET /rambut-malaysia/pertumbuhan-rambut-syampu-cubaan-150ml/cart HTTP/1.1" 200 38368 "-" "meta-externalagent/1.1 (+https://developers.facebook.com/docs/sharing/webmasters/crawler)"
57.141.6.12 - - [17/Dec/2025:23:46:03 +0800] "GET /category/viqug-es-la-novia-de-pedidos-por-correo-260/ HTTP/1.1" 200 34896 "-" "meta-externalagent/1.1 (+https://developers.facebook.com/docs/sharing/webmasters/crawler)"
57.141.6.7 - - [17/Dec/2025:23:46:03 +0800] "GET /rambut-malaysia/genesis-gaming-rocky-slot-groser-riesenerfolg-slots-spiele-rembrandt-riches-slot-groser-sieg-liste-top10-2024/ HTTP/1.1" 200 43182 "-" "meta-externalagent/1.1 (+https://developers.facebook.com/docs/sharing/webmasters/crawler)"
57.141.6.20 - - [17/Dec/2025:23:45:50 +0800] "GET /rambut-malaysia/super-pertumbuhan-rambut-tonik-125ml/DS-Burberry-Weekend-Deodorant-Spray-100L-%E5%A5%B3%E5%A6%96-p318186569 HTTP/1.1" 200 37965 "-" "meta-externalagent/1.1 (+https://developers.facebook.com/docs/sharing/webmasters/crawler)"
57.141.6.11 - - [17/Dec/2025:23:46:04 +0800] "GET /rambut-malaysia/rambut-hitam-serum/BFO-Ralph-Lauren-Big-Pony-3-M-10ml-p154548246 HTTP/1.1" 200 40781 "-" "meta-externalagent/1.1 (+https://developers.facebook.com/docs/sharing/webmasters/crawler)"
57.141.6.34 - - [17/Dec/2025:23:46:04 +0800] "GET /rambut-malaysia/10-melhores-cassinos-online-europeus-2024/ HTTP/1.1" 200 41294 "-" "meta-externalagent/1.1 (+https://developers.facebook.com/docs/sharing/webmasters/crawler)"
57.141.6.14 - - [17/Dec/2025:23:46:05 +0800] "GET /rambut-malaysia/neprazdnichnoe-luchnik-melbet-vozmite-v-dannoe-vremya-vkhod-skachat/ HTTP/1.1" 200 50750 "-" "meta-externalagent/1.1 (+https://developers.facebook.com/docs/sharing/webmasters/crawler)"
57.141.6.8 - - [17/Dec/2025:23:45:52 +0800] "GET /rambut-malaysia/rambut-hitam-set-399/DS-Alaia-Alaia-Deodorant-Spray-100L-%E5%A5%B3%E5%A6%96-p318186545 HTTP/1.1" 200 37137 "-" "meta-externalagent/1.1 (+https://developers.facebook.com/docs/sharing/webmasters/crawler)"
57.141.6.23 - - [17/Dec/2025:23:45:53 +0800] "GET /rambut-malaysia/rambut-hitam-perapi/DS-Chanel-Allure-Deodorant-Spray-5L-%E5%A5%B3%E5%A6%96-p317928232 HTTP/1.1" 200 37019 "-" "meta-externalagent/1.1 (+https://developers.facebook.com/docs/sharing/webmasters/crawler)"
57.141.6.1 - - [17/Dec/2025:23:45:53 +0800] "GET /rambut-malaysia/super-pertumbuhan-rambut-tonik-125ml/Aroma-Refreshing-Oil-Blackcurrant-50ml-p164535455 HTTP/1.1" 200 37965 "-" "meta-externalagent/1.1 (+https://developers.facebook.com/docs/sharing/webmasters/crawler)"
57.141.6.36 - - [17/Dec/2025:23:46:06 +0800] "GET /rambut-malaysia/android-baxislarinda-1xbet-uptodown-dan-apk-yukl%c9%99yin/ HTTP/1.1" 200 42891 "-" "meta-externalagent/1.1 (+https://developers.facebook.com/docs/sharing/webmasters/crawler)"
57.141.6.24 - - [17/Dec/2025:23:46:07 +0800] "GET /rambut-malaysia/the-new-bloodsuckers-vhs-1989-offered-on-line/ HTTP/1.1" 200 41071 "-" "meta-externalagent/1.1 (+https://developers.facebook.com/docs/sharing/webmasters/crawler)"
72.18.130.250 - - [17/Dec/2025:23:46:06 +0800] "POST /wp-cron.php?doing_wp_cron=1765986366.1152460575103759765625 HTTP/1.1" 200 - "https://rambut.bf1.my/wp-cron.php?doing_wp_cron=1765986366.1152460575103759765625" "WordPress/5.7.14; https://rambut.bf1.my"
57.141.6.26 - - [17/Dec/2025:23:45:54 +0800] "GET /rambut-malaysia/rambut-hitam-set-199/Aromatic-Fragrance-Oil-AFO-Attraction-500ml-p153869163 HTTP/1.1" 200 37137 "-" "meta-externalagent/1.1 (+https://developers.facebook.com/docs/sharing/webmasters/crawler)"
57.141.6.2 - - [17/Dec/2025:23:46:08 +0800] "GET /rambut-malaysia/kosteloos-spins-vindt-ziedaar-de-50-geen-depositspins-88-fortunes-beste-fre-spins-vanuit-allen-providers/ HTTP/1.1" 200 43045 "-" "meta-externalagent/1.1 (+https://developers.facebook.com/docs/sharing/webmasters/crawler)"
57.141.6.32 - - [17/Dec/2025:23:46:08 +0800] "GET /rambut-malaysia/enjoy-craps-on-line-for-real-money-top-real-time-gambling-enterprises-2024/ HTTP/1.1" 200 41480 "-" "meta-externalagent/1.1 (+https://developers.facebook.com/docs/sharing/webmasters/crawler)"
57.141.6.22 - - [17/Dec/2025:23:45:57 +0800] "GET /rambut-malaysia/super-pertumbuhan-rambut-ampul-125ml/DS-Chopard-Wish-Deodorant-Spray-500ml-%E5%A5%B3%E5%A6%96-p317394067 HTTP/1.1" 200 37965 "-" "meta-externalagent/1.1 (+https://developers.facebook.com/docs/sharing/webmasters/crawler)"
57.141.6.16 - - [17/Dec/2025:23:45:58 +0800] "GET /rambut-malaysia/super-pertumbuhan-rambut-tonik-125ml/Pure-Essential-Oil-EO-Aloe-Vera-Essential-Oil-500ml-p152344405 HTTP/1.1" 200 37965 "-" "meta-externalagent/1.1 (+https://developers.facebook.com/docs/sharing/webmasters/crawler)"
57.141.6.32 - - [17/Dec/2025:23:46:12 +0800] "GET /rambut-malaysia/lower-lowest-put-casinos-united-star-gems-bonus-states-2024-1-5-10-minimum/ HTTP/1.1" 200 41712 "-" "meta-externalagent/1.1 (+https://developers.facebook.com/docs/sharing/webmasters/crawler)"
57.141.6.13 - - [17/Dec/2025:23:46:00 +0800] "GET /rambut-malaysia/pertumbuhan-rambut-syampu-cubaan-150ml/DS-CD-Diorella-Deodorant-Spray-25L-%E5%A5%B3%E5%A6%96-p318186099 HTTP/1.1" 200 38089 "-" "meta-externalagent/1.1 (+https://developers.facebook.com/docs/sharing/webmasters/crawler)"
57.141.6.12 - - [17/Dec/2025:23:46:00 +0800] "GET /rambut-malaysia/super-pertumbuhan-rambut-ampul-125ml/DS-DKNY-Be-Desired-Deodorant-Spray-5L-%E5%A5%B3%E5%A6%96-p317928278 HTTP/1.1" 200 37965 "-" "meta-externalagent/1.1 (+https://developers.facebook.com/docs/sharing/webmasters/crawler)"
57.141.6.10 - - [17/Dec/2025:23:46:13 +0800] "GET /rambut-malaysia/casino-inte-med-spelgrans/ HTTP/1.1" 200 40890 "-" "meta-externalagent/1.1 (+https://developers.facebook.com/docs/sharing/webmasters/crawler)"
57.141.6.7 - - [17/Dec/2025:23:46:01 +0800] "GET /rambut-malaysia/rambut-hitam-semburan/EDP-Al-Rehab-Mokhalat-Al-Rehab-U-500ml-p155748629 HTTP/1.1" 200 37129 "-" "meta-externalagent/1.1 (+https://developers.facebook.com/docs/sharing/webmasters/crawler)"
57.141.6.32 - - [17/Dec/2025:23:46:14 +0800] "GET /rambut-malaysia/bet365-omtale-udbetaling-i-danmark-fortil-november-2024/ HTTP/1.1" 200 41598 "-" "meta-externalagent/1.1 (+https://developers.facebook.com/docs/sharing/webmasters/crawler)"
57.141.6.34 - - [17/Dec/2025:23:46:02 +0800] "GET /rambut-malaysia/super-pertumbuhan-rambut-set-499/DS-Christian-Dior-Dior-Homme-Deodorant-Spray-200ml-%E7%94%B7%E7%A5%9E-p320532875 HTTP/1.1" 200 37779 "-" "meta-externalagent/1.1 (+https://developers.facebook.com/docs/sharing/webmasters/crawler)"
57.141.6.20 - - [17/Dec/2025:23:46:02 +0800] "GET /rambut-malaysia/super-pertumbuhan-rambut-set-499/Aromatic-Fragrance-Oil-AFO-Eremurus-500ml-p153869035 HTTP/1.1" 200 37779 "-" "meta-externalagent/1.1 (+https://developers.facebook.com/docs/sharing/webmasters/crawler)"
57.141.6.26 - - [17/Dec/2025:23:46:16 +0800] "GET /rambut-malaysia/greatest-no-deposit-bonus-requirements-inside-april-lost-casino-2025/ HTTP/1.1" 200 41520 "-" "meta-externalagent/1.1 (+https://developers.facebook.com/docs/sharing/webmasters/crawler)"
57.141.6.28 - - [17/Dec/2025:23:46:16 +0800] "GET /category/average-mail-order-bride-prices-2/ HTTP/1.1" 200 34712 "-" "meta-externalagent/1.1 (+https://developers.facebook.com/docs/sharing/webmasters/crawler)"
57.141.6.13 - - [17/Dec/2025:23:46:17 +0800] "GET /category/que-es-una-novia-de-pedidos-por-correo-2/ HTTP/1.1" 200 34808 "-" "meta-externalagent/1.1 (+https://developers.facebook.com/docs/sharing/webmasters/crawler)"
57.141.6.9 - - [17/Dec/2025:23:46:18 +0800] "GET /rambut-malaysia/lucky-ladys-charm-deluxe-gebuhrenfrei-zum-besten-geben/ HTTP/1.1" 200 41515 "-" "meta-externalagent/1.1 (+https://developers.facebook.com/docs/sharing/webmasters/crawler)"
57.141.6.13 - - [17/Dec/2025:23:46:18 +0800] "GET /rambut-malaysia/14-spekulere-til-evindelig-at-spil-black-horse-rigtige-penge-prove-nye-ejendel-som-livet-frank-tid/ HTTP/1.1" 200 42574 "-" "meta-externalagent/1.1 (+https://developers.facebook.com/docs/sharing/webmasters/crawler)"
57.141.6.18 - - [17/Dec/2025:23:46:19 +0800] "GET /rambut-malaysia/11000-tragamonedas-de-balde-en-internet-falto-descarga/ HTTP/1.1" 200 41619 "-" "meta-externalagent/1.1 (+https://developers.facebook.com/docs/sharing/webmasters/crawler)"
57.141.6.11 - - [17/Dec/2025:23:46:05 +0800] "GET /rambut-malaysia/super-pertumbuhan-rambut-ampul-125ml/DS-CK-CK-IN2U-for-Him-Deodorant-Spray-100L-%E7%94%B7%E7%A5%9E-p317054115 HTTP/1.1" 200 37965 "-" "meta-externalagent/1.1 (+https://developers.facebook.com/docs/sharing/webmasters/crawler)"
57.141.6.19 - - [17/Dec/2025:23:46:07 +0800] "GET /rambut-malaysia/super-pertumbuhan-rambut-set-499/Pure-Essential-Oil-EO-Almond-Essential-Oil-50ml-p150612536 HTTP/1.1" 200 37779 "-" "meta-externalagent/1.1 (+https://developers.facebook.com/docs/sharing/webmasters/crawler)"
57.141.6.18 - - [17/Dec/2025:23:46:21 +0800] "GET /category/polscekasyno/ HTTP/1.1" 200 34424 "-" "meta-externalagent/1.1 (+https://developers.facebook.com/docs/sharing/webmasters/crawler)"
57.141.6.3 - - [17/Dec/2025:23:46:08 +0800] "GET /rambut-malaysia/pertumbuhan-rambut-syampu-cubaan-150ml/DS-Clinique-Happy-Deodorant-Spray-25L-%E5%A5%B3%E5%A6%96-p318186136 HTTP/1.1" 200 38089 "-" "meta-externalagent/1.1 (+https://developers.facebook.com/docs/sharing/webmasters/crawler)"
57.141.6.36 - - [17/Dec/2025:23:46:09 +0800] "GET /rambut-malaysia/super-pertumbuhan-rambut-tonik-125ml/Anti-Bac-Hand-Sanitizer-Gel-with-75-Alcohol-ABHSG-Rose-5L-p230516248 HTTP/1.1" 200 37965 "-" "meta-externalagent/1.1 (+https://developers.facebook.com/docs/sharing/webmasters/crawler)"
57.141.6.31 - - [17/Dec/2025:23:46:22 +0800] "GET /rambut-malaysia/top-ten-crypto-bitcoin-casinos-to-have-2025-rated/ HTTP/1.1" 200 41254 "-" "meta-externalagent/1.1 (+https://developers.facebook.com/docs/sharing/webmasters/crawler)"
57.141.6.24 - - [17/Dec/2025:23:46:10 +0800] "GET /rambut-malaysia/rambut-hitam-serum/Pure-Essential-Oil-EO-Basil-Sweet-Basil-Giant-Basil-Essential-Oil-10ml-p150614253 HTTP/1.1" 200 36971 "-" "meta-externalagent/1.1 (+https://developers.facebook.com/docs/sharing/webmasters/crawler)"
57.141.6.17 - - [17/Dec/2025:23:46:10 +0800] "GET /rambut-malaysia/rambut-hitam-semburan/DS-Christian-Dior-Echo-Deodorant-Spray-25L-%E7%94%B7%E7%A5%9E-p316548522 HTTP/1.1" 200 37129 "-" "meta-externalagent/1.1 (+https://developers.facebook.com/docs/sharing/webmasters/crawler)"
57.141.6.17 - - [17/Dec/2025:23:46:24 +0800] "GET /rambut-malaysia/as-melhores-ofertas-criancice-bonus-sem-deposito-no-brasil-2024/ HTTP/1.1" 200 42172 "-" "meta-externalagent/1.1 (+https://developers.facebook.com/docs/sharing/webmasters/crawler)"
57.141.6.39 - - [17/Dec/2025:23:46:11 +0800] "GET /rambut-malaysia/rambut-hitam-serum/DS-Chloe-Narcisse-Deodorant-Spray-500ml-%E5%A5%B3%E5%A6%96-p317394064 HTTP/1.1" 200 36971 "-" "meta-externalagent/1.1 (+https://developers.facebook.com/docs/sharing/webmasters/crawler)"
57.141.6.1 - - [17/Dec/2025:23:46:11 +0800] "GET /rambut-malaysia/rambut-hitam-syampu/DS-Britney-Spears-Curious-Deodorant-Spray-5L-%E5%A5%B3%E5%A6%96-p317928213 HTTP/1.1" 200 37033 "-" "meta-externalagent/1.1 (+https://developers.facebook.com/docs/sharing/webmasters/crawler)"
57.141.6.15 - - [17/Dec/2025:23:46:12 +0800] "GET /rambut-malaysia/rambut-hitam-perapi/DS-DKNY-Golden-Delicious-Deodorant-Spray-5L-%E5%A5%B3%E5%A6%96-p317928280 HTTP/1.1" 200 37019 "-" "meta-externalagent/1.1 (+https://developers.facebook.com/docs/sharing/webmasters/crawler)"
57.141.6.1 - - [17/Dec/2025:23:46:13 +0800] "GET /rambut-malaysia/rambut-hitam-set-399/DS-Britney-Spears-Midnight-Fantasy-Deodorant-Spray-100L-%E5%A5%B3%E5%A6%96-p318186565 HTTP/1.1" 200 37137 "-" "meta-externalagent/1.1 (+https://developers.facebook.com/docs/sharing/webmasters/crawler)"
57.141.6.36 - - [17/Dec/2025:23:46:27 +0800] "GET /category/vivikazino-uz-com/ HTTP/1.1" 200 34494 "-" "meta-externalagent/1.1 (+https://developers.facebook.com/docs/sharing/webmasters/crawler)"
57.141.6.11 - - [17/Dec/2025:23:46:28 +0800] "GET /rambut-malaysia/greatest-on-line-poker-bonuses-within-the-2024-added-bonus-requirements-also-provides/ HTTP/1.1" 200 41768 "-" "meta-externalagent/1.1 (+https://developers.facebook.com/docs/sharing/webmasters/crawler)"
57.141.6.3 - - [17/Dec/2025:23:46:29 +0800] "GET /rambut-malaysia/geografie-and-kontakt-haben-dolphins-pearl-deluxe-casino-uber-unser-globus/ HTTP/1.1" 200 41886 "-" "meta-externalagent/1.1 (+https://developers.facebook.com/docs/sharing/webmasters/crawler)"
57.141.6.15 - - [17/Dec/2025:23:46:29 +0800] "GET /rambut-malaysia/vera-john-dk-gambling-establishment-ratings/ HTTP/1.1" 200 40789 "-" "meta-externalagent/1.1 (+https://developers.facebook.com/docs/sharing/webmasters/crawler)"
57.141.6.29 - - [17/Dec/2025:23:46:16 +0800] "GET /rambut-malaysia/pertumbuhan-rambut-syampu-cubaan-150ml/Aromatic-Fragrance-Oil-AFO-Pear-250ml-p154329247 HTTP/1.1" 200 38089 "-" "meta-externalagent/1.1 (+https://developers.facebook.com/docs/sharing/webmasters/crawler)"
57.141.6.39 - - [17/Dec/2025:23:46:30 +0800] "GET /category/test/ HTTP/1.1" 200 34312 "-" "meta-externalagent/1.1 (+https://developers.facebook.com/docs/sharing/webmasters/crawler)"
57.141.6.29 - - [17/Dec/2025:23:46:30 +0800] "GET /rambut-malaysia/spielsaal-pramie-blos-einzahlung-2024-gratis-echtgeld-boni-2/ HTTP/1.1" 200 41857 "-" "meta-externalagent/1.1 (+https://developers.facebook.com/docs/sharing/webmasters/crawler)"
57.141.6.20 - - [17/Dec/2025:23:46:18 +0800] "GET /rambut-malaysia/pertumbuhan-rambut-syampu-cubaan-150ml/DS-Chanel-Chanel-N%C2%B019-Deodorant-Spray-25L-%E5%A5%B3%E5%A6%96-p318186104 HTTP/1.1" 200 38089 "-" "meta-externalagent/1.1 (+https://developers.facebook.com/docs/sharing/webmasters/crawler)"
57.141.6.36 - - [17/Dec/2025:23:46:32 +0800] "GET /rambut-malaysia/avalon-bei-microgaming-spielautomat-zum-besten-geben-eltern-gebuhrenfrei-erreichbar/ HTTP/1.1" 200 42427 "-" "meta-externalagent/1.1 (+https://developers.facebook.com/docs/sharing/webmasters/crawler)"
57.141.6.18 - - [17/Dec/2025:23:46:32 +0800] "GET /rambut-malaysia/greatest-alive-casinos-online-wager-actual-with-live-dark-knight-1-deposit-traders/ HTTP/1.1" 200 42010 "-" "meta-externalagent/1.1 (+https://developers.facebook.com/docs/sharing/webmasters/crawler)"
57.141.6.21 - - [17/Dec/2025:23:46:19 +0800] "GET /rambut-malaysia/pertumbuhan-rambut-syampu-cubaan-150ml/DS-Giorgio-Armani-Sensi-Deodorant-Spray-25L-%E5%A5%B3%E5%A6%96-p318186189 HTTP/1.1" 200 38089 "-" "meta-externalagent/1.1 (+https://developers.facebook.com/docs/sharing/webmasters/crawler)"
57.141.6.29 - - [17/Dec/2025:23:46:19 +0800] "GET /rambut-malaysia/super-pertumbuhan-rambut-set-499/Aromatic-Fragrance-Oil-AFO-Pineapple-10ml-p150318681 HTTP/1.1" 200 37779 "-" "meta-externalagent/1.1 (+https://developers.facebook.com/docs/sharing/webmasters/crawler)"
57.141.6.5 - - [17/Dec/2025:23:46:21 +0800] "GET /rambut-malaysia/pertumbuhan-rambut-syampu-cubaan-150ml/DS-Christian-Dior-Forever-and-Ever-Dior-Deodorant-Spray-25L-%E5%A5%B3%E5%A6%96-p318186127 HTTP/1.1" 200 38089 "-" "meta-externalagent/1.1 (+https://developers.facebook.com/docs/sharing/webmasters/crawler)"
57.141.6.26 - - [17/Dec/2025:23:46:22 +0800] "GET /rambut-malaysia/super-pertumbuhan-rambut-set-499/Pure-Essential-Oil-EO-Guava-Essential-Oil-50ml-p152034263 HTTP/1.1" 200 37779 "-" "meta-externalagent/1.1 (+https://developers.facebook.com/docs/sharing/webmasters/crawler)"
57.141.6.6 - - [17/Dec/2025:23:46:23 +0800] "GET /rambut-malaysia/rambut-hitam-syampu/DS-Al-Rehab-Original-Deodorant-Spray-25L-%E7%94%B7%E7%A5%9E-p316548474 HTTP/1.1" 200 37033 "-" "meta-externalagent/1.1 (+https://developers.facebook.com/docs/sharing/webmasters/crawler)"
57.141.6.1 - - [17/Dec/2025:23:46:25 +0800] "GET /rambut-malaysia/rambut-hitam-syampu/DS-DKNY-Delicious-Candy-Apples-Juicy-Berry-Deodorant-Spray-5L-%E5%A5%B3%E5%A6%96-p317928273 HTTP/1.1" 200 37033 "-" "meta-externalagent/1.1 (+https://developers.facebook.com/docs/sharing/webmasters/crawler)"
57.141.6.3 - - [17/Dec/2025:23:46:25 +0800] "GET /rambut-malaysia/rambut-hitam-syampu/Pure-Essential-Oil-EO-Frankincense-Essential-Oil-50ml-p152042329 HTTP/1.1" 200 37033 "-" "meta-externalagent/1.1 (+https://developers.facebook.com/docs/sharing/webmasters/crawler)"
57.141.6.23 - - [17/Dec/2025:23:46:28 +0800] "GET /rambut-malaysia/ginseng-booster-ampul-semburan-125ml/EDP-Mancera-Eternal-Wood-U-p726184242 HTTP/1.1" 200 37892 "-" "meta-externalagent/1.1 (+https://developers.facebook.com/docs/sharing/webmasters/crawler)"
57.141.6.11 - - [17/Dec/2025:23:46:31 +0800] "GET /rambut-malaysia/pertumbuhan-rambut-syampu-cubaan-150ml/Aromatic-Fragrance-Oil-AFO-Passion-Pink-250ml-p154331359 HTTP/1.1" 200 38089 "-" "meta-externalagent/1.1 (+https://developers.facebook.com/docs/sharing/webmasters/crawler)"
57.141.6.29 - - [17/Dec/2025:23:46:32 +0800] "GET /rambut-malaysia/super-pertumbuhan-rambut-set-499/Pure-Essential-Oil-EO-Menthol-Essential-Oil-50ml-p152171048 HTTP/1.1" 200 37779 "-" "meta-externalagent/1.1 (+https://developers.facebook.com/docs/sharing/webmasters/crawler)"
57.141.6.34 - - [17/Dec/2025:23:46:32 +0800] "GET /rambut-malaysia/rambut-hitam-set-199/ABSSD1-Rosemary-Anti-Bac-Sofa-Sanitizer-Deodorizer-Spray-Non-Alcohol-500ml-p267940331 HTTP/1.1" 200 37137 "-" "meta-externalagent/1.1 (+https://developers.facebook.com/docs/sharing/webmasters/crawler)"
17.241.75.70 - - [17/Dec/2025:23:46:37 +0800] "GET /Anti-Bac-Hand-Sanitizer-Gel-with-75-Alcohol-ABHSG-Apple-Green-Apple-500ml-p216850704 HTTP/1.1" 200 33405 "-" "Mozilla/5.0 (Macintosh; Intel Mac OS X 10_15_7) AppleWebKit/605.1.15 (KHTML, like Gecko) Version/17.4 Safari/605.1.15 (Applebot/0.1; +http://www.apple.com/go/applebot)"
57.141.6.18 - - [17/Dec/2025:23:47:13 +0800] "GET /rambut-malaysia/les-bons-casinos-emplacement-fruit-mania-via-affirmation-android-de-2025/ HTTP/1.1" 200 41872 "-" "meta-externalagent/1.1 (+https://developers.facebook.com/docs/sharing/webmasters/crawler)"
72.18.130.250 - - [17/Dec/2025:23:47:13 +0800] "POST /wp-cron.php?doing_wp_cron=1765986433.8638250827789306640625 HTTP/1.1" 200 - "https://rambut.bf1.my/wp-cron.php?doing_wp_cron=1765986433.8638250827789306640625" "WordPress/5.7.14; https://rambut.bf1.my"
57.141.6.12 - - [17/Dec/2025:23:47:04 +0800] "GET /rambut-malaysia/rambut-hitam-serum/DS-Creed-Green-Irish-Tweed-Deodorant-Spray-500ml-%E7%94%B7%E7%A5%9E-p316344272 HTTP/1.1" 200 36971 "-" "meta-externalagent/1.1 (+https://developers.facebook.com/docs/sharing/webmasters/crawler)"
209.141.61.93 - - [17/Dec/2025:23:47:30 +0800] "POST ///wp-login.php HTTP/1.1" 200 8482 "-" "Mozilla/5.0 (Macintosh; Intel Mac OS X 10_9_4 AppleWebKit/537.36 (KHTML, like Gecko) Chrome/36.0.1985.125 Safari/537.36"
72.18.130.250 - - [17/Dec/2025:23:48:10 +0800] "POST /wp-cron.php?doing_wp_cron=1765986490.3385870456695556640625 HTTP/1.1" 200 - "https://rambut.bf1.my/wp-cron.php?doing_wp_cron=1765986490.3385870456695556640625" "WordPress/5.7.14; https://rambut.bf1.my"
57.141.6.3 - - [17/Dec/2025:23:48:10 +0800] "GET /rambut-malaysia/pertumbuhan-rambut-tonik-semburan/EDP-Tom-Ford-For-Men-Extreme-M-5L-p156306096 HTTP/1.1" 200 37745 "-" "meta-externalagent/1.1 (+https://developers.facebook.com/docs/sharing/webmasters/crawler)"
57.141.6.13 - - [17/Dec/2025:23:48:09 +0800] "GET /rambut-malaysia/rambut-hitam-syampu/DS-Chanel-Chance-Deodorant-Spray-5L-%E5%A5%B3%E5%A6%96-p317928233 HTTP/1.1" 200 37033 "-" "meta-externalagent/1.1 (+https://developers.facebook.com/docs/sharing/webmasters/crawler)"
57.141.6.30 - - [17/Dec/2025:23:48:47 +0800] "GET /rambut-malaysia/gambling-enterprises-accepting-muchbetter-ganesha-gold-step-one-put-2024/ HTTP/1.1" 200 41584 "-" "meta-externalagent/1.1 (+https://developers.facebook.com/docs/sharing/webmasters/crawler)"
57.141.6.11 - - [17/Dec/2025:23:48:38 +0800] "GET /rambut-malaysia/super-pertumbuhan-rambut-tonik-125ml/EDP-Paris-Hilton-Passport-Paris-W-500ml-p155885396 HTTP/1.1" 200 37965 "-" "meta-externalagent/1.1 (+https://developers.facebook.com/docs/sharing/webmasters/crawler)"
57.141.6.6 - - [17/Dec/2025:23:49:03 +0800] "GET /?p=386579 HTTP/1.1" 301 - "-" "meta-externalagent/1.1 (+https://developers.facebook.com/docs/sharing/webmasters/crawler)"
57.141.6.31 - - [17/Dec/2025:23:49:04 +0800] "GET /wp-json/oembed/1.0/embed?url=https%3A%2F%2Frambut.bf1.my%2Frambut-malaysia%2F10-finest-real-money-call-of-the-colosseum-slot-for-real-money-online-slots-games-websites-of-2025%2F HTTP/1.1" 200 2775 "-" "meta-externalagent/1.1 (+https://developers.facebook.com/docs/sharing/webmasters/crawler)"
57.141.6.16 - - [17/Dec/2025:23:49:04 +0800] "GET /wp-json/wp/v2/posts/124820 HTTP/1.1" 200 9658 "-" "meta-externalagent/1.1 (+https://developers.facebook.com/docs/sharing/webmasters/crawler)"
57.141.6.23 - - [17/Dec/2025:23:49:05 +0800] "GET /wp-json/oembed/1.0/embed?url=https%3A%2F%2Frambut.bf1.my%2Frambut-malaysia%2Fdivine-3-coins-casino-de-slot-fortune-slot-jackpot-progressivo-de-cassino%2F HTTP/1.1" 200 2653 "-" "meta-externalagent/1.1 (+https://developers.facebook.com/docs/sharing/webmasters/crawler)"
72.18.130.250 - - [17/Dec/2025:23:49:06 +0800] "POST /wp-cron.php?doing_wp_cron=1765986546.2206130027770996093750 HTTP/1.1" 200 - "https://rambut.bf1.my/wp-cron.php?doing_wp_cron=1765986546.2206130027770996093750" "WordPress/5.7.14; https://rambut.bf1.my"
57.141.6.30 - - [17/Dec/2025:23:49:44 +0800] "GET /rambut-malaysia/fix-zuganglich-neueste-50-freispiele-abzuglich-einzahlung-2025/ HTTP/1.1" 200 42107 "-" "meta-externalagent/1.1 (+https://developers.facebook.com/docs/sharing/webmasters/crawler)"
195.24.236.120 - - [17/Dec/2025:23:49:54 +0800] "GET /xmlrpc.php HTTP/1.1" 405 42 "-" "Python/3.14 aiohttp/3.13.2"
195.24.236.120 - - [17/Dec/2025:23:49:55 +0800] "GET /wp-json/wp/v2/users HTTP/1.1" 200 1150 "-" "Python/3.14 aiohttp/3.13.2"
195.24.236.120 - - [17/Dec/2025:23:49:56 +0800] "POST /xmlrpc.php HTTP/1.1" 200 438 "-" "Mozilla/5.0 (Macintosh; Intel Mac OS X 14_2_1) AppleWebKit/537.36 (KHTML, like Gecko) Chrome/120.0.0.0 Safari/537.36"
195.24.236.120 - - [17/Dec/2025:23:49:56 +0800] "POST /xmlrpc.php HTTP/1.1" 200 438 "-" "Mozilla/5.0 (Macintosh; Intel Mac OS X 14_2_1) AppleWebKit/537.36 (KHTML, like Gecko) Chrome/120.0.0.0 Safari/537.36"
195.24.236.120 - - [17/Dec/2025:23:49:56 +0800] "POST /xmlrpc.php HTTP/1.1" 200 438 "-" "Mozilla/5.0 (Macintosh; Intel Mac OS X 14_2_1) AppleWebKit/537.36 (KHTML, like Gecko) Chrome/120.0.0.0 Safari/537.36"
195.24.236.120 - - [17/Dec/2025:23:49:56 +0800] "POST /xmlrpc.php HTTP/1.1" 200 438 "-" "Mozilla/5.0 (Macintosh; Intel Mac OS X 14_2_1) AppleWebKit/537.36 (KHTML, like Gecko) Chrome/120.0.0.0 Safari/537.36"
195.24.236.120 - - [17/Dec/2025:23:49:56 +0800] "POST /xmlrpc.php HTTP/1.1" 200 438 "-" "Mozilla/5.0 (Macintosh; Intel Mac OS X 14_2_1) AppleWebKit/537.36 (KHTML, like Gecko) Chrome/120.0.0.0 Safari/537.36"
195.24.236.120 - - [17/Dec/2025:23:49:59 +0800] "POST /xmlrpc.php HTTP/1.1" 200 438 "-" "Mozilla/5.0 (Macintosh; Intel Mac OS X 14_2_1) AppleWebKit/537.36 (KHTML, like Gecko) Chrome/120.0.0.0 Safari/537.36"
195.24.236.120 - - [17/Dec/2025:23:49:59 +0800] "POST /xmlrpc.php HTTP/1.1" 200 438 "-" "Mozilla/5.0 (Macintosh; Intel Mac OS X 14_2_1) AppleWebKit/537.36 (KHTML, like Gecko) Chrome/120.0.0.0 Safari/537.36"
195.24.236.120 - - [17/Dec/2025:23:49:59 +0800] "POST /xmlrpc.php HTTP/1.1" 200 438 "-" "Mozilla/5.0 (Macintosh; Intel Mac OS X 14_2_1) AppleWebKit/537.36 (KHTML, like Gecko) Chrome/120.0.0.0 Safari/537.36"
195.24.236.120 - - [17/Dec/2025:23:50:00 +0800] "POST /xmlrpc.php HTTP/1.1" 200 438 "-" "Mozilla/5.0 (Macintosh; Intel Mac OS X 14_2_1) AppleWebKit/537.36 (KHTML, like Gecko) Chrome/120.0.0.0 Safari/537.36"
195.24.236.120 - - [17/Dec/2025:23:50:00 +0800] "POST /xmlrpc.php HTTP/1.1" 200 438 "-" "Mozilla/5.0 (Macintosh; Intel Mac OS X 14_2_1) AppleWebKit/537.36 (KHTML, like Gecko) Chrome/120.0.0.0 Safari/537.36"
195.24.236.120 - - [17/Dec/2025:23:50:00 +0800] "POST /xmlrpc.php HTTP/1.1" 200 438 "-" "Mozilla/5.0 (Macintosh; Intel Mac OS X 14_2_1) AppleWebKit/537.36 (KHTML, like Gecko) Chrome/120.0.0.0 Safari/537.36"
195.24.236.120 - - [17/Dec/2025:23:50:01 +0800] "POST /xmlrpc.php HTTP/1.1" 200 438 "-" "Mozilla/5.0 (Macintosh; Intel Mac OS X 14_2_1) AppleWebKit/537.36 (KHTML, like Gecko) Chrome/120.0.0.0 Safari/537.36"
195.24.236.120 - - [17/Dec/2025:23:50:03 +0800] "POST /xmlrpc.php HTTP/1.1" 200 438 "-" "Mozilla/5.0 (Macintosh; Intel Mac OS X 14_2_1) AppleWebKit/537.36 (KHTML, like Gecko) Chrome/120.0.0.0 Safari/537.36"
195.24.236.120 - - [17/Dec/2025:23:50:04 +0800] "POST /xmlrpc.php HTTP/1.1" 200 438 "-" "Mozilla/5.0 (Macintosh; Intel Mac OS X 14_2_1) AppleWebKit/537.36 (KHTML, like Gecko) Chrome/120.0.0.0 Safari/537.36"
195.24.236.120 - - [17/Dec/2025:23:50:05 +0800] "POST /xmlrpc.php HTTP/1.1" 200 438 "-" "Mozilla/5.0 (Macintosh; Intel Mac OS X 14_2_1) AppleWebKit/537.36 (KHTML, like Gecko) Chrome/120.0.0.0 Safari/537.36"
195.24.236.120 - - [17/Dec/2025:23:50:05 +0800] "POST /xmlrpc.php HTTP/1.1" 200 438 "-" "Mozilla/5.0 (Macintosh; Intel Mac OS X 14_2_1) AppleWebKit/537.36 (KHTML, like Gecko) Chrome/120.0.0.0 Safari/537.36"
72.18.130.250 - - [17/Dec/2025:23:50:06 +0800] "POST /wp-cron.php?doing_wp_cron=1765986606.2027189731597900390625 HTTP/1.1" 200 - "https://rambut.bf1.my/wp-cron.php?doing_wp_cron=1765986606.2027189731597900390625" "WordPress/5.7.14; https://rambut.bf1.my"
195.24.236.120 - - [17/Dec/2025:23:50:10 +0800] "POST /xmlrpc.php HTTP/1.1" 200 438 "-" "Mozilla/5.0 (Macintosh; Intel Mac OS X 14_2_1) AppleWebKit/537.36 (KHTML, like Gecko) Chrome/120.0.0.0 Safari/537.36"
195.24.236.120 - - [17/Dec/2025:23:50:10 +0800] "POST /xmlrpc.php HTTP/1.1" 200 438 "-" "Mozilla/5.0 (Macintosh; Intel Mac OS X 14_2_1) AppleWebKit/537.36 (KHTML, like Gecko) Chrome/120.0.0.0 Safari/537.36"
195.24.236.120 - - [17/Dec/2025:23:50:11 +0800] "POST /xmlrpc.php HTTP/1.1" 200 438 "-" "Mozilla/5.0 (Macintosh; Intel Mac OS X 14_2_1) AppleWebKit/537.36 (KHTML, like Gecko) Chrome/120.0.0.0 Safari/537.36"
57.141.6.1 - - [17/Dec/2025:23:50:16 +0800] "GET /rambut-malaysia/casino-pramie-exklusive-einzahlung-2025-letzter-zahlen-sie-1-casinos-ein-schrei-gebuhrenfrei-echtgeld-boni/ HTTP/1.1" 200 43008 "-" "meta-externalagent/1.1 (+https://developers.facebook.com/docs/sharing/webmasters/crawler)"
57.141.6.16 - - [17/Dec/2025:23:50:17 +0800] "GET /rambut-malaysia/hooks-heroes-spielautomat-kostenlos-zum-besten-geben/ HTTP/1.1" 200 41832 "-" "meta-externalagent/1.1 (+https://developers.facebook.com/docs/sharing/webmasters/crawler)"
57.141.6.11 - - [17/Dec/2025:23:50:21 +0800] "GET /category/koja-je-najbolja-web-stranica-za-mladenku-2/ HTTP/1.1" 200 34850 "-" "meta-externalagent/1.1 (+https://developers.facebook.com/docs/sharing/webmasters/crawler)"
57.141.6.27 - - [17/Dec/2025:23:50:32 +0800] "GET /rambut-malaysia/super-pertumbuhan-rambut-set-499/Aromatic-Fragrance-Oil-AFO-Lemongrass-Leaf-5L-p155473001 HTTP/1.1" 200 37779 "-" "meta-externalagent/1.1 (+https://developers.facebook.com/docs/sharing/webmasters/crawler)"
57.141.6.39 - - [17/Dec/2025:23:51:15 +0800] "GET /category/vad-r-postorder-brud-120/ HTTP/1.1" 200 34608 "-" "meta-externalagent/1.1 (+https://developers.facebook.com/docs/sharing/webmasters/crawler)"
72.18.130.250 - - [17/Dec/2025:23:51:16 +0800] "POST /wp-cron.php?doing_wp_cron=1765986675.9907169342041015625000 HTTP/1.1" 200 - "https://rambut.bf1.my/wp-cron.php?doing_wp_cron=1765986675.9907169342041015625000" "WordPress/5.7.14; https://rambut.bf1.my"
57.141.6.16 - - [17/Dec/2025:23:51:53 +0800] "GET /rambut-malaysia/300-casino-pramie/ HTTP/1.1" 200 40656 "-" "meta-externalagent/1.1 (+https://developers.facebook.com/docs/sharing/webmasters/crawler)"
72.18.130.250 - - [17/Dec/2025:23:52:53 +0800] "POST /wp-cron.php?doing_wp_cron=1765986773.7817690372467041015625 HTTP/1.1" 200 - "https://rambut.bf1.my/wp-cron.php?doing_wp_cron=1765986773.7817690372467041015625" "WordPress/5.7.14; https://rambut.bf1.my"
57.141.6.3 - - [17/Dec/2025:23:52:53 +0800] "GET /rambut-malaysia/rambut-hitam-perapi/NAP-Ralph-Lauren-Polo-Black-M-1L-p162349832 HTTP/1.1" 200 37019 "-" "meta-externalagent/1.1 (+https://developers.facebook.com/docs/sharing/webmasters/crawler)"
72.18.130.250 - - [17/Dec/2025:23:53:14 +0800] "POST /wp-cron.php?doing_wp_cron=1765986794.9261119365692138671875 HTTP/1.1" 200 - "https://rambut.bf1.my/wp-cron.php?doing_wp_cron=1765986794.9261119365692138671875" "WordPress/5.7.14; https://rambut.bf1.my"
57.141.6.13 - - [17/Dec/2025:23:53:14 +0800] "GET /category/advance-cash-now-2/ HTTP/1.1" 200 34502 "-" "meta-externalagent/1.1 (+https://developers.facebook.com/docs/sharing/webmasters/crawler)"
15.181.145.26 - - [17/Dec/2025:23:54:06 +0800] "GET /wp-login.php HTTP/1.1" 200 8039 "-" "Mozilla/5.0 (Windows NT 10.0; Win64; x64) AppleWebKit/537.36 (KHTML, like Gecko) Chrome/114.0.0.0 Safari/537.36"
15.181.145.26 - - [17/Dec/2025:23:54:07 +0800] "POST /wp-login.php HTTP/1.1" 200 8466 "-" "Mozilla/5.0 (Windows NT 10.0; Win64; x64) AppleWebKit/537.36 (KHTML, like Gecko) Chrome/114.0.0.0 Safari/537.36"
72.18.130.250 - - [17/Dec/2025:23:54:06 +0800] "POST /wp-cron.php?doing_wp_cron=1765986846.3776021003723144531250 HTTP/1.1" 200 - "https://rambut.bf1.my/wp-cron.php?doing_wp_cron=1765986846.3776021003723144531250" "WordPress/5.7.14; https://rambut.bf1.my"
47.128.37.109 - - [17/Dec/2025:23:54:07 +0800] "GET / HTTP/1.1" 200 33522 "-" "Mozilla/5.0 (Linux; Android 5.0) AppleWebKit/537.36 (KHTML, like Gecko) Mobile Safari/537.36 (compatible; Bytespider; spider-feedback@bytedance.com)"
57.141.6.21 - - [17/Dec/2025:23:54:05 +0800] "GET /rambut-malaysia/rambut-hitam-semburan/DS-Christiano-Ronaldo-CR7-Deodorant-Spray-25L-%E7%94%B7%E7%A5%9E-p316548526 HTTP/1.1" 200 37129 "-" "meta-externalagent/1.1 (+https://developers.facebook.com/docs/sharing/webmasters/crawler)"
173.44.152.172 - - [17/Dec/2025:23:54:45 +0800] "GET /sugarrushslots/page-17/ HTTP/1.1" 200 44408 "https://rambut.bf1.my/" "Mozilla/5.0 (Windows NT 10.0; Win64; x64) AppleWebKit/537.36 (KHTML, like Gecko) Chrome/114.0.0.0 Safari/537.36 Vivaldi/5.3.2679.68"
173.44.152.172 - - [17/Dec/2025:23:54:48 +0800] "GET /wp-login.php?action=register HTTP/1.1" 302 - "https://rambut.bf1.my/sugarrushslots/page-17/" "Mozilla/5.0 (Windows NT 6.3; Win64; x64) AppleWebKit/537.36 (KHTML, like Gecko) Chrome/103.0.0.0 Safari/537.36"
173.44.152.172 - - [17/Dec/2025:23:54:49 +0800] "GET /wp-login.php?registration=disabled HTTP/1.1" 200 8181 "https://rambut.bf1.my/wp-login.php?action=register" "Mozilla/5.0 (Windows NT 6.3; Win64; x64) AppleWebKit/537.36 (KHTML, like Gecko) Chrome/103.0.0.0 Safari/537.36"
72.18.130.250 - - [17/Dec/2025:23:55:08 +0800] "POST /wp-cron.php?doing_wp_cron=1765986908.0557351112365722656250 HTTP/1.1" 200 - "https://rambut.bf1.my/wp-cron.php?doing_wp_cron=1765986908.0557351112365722656250" "WordPress/5.7.14; https://rambut.bf1.my"
57.141.6.28 - - [17/Dec/2025:23:55:07 +0800] "GET /rambut-malaysia/rambut-hitam-syampu/DS-Chanel-Allure-Deodorant-Spray-200ml-%E7%94%B7%E7%A5%9E-p320532868 HTTP/1.1" 200 37033 "-" "meta-externalagent/1.1 (+https://developers.facebook.com/docs/sharing/webmasters/crawler)"
52.3.104.214 - - [17/Dec/2025:23:55:27 +0800] "GET /rambut-malaysia/jak-prawnie-jak-i-rowniez-bez-ryzyka-grac-w-sieci-2023/ HTTP/1.1" 200 41745 "-" "Mozilla/5.0 AppleWebKit/537.36 (KHTML, like Gecko; compatible; Amazonbot/0.1; +https://developer.amazon.com/support/amazonbot) Chrome/119.0.6045.214 Safari/537.36"
44.205.180.155 - - [17/Dec/2025:23:55:27 +0800] "GET /rambut-malaysia/cresus-salle-de-jeu-lanj-arrete-reellement-gros-blog-de-casino-un-brin/ HTTP/1.1" 200 41468 "-" "Mozilla/5.0 AppleWebKit/537.36 (KHTML, like Gecko; compatible; Amazonbot/0.1; +https://developer.amazon.com/support/amazonbot) Chrome/119.0.6045.214 Safari/537.36"
54.83.180.239 - - [17/Dec/2025:23:55:32 +0800] "GET /rambut-malaysia/legale-goksites-nederland-herfstmaand-2024/ HTTP/1.1" 200 41057 "-" "Mozilla/5.0 AppleWebKit/537.36 (KHTML, like Gecko; compatible; Amazonbot/0.1; +https://developer.amazon.com/support/amazonbot) Chrome/119.0.6045.214 Safari/537.36"
3.224.104.67 - - [17/Dec/2025:23:55:36 +0800] "GET /rambut-malaysia/legale-osterreichische-spielbank-seiten-tagesordnungspunkt-15-dies-entdecken-besten-im-erprobung-2025/ HTTP/1.1" 200 43117 "-" "Mozilla/5.0 AppleWebKit/537.36 (KHTML, like Gecko; compatible; Amazonbot/0.1; +https://developer.amazon.com/support/amazonbot) Chrome/119.0.6045.214 Safari/537.36"
54.145.82.217 - - [17/Dec/2025:23:55:40 +0800] "GET /rambut-malaysia/bonos-de-casino-de-latinoamerica-lista-actualizada-2024/ HTTP/1.1" 200 41606 "-" "Mozilla/5.0 AppleWebKit/537.36 (KHTML, like Gecko; compatible; Amazonbot/0.1; +https://developer.amazon.com/support/amazonbot) Chrome/119.0.6045.214 Safari/537.36"
34.227.156.153 - - [17/Dec/2025:23:55:43 +0800] "GET /blog/obzor-335/ HTTP/1.1" 200 47678 "-" "Mozilla/5.0 AppleWebKit/537.36 (KHTML, like Gecko; compatible; Amazonbot/0.1; +https://developer.amazon.com/support/amazonbot) Chrome/119.0.6045.214 Safari/537.36"
44.215.235.20 - - [17/Dec/2025:23:55:50 +0800] "GET /rambut-malaysia/king-mike-salle-de-jeu-50-periodes-gratuits-sans-classe/ HTTP/1.1" 200 41566 "-" "Mozilla/5.0 AppleWebKit/537.36 (KHTML, like Gecko; compatible; Amazonbot/0.1; +https://developer.amazon.com/support/amazonbot) Chrome/119.0.6045.214 Safari/537.36"
23.23.212.212 - - [17/Dec/2025:23:55:55 +0800] "GET /articles/?tag=FirewallD-mysqldump-iptables-PDF%20reader-Hyper-wsus-VLAN-veeam-Powershell-linux-Windows-switching-mikrotik-scripts-igp-vpn-vxlan-aruba HTTP/1.1" 200 34319 "-" "Mozilla/5.0 AppleWebKit/537.36 (KHTML, like Gecko; compatible; Amazonbot/0.1; +https://developer.amazon.com/support/amazonbot) Chrome/119.0.6045.214 Safari/537.36"
34.233.219.155 - - [17/Dec/2025:23:56:00 +0800] "GET /rambut-malaysia/sadan-installeres-en-pwa-pa-windows-fuld-rapport-10-i-kraft-af-microsoft-edge/ HTTP/1.1" 200 42092 "-" "Mozilla/5.0 AppleWebKit/537.36 (KHTML, like Gecko; compatible; Amazonbot/0.1; +https://developer.amazon.com/support/amazonbot) Chrome/119.0.6045.214 Safari/537.36"
18.204.89.56 - - [17/Dec/2025:23:56:08 +0800] "GET /rambut-malaysia/resena-de-este-modo-como-demostracion-este-hipervinculo-de-el-tragamonedas-fairy-land-rtpn-referente-a/ HTTP/1.1" 200 42679 "-" "Mozilla/5.0 AppleWebKit/537.36 (KHTML, like Gecko; compatible; Amazonbot/0.1; +https://developer.amazon.com/support/amazonbot) Chrome/119.0.6045.214 Safari/537.36"
72.18.130.250 - - [17/Dec/2025:23:56:09 +0800] "POST /wp-cron.php?doing_wp_cron=1765986969.2342209815979003906250 HTTP/1.1" 200 - "https://rambut.bf1.my/wp-cron.php?doing_wp_cron=1765986969.2342209815979003906250" "WordPress/5.7.14; https://rambut.bf1.my"
52.4.229.9 - - [17/Dec/2025:23:56:14 +0800] "GET /post/ein-aufregendes-abenteuer-im-spiel-die-spannung/ HTTP/1.1" 200 41564 "-" "Mozilla/5.0 AppleWebKit/537.36 (KHTML, like Gecko; compatible; Amazonbot/0.1; +https://developer.amazon.com/support/amazonbot) Chrome/119.0.6045.214 Safari/537.36"
52.4.229.9 - - [17/Dec/2025:23:56:20 +0800] "GET /rambut-malaysia/enig-bedragen-eentje-lord-of-the-ocean-casino-url-u-anatomie-van-een-ur-permalinks-seo-plusteken-meer/ HTTP/1.1" 200 43074 "-" "Mozilla/5.0 AppleWebKit/537.36 (KHTML, like Gecko; compatible; Amazonbot/0.1; +https://developer.amazon.com/support/amazonbot) Chrome/119.0.6045.214 Safari/537.36"
44.195.145.102 - - [17/Dec/2025:23:56:31 +0800] "GET /rambut-malaysia/mystake-salle-de-jeu-bonus-de-classe-espaces-gratis-caracteres-avantage/ HTTP/1.1" 200 41979 "-" "Mozilla/5.0 AppleWebKit/537.36 (KHTML, like Gecko; compatible; Amazonbot/0.1; +https://developer.amazon.com/support/amazonbot) Chrome/119.0.6045.214 Safari/537.36"
52.0.41.164 - - [17/Dec/2025:23:56:36 +0800] "GET /rambut-malaysia/die-beste-pflanzenlampe-test-11-2024-grad-fahrenheit-a-z-kaufkompass/ HTTP/1.1" 200 42198 "-" "Mozilla/5.0 AppleWebKit/537.36 (KHTML, like Gecko; compatible; Amazonbot/0.1; +https://developer.amazon.com/support/amazonbot) Chrome/119.0.6045.214 Safari/537.36"
57.141.6.12 - - [17/Dec/2025:23:57:22 +0800] "GET /rambut-malaysia/juegos-casino-sin-cargo-cleopatra-tragamonedas/ HTTP/1.1" 200 41169 "-" "meta-externalagent/1.1 (+https://developers.facebook.com/docs/sharing/webmasters/crawler)"
72.18.130.250 - - [17/Dec/2025:23:57:22 +0800] "POST /wp-cron.php?doing_wp_cron=1765987042.7340769767761230468750 HTTP/1.1" 200 - "https://rambut.bf1.my/wp-cron.php?doing_wp_cron=1765987042.7340769767761230468750" "WordPress/5.7.14; https://rambut.bf1.my"
57.141.6.12 - - [17/Dec/2025:23:57:48 +0800] "GET /rambut-malaysia/super-pertumbuhan-rambut-tonik-125ml/DS-Burberry-Tender-Touch-Deodorant-Spray-100L-%E5%A5%B3%E5%A6%96-p318186568 HTTP/1.1" 200 37965 "-" "meta-externalagent/1.1 (+https://developers.facebook.com/docs/sharing/webmasters/crawler)"
57.141.6.17 - - [17/Dec/2025:23:58:05 +0800] "GET /rambut-malaysia/local-casino-empire-canada-review-of-1-deposit-bonus/ HTTP/1.1" 200 41110 "-" "meta-externalagent/1.1 (+https://developers.facebook.com/docs/sharing/webmasters/crawler)"
72.18.130.250 - - [17/Dec/2025:23:58:06 +0800] "POST /wp-cron.php?doing_wp_cron=1765987086.1920800209045410156250 HTTP/1.1" 200 - "https://rambut.bf1.my/wp-cron.php?doing_wp_cron=1765987086.1920800209045410156250" "WordPress/5.7.14; https://rambut.bf1.my"
98.84.184.80 - - [17/Dec/2025:23:58:11 +0800] "GET /rambut-malaysia/pourboire-sans-avoir-i-criteres-en-compagnie-de-mise/feed/ HTTP/1.1" 200 1818 "-" "Mozilla/5.0 AppleWebKit/537.36 (KHTML, like Gecko; compatible; Amazonbot/0.1; +https://developer.amazon.com/support/amazonbot) Chrome/119.0.6045.214 Safari/537.36"
57.141.6.24 - - [17/Dec/2025:23:58:11 +0800] "GET /rambut-malaysia/whats-a-white-knight-definition-and-you-can-part-inside-the-purchases/ HTTP/1.1" 200 41693 "-" "meta-externalagent/1.1 (+https://developers.facebook.com/docs/sharing/webmasters/crawler)"
52.4.238.8 - - [17/Dec/2025:23:58:16 +0800] "GET /wp-json/wp/v2/posts/1106 HTTP/1.1" 200 8107 "-" "Mozilla/5.0 AppleWebKit/537.36 (KHTML, like Gecko; compatible; Amazonbot/0.1; +https://developer.amazon.com/support/amazonbot) Chrome/119.0.6045.214 Safari/537.36"
98.82.66.172 - - [17/Dec/2025:23:58:19 +0800] "GET /wp-json/wp/v2/posts/394291 HTTP/1.1" 200 11665 "-" "Mozilla/5.0 AppleWebKit/537.36 (KHTML, like Gecko; compatible; Amazonbot/0.1; +https://developer.amazon.com/support/amazonbot) Chrome/119.0.6045.214 Safari/537.36"
23.23.99.55 - - [17/Dec/2025:23:58:21 +0800] "GET /wp-json/wp/v2/posts/%22https:/static.johnnybet.com/system/top_banner_images/desktops/004/379/225/original/1644367639/best-bonus-codes-to-nz-casinos-and-sportbooks.jpg/%22 HTTP/1.1" 404 114 "-" "Mozilla/5.0 AppleWebKit/537.36 (KHTML, like Gecko; compatible; Amazonbot/0.1; +https://developer.amazon.com/support/amazonbot) Chrome/119.0.6045.214 Safari/537.36"
34.195.248.30 - - [17/Dec/2025:23:58:23 +0800] "GET /wp-json/wp/v2/posts/237749 HTTP/1.1" 200 88812 "-" "Mozilla/5.0 AppleWebKit/537.36 (KHTML, like Gecko; compatible; Amazonbot/0.1; +https://developer.amazon.com/support/amazonbot) Chrome/119.0.6045.214 Safari/537.36"
57.141.6.21 - - [17/Dec/2025:23:58:23 +0800] "GET /category/liekprekazdeho-sk/ HTTP/1.1" 200 34494 "-" "meta-externalagent/1.1 (+https://developers.facebook.com/docs/sharing/webmasters/crawler)"
3.226.34.98 - - [17/Dec/2025:23:58:24 +0800] "GET /wp-json/wp/v2/posts/%22https:/assets.simpleviewinc.com/simpleview/image/upload/c_limit,h_1200,q_75,w_1200/v1/clients/shreveport/OG_Casinos_2433e262-4419-4f05-946f-31bc378f4aa6.jpg/%22 HTTP/1.1" 404 114 "-" "Mozilla/5.0 AppleWebKit/537.36 (KHTML, like Gecko; compatible; Amazonbot/0.1; +https://developer.amazon.com/support/amazonbot) Chrome/119.0.6045.214 Safari/537.36"
